[INFO] fetching crate cw-orch-mock 0.24.4...
[INFO] testing cw-orch-mock-0.24.4 against 1.100.0-beta.1+cargoflags=--release for beta-release-1.100-2
[INFO] extracting crate cw-orch-mock 0.24.4 into /workspace/builds/worker-0-tc2/source
[INFO] started tweaking crates.io crate cw-orch-mock 0.24.4
[INFO] removed 0 missing tests
[INFO] finished tweaking crates.io crate cw-orch-mock 0.24.4
[INFO] tweaked toml for crates.io crate cw-orch-mock 0.24.4 written to /workspace/builds/worker-0-tc2/source/Cargo.toml
[INFO] validating manifest of crates.io crate cw-orch-mock 0.24.4 on toolchain 1.100.0-beta.1
[INFO] running `Command { std: CARGO_HOME="/workspace/cargo-home" RUSTUP_HOME="/workspace/rustup-home" "/workspace/cargo-home/bin/cargo" "+1.100.0-beta.1" "metadata" "--manifest-path" "Cargo.toml" "--no-deps", kill_on_drop: false }`
[INFO] running `Command { std: CARGO_HOME="/workspace/cargo-home" RUSTUP_HOME="/workspace/rustup-home" "/workspace/cargo-home/bin/cargo" "+1.100.0-beta.1" "generate-lockfile" "--manifest-path" "Cargo.toml", kill_on_drop: false }`
[INFO] [stderr]     Updating crates.io index
[INFO] [stderr]      Locking 154 packages to highest compatible versions
[INFO] [stderr]       Adding cosmwasm-std v2.3.6 (available: v3.0.11)
[INFO] [stderr]       Adding cw-utils v2.0.0 (available: v3.0.0)
[INFO] [stderr]       Adding ed25519-zebra v4.0.3 (available: v4.2.0)
[INFO] [stderr]       Adding generic-array v0.14.7 (available: v0.14.9)
[INFO] [stderr]       Adding sha2 v0.10.9 (available: v0.11.1)
[INFO] [stderr]       Adding speculoos v0.11.0 (available: v0.13.0)
[INFO] running `Command { std: CARGO_HOME="/workspace/cargo-home" RUSTUP_HOME="/workspace/rustup-home" "/workspace/cargo-home/bin/cargo" "+1.100.0-beta.1" "fetch" "--manifest-path" "Cargo.toml", kill_on_drop: false }`
[INFO] running `Command { std: "docker" "create" "-v" "/var/lib/crater-agent-workspace/builds/worker-0-tc2/source:/opt/rustwide/workdir:ro,Z" "-v" "/var/lib/crater-agent-workspace/builds/worker-0-tc2/target:/opt/rustwide/target:rw,Z" "-v" "/var/lib/crater-agent-workspace/cargo-home:/opt/rustwide/cargo-home:ro,Z" "-v" "/var/lib/crater-agent-workspace/rustup-home:/opt/rustwide/rustup-home:ro,Z" "-m" "1610612736" "--network" "none" "ghcr.io/rust-lang/crates-build-env/linux@sha256:77db811e55d90add9212f6832c23229e3de5f1c1f9905e8cb07319ea15df73ac" "sleep" "infinity", kill_on_drop: false }`
[INFO] [stdout] 3d493b5623df62c21bc4e2647a910e55b08e50d995bc2b5c6881ad06b40b8a50
[INFO] running `Command { std: "docker" "start" "3d493b5623df62c21bc4e2647a910e55b08e50d995bc2b5c6881ad06b40b8a50", kill_on_drop: false }`
[INFO] running `Command { std: "docker" "inspect" "3d493b5623df62c21bc4e2647a910e55b08e50d995bc2b5c6881ad06b40b8a50", kill_on_drop: false }`
[INFO] running `Command { std: "docker" "exec" "-e" "SOURCE_DIR=/opt/rustwide/workdir" "-e" "CARGO_HOME=/opt/rustwide/cargo-home" "-e" "RUSTUP_HOME=/opt/rustwide/rustup-home" "-e" "CARGO_TARGET_DIR=/opt/rustwide/target" "-w" "/opt/rustwide/workdir" "--user" "0:0" "3d493b5623df62c21bc4e2647a910e55b08e50d995bc2b5c6881ad06b40b8a50" "/opt/rustwide/cargo-home/bin/cargo" "+1.100.0-beta.1" "metadata" "--no-deps" "--format-version=1", kill_on_drop: false }`
[INFO] running `Command { std: "docker" "inspect" "3d493b5623df62c21bc4e2647a910e55b08e50d995bc2b5c6881ad06b40b8a50", kill_on_drop: false }`
[INFO] running `Command { std: "docker" "exec" "-e" "SOURCE_DIR=/opt/rustwide/workdir" "-e" "CARGO_HOME=/opt/rustwide/cargo-home" "-e" "RUSTUP_HOME=/opt/rustwide/rustup-home" "-e" "CARGO_TARGET_DIR=/opt/rustwide/target" "-e" "CARGO_INCREMENTAL=0" "-e" "RUST_BACKTRACE=full" "-e" "RUSTFLAGS=--cap-lints=warn" "-e" "RUSTDOCFLAGS=--cap-lints=warn" "-w" "/opt/rustwide/workdir" "--user" "0:0" "3d493b5623df62c21bc4e2647a910e55b08e50d995bc2b5c6881ad06b40b8a50" "/opt/rustwide/cargo-home/bin/cargo" "+1.100.0-beta.1" "build" "--frozen" "--message-format=json" "--release", kill_on_drop: false }`
[INFO] [stderr]    Compiling libc v0.2.191
[INFO] [stderr]    Compiling subtle v2.6.1
[INFO] [stderr]    Compiling const-oid v0.9.6
[INFO] [stderr]    Compiling zerocopy v0.8.63
[INFO] [stderr]    Compiling syn v1.0.109
[INFO] [stderr]    Compiling generic-array v0.14.7
[INFO] [stderr]    Compiling num-traits v0.2.19
[INFO] [stderr]    Compiling either v1.19.0
[INFO] [stderr]    Compiling serde v1.0.229
[INFO] [stderr]    Compiling ahash v0.8.12
[INFO] [stderr]    Compiling syn v3.0.9
[INFO] [stderr]    Compiling once_cell v1.21.4
[INFO] [stderr]    Compiling num-integer v0.1.47
[INFO] [stderr]    Compiling base16ct v0.2.0
[INFO] [stderr]    Compiling semver v1.0.28
[INFO] [stderr]    Compiling curve25519-dalek-derive v0.1.1
[INFO] [stderr]    Compiling der v0.7.10
[INFO] [stderr]    Compiling rustc_version v0.4.1
[INFO] [stderr]    Compiling num-bigint v0.4.8
[INFO] [stderr]    Compiling serde_derive_internals v0.29.1
[INFO] [stderr]    Compiling schemars v0.8.22
[INFO] [stderr]    Compiling serde_json v1.0.154
[INFO] [stderr]    Compiling dyn-clone v1.0.20
[INFO] [stderr]    Compiling rayon v1.12.0
[INFO] [stderr]    Compiling itertools v0.10.5
[INFO] [stderr]    Compiling curve25519-dalek v4.1.3
[INFO] [stderr]    Compiling hex v0.4.3
[INFO] [stderr]    Compiling derive_more-impl v1.0.0
[INFO] [stderr]    Compiling rmp v0.8.15
[INFO] [stderr]    Compiling anyhow v1.0.104
[INFO] [stderr]    Compiling cosmwasm-core v2.3.6
[INFO] [stderr]    Compiling cosmwasm-derive v2.3.6
[INFO] [stderr]    Compiling base64 v0.22.1
[INFO] [stderr]    Compiling bech32 v0.11.1
[INFO] [stderr]    Compiling bnum v0.11.0
[INFO] [stderr]    Compiling crypto-common v0.1.7
[INFO] [stderr]    Compiling block-buffer v0.10.4
[INFO] [stderr]    Compiling schemars_derive v0.8.22
[INFO] [stderr]    Compiling cosmwasm-schema-derive v2.3.6
[INFO] [stderr]    Compiling digest v0.10.7
[INFO] [stderr]    Compiling sec1 v0.7.3
[INFO] [stderr]    Compiling hmac v0.12.1
[INFO] [stderr]    Compiling rfc6979 v0.4.0
[INFO] [stderr]    Compiling sha2 v0.10.9
[INFO] [stderr]    Compiling getrandom v0.2.17
[INFO] [stderr]    Compiling rand_core v0.6.4
[INFO] [stderr]    Compiling ff v0.13.1
[INFO] [stderr]    Compiling signature v2.2.0
[INFO] [stderr]    Compiling crypto-bigint v0.5.5
[INFO] [stderr]    Compiling group v0.13.0
[INFO] [stderr]    Compiling ed25519 v2.2.3
[INFO] [stderr]    Compiling derive_more v1.0.0
[INFO] [stderr]    Compiling crunchy v0.2.4
[INFO] [stderr]    Compiling num-conv v0.2.2
[INFO] [stderr]    Compiling time-core v0.1.9
[INFO] [stderr]    Compiling itertools v0.14.0
[INFO] [stderr]    Compiling tiny-keccak v2.0.2
[INFO] [stderr]    Compiling time-macros v0.2.32
[INFO] [stderr]    Compiling deranged v0.5.9
[INFO] [stderr]    Compiling powerfmt v0.2.1
[INFO] [stderr]    Compiling serde_derive v1.0.229
[INFO] [stderr]    Compiling subtle-encoding v0.5.1
[INFO] [stderr]    Compiling elliptic-curve v0.13.8
[INFO] [stderr]    Compiling flex-error v0.4.4
[INFO] [stderr]    Compiling serde_bytes v0.11.19
[INFO] [stderr]    Compiling option-ext v0.2.0
[INFO] [stderr]    Compiling dirs-sys v0.4.1
[INFO] [stderr]    Compiling itertools v0.13.0
[INFO] [stderr]    Compiling dirs v5.0.1
[INFO] [stderr]    Compiling ecdsa v0.16.9
[INFO] [stderr]    Compiling primeorder v0.13.6
[INFO] [stderr]    Compiling p256 v0.13.2
[INFO] [stderr]    Compiling k256 v0.13.4
[INFO] [stderr]    Compiling prost-derive v0.13.5
[INFO] [stderr]    Compiling time v0.3.55
[INFO] [stderr]    Compiling ark-serialize-derive v0.4.2
[INFO] [stderr]    Compiling ark-ff-macros v0.4.2
[INFO] [stderr]    Compiling ark-ff-asm v0.4.2
[INFO] [stderr]    Compiling derivative v2.2.0
[INFO] [stderr]    Compiling ppv-lite86 v0.2.21
[INFO] [stderr]    Compiling hashbrown v0.13.2
[INFO] [stderr]    Compiling hashbrown v0.14.5
[INFO] [stderr]    Compiling rmp-serde v1.3.1
[INFO] [stderr]    Compiling serde-json-wasm v1.0.1
[INFO] [stderr]    Compiling bytes v1.12.1
[INFO] [stderr]    Compiling rand_chacha v0.3.1
[INFO] [stderr]    Compiling prost v0.13.5
[INFO] [stderr]    Compiling ed25519-zebra v4.0.3
[INFO] [stderr]    Compiling rand v0.8.8
[INFO] [stderr]    Compiling tendermint-proto v0.39.1
[INFO] [stderr]    Compiling cosmwasm-schema v2.3.6
[INFO] [stderr]    Compiling ark-std v0.4.0
[INFO] [stderr]    Compiling ark-serialize v0.4.2
[INFO] [stderr]    Compiling ark-ff v0.4.2
[INFO] [stderr]    Compiling ark-poly v0.4.2
[INFO] [stderr]    Compiling ark-ec v0.4.2
[INFO] [stderr]    Compiling ark-bls12-381 v0.4.0
[INFO] [stderr]    Compiling cosmwasm-crypto v2.3.6
[INFO] [stderr]    Compiling cosmwasm-std v2.3.6
[INFO] [stderr]    Compiling cosmos-sdk-proto v0.24.0
[INFO] [stderr]    Compiling cw-storage-plus v2.0.0
[INFO] [stderr]    Compiling cw-utils v2.0.0
[INFO] [stderr]    Compiling cw20 v2.0.0
[INFO] [stderr]    Compiling cw2 v2.0.0
[INFO] [stderr]    Compiling cw-controllers v2.0.0
[INFO] [stderr]    Compiling cw20-ics20 v2.0.0
[INFO] [stderr]    Compiling abstract-cw-multi-test v2.2.4
[INFO] [stderr]    Compiling cw-orch-core v2.1.4
[INFO] [stderr]    Compiling cw-orch-mock v0.24.4 (/opt/rustwide/workdir)
[INFO] [stdout] warning: use of deprecated method `cosmwasm_std::QuerierWrapper::<'a, C>::query_all_balances`
[INFO] [stdout]   --> src/queriers/bank.rs:50:51
[INFO] [stdout]    |
[INFO] [stdout] 50 |             let amount = self.app.borrow().wrap().query_all_balances(address)?;
[INFO] [stdout]    |                                                   ^^^^^^^^^^^^^^^^^^
[INFO] [stdout]    |
[INFO] [stdout]    = note: `#[warn(deprecated)]` on by default
[INFO] [stdout] 
[INFO] [stdout] 
[INFO] [stderr]     Finished `release` profile [optimized] target(s) in 1m 47s
[INFO] running `Command { std: "docker" "inspect" "3d493b5623df62c21bc4e2647a910e55b08e50d995bc2b5c6881ad06b40b8a50", kill_on_drop: false }`
[INFO] running `Command { std: "docker" "exec" "-e" "SOURCE_DIR=/opt/rustwide/workdir" "-e" "CARGO_HOME=/opt/rustwide/cargo-home" "-e" "RUSTUP_HOME=/opt/rustwide/rustup-home" "-e" "CARGO_TARGET_DIR=/opt/rustwide/target" "-e" "CARGO_INCREMENTAL=0" "-e" "RUST_BACKTRACE=full" "-e" "RUSTFLAGS=--cap-lints=warn" "-e" "RUSTDOCFLAGS=--cap-lints=warn" "-w" "/opt/rustwide/workdir" "--user" "0:0" "3d493b5623df62c21bc4e2647a910e55b08e50d995bc2b5c6881ad06b40b8a50" "/opt/rustwide/cargo-home/bin/cargo" "+1.100.0-beta.1" "test" "--frozen" "--no-run" "--message-format=json" "--release", kill_on_drop: false }`
[INFO] [stderr]    Compiling num-integer v0.1.47
[INFO] [stderr]    Compiling num-complex v0.4.6
[INFO] [stderr]    Compiling num-bigint v0.4.8
[INFO] [stderr]    Compiling num-iter v0.1.46
[INFO] [stderr]    Compiling ark-serialize v0.4.2
[INFO] [stderr]    Compiling num-rational v0.4.2
[INFO] [stderr]    Compiling ark-ff v0.4.2
[INFO] [stderr]    Compiling num v0.4.3
[INFO] [stderr]    Compiling speculoos v0.11.0
[INFO] [stderr]    Compiling ark-poly v0.4.2
[INFO] [stderr]    Compiling ark-ec v0.4.2
[INFO] [stderr]    Compiling ark-bls12-381 v0.4.0
[INFO] [stderr]    Compiling cosmwasm-crypto v2.3.6
[INFO] [stderr]    Compiling cosmwasm-std v2.3.6
[INFO] [stderr]    Compiling cw-utils v2.0.0
[INFO] [stderr]    Compiling cw-storage-plus v2.0.0
[INFO] [stderr]    Compiling cw20 v2.0.0
[INFO] [stderr]    Compiling cw2 v2.0.0
[INFO] [stderr]    Compiling cw-controllers v2.0.0
[INFO] [stderr]    Compiling cw20-ics20 v2.0.0
[INFO] [stderr]    Compiling cw20-base v2.0.0
[INFO] [stderr]    Compiling abstract-cw-multi-test v2.2.4
[INFO] [stderr]    Compiling cw-orch-core v2.1.4
[INFO] [stderr]    Compiling cw-orch-mock v0.24.4 (/opt/rustwide/workdir)
[INFO] [stdout] warning: use of deprecated method `cosmwasm_std::QuerierWrapper::<'a, C>::query_all_balances`
[INFO] [stdout]   --> src/queriers/bank.rs:50:51
[INFO] [stdout]    |
[INFO] [stdout] 50 |             let amount = self.app.borrow().wrap().query_all_balances(address)?;
[INFO] [stdout]    |                                                   ^^^^^^^^^^^^^^^^^^
[INFO] [stdout]    |
[INFO] [stdout]    = note: `#[warn(deprecated)]` on by default
[INFO] [stdout] 
[INFO] [stdout] 
[INFO] [stdout] warning: use of deprecated method `cosmwasm_std::QuerierWrapper::<'a, C>::query_all_balances`
[INFO] [stdout]   --> src/queriers/bank.rs:50:51
[INFO] [stdout]    |
[INFO] [stdout] 50 |             let amount = self.app.borrow().wrap().query_all_balances(address)?;
[INFO] [stdout]    |                                                   ^^^^^^^^^^^^^^^^^^
[INFO] [stdout]    |
[INFO] [stdout]    = note: `#[warn(deprecated)]` on by default
[INFO] [stdout] 
[INFO] [stdout] 
[INFO] [stdout] error[E0432]: unresolved import `mock_contract`
[INFO] [stdout]  --> tests/conditional.rs:8:9
[INFO] [stdout]   |
[INFO] [stdout] 8 |     use mock_contract::{InstantiateMsg, MigrateMsg, QueryMsg};
[INFO] [stdout]   |         ^^^^^^^^^^^^^ use of unresolved module or unlinked crate `mock_contract`
[INFO] [stdout]   |
[INFO] [stdout]   = help: if you wanted to use a crate named `mock_contract`, use `cargo add mock_contract` to add it to your `Cargo.toml`
[INFO] [stdout] 
[INFO] [stdout] 
[INFO] [stdout] error[E0432]: unresolved import `mock_contract`
[INFO] [stdout]   --> tests/instantiate2.rs:11:5
[INFO] [stdout]    |
[INFO] [stdout] 11 | use mock_contract::InstantiateMsg;
[INFO] [stdout]    |     ^^^^^^^^^^^^^ use of unresolved module or unlinked crate `mock_contract`
[INFO] [stdout]    |
[INFO] [stdout]    = help: if you wanted to use a crate named `mock_contract`, use `cargo add mock_contract` to add it to your `Cargo.toml`
[INFO] [stdout] 
[INFO] [stdout] 
[INFO] [stdout] error[E0432]: unresolved import `mock_contract`
[INFO] [stdout]   --> tests/instantiate2.rs:12:5
[INFO] [stdout]    |
[INFO] [stdout] 12 | use mock_contract::MockContract;
[INFO] [stdout]    |     ^^^^^^^^^^^^^ use of unresolved module or unlinked crate `mock_contract`
[INFO] [stdout]    |
[INFO] [stdout]    = help: if you wanted to use a crate named `mock_contract`, use `cargo add mock_contract` to add it to your `Cargo.toml`
[INFO] [stdout] 
[INFO] [stdout] 
[INFO] [stdout] For more information about this error, try `rustc --explain E0432`.
[INFO] [stdout] 
[INFO] [stderr] error: could not compile `cw-orch-mock` (test "instantiate2") due to 2 previous errors
[INFO] [stdout] error[E0433]: cannot find module or crate `mock_contract` in this scope
[INFO] [stdout]   --> tests/conditional.rs:17:24
[INFO] [stdout]    |
[INFO] [stdout] 17 |         let contract = mock_contract::MockContract::new("test:mock_contract", chain.clone());
[INFO] [stdout]    |                        ^^^^^^^^^^^^^ use of unresolved module or unlinked crate `mock_contract`
[INFO] [stdout]    |
[INFO] [stdout]    = help: if you wanted to use a crate named `mock_contract`, use `cargo add mock_contract` to add it to your `Cargo.toml`
[INFO] [stdout] 
[INFO] [stdout] 
[INFO] [stderr] warning: build failed, waiting for other jobs to finish...
[INFO] [stdout] error[E0433]: cannot find module or crate `mock_contract` in this scope
[INFO] [stdout]   --> tests/conditional.rs:79:24
[INFO] [stdout]    |
[INFO] [stdout] 79 |         let contract = mock_contract::MockContract::new("test:mock_contract", chain.clone());
[INFO] [stdout]    |                        ^^^^^^^^^^^^^ use of unresolved module or unlinked crate `mock_contract`
[INFO] [stdout]    |
[INFO] [stdout]    = help: if you wanted to use a crate named `mock_contract`, use `cargo add mock_contract` to add it to your `Cargo.toml`
[INFO] [stdout] 
[INFO] [stdout] 
[INFO] [stdout] Some errors have detailed explanations: E0432, E0433.
[INFO] [stdout] 
[INFO] [stdout] For more information about an error, try `rustc --explain E0432`.
[INFO] [stdout] 
[INFO] [stderr] error: could not compile `cw-orch-mock` (test "conditional") due to 3 previous errors
[INFO] running `Command { std: "docker" "inspect" "3d493b5623df62c21bc4e2647a910e55b08e50d995bc2b5c6881ad06b40b8a50", kill_on_drop: false }`
[INFO] running `Command { std: "docker" "rm" "-f" "3d493b5623df62c21bc4e2647a910e55b08e50d995bc2b5c6881ad06b40b8a50", kill_on_drop: false }`
[INFO] [stdout] 3d493b5623df62c21bc4e2647a910e55b08e50d995bc2b5c6881ad06b40b8a50
