[INFO] fetching crate cw-admin-factory 2.6.0...
[INFO] testing cw-admin-factory-2.6.0 against 1.99.0-beta.8+cargoflags=--release for beta-release-1.100-2
[INFO] extracting crate cw-admin-factory 2.6.0 into /workspace/builds/worker-4-tc1/source
[INFO] started tweaking crates.io crate cw-admin-factory 2.6.0
[INFO] removed 0 missing examples
[INFO] finished tweaking crates.io crate cw-admin-factory 2.6.0
[INFO] tweaked toml for crates.io crate cw-admin-factory 2.6.0 written to /workspace/builds/worker-4-tc1/source/Cargo.toml
[INFO] validating manifest of crates.io crate cw-admin-factory 2.6.0 on toolchain 1.99.0-beta.8
[INFO] running `Command { std: CARGO_HOME="/workspace/cargo-home" RUSTUP_HOME="/workspace/rustup-home" "/workspace/cargo-home/bin/cargo" "+1.99.0-beta.8" "metadata" "--manifest-path" "Cargo.toml" "--no-deps", kill_on_drop: false }`
[INFO] crate crates.io crate cw-admin-factory 2.6.0 already has a lockfile, it will not be regenerated
[INFO] running `Command { std: CARGO_HOME="/workspace/cargo-home" RUSTUP_HOME="/workspace/rustup-home" "/workspace/cargo-home/bin/cargo" "+1.99.0-beta.8" "fetch" "--manifest-path" "Cargo.toml", kill_on_drop: false }`
[INFO] [stderr]     Updating crates.io index
[INFO] [stderr]  Downloading crates ...
[INFO] [stderr]   Downloaded cw2 v1.1.2
[INFO] [stderr]   Downloaded forward_ref v1.0.0
[INFO] [stderr]   Downloaded serde-json-wasm v0.5.2
[INFO] [stderr]   Downloaded cosmwasm-derive v1.5.5
[INFO] [stderr]   Downloaded cosmwasm-schema v1.5.5
[INFO] [stderr]   Downloaded cosmwasm-schema-derive v1.5.5
[INFO] [stderr]   Downloaded ed25519-zebra v3.1.0
[INFO] [stderr]   Downloaded cosmwasm-crypto v1.5.5
[INFO] [stderr]   Downloaded cw-utils v1.0.3
[INFO] [stderr]   Downloaded bnum v0.10.0
[INFO] [stderr]   Downloaded k256 v0.13.1
[INFO] [stderr]   Downloaded cw-storage-plus v1.2.0
[INFO] [stderr]   Downloaded cosmwasm-std v1.5.5
[INFO] running `Command { std: "docker" "create" "-v" "/var/lib/crater-agent-workspace/builds/worker-4-tc1/source:/opt/rustwide/workdir:ro,Z" "-v" "/var/lib/crater-agent-workspace/builds/worker-4-tc1/target:/opt/rustwide/target:rw,Z" "-v" "/var/lib/crater-agent-workspace/cargo-home:/opt/rustwide/cargo-home:ro,Z" "-v" "/var/lib/crater-agent-workspace/rustup-home:/opt/rustwide/rustup-home:ro,Z" "-m" "1610612736" "--network" "none" "ghcr.io/rust-lang/crates-build-env/linux@sha256:77db811e55d90add9212f6832c23229e3de5f1c1f9905e8cb07319ea15df73ac" "sleep" "infinity", kill_on_drop: false }`
[INFO] [stdout] 57982bd306c1a53f0492bdc38c354fea3260d76d2bb1b2a26088baa939aae934
[INFO] running `Command { std: "docker" "start" "57982bd306c1a53f0492bdc38c354fea3260d76d2bb1b2a26088baa939aae934", kill_on_drop: false }`
[INFO] running `Command { std: "docker" "inspect" "57982bd306c1a53f0492bdc38c354fea3260d76d2bb1b2a26088baa939aae934", kill_on_drop: false }`
[INFO] running `Command { std: "docker" "exec" "-e" "SOURCE_DIR=/opt/rustwide/workdir" "-e" "CARGO_HOME=/opt/rustwide/cargo-home" "-e" "RUSTUP_HOME=/opt/rustwide/rustup-home" "-e" "CARGO_TARGET_DIR=/opt/rustwide/target" "-w" "/opt/rustwide/workdir" "--user" "0:0" "57982bd306c1a53f0492bdc38c354fea3260d76d2bb1b2a26088baa939aae934" "/opt/rustwide/cargo-home/bin/cargo" "+1.99.0-beta.8" "metadata" "--no-deps" "--format-version=1", kill_on_drop: false }`
[INFO] running `Command { std: "docker" "inspect" "57982bd306c1a53f0492bdc38c354fea3260d76d2bb1b2a26088baa939aae934", kill_on_drop: false }`
[INFO] running `Command { std: "docker" "exec" "-e" "SOURCE_DIR=/opt/rustwide/workdir" "-e" "CARGO_HOME=/opt/rustwide/cargo-home" "-e" "RUSTUP_HOME=/opt/rustwide/rustup-home" "-e" "CARGO_TARGET_DIR=/opt/rustwide/target" "-e" "CARGO_INCREMENTAL=0" "-e" "RUST_BACKTRACE=full" "-e" "RUSTFLAGS=--cap-lints=warn" "-e" "RUSTDOCFLAGS=--cap-lints=warn" "-w" "/opt/rustwide/workdir" "--user" "0:0" "57982bd306c1a53f0492bdc38c354fea3260d76d2bb1b2a26088baa939aae934" "/opt/rustwide/cargo-home/bin/cargo" "+1.99.0-beta.8" "build" "--frozen" "--message-format=json" "--release", kill_on_drop: false }`
[INFO] [stderr]    Compiling generic-array v0.14.7
[INFO] [stderr]    Compiling proc-macro2 v1.0.86
[INFO] [stderr]    Compiling subtle v2.6.1
[INFO] [stderr]    Compiling libc v0.2.155
[INFO] [stderr]    Compiling serde v1.0.204
[INFO] [stderr]    Compiling syn v1.0.109
[INFO] [stderr]    Compiling once_cell v1.19.0
[INFO] [stderr]    Compiling cpufeatures v0.2.12
[INFO] [stderr]    Compiling serde_json v1.0.120
[INFO] [stderr]    Compiling der v0.7.9
[INFO] [stderr]    Compiling rand_core v0.5.1
[INFO] [stderr]    Compiling byteorder v1.5.0
[INFO] [stderr]    Compiling schemars v0.8.21
[INFO] [stderr]    Compiling dyn-clone v1.0.17
[INFO] [stderr]    Compiling forward_ref v1.0.0
[INFO] [stderr]    Compiling semver v1.0.23
[INFO] [stderr]    Compiling bnum v0.10.0
[INFO] [stderr]    Compiling bech32 v0.9.1
[INFO] [stderr]    Compiling quote v1.0.36
[INFO] [stderr]    Compiling getrandom v0.2.15
[INFO] [stderr]    Compiling rand_core v0.6.4
[INFO] [stderr]    Compiling ahash v0.7.8
[INFO] [stderr]    Compiling block-buffer v0.10.4
[INFO] [stderr]    Compiling crypto-common v0.1.6
[INFO] [stderr]    Compiling digest v0.9.0
[INFO] [stderr]    Compiling block-buffer v0.9.0
[INFO] [stderr]    Compiling syn v2.0.72
[INFO] [stderr]    Compiling curve25519-dalek v3.2.0
[INFO] [stderr]    Compiling ff v0.13.0
[INFO] [stderr]    Compiling crypto-bigint v0.5.5
[INFO] [stderr]    Compiling sha2 v0.9.9
[INFO] [stderr]    Compiling group v0.13.0
[INFO] [stderr]    Compiling spki v0.7.3
[INFO] [stderr]    Compiling sec1 v0.7.3
[INFO] [stderr]    Compiling hashbrown v0.12.3
[INFO] [stderr]    Compiling digest v0.10.7
[INFO] [stderr]    Compiling pkcs8 v0.10.2
[INFO] [stderr]    Compiling hmac v0.12.1
[INFO] [stderr]    Compiling signature v2.2.0
[INFO] [stderr]    Compiling rfc6979 v0.4.0
[INFO] [stderr]    Compiling sha2 v0.10.8
[INFO] [stderr]    Compiling elliptic-curve v0.13.8
[INFO] [stderr]    Compiling ecdsa v0.16.9
[INFO] [stderr]    Compiling serde_derive_internals v0.29.1
[INFO] [stderr]    Compiling k256 v0.13.1
[INFO] [stderr]    Compiling serde_derive v1.0.204
[INFO] [stderr]    Compiling thiserror-impl v1.0.63
[INFO] [stderr]    Compiling schemars_derive v0.8.21
[INFO] [stderr]    Compiling thiserror v1.0.63
[INFO] [stderr]    Compiling derivative v2.2.0
[INFO] [stderr]    Compiling cosmwasm-derive v1.5.5
[INFO] [stderr]    Compiling cosmwasm-schema-derive v1.5.5
[INFO] [stderr]    Compiling ed25519-zebra v3.1.0
[INFO] [stderr]    Compiling serde-json-wasm v0.5.2
[INFO] [stderr]    Compiling cosmwasm-crypto v1.5.5
[INFO] [stderr]    Compiling cosmwasm-std v1.5.5
[INFO] [stderr]    Compiling cosmwasm-schema v1.5.5
[INFO] [stderr]    Compiling cw-storage-plus v1.2.0
[INFO] [stderr]    Compiling cw2 v1.1.2
[INFO] [stderr]    Compiling cw-utils v1.0.3
[INFO] [stderr]    Compiling cw-admin-factory v2.6.0 (/opt/rustwide/workdir)
[INFO] [stderr]     Finished `release` profile [optimized] target(s) in 50.74s
[INFO] running `Command { std: "docker" "inspect" "57982bd306c1a53f0492bdc38c354fea3260d76d2bb1b2a26088baa939aae934", kill_on_drop: false }`
[INFO] running `Command { std: "docker" "exec" "-e" "SOURCE_DIR=/opt/rustwide/workdir" "-e" "CARGO_HOME=/opt/rustwide/cargo-home" "-e" "RUSTUP_HOME=/opt/rustwide/rustup-home" "-e" "CARGO_TARGET_DIR=/opt/rustwide/target" "-e" "CARGO_INCREMENTAL=0" "-e" "RUST_BACKTRACE=full" "-e" "RUSTFLAGS=--cap-lints=warn" "-e" "RUSTDOCFLAGS=--cap-lints=warn" "-w" "/opt/rustwide/workdir" "--user" "0:0" "57982bd306c1a53f0492bdc38c354fea3260d76d2bb1b2a26088baa939aae934" "/opt/rustwide/cargo-home/bin/cargo" "+1.99.0-beta.8" "test" "--frozen" "--no-run" "--message-format=json" "--release", kill_on_drop: false }`
[INFO] [stderr]    Compiling cw-admin-factory v2.6.0 (/opt/rustwide/workdir)
[INFO] [stdout] error[E0433]: cannot find module or crate `dao_interface` in this scope
[INFO] [stdout]  --> src/tests.rs:8:5
[INFO] [stdout]   |
[INFO] [stdout] 8 | use dao_interface::state::{Admin, ModuleInstantiateInfo};
[INFO] [stdout]   |     ^^^^^^^^^^^^^ use of unresolved module or unlinked crate `dao_interface`
[INFO] [stdout]   |
[INFO] [stdout]   = help: if you wanted to use a crate named `dao_interface`, use `cargo add dao_interface` to add it to your `Cargo.toml`
[INFO] [stdout] 
[INFO] [stdout] 
[INFO] [stdout] error[E0433]: cannot find module or crate `dao_testing` in this scope
[INFO] [stdout]  --> src/tests.rs:9:5
[INFO] [stdout]   |
[INFO] [stdout] 9 | use dao_testing::contracts::{
[INFO] [stdout]   |     ^^^^^^^^^^^ use of unresolved module or unlinked crate `dao_testing`
[INFO] [stdout]   |
[INFO] [stdout]   = help: if you wanted to use a crate named `dao_testing`, use `cargo add dao_testing` to add it to your `Cargo.toml`
[INFO] [stdout] 
[INFO] [stdout] 
[INFO] [stdout] error[E0432]: unresolved import `cw_multi_test`
[INFO] [stdout]  --> src/tests.rs:7:5
[INFO] [stdout]   |
[INFO] [stdout] 7 | use cw_multi_test::{App, AppResponse, Executor};
[INFO] [stdout]   |     ^^^^^^^^^^^^^ use of unresolved module or unlinked crate `cw_multi_test`
[INFO] [stdout]   |
[INFO] [stdout]   = help: if you wanted to use a crate named `cw_multi_test`, use `cargo add cw_multi_test` to add it to your `Cargo.toml`
[INFO] [stdout] 
[INFO] [stdout] 
[INFO] [stdout] error[E0432]: unresolved import `cw_admin_factory`
[INFO] [stdout]   --> src/tests.rs:19:5
[INFO] [stdout]    |
[INFO] [stdout] 19 | use cw_admin_factory::ContractError;
[INFO] [stdout]    |     ^^^^^^^^^^^^^^^^ use of unresolved module or unlinked crate `cw_admin_factory`
[INFO] [stdout]    |
[INFO] [stdout]    = help: if you wanted to use a crate named `cw_admin_factory`, use `cargo add cw_admin_factory` to add it to your `Cargo.toml`
[INFO] [stdout] 
[INFO] [stdout] 
[INFO] [stdout] error[E0433]: cannot find module or crate `cw20_base` in this scope
[INFO] [stdout]   --> src/tests.rs:28:28
[INFO] [stdout]    |
[INFO] [stdout] 28 |     let cw20_instantiate = cw20_base::msg::InstantiateMsg {
[INFO] [stdout]    |                            ^^^^^^^^^ use of unresolved module or unlinked crate `cw20_base`
[INFO] [stdout]    |
[INFO] [stdout]    = help: if you wanted to use a crate named `cw20_base`, use `cargo add cw20_base` to add it to your `Cargo.toml`
[INFO] [stdout] help: consider importing this module
[INFO] [stdout]    |
[INFO] [stdout]  1 + use crate::msg;
[INFO] [stdout]    |
[INFO] [stdout] help: if you import `msg`, refer to it directly
[INFO] [stdout]    |
[INFO] [stdout] 28 -     let cw20_instantiate = cw20_base::msg::InstantiateMsg {
[INFO] [stdout] 28 +     let cw20_instantiate = msg::InstantiateMsg {
[INFO] [stdout]    |
[INFO] [stdout] 
[INFO] [stdout] 
[INFO] [stdout] error[E0433]: cannot find module or crate `dao_interface` in this scope
[INFO] [stdout]   --> src/tests.rs:51:28
[INFO] [stdout]    |
[INFO] [stdout] 51 |     let instantiate_core = dao_interface::msg::InstantiateMsg {
[INFO] [stdout]    |                            ^^^^^^^^^^^^^ use of unresolved module or unlinked crate `dao_interface`
[INFO] [stdout]    |
[INFO] [stdout]    = help: if you wanted to use a crate named `dao_interface`, use `cargo add dao_interface` to add it to your `Cargo.toml`
[INFO] [stdout] help: consider importing this module
[INFO] [stdout]    |
[INFO] [stdout]  1 + use crate::msg;
[INFO] [stdout]    |
[INFO] [stdout] help: if you import `msg`, refer to it directly
[INFO] [stdout]    |
[INFO] [stdout] 51 -     let instantiate_core = dao_interface::msg::InstantiateMsg {
[INFO] [stdout] 51 +     let instantiate_core = msg::InstantiateMsg {
[INFO] [stdout]    |
[INFO] [stdout] 
[INFO] [stdout] 
[INFO] [stdout] error[E0433]: cannot find module or crate `cw20_base` in this scope
[INFO] [stdout]    --> src/tests.rs:113:28
[INFO] [stdout]     |
[INFO] [stdout] 113 |     let cw20_instantiate = cw20_base::msg::InstantiateMsg {
[INFO] [stdout]     |                            ^^^^^^^^^ use of unresolved module or unlinked crate `cw20_base`
[INFO] [stdout]     |
[INFO] [stdout]     = help: if you wanted to use a crate named `cw20_base`, use `cargo add cw20_base` to add it to your `Cargo.toml`
[INFO] [stdout] help: consider importing this module
[INFO] [stdout]     |
[INFO] [stdout]   1 + use crate::msg;
[INFO] [stdout]     |
[INFO] [stdout] help: if you import `msg`, refer to it directly
[INFO] [stdout]     |
[INFO] [stdout] 113 -     let cw20_instantiate = cw20_base::msg::InstantiateMsg {
[INFO] [stdout] 113 +     let cw20_instantiate = msg::InstantiateMsg {
[INFO] [stdout]     |
[INFO] [stdout] 
[INFO] [stdout] 
[INFO] [stdout] error[E0433]: cannot find module or crate `dao_interface` in this scope
[INFO] [stdout]    --> src/tests.rs:145:28
[INFO] [stdout]     |
[INFO] [stdout] 145 |     let instantiate_core = dao_interface::msg::InstantiateMsg {
[INFO] [stdout]     |                            ^^^^^^^^^^^^^ use of unresolved module or unlinked crate `dao_interface`
[INFO] [stdout]     |
[INFO] [stdout]     = help: if you wanted to use a crate named `dao_interface`, use `cargo add dao_interface` to add it to your `Cargo.toml`
[INFO] [stdout] help: consider importing this module
[INFO] [stdout]     |
[INFO] [stdout]   1 + use crate::msg;
[INFO] [stdout]     |
[INFO] [stdout] help: if you import `msg`, refer to it directly
[INFO] [stdout]     |
[INFO] [stdout] 145 -     let instantiate_core = dao_interface::msg::InstantiateMsg {
[INFO] [stdout] 145 +     let instantiate_core = msg::InstantiateMsg {
[INFO] [stdout]     |
[INFO] [stdout] 
[INFO] [stdout] 
[INFO] [stdout] Some errors have detailed explanations: E0432, E0433.
[INFO] [stdout] 
[INFO] [stdout] For more information about an error, try `rustc --explain E0432`.
[INFO] [stdout] 
[INFO] [stderr] error: could not compile `cw-admin-factory` (lib test) due to 8 previous errors
[INFO] [stderr] warning: build failed, waiting for other jobs to finish...
[INFO] running `Command { std: "docker" "inspect" "57982bd306c1a53f0492bdc38c354fea3260d76d2bb1b2a26088baa939aae934", kill_on_drop: false }`
[INFO] running `Command { std: "docker" "rm" "-f" "57982bd306c1a53f0492bdc38c354fea3260d76d2bb1b2a26088baa939aae934", kill_on_drop: false }`
[INFO] [stdout] 57982bd306c1a53f0492bdc38c354fea3260d76d2bb1b2a26088baa939aae934
