[INFO] fetching crate cvlr-mathint 0.6.1...
[INFO] testing cvlr-mathint-0.6.1 against 1.100.0-beta.1+cargoflags=--release for beta-release-1.100-2
[INFO] extracting crate cvlr-mathint 0.6.1 into /workspace/builds/worker-6-tc2/source
[INFO] started tweaking crates.io crate cvlr-mathint 0.6.1
[INFO] finished tweaking crates.io crate cvlr-mathint 0.6.1
[INFO] tweaked toml for crates.io crate cvlr-mathint 0.6.1 written to /workspace/builds/worker-6-tc2/source/Cargo.toml
[INFO] validating manifest of crates.io crate cvlr-mathint 0.6.1 on toolchain 1.100.0-beta.1
[INFO] running `Command { std: CARGO_HOME="/workspace/cargo-home" RUSTUP_HOME="/workspace/rustup-home" "/workspace/cargo-home/bin/cargo" "+1.100.0-beta.1" "metadata" "--manifest-path" "Cargo.toml" "--no-deps", kill_on_drop: false }`
[INFO] crate crates.io crate cvlr-mathint 0.6.1 already has a lockfile, it will not be regenerated
[INFO] running `Command { std: CARGO_HOME="/workspace/cargo-home" RUSTUP_HOME="/workspace/rustup-home" "/workspace/cargo-home/bin/cargo" "+1.100.0-beta.1" "fetch" "--manifest-path" "Cargo.toml", kill_on_drop: false }`
[INFO] running `Command { std: "docker" "create" "-v" "/var/lib/crater-agent-workspace/builds/worker-6-tc2/source:/opt/rustwide/workdir:ro,Z" "-v" "/var/lib/crater-agent-workspace/builds/worker-6-tc2/target:/opt/rustwide/target:rw,Z" "-v" "/var/lib/crater-agent-workspace/cargo-home:/opt/rustwide/cargo-home:ro,Z" "-v" "/var/lib/crater-agent-workspace/rustup-home:/opt/rustwide/rustup-home:ro,Z" "-m" "1610612736" "--network" "none" "ghcr.io/rust-lang/crates-build-env/linux@sha256:77db811e55d90add9212f6832c23229e3de5f1c1f9905e8cb07319ea15df73ac" "sleep" "infinity", kill_on_drop: false }`
[INFO] [stdout] f451cfd84038547f18dfde7ea93e92d6b1e6689a50f0a06aaa7a64c5b23dde09
[INFO] running `Command { std: "docker" "start" "f451cfd84038547f18dfde7ea93e92d6b1e6689a50f0a06aaa7a64c5b23dde09", kill_on_drop: false }`
[INFO] running `Command { std: "docker" "inspect" "f451cfd84038547f18dfde7ea93e92d6b1e6689a50f0a06aaa7a64c5b23dde09", kill_on_drop: false }`
[INFO] running `Command { std: "docker" "exec" "-e" "SOURCE_DIR=/opt/rustwide/workdir" "-e" "CARGO_HOME=/opt/rustwide/cargo-home" "-e" "RUSTUP_HOME=/opt/rustwide/rustup-home" "-e" "CARGO_TARGET_DIR=/opt/rustwide/target" "-w" "/opt/rustwide/workdir" "--user" "0:0" "f451cfd84038547f18dfde7ea93e92d6b1e6689a50f0a06aaa7a64c5b23dde09" "/opt/rustwide/cargo-home/bin/cargo" "+1.100.0-beta.1" "metadata" "--no-deps" "--format-version=1", kill_on_drop: false }`
[INFO] running `Command { std: "docker" "inspect" "f451cfd84038547f18dfde7ea93e92d6b1e6689a50f0a06aaa7a64c5b23dde09", kill_on_drop: false }`
[INFO] running `Command { std: "docker" "exec" "-e" "SOURCE_DIR=/opt/rustwide/workdir" "-e" "CARGO_HOME=/opt/rustwide/cargo-home" "-e" "RUSTUP_HOME=/opt/rustwide/rustup-home" "-e" "CARGO_TARGET_DIR=/opt/rustwide/target" "-e" "CARGO_INCREMENTAL=0" "-e" "RUST_BACKTRACE=full" "-e" "RUSTFLAGS=--cap-lints=warn" "-e" "RUSTDOCFLAGS=--cap-lints=warn" "-w" "/opt/rustwide/workdir" "--user" "0:0" "f451cfd84038547f18dfde7ea93e92d6b1e6689a50f0a06aaa7a64c5b23dde09" "/opt/rustwide/cargo-home/bin/cargo" "+1.100.0-beta.1" "build" "--frozen" "--message-format=json" "--release", kill_on_drop: false }`
[INFO] [stderr]    Compiling cvlr-asserts v0.6.1
[INFO] [stderr]    Compiling cvlr-nondet v0.6.1
[INFO] [stderr]    Compiling cvlr-mathint v0.6.1 (/opt/rustwide/workdir)
[INFO] [stderr]     Finished `release` profile [optimized] target(s) in 0.34s
[INFO] running `Command { std: "docker" "inspect" "f451cfd84038547f18dfde7ea93e92d6b1e6689a50f0a06aaa7a64c5b23dde09", kill_on_drop: false }`
[INFO] running `Command { std: "docker" "exec" "-e" "SOURCE_DIR=/opt/rustwide/workdir" "-e" "CARGO_HOME=/opt/rustwide/cargo-home" "-e" "RUSTUP_HOME=/opt/rustwide/rustup-home" "-e" "CARGO_TARGET_DIR=/opt/rustwide/target" "-e" "CARGO_INCREMENTAL=0" "-e" "RUST_BACKTRACE=full" "-e" "RUSTFLAGS=--cap-lints=warn" "-e" "RUSTDOCFLAGS=--cap-lints=warn" "-w" "/opt/rustwide/workdir" "--user" "0:0" "f451cfd84038547f18dfde7ea93e92d6b1e6689a50f0a06aaa7a64c5b23dde09" "/opt/rustwide/cargo-home/bin/cargo" "+1.100.0-beta.1" "test" "--frozen" "--no-run" "--message-format=json" "--release", kill_on_drop: false }`
[INFO] [stderr]    Compiling cvlr-mathint v0.6.1 (/opt/rustwide/workdir)
[INFO] [stdout] error: linking with `cc` failed: exit status: 1
[INFO] [stdout]   |
[INFO] [stdout]   = note:  "cc" "-m64" "/opt/rustwide/target/release/build/cvlr-mathint/56217cebb68e3b6d/out/rustc312uA8/symbols.o" "<2 object files omitted>" "-Wl,--as-needed" "-Wl,-Bstatic" "/opt/rustwide/target/release/build/cvlr-nondet/d2ad4c5fe34ec93a/out/libcvlr_nondet-d2ad4c5fe34ec93a.rlib" "<sysroot>/lib/rustlib/x86_64-unknown-linux-gnu/lib/{libtest-*,libgetopts-*,librustc_std_workspace_std-*,libstd-*,libpanic_unwind-*,libobject-*,libmemchr-*,libaddr2line-*,libgimli-*,libcfg_if-*,librustc_demangle-*,libstd_detect-*,libhashbrown-*,librustc_std_workspace_alloc-*,libminiz_oxide-*,libadler2-*,libunwind-*,liblibc-*,librustc_std_workspace_core-*,liballoc-*}.rlib" "/opt/rustwide/target/release/build/cvlr-asserts/3fd9c9e3ef3cf865/out/libcvlr_asserts-3fd9c9e3ef3cf865.rlib" "<sysroot>/lib/rustlib/x86_64-unknown-linux-gnu/lib/{libcore-*,libcompiler_builtins-*}.rlib" "-Wl,-Bdynamic" "-lgcc_s" "-lutil" "-lrt" "-lpthread" "-lm" "-ldl" "-lc" "-L" "/opt/rustwide/target/release/build/cvlr-mathint/56217cebb68e3b6d/out/rustc312uA8/raw-dylibs" "-B<sysroot>/lib/rustlib/x86_64-unknown-linux-gnu/bin/gcc-ld" "-fuse-ld=lld" "-Wl,--eh-frame-hdr" "-Wl,-z,noexecstack" "-L" "<sysroot>/lib/rustlib/x86_64-unknown-linux-gnu/lib" "-o" "/opt/rustwide/target/release/build/cvlr-mathint/56217cebb68e3b6d/out/cvlr_mathint-56217cebb68e3b6d" "-Wl,--gc-sections" "-pie" "-Wl,-z,relro,-z,now" "-Wl,-O1" "-Wl,--strip-debug" "-nodefaultlibs"
[INFO] [stdout]   = note: some arguments are omitted. use `--verbose` to show all linker arguments
[INFO] [stdout]   = note: rust-lld: error: undefined symbol: CVT_nativeint_u64_nondet
[INFO] [stdout]           >>> referenced by cvlr_mathint.deaa0982da45aa15-cgu.0
[INFO] [stdout]           >>>               /opt/rustwide/target/release/build/cvlr-mathint/56217cebb68e3b6d/out/cvlr_mathint-56217cebb68e3b6d.cvlr_mathint.deaa0982da45aa15-cgu.0.rcgu.o:(<cvlr_mathint::nativeint_u64::tests::nondet_test::{closure#0} as core::ops::function::FnOnce<()>>::call_once)
[INFO] [stdout]           
[INFO] [stdout]           rust-lld: error: undefined symbol: CVT_nativeint_u64_sub
[INFO] [stdout]           >>> referenced by cvlr_mathint.deaa0982da45aa15-cgu.0
[INFO] [stdout]           >>>               /opt/rustwide/target/release/build/cvlr-mathint/56217cebb68e3b6d/out/cvlr_mathint-56217cebb68e3b6d.cvlr_mathint.deaa0982da45aa15-cgu.0.rcgu.o:(<cvlr_mathint::nativeint_u64::tests::nondet_test::{closure#0} as core::ops::function::FnOnce<()>>::call_once)
[INFO] [stdout]           >>> referenced by cvlr_mathint.deaa0982da45aa15-cgu.0
[INFO] [stdout]           >>>               /opt/rustwide/target/release/build/cvlr-mathint/56217cebb68e3b6d/out/cvlr_mathint-56217cebb68e3b6d.cvlr_mathint.deaa0982da45aa15-cgu.0.rcgu.o:(<cvlr_mathint::nativeint_u64::tests::test_from_i32::{closure#0} as core::ops::function::FnOnce<()>>::call_once)
[INFO] [stdout]           >>> referenced by cvlr_mathint.deaa0982da45aa15-cgu.0
[INFO] [stdout]           >>>               /opt/rustwide/target/release/build/cvlr-mathint/56217cebb68e3b6d/out/cvlr_mathint-56217cebb68e3b6d.cvlr_mathint.deaa0982da45aa15-cgu.0.rcgu.o:(<cvlr_mathint::nativeint_u64::tests::test_edge_cases::{closure#0} as core::ops::function::FnOnce<()>>::call_once)
[INFO] [stdout]           >>> referenced 2 more times
[INFO] [stdout]           
[INFO] [stdout]           rust-lld: error: undefined symbol: CVT_nativeint_u64_eq
[INFO] [stdout]           >>> referenced by cvlr_mathint.deaa0982da45aa15-cgu.0
[INFO] [stdout]           >>>               /opt/rustwide/target/release/build/cvlr-mathint/56217cebb68e3b6d/out/cvlr_mathint-56217cebb68e3b6d.cvlr_mathint.deaa0982da45aa15-cgu.0.rcgu.o:(<cvlr_mathint::nativeint_u64::tests::nondet_test::{closure#0} as core::ops::function::FnOnce<()>>::call_once)
[INFO] [stdout]           >>> referenced by cvlr_mathint.deaa0982da45aa15-cgu.0
[INFO] [stdout]           >>>               /opt/rustwide/target/release/build/cvlr-mathint/56217cebb68e3b6d/out/cvlr_mathint-56217cebb68e3b6d.cvlr_mathint.deaa0982da45aa15-cgu.0.rcgu.o:(<cvlr_mathint::nativeint_u64::tests::test_muldiv::{closure#0} as core::ops::function::FnOnce<()>>::call_once)
[INFO] [stdout]           >>> referenced by cvlr_mathint.deaa0982da45aa15-cgu.0
[INFO] [stdout]           >>>               /opt/rustwide/target/release/build/cvlr-mathint/56217cebb68e3b6d/out/cvlr_mathint-56217cebb68e3b6d.cvlr_mathint.deaa0982da45aa15-cgu.0.rcgu.o:(<cvlr_mathint::nativeint_u64::tests::test_muldiv::{closure#0} as core::ops::function::FnOnce<()>>::call_once)
[INFO] [stdout]           >>> referenced 84 more times
[INFO] [stdout]           
[INFO] [stdout]           rust-lld: error: undefined symbol: CVT_nativeint_u64_muldiv
[INFO] [stdout]           >>> referenced by cvlr_mathint.deaa0982da45aa15-cgu.0
[INFO] [stdout]           >>>               /opt/rustwide/target/release/build/cvlr-mathint/56217cebb68e3b6d/out/cvlr_mathint-56217cebb68e3b6d.cvlr_mathint.deaa0982da45aa15-cgu.0.rcgu.o:(<cvlr_mathint::nativeint_u64::tests::test_muldiv::{closure#0} as core::ops::function::FnOnce<()>>::call_once)
[INFO] [stdout]           >>> referenced by cvlr_mathint.deaa0982da45aa15-cgu.0
[INFO] [stdout]           >>>               /opt/rustwide/target/release/build/cvlr-mathint/56217cebb68e3b6d/out/cvlr_mathint-56217cebb68e3b6d.cvlr_mathint.deaa0982da45aa15-cgu.0.rcgu.o:(<cvlr_mathint::nativeint_u64::tests::test_muldiv::{closure#0} as core::ops::function::FnOnce<()>>::call_once)
[INFO] [stdout]           
[INFO] [stdout]           rust-lld: error: undefined symbol: CVT_nativeint_u64_div_ceil
[INFO] [stdout]           >>> referenced by cvlr_mathint.deaa0982da45aa15-cgu.0
[INFO] [stdout]           >>>               /opt/rustwide/target/release/build/cvlr-mathint/56217cebb68e3b6d/out/cvlr_mathint-56217cebb68e3b6d.cvlr_mathint.deaa0982da45aa15-cgu.0.rcgu.o:(<cvlr_mathint::nativeint_u64::tests::test_div_ceil::{closure#0} as core::ops::function::FnOnce<()>>::call_once)
[INFO] [stdout]           >>> referenced by cvlr_mathint.deaa0982da45aa15-cgu.0
[INFO] [stdout]           >>>               /opt/rustwide/target/release/build/cvlr-mathint/56217cebb68e3b6d/out/cvlr_mathint-56217cebb68e3b6d.cvlr_mathint.deaa0982da45aa15-cgu.0.rcgu.o:(<cvlr_mathint::nativeint_u64::tests::test_div_ceil::{closure#0} as core::ops::function::FnOnce<()>>::call_once)
[INFO] [stdout]           >>> referenced by cvlr_mathint.deaa0982da45aa15-cgu.0
[INFO] [stdout]           >>>               /opt/rustwide/target/release/build/cvlr-mathint/56217cebb68e3b6d/out/cvlr_mathint-56217cebb68e3b6d.cvlr_mathint.deaa0982da45aa15-cgu.0.rcgu.o:(<cvlr_mathint::nativeint_u64::tests::test_div_ceil::{closure#0} as core::ops::function::FnOnce<()>>::call_once)
[INFO] [stdout]           
[INFO] [stdout]           rust-lld: error: undefined symbol: CVT_nativeint_u64_from_u128
[INFO] [stdout]           >>> referenced by cvlr_mathint.deaa0982da45aa15-cgu.0
[INFO] [stdout]           >>>               /opt/rustwide/target/release/build/cvlr-mathint/56217cebb68e3b6d/out/cvlr_mathint-56217cebb68e3b6d.cvlr_mathint.deaa0982da45aa15-cgu.0.rcgu.o:(<cvlr_mathint::nativeint_u64::tests::test_from_u128::{closure#0} as core::ops::function::FnOnce<()>>::call_once)
[INFO] [stdout]           >>> referenced by cvlr_mathint.deaa0982da45aa15-cgu.0
[INFO] [stdout]           >>>               /opt/rustwide/target/release/build/cvlr-mathint/56217cebb68e3b6d/out/cvlr_mathint-56217cebb68e3b6d.cvlr_mathint.deaa0982da45aa15-cgu.0.rcgu.o:(<cvlr_mathint::nativeint_u64::tests::test_from_u128::{closure#0} as core::ops::function::FnOnce<()>>::call_once)
[INFO] [stdout]           >>> referenced by cvlr_mathint.deaa0982da45aa15-cgu.0
[INFO] [stdout]           >>>               /opt/rustwide/target/release/build/cvlr-mathint/56217cebb68e3b6d/out/cvlr_mathint-56217cebb68e3b6d.cvlr_mathint.deaa0982da45aa15-cgu.0.rcgu.o:(<cvlr_mathint::nativeint_u64::tests::test_from_array_u64_2::{closure#0} as core::ops::function::FnOnce<()>>::call_once)
[INFO] [stdout]           >>> referenced 4 more times
[INFO] [stdout]           
[INFO] [stdout]           rust-lld: error: undefined symbol: CVT_nativeint_u64_from_u256
[INFO] [stdout]           >>> referenced by cvlr_mathint.deaa0982da45aa15-cgu.0
[INFO] [stdout]           >>>               /opt/rustwide/target/release/build/cvlr-mathint/56217cebb68e3b6d/out/cvlr_mathint-56217cebb68e3b6d.cvlr_mathint.deaa0982da45aa15-cgu.0.rcgu.o:(<cvlr_mathint::nativeint_u64::tests::test_from_u256::{closure#0} as core::ops::function::FnOnce<()>>::call_once)
[INFO] [stdout]           >>> referenced by cvlr_mathint.deaa0982da45aa15-cgu.0
[INFO] [stdout]           >>>               /opt/rustwide/target/release/build/cvlr-mathint/56217cebb68e3b6d/out/cvlr_mathint-56217cebb68e3b6d.cvlr_mathint.deaa0982da45aa15-cgu.0.rcgu.o:(<cvlr_mathint::nativeint_u64::tests::test_from_u256::{closure#0} as core::ops::function::FnOnce<()>>::call_once)
[INFO] [stdout]           >>> referenced by cvlr_mathint.deaa0982da45aa15-cgu.0
[INFO] [stdout]           >>>               /opt/rustwide/target/release/build/cvlr-mathint/56217cebb68e3b6d/out/cvlr_mathint-56217cebb68e3b6d.cvlr_mathint.deaa0982da45aa15-cgu.0.rcgu.o:(<cvlr_mathint::nativeint_u64::tests::test_from_array_u64_4::{closure#0} as core::ops::function::FnOnce<()>>::call_once)
[INFO] [stdout]           >>> referenced 1 more times
[INFO] [stdout]           
[INFO] [stdout]           rust-lld: error: undefined symbol: CVT_nativeint_u64_add
[INFO] [stdout]           >>> referenced by cvlr_mathint.deaa0982da45aa15-cgu.0
[INFO] [stdout]           >>>               /opt/rustwide/target/release/build/cvlr-mathint/56217cebb68e3b6d/out/cvlr_mathint-56217cebb68e3b6d.cvlr_mathint.deaa0982da45aa15-cgu.0.rcgu.o:(<cvlr_mathint::nativeint_u64::tests::test_edge_cases::{closure#0} as core::ops::function::FnOnce<()>>::call_once)
[INFO] [stdout]           >>> referenced by cvlr_mathint.deaa0982da45aa15-cgu.0
[INFO] [stdout]           >>>               /opt/rustwide/target/release/build/cvlr-mathint/56217cebb68e3b6d/out/cvlr_mathint-56217cebb68e3b6d.cvlr_mathint.deaa0982da45aa15-cgu.0.rcgu.o:(<cvlr_mathint::nativeint_u64::tests::test_edge_cases::{closure#0} as core::ops::function::FnOnce<()>>::call_once)
[INFO] [stdout]           >>> referenced by cvlr_mathint.deaa0982da45aa15-cgu.0
[INFO] [stdout]           >>>               /opt/rustwide/target/release/build/cvlr-mathint/56217cebb68e3b6d/out/cvlr_mathint-56217cebb68e3b6d.cvlr_mathint.deaa0982da45aa15-cgu.0.rcgu.o:(<cvlr_mathint::nativeint_u64::tests::test_arithmetic_operations::{closure#0} as core::ops::function::FnOnce<()>>::call_once)
[INFO] [stdout]           >>> referenced 7 more times
[INFO] [stdout]           
[INFO] [stdout]           rust-lld: error: undefined symbol: CVT_nativeint_u64_mul
[INFO] [stdout]           >>> referenced by cvlr_mathint.deaa0982da45aa15-cgu.0
[INFO] [stdout]           >>>               /opt/rustwide/target/release/build/cvlr-mathint/56217cebb68e3b6d/out/cvlr_mathint-56217cebb68e3b6d.cvlr_mathint.deaa0982da45aa15-cgu.0.rcgu.o:(<cvlr_mathint::nativeint_u64::tests::test_edge_cases::{closure#0} as core::ops::function::FnOnce<()>>::call_once)
[INFO] [stdout]           >>> referenced by cvlr_mathint.deaa0982da45aa15-cgu.0
[INFO] [stdout]           >>>               /opt/rustwide/target/release/build/cvlr-mathint/56217cebb68e3b6d/out/cvlr_mathint-56217cebb68e3b6d.cvlr_mathint.deaa0982da45aa15-cgu.0.rcgu.o:(<cvlr_mathint::nativeint_u64::tests::test_edge_cases::{closure#0} as core::ops::function::FnOnce<()>>::call_once)
[INFO] [stdout]           >>> referenced by cvlr_mathint.deaa0982da45aa15-cgu.0
[INFO] [stdout]           >>>               /opt/rustwide/target/release/build/cvlr-mathint/56217cebb68e3b6d/out/cvlr_mathint-56217cebb68e3b6d.cvlr_mathint.deaa0982da45aa15-cgu.0.rcgu.o:(<cvlr_mathint::nativeint_u64::tests::test_arithmetic_operations::{closure#0} as core::ops::function::FnOnce<()>>::call_once)
[INFO] [stdout]           >>> referenced 6 more times
[INFO] [stdout]           
[INFO] [stdout]           rust-lld: error: undefined symbol: CVT_nativeint_u64_div
[INFO] [stdout]           >>> referenced by cvlr_mathint.deaa0982da45aa15-cgu.0
[INFO] [stdout]           >>>               /opt/rustwide/target/release/build/cvlr-mathint/56217cebb68e3b6d/out/cvlr_mathint-56217cebb68e3b6d.cvlr_mathint.deaa0982da45aa15-cgu.0.rcgu.o:(<cvlr_mathint::nativeint_u64::tests::test_edge_cases::{closure#0} as core::ops::function::FnOnce<()>>::call_once)
[INFO] [stdout]           >>> referenced by cvlr_mathint.deaa0982da45aa15-cgu.0
[INFO] [stdout]           >>>               /opt/rustwide/target/release/build/cvlr-mathint/56217cebb68e3b6d/out/cvlr_mathint-56217cebb68e3b6d.cvlr_mathint.deaa0982da45aa15-cgu.0.rcgu.o:(<cvlr_mathint::nativeint_u64::tests::test_edge_cases::{closure#0} as core::ops::function::FnOnce<()>>::call_once)
[INFO] [stdout]           >>> referenced by cvlr_mathint.deaa0982da45aa15-cgu.0
[INFO] [stdout]           >>>               /opt/rustwide/target/release/build/cvlr-mathint/56217cebb68e3b6d/out/cvlr_mathint-56217cebb68e3b6d.cvlr_mathint.deaa0982da45aa15-cgu.0.rcgu.o:(<cvlr_mathint::nativeint_u64::tests::test_arithmetic_operations::{closure#0} as core::ops::function::FnOnce<()>>::call_once)
[INFO] [stdout]           >>> referenced 6 more times
[INFO] [stdout]           
[INFO] [stdout]           rust-lld: error: undefined symbol: CVT_nativeint_u64_u64_max
[INFO] [stdout]           >>> referenced by cvlr_mathint.deaa0982da45aa15-cgu.0
[INFO] [stdout]           >>>               /opt/rustwide/target/release/build/cvlr-mathint/56217cebb68e3b6d/out/cvlr_mathint-56217cebb68e3b6d.cvlr_mathint.deaa0982da45aa15-cgu.0.rcgu.o:(<cvlr_mathint::nativeint_u64::tests::test_edge_cases::{closure#0} as core::ops::function::FnOnce<()>>::call_once)
[INFO] [stdout]           >>> referenced by cvlr_mathint.deaa0982da45aa15-cgu.0
[INFO] [stdout]           >>>               /opt/rustwide/target/release/build/cvlr-mathint/56217cebb68e3b6d/out/cvlr_mathint-56217cebb68e3b6d.cvlr_mathint.deaa0982da45aa15-cgu.0.rcgu.o:(<cvlr_mathint::nativeint_u64::tests::test_edge_cases::{closure#0} as core::ops::function::FnOnce<()>>::call_once)
[INFO] [stdout]           >>> referenced by cvlr_mathint.deaa0982da45aa15-cgu.0
[INFO] [stdout]           >>>               /opt/rustwide/target/release/build/cvlr-mathint/56217cebb68e3b6d/out/cvlr_mathint-56217cebb68e3b6d.cvlr_mathint.deaa0982da45aa15-cgu.0.rcgu.o:(<cvlr_mathint::nativeint_u64::tests::test_max_functions::{closure#0} as core::ops::function::FnOnce<()>>::call_once)
[INFO] [stdout]           >>> referenced 2 more times
[INFO] [stdout]           
[INFO] [stdout]           rust-lld: error: undefined symbol: CVT_nativeint_u64_le
[INFO] [stdout]           >>> referenced by cvlr_mathint.deaa0982da45aa15-cgu.0
[INFO] [stdout]           >>>               /opt/rustwide/target/release/build/cvlr-mathint/56217cebb68e3b6d/out/cvlr_mathint-56217cebb68e3b6d.cvlr_mathint.deaa0982da45aa15-cgu.0.rcgu.o:(<cvlr_mathint::nativeint_u64::tests::test_edge_cases::{closure#0} as core::ops::function::FnOnce<()>>::call_once)
[INFO] [stdout]           >>> referenced by cvlr_mathint.deaa0982da45aa15-cgu.0
[INFO] [stdout]           >>>               /opt/rustwide/target/release/build/cvlr-mathint/56217cebb68e3b6d/out/cvlr_mathint-56217cebb68e3b6d.cvlr_mathint.deaa0982da45aa15-cgu.0.rcgu.o:(<cvlr_mathint::nativeint_u64::tests::test_is_uint_functions::{closure#0} as core::ops::function::FnOnce<()>>::call_once)
[INFO] [stdout]           >>> referenced by cvlr_mathint.deaa0982da45aa15-cgu.0
[INFO] [stdout]           >>>               /opt/rustwide/target/release/build/cvlr-mathint/56217cebb68e3b6d/out/cvlr_mathint-56217cebb68e3b6d.cvlr_mathint.deaa0982da45aa15-cgu.0.rcgu.o:(<cvlr_mathint::nativeint_u64::tests::test_is_uint_functions::{closure#0} as core::ops::function::FnOnce<()>>::call_once)
[INFO] [stdout]           >>> referenced 15 more times
[INFO] [stdout]           
[INFO] [stdout]           rust-lld: error: undefined symbol: CVT_nativeint_u64_muldiv_ceil
[INFO] [stdout]           >>> referenced by cvlr_mathint.deaa0982da45aa15-cgu.0
[INFO] [stdout]           >>>               /opt/rustwide/target/release/build/cvlr-mathint/56217cebb68e3b6d/out/cvlr_mathint-56217cebb68e3b6d.cvlr_mathint.deaa0982da45aa15-cgu.0.rcgu.o:(<cvlr_mathint::nativeint_u64::tests::test_muldiv_ceil::{closure#0} as core::ops::function::FnOnce<()>>::call_once)
[INFO] [stdout]           >>> referenced by cvlr_mathint.deaa0982da45aa15-cgu.0
[INFO] [stdout]           >>>               /opt/rustwide/target/release/build/cvlr-mathint/56217cebb68e3b6d/out/cvlr_mathint-56217cebb68e3b6d.cvlr_mathint.deaa0982da45aa15-cgu.0.rcgu.o:(<cvlr_mathint::nativeint_u64::tests::test_muldiv_ceil::{closure#0} as core::ops::function::FnOnce<()>>::call_once)
[INFO] [stdout]           
[INFO] [stdout]           rust-lld: error: undefined symbol: CVT_nativeint_u64_lt
[INFO] [stdout]           >>> referenced by cvlr_mathint.deaa0982da45aa15-cgu.0
[INFO] [stdout]           >>>               /opt/rustwide/target/release/build/cvlr-mathint/56217cebb68e3b6d/out/cvlr_mathint-56217cebb68e3b6d.cvlr_mathint.deaa0982da45aa15-cgu.0.rcgu.o:(<cvlr_mathint::nativeint_u64::tests::test_ord_trait_methods::{closure#0} as core::ops::function::FnOnce<()>>::call_once)
[INFO] [stdout]           >>> referenced by cvlr_mathint.deaa0982da45aa15-cgu.0
[INFO] [stdout]           >>>               /opt/rustwide/target/release/build/cvlr-mathint/56217cebb68e3b6d/out/cvlr_mathint-56217cebb68e3b6d.cvlr_mathint.deaa0982da45aa15-cgu.0.rcgu.o:(<cvlr_mathint::nativeint_u64::tests::test_ord_trait_methods::{closure#0} as core::ops::function::FnOnce<()>>::call_once)
[INFO] [stdout]           >>> referenced by cvlr_mathint.deaa0982da45aa15-cgu.0
[INFO] [stdout]           >>>               /opt/rustwide/target/release/build/cvlr-mathint/56217cebb68e3b6d/out/cvlr_mathint-56217cebb68e3b6d.cvlr_mathint.deaa0982da45aa15-cgu.0.rcgu.o:(<cvlr_mathint::nativeint_u64::tests::test_ord_trait_methods::{closure#0} as core::ops::function::FnOnce<()>>::call_once)
[INFO] [stdout]           >>> referenced 26 more times
[INFO] [stdout]           
[INFO] [stdout]           rust-lld: error: undefined symbol: CVT_nativeint_u64_neg
[INFO] [stdout]           >>> referenced by cvlr_mathint.deaa0982da45aa15-cgu.0
[INFO] [stdout]           >>>               /opt/rustwide/target/release/build/cvlr-mathint/56217cebb68e3b6d/out/cvlr_mathint-56217cebb68e3b6d.cvlr_mathint.deaa0982da45aa15-cgu.0.rcgu.o:(<cvlr_mathint::nativeint_u64::tests::test_neg::{closure#0} as core::ops::function::FnOnce<()>>::call_once)
[INFO] [stdout]           >>> referenced by cvlr_mathint.deaa0982da45aa15-cgu.0
[INFO] [stdout]           >>>               /opt/rustwide/target/release/build/cvlr-mathint/56217cebb68e3b6d/out/cvlr_mathint-56217cebb68e3b6d.cvlr_mathint.deaa0982da45aa15-cgu.0.rcgu.o:(<cvlr_mathint::nativeint_u64::tests::test_neg::{closure#0} as core::ops::function::FnOnce<()>>::call_once)
[INFO] [stdout]           >>> referenced by cvlr_mathint.deaa0982da45aa15-cgu.0
[INFO] [stdout]           >>>               /opt/rustwide/target/release/build/cvlr-mathint/56217cebb68e3b6d/out/cvlr_mathint-56217cebb68e3b6d.cvlr_mathint.deaa0982da45aa15-cgu.0.rcgu.o:(<cvlr_mathint::nativeint_u64::tests::test_neg::{closure#0} as core::ops::function::FnOnce<()>>::call_once)
[INFO] [stdout]           >>> referenced 2 more times
[INFO] [stdout]           
[INFO] [stdout]           rust-lld: error: undefined symbol: CVT_nativeint_u64_sle
[INFO] [stdout]           >>> referenced by cvlr_mathint.deaa0982da45aa15-cgu.0
[INFO] [stdout]           >>>               /opt/rustwide/target/release/build/cvlr-mathint/56217cebb68e3b6d/out/cvlr_mathint-56217cebb68e3b6d.cvlr_mathint.deaa0982da45aa15-cgu.0.rcgu.o:(<cvlr_mathint::nativeint_u64::tests::test_sge::{closure#0} as core::ops::function::FnOnce<()>>::call_once)
[INFO] [stdout]           >>> referenced by cvlr_mathint.deaa0982da45aa15-cgu.0
[INFO] [stdout]           >>>               /opt/rustwide/target/release/build/cvlr-mathint/56217cebb68e3b6d/out/cvlr_mathint-56217cebb68e3b6d.cvlr_mathint.deaa0982da45aa15-cgu.0.rcgu.o:(<cvlr_mathint::nativeint_u64::tests::test_sge::{closure#0} as core::ops::function::FnOnce<()>>::call_once)
[INFO] [stdout]           >>> referenced by cvlr_mathint.deaa0982da45aa15-cgu.0
[INFO] [stdout]           >>>               /opt/rustwide/target/release/build/cvlr-mathint/56217cebb68e3b6d/out/cvlr_mathint-56217cebb68e3b6d.cvlr_mathint.deaa0982da45aa15-cgu.0.rcgu.o:(<cvlr_mathint::nativeint_u64::tests::test_sge::{closure#0} as core::ops::function::FnOnce<()>>::call_once)
[INFO] [stdout]           >>> referenced 7 more times
[INFO] [stdout]           
[INFO] [stdout]           rust-lld: error: undefined symbol: CVT_nativeint_u64_slt
[INFO] [stdout]           >>> referenced by cvlr_mathint.deaa0982da45aa15-cgu.0
[INFO] [stdout]           >>>               /opt/rustwide/target/release/build/cvlr-mathint/56217cebb68e3b6d/out/cvlr_mathint-56217cebb68e3b6d.cvlr_mathint.deaa0982da45aa15-cgu.0.rcgu.o:(<cvlr_mathint::nativeint_u64::tests::test_sgt::{closure#0} as core::ops::function::FnOnce<()>>::call_once)
[INFO] [stdout]           >>> referenced by cvlr_mathint.deaa0982da45aa15-cgu.0
[INFO] [stdout]           >>>               /opt/rustwide/target/release/build/cvlr-mathint/56217cebb68e3b6d/out/cvlr_mathint-56217cebb68e3b6d.cvlr_mathint.deaa0982da45aa15-cgu.0.rcgu.o:(<cvlr_mathint::nativeint_u64::tests::test_sgt::{closure#0} as core::ops::function::FnOnce<()>>::call_once)
[INFO] [stdout]           >>> referenced by cvlr_mathint.deaa0982da45aa15-cgu.0
[INFO] [stdout]           >>>               /opt/rustwide/target/release/build/cvlr-mathint/56217cebb68e3b6d/out/cvlr_mathint-56217cebb68e3b6d.cvlr_mathint.deaa0982da45aa15-cgu.0.rcgu.o:(<cvlr_mathint::nativeint_u64::tests::test_sgt::{closure#0} as core::ops::function::FnOnce<()>>::call_once)
[INFO] [stdout]           >>> referenced 9 more times
[INFO] [stdout]           
[INFO] [stdout]           rust-lld: error: undefined symbol: CVT_nativeint_u64_mask
[INFO] [stdout]           >>> referenced by cvlr_mathint.deaa0982da45aa15-cgu.0
[INFO] [stdout]           >>>               /opt/rustwide/target/release/build/cvlr-mathint/56217cebb68e3b6d/out/cvlr_mathint-56217cebb68e3b6d.cvlr_mathint.deaa0982da45aa15-cgu.0.rcgu.o:(<cvlr_mathint::nativeint_u64::tests::test_mask::{closure#0} as core::ops::function::FnOnce<()>>::call_once)
[INFO] [stdout]           >>> referenced by cvlr_mathint.deaa0982da45aa15-cgu.0
[INFO] [stdout]           >>>               /opt/rustwide/target/release/build/cvlr-mathint/56217cebb68e3b6d/out/cvlr_mathint-56217cebb68e3b6d.cvlr_mathint.deaa0982da45aa15-cgu.0.rcgu.o:(<cvlr_mathint::nativeint_u64::tests::test_mask::{closure#0} as core::ops::function::FnOnce<()>>::call_once)
[INFO] [stdout]           >>> referenced by cvlr_mathint.deaa0982da45aa15-cgu.0
[INFO] [stdout]           >>>               /opt/rustwide/target/release/build/cvlr-mathint/56217cebb68e3b6d/out/cvlr_mathint-56217cebb68e3b6d.cvlr_mathint.deaa0982da45aa15-cgu.0.rcgu.o:(<cvlr_mathint::nativeint_u64::tests::test_mask::{closure#0} as core::ops::function::FnOnce<()>>::call_once)
[INFO] [stdout]           >>> referenced 3 more times
[INFO] [stdout]           
[INFO] [stdout]           rust-lld: error: undefined symbol: CVT_nativeint_u64_sext
[INFO] [stdout]           >>> referenced by cvlr_mathint.deaa0982da45aa15-cgu.0
[INFO] [stdout]           >>>               /opt/rustwide/target/release/build/cvlr-mathint/56217cebb68e3b6d/out/cvlr_mathint-56217cebb68e3b6d.cvlr_mathint.deaa0982da45aa15-cgu.0.rcgu.o:(<cvlr_mathint::nativeint_u64::tests::test_sext::{closure#0} as core::ops::function::FnOnce<()>>::call_once)
[INFO] [stdout]           >>> referenced by cvlr_mathint.deaa0982da45aa15-cgu.0
[INFO] [stdout]           >>>               /opt/rustwide/target/release/build/cvlr-mathint/56217cebb68e3b6d/out/cvlr_mathint-56217cebb68e3b6d.cvlr_mathint.deaa0982da45aa15-cgu.0.rcgu.o:(<cvlr_mathint::nativeint_u64::tests::test_sext::{closure#0} as core::ops::function::FnOnce<()>>::call_once)
[INFO] [stdout]           >>> referenced by cvlr_mathint.deaa0982da45aa15-cgu.0
[INFO] [stdout]           >>>               /opt/rustwide/target/release/build/cvlr-mathint/56217cebb68e3b6d/out/cvlr_mathint-56217cebb68e3b6d.cvlr_mathint.deaa0982da45aa15-cgu.0.rcgu.o:(<cvlr_mathint::nativeint_u64::tests::test_sext::{closure#0} as core::ops::function::FnOnce<()>>::call_once)
[INFO] [stdout]           >>> referenced 3 more times
[INFO] [stdout]           collect2: error: ld returned 1 exit status
[INFO] [stdout]           
[INFO] [stdout] 
[INFO] [stdout] 
[INFO] [stderr] error: could not compile `cvlr-mathint` (lib test) due to 1 previous error
[INFO] running `Command { std: "docker" "inspect" "f451cfd84038547f18dfde7ea93e92d6b1e6689a50f0a06aaa7a64c5b23dde09", kill_on_drop: false }`
[INFO] running `Command { std: "docker" "rm" "-f" "f451cfd84038547f18dfde7ea93e92d6b1e6689a50f0a06aaa7a64c5b23dde09", kill_on_drop: false }`
[INFO] [stdout] f451cfd84038547f18dfde7ea93e92d6b1e6689a50f0a06aaa7a64c5b23dde09
