[INFO] fetching crate cvlr-macros 0.6.1...
[INFO] testing cvlr-macros-0.6.1 against 1.99.0-beta.8+cargoflags=--release for beta-release-1.100-2
[INFO] extracting crate cvlr-macros 0.6.1 into /workspace/builds/worker-6-tc1/source
[INFO] started tweaking crates.io crate cvlr-macros 0.6.1
[INFO] removed 0 missing tests
[INFO] finished tweaking crates.io crate cvlr-macros 0.6.1
[INFO] tweaked toml for crates.io crate cvlr-macros 0.6.1 written to /workspace/builds/worker-6-tc1/source/Cargo.toml
[INFO] validating manifest of crates.io crate cvlr-macros 0.6.1 on toolchain 1.99.0-beta.8
[INFO] running `Command { std: CARGO_HOME="/workspace/cargo-home" RUSTUP_HOME="/workspace/rustup-home" "/workspace/cargo-home/bin/cargo" "+1.99.0-beta.8" "metadata" "--manifest-path" "Cargo.toml" "--no-deps", kill_on_drop: false }`
[INFO] crate crates.io crate cvlr-macros 0.6.1 already has a lockfile, it will not be regenerated
[INFO] running `Command { std: CARGO_HOME="/workspace/cargo-home" RUSTUP_HOME="/workspace/rustup-home" "/workspace/cargo-home/bin/cargo" "+1.99.0-beta.8" "fetch" "--manifest-path" "Cargo.toml", kill_on_drop: false }`
[INFO] [stderr]     Blocking waiting for file lock on package cache
[INFO] [stderr]     Updating crates.io index
[INFO] [stderr]     Blocking waiting for file lock on package cache
[INFO] [stderr]  Downloading crates ...
[INFO] [stderr]   Downloaded trybuild v1.0.114
[INFO] [stderr]   Downloaded toml v0.9.10+spec-1.1.0
[INFO] [stderr]   Downloaded macrotest v1.2.0
[INFO] running `Command { std: "docker" "create" "-v" "/var/lib/crater-agent-workspace/builds/worker-6-tc1/source:/opt/rustwide/workdir:ro,Z" "-v" "/var/lib/crater-agent-workspace/builds/worker-6-tc1/target:/opt/rustwide/target:rw,Z" "-v" "/var/lib/crater-agent-workspace/cargo-home:/opt/rustwide/cargo-home:ro,Z" "-v" "/var/lib/crater-agent-workspace/rustup-home:/opt/rustwide/rustup-home:ro,Z" "-m" "1610612736" "--network" "none" "ghcr.io/rust-lang/crates-build-env/linux@sha256:77db811e55d90add9212f6832c23229e3de5f1c1f9905e8cb07319ea15df73ac" "sleep" "infinity", kill_on_drop: false }`
[INFO] [stdout] 376376280cf61b06422844ebab4c8922b7a0264290a35af286001093166dbb49
[INFO] running `Command { std: "docker" "start" "376376280cf61b06422844ebab4c8922b7a0264290a35af286001093166dbb49", kill_on_drop: false }`
[INFO] running `Command { std: "docker" "inspect" "376376280cf61b06422844ebab4c8922b7a0264290a35af286001093166dbb49", kill_on_drop: false }`
[INFO] running `Command { std: "docker" "exec" "-e" "SOURCE_DIR=/opt/rustwide/workdir" "-e" "CARGO_HOME=/opt/rustwide/cargo-home" "-e" "RUSTUP_HOME=/opt/rustwide/rustup-home" "-e" "CARGO_TARGET_DIR=/opt/rustwide/target" "-w" "/opt/rustwide/workdir" "--user" "0:0" "376376280cf61b06422844ebab4c8922b7a0264290a35af286001093166dbb49" "/opt/rustwide/cargo-home/bin/cargo" "+1.99.0-beta.8" "metadata" "--no-deps" "--format-version=1", kill_on_drop: false }`
[INFO] running `Command { std: "docker" "inspect" "376376280cf61b06422844ebab4c8922b7a0264290a35af286001093166dbb49", kill_on_drop: false }`
[INFO] running `Command { std: "docker" "exec" "-e" "SOURCE_DIR=/opt/rustwide/workdir" "-e" "CARGO_HOME=/opt/rustwide/cargo-home" "-e" "RUSTUP_HOME=/opt/rustwide/rustup-home" "-e" "CARGO_TARGET_DIR=/opt/rustwide/target" "-e" "CARGO_INCREMENTAL=0" "-e" "RUST_BACKTRACE=full" "-e" "RUSTFLAGS=--cap-lints=warn" "-e" "RUSTDOCFLAGS=--cap-lints=warn" "-w" "/opt/rustwide/workdir" "--user" "0:0" "376376280cf61b06422844ebab4c8922b7a0264290a35af286001093166dbb49" "/opt/rustwide/cargo-home/bin/cargo" "+1.99.0-beta.8" "build" "--frozen" "--message-format=json" "--release", kill_on_drop: false }`
[INFO] [stderr]    Compiling syn v2.0.111
[INFO] [stderr]    Compiling darling_core v0.20.11
[INFO] [stderr]    Compiling darling_macro v0.20.11
[INFO] [stderr]    Compiling darling v0.20.11
[INFO] [stderr]    Compiling cvlr-macros v0.6.1 (/opt/rustwide/workdir)
[INFO] [stderr]     Finished `release` profile [optimized] target(s) in 10.91s
[INFO] running `Command { std: "docker" "inspect" "376376280cf61b06422844ebab4c8922b7a0264290a35af286001093166dbb49", kill_on_drop: false }`
[INFO] running `Command { std: "docker" "exec" "-e" "SOURCE_DIR=/opt/rustwide/workdir" "-e" "CARGO_HOME=/opt/rustwide/cargo-home" "-e" "RUSTUP_HOME=/opt/rustwide/rustup-home" "-e" "CARGO_TARGET_DIR=/opt/rustwide/target" "-e" "CARGO_INCREMENTAL=0" "-e" "RUST_BACKTRACE=full" "-e" "RUSTFLAGS=--cap-lints=warn" "-e" "RUSTDOCFLAGS=--cap-lints=warn" "-w" "/opt/rustwide/workdir" "--user" "0:0" "376376280cf61b06422844ebab4c8922b7a0264290a35af286001093166dbb49" "/opt/rustwide/cargo-home/bin/cargo" "+1.99.0-beta.8" "test" "--frozen" "--no-run" "--message-format=json" "--release", kill_on_drop: false }`
[INFO] [stderr]    Compiling serde_json v1.0.145
[INFO] [stderr]    Compiling target-triple v1.0.0
[INFO] [stderr]    Compiling proc-macro2 v1.0.103
[INFO] [stderr]    Compiling unicode-ident v1.0.22
[INFO] [stderr]    Compiling quote v1.0.42
[INFO] [stderr]    Compiling winnow v0.7.14
[INFO] [stderr]    Compiling serde_core v1.0.228
[INFO] [stderr]    Compiling serde v1.0.228
[INFO] [stderr]    Compiling memchr v2.7.6
[INFO] [stderr]    Compiling ryu v1.0.20
[INFO] [stderr]    Compiling toml_writer v1.0.6+spec-1.1.0
[INFO] [stderr]    Compiling itoa v1.0.15
[INFO] [stderr]    Compiling serde_spanned v1.0.4
[INFO] [stderr]    Compiling serde_derive v1.0.228
[INFO] [stderr]    Compiling toml_datetime v0.7.5+spec-1.1.0
[INFO] [stderr]    Compiling prettyplease v0.2.37
[INFO] [stderr]    Compiling ident_case v1.0.1
[INFO] [stderr]    Compiling cvlr-macros v0.6.1 (/opt/rustwide/workdir)
[INFO] [stderr]    Compiling termcolor v1.4.1
[INFO] [stderr]    Compiling diff v0.1.13
[INFO] [stderr]    Compiling syn v2.0.111
[INFO] [stderr]    Compiling toml_parser v1.0.6+spec-1.1.0
[INFO] [stderr]    Compiling toml v0.9.10+spec-1.1.0
[INFO] [stderr]    Compiling macrotest v1.2.0
[INFO] [stderr]    Compiling trybuild v1.0.114
[INFO] [stderr]    Compiling darling_core v0.20.11
[INFO] [stderr]    Compiling darling v0.20.11
[INFO] [stdout] error[E0433]: cannot find module or crate `cvlr` in this scope
[INFO] [stdout]  --> tests/test_cvlr_predicate.rs:3:5
[INFO] [stdout]   |
[INFO] [stdout] 3 | use cvlr::spec::CvlrFormula;
[INFO] [stdout]   |     ^^^^ use of unresolved module or unlinked crate `cvlr`
[INFO] [stdout]   |
[INFO] [stdout]   = help: if you wanted to use a crate named `cvlr`, use `cargo add cvlr` to add it to your `Cargo.toml`
[INFO] [stdout] 
[INFO] [stdout] 
[INFO] [stdout] error[E0433]: cannot find `cvlr` in the list of imported crates
[INFO] [stdout]    --> tests/test_cvlr_predicate.rs:223:1
[INFO] [stdout]     |
[INFO] [stdout] 223 | #[cvlr_predicate]
[INFO] [stdout]     | ^^^^^^^^^^^^^^^^^ could not find `cvlr` in the list of imported crates
[INFO] [stdout]     |
[INFO] [stdout]     = note: this error originates in the attribute macro `cvlr_predicate` (in Nightly builds, run with -Z macro-backtrace for more info)
[INFO] [stdout] 
[INFO] [stdout] 
[INFO] [stdout] error[E0433]: cannot find `cvlr` in the list of imported crates
[INFO] [stdout]    --> tests/test_cvlr_predicate.rs:217:1
[INFO] [stdout]     |
[INFO] [stdout] 217 | #[cvlr_predicate]
[INFO] [stdout]     | ^^^^^^^^^^^^^^^^^ could not find `cvlr` in the list of imported crates
[INFO] [stdout]     |
[INFO] [stdout]     = note: this error originates in the attribute macro `cvlr_predicate` (in Nightly builds, run with -Z macro-backtrace for more info)
[INFO] [stdout] 
[INFO] [stdout] 
[INFO] [stdout] error[E0433]: cannot find `cvlr` in the list of imported crates
[INFO] [stdout]    --> tests/test_cvlr_predicate.rs:211:1
[INFO] [stdout]     |
[INFO] [stdout] 211 | #[cvlr_predicate]
[INFO] [stdout]     | ^^^^^^^^^^^^^^^^^ could not find `cvlr` in the list of imported crates
[INFO] [stdout]     |
[INFO] [stdout]     = note: this error originates in the attribute macro `cvlr_predicate` (in Nightly builds, run with -Z macro-backtrace for more info)
[INFO] [stdout] 
[INFO] [stdout] 
[INFO] [stdout] error[E0433]: cannot find `cvlr` in the list of imported crates
[INFO] [stdout]    --> tests/test_cvlr_predicate.rs:206:1
[INFO] [stdout]     |
[INFO] [stdout] 206 | #[cvlr_predicate]
[INFO] [stdout]     | ^^^^^^^^^^^^^^^^^ could not find `cvlr` in the list of imported crates
[INFO] [stdout]     |
[INFO] [stdout]     = note: this error originates in the attribute macro `cvlr_predicate` (in Nightly builds, run with -Z macro-backtrace for more info)
[INFO] [stdout] 
[INFO] [stdout] 
[INFO] [stdout] error[E0433]: cannot find `cvlr` in the list of imported crates
[INFO] [stdout]    --> tests/test_cvlr_predicate.rs:114:1
[INFO] [stdout]     |
[INFO] [stdout] 114 | #[cvlr_predicate]
[INFO] [stdout]     | ^^^^^^^^^^^^^^^^^ could not find `cvlr` in the list of imported crates
[INFO] [stdout]     |
[INFO] [stdout]     = note: this error originates in the attribute macro `cvlr_predicate` (in Nightly builds, run with -Z macro-backtrace for more info)
[INFO] [stdout] 
[INFO] [stdout] 
[INFO] [stdout] error[E0433]: cannot find `cvlr` in the list of imported crates
[INFO] [stdout]    --> tests/test_cvlr_predicate.rs:104:1
[INFO] [stdout]     |
[INFO] [stdout] 104 | #[cvlr_predicate]
[INFO] [stdout]     | ^^^^^^^^^^^^^^^^^ could not find `cvlr` in the list of imported crates
[INFO] [stdout]     |
[INFO] [stdout]     = note: this error originates in the attribute macro `cvlr_predicate` (in Nightly builds, run with -Z macro-backtrace for more info)
[INFO] [stdout] 
[INFO] [stdout] 
[INFO] [stdout] error[E0433]: cannot find `cvlr` in the list of imported crates
[INFO] [stdout]   --> tests/test_cvlr_predicate.rs:90:1
[INFO] [stdout]    |
[INFO] [stdout] 90 | #[cvlr_predicate]
[INFO] [stdout]    | ^^^^^^^^^^^^^^^^^ could not find `cvlr` in the list of imported crates
[INFO] [stdout]    |
[INFO] [stdout]    = note: this error originates in the attribute macro `cvlr_predicate` (in Nightly builds, run with -Z macro-backtrace for more info)
[INFO] [stdout] 
[INFO] [stdout] 
[INFO] [stdout] error[E0433]: cannot find `cvlr` in the list of imported crates
[INFO] [stdout]   --> tests/test_cvlr_predicate.rs:77:1
[INFO] [stdout]    |
[INFO] [stdout] 77 | #[cvlr_predicate]
[INFO] [stdout]    | ^^^^^^^^^^^^^^^^^ could not find `cvlr` in the list of imported crates
[INFO] [stdout]    |
[INFO] [stdout]    = note: this error originates in the attribute macro `cvlr_predicate` (in Nightly builds, run with -Z macro-backtrace for more info)
[INFO] [stdout] 
[INFO] [stdout] 
[INFO] [stdout] error[E0433]: cannot find `cvlr` in the list of imported crates
[INFO] [stdout]   --> tests/test_cvlr_predicate.rs:59:1
[INFO] [stdout]    |
[INFO] [stdout] 59 | #[cvlr_predicate]
[INFO] [stdout]    | ^^^^^^^^^^^^^^^^^ could not find `cvlr` in the list of imported crates
[INFO] [stdout]    |
[INFO] [stdout]    = note: this error originates in the attribute macro `cvlr_predicate` (in Nightly builds, run with -Z macro-backtrace for more info)
[INFO] [stdout] 
[INFO] [stdout] 
[INFO] [stdout] error[E0433]: cannot find `cvlr` in the list of imported crates
[INFO] [stdout]   --> tests/test_cvlr_predicate.rs:50:1
[INFO] [stdout]    |
[INFO] [stdout] 50 | #[cvlr_predicate]
[INFO] [stdout]    | ^^^^^^^^^^^^^^^^^ could not find `cvlr` in the list of imported crates
[INFO] [stdout]    |
[INFO] [stdout]    = note: this error originates in the attribute macro `cvlr_predicate` (in Nightly builds, run with -Z macro-backtrace for more info)
[INFO] [stdout] 
[INFO] [stdout] 
[INFO] [stdout] error[E0433]: cannot find `cvlr` in the list of imported crates
[INFO] [stdout]   --> tests/test_cvlr_predicate.rs:41:1
[INFO] [stdout]    |
[INFO] [stdout] 41 | #[cvlr_predicate]
[INFO] [stdout]    | ^^^^^^^^^^^^^^^^^ could not find `cvlr` in the list of imported crates
[INFO] [stdout]    |
[INFO] [stdout]    = note: this error originates in the attribute macro `cvlr_predicate` (in Nightly builds, run with -Z macro-backtrace for more info)
[INFO] [stdout] 
[INFO] [stdout] 
[INFO] [stdout] error[E0433]: cannot find `cvlr` in the list of imported crates
[INFO] [stdout]   --> tests/test_cvlr_predicate.rs:33:1
[INFO] [stdout]    |
[INFO] [stdout] 33 | #[cvlr_predicate]
[INFO] [stdout]    | ^^^^^^^^^^^^^^^^^ could not find `cvlr` in the list of imported crates
[INFO] [stdout]    |
[INFO] [stdout]    = note: this error originates in the attribute macro `cvlr_predicate` (in Nightly builds, run with -Z macro-backtrace for more info)
[INFO] [stdout] 
[INFO] [stdout] 
[INFO] [stdout] error[E0433]: cannot find `cvlr` in the list of imported crates
[INFO] [stdout]   --> tests/test_cvlr_predicate.rs:27:1
[INFO] [stdout]    |
[INFO] [stdout] 27 | #[cvlr_predicate]
[INFO] [stdout]    | ^^^^^^^^^^^^^^^^^ could not find `cvlr` in the list of imported crates
[INFO] [stdout]    |
[INFO] [stdout]    = note: this error originates in the attribute macro `cvlr_predicate` (in Nightly builds, run with -Z macro-backtrace for more info)
[INFO] [stdout] 
[INFO] [stdout] 
[INFO] [stdout] error[E0433]: cannot find `cvlr` in the list of imported crates
[INFO] [stdout]   --> tests/test_cvlr_predicate.rs:21:1
[INFO] [stdout]    |
[INFO] [stdout] 21 | #[cvlr_predicate]
[INFO] [stdout]    | ^^^^^^^^^^^^^^^^^ could not find `cvlr` in the list of imported crates
[INFO] [stdout]    |
[INFO] [stdout]    = note: this error originates in the attribute macro `cvlr_predicate` (in Nightly builds, run with -Z macro-backtrace for more info)
[INFO] [stdout] 
[INFO] [stdout] 
[INFO] [stdout] error[E0433]: cannot find `cvlr` in the list of imported crates
[INFO] [stdout]   --> tests/test_cvlr_predicate.rs:16:1
[INFO] [stdout]    |
[INFO] [stdout] 16 | #[cvlr_predicate]
[INFO] [stdout]    | ^^^^^^^^^^^^^^^^^ could not find `cvlr` in the list of imported crates
[INFO] [stdout]    |
[INFO] [stdout]    = note: this error originates in the attribute macro `cvlr_predicate` (in Nightly builds, run with -Z macro-backtrace for more info)
[INFO] [stdout] 
[INFO] [stdout] 
[INFO] [stdout] error[E0433]: cannot find `cvlr` in the list of imported crates
[INFO] [stdout]   --> tests/test_cvlr_predicate.rs:11:1
[INFO] [stdout]    |
[INFO] [stdout] 11 | #[cvlr_predicate]
[INFO] [stdout]    | ^^^^^^^^^^^^^^^^^ could not find `cvlr` in the list of imported crates
[INFO] [stdout]    |
[INFO] [stdout]    = note: this error originates in the attribute macro `cvlr_predicate` (in Nightly builds, run with -Z macro-backtrace for more info)
[INFO] [stdout] 
[INFO] [stdout] 
[INFO] [stdout] error[E0433]: cannot find `cvlr` in the list of imported crates
[INFO] [stdout]   --> tests/test_cvlr_predicate.rs:68:1
[INFO] [stdout]    |
[INFO] [stdout] 68 | #[cvlr_predicate]
[INFO] [stdout]    | ^^^^^^^^^^^^^^^^^ could not find `cvlr` in the list of imported crates
[INFO] [stdout]    |
[INFO] [stdout]    = note: this error originates in the attribute macro `cvlr_predicate` (in Nightly builds, run with -Z macro-backtrace for more info)
[INFO] [stdout] 
[INFO] [stdout] 
[INFO] [stdout] For more information about this error, try `rustc --explain E0433`.
[INFO] [stdout] 
[INFO] [stderr] error: could not compile `cvlr-macros` (test "test_cvlr_predicate") due to 18 previous errors
[INFO] [stderr] warning: build failed, waiting for other jobs to finish...
[INFO] running `Command { std: "docker" "inspect" "376376280cf61b06422844ebab4c8922b7a0264290a35af286001093166dbb49", kill_on_drop: false }`
[INFO] running `Command { std: "docker" "rm" "-f" "376376280cf61b06422844ebab4c8922b7a0264290a35af286001093166dbb49", kill_on_drop: false }`
[INFO] [stdout] 376376280cf61b06422844ebab4c8922b7a0264290a35af286001093166dbb49
