[INFO] fetching crate cvlr-derive 0.6.1...
[INFO] testing cvlr-derive-0.6.1 against 1.100.0-beta.1+cargoflags=--release for beta-release-1.100-2
[INFO] extracting crate cvlr-derive 0.6.1 into /workspace/builds/worker-7-tc2/source
[INFO] started tweaking crates.io crate cvlr-derive 0.6.1
[INFO] removed 0 missing tests
[INFO] finished tweaking crates.io crate cvlr-derive 0.6.1
[INFO] tweaked toml for crates.io crate cvlr-derive 0.6.1 written to /workspace/builds/worker-7-tc2/source/Cargo.toml
[INFO] validating manifest of crates.io crate cvlr-derive 0.6.1 on toolchain 1.100.0-beta.1
[INFO] running `Command { std: CARGO_HOME="/workspace/cargo-home" RUSTUP_HOME="/workspace/rustup-home" "/workspace/cargo-home/bin/cargo" "+1.100.0-beta.1" "metadata" "--manifest-path" "Cargo.toml" "--no-deps", kill_on_drop: false }`
[INFO] crate crates.io crate cvlr-derive 0.6.1 already has a lockfile, it will not be regenerated
[INFO] running `Command { std: CARGO_HOME="/workspace/cargo-home" RUSTUP_HOME="/workspace/rustup-home" "/workspace/cargo-home/bin/cargo" "+1.100.0-beta.1" "fetch" "--manifest-path" "Cargo.toml", kill_on_drop: false }`
[INFO] running `Command { std: "docker" "create" "-v" "/var/lib/crater-agent-workspace/builds/worker-7-tc2/source:/opt/rustwide/workdir:ro,Z" "-v" "/var/lib/crater-agent-workspace/builds/worker-7-tc2/target:/opt/rustwide/target:rw,Z" "-v" "/var/lib/crater-agent-workspace/cargo-home:/opt/rustwide/cargo-home:ro,Z" "-v" "/var/lib/crater-agent-workspace/rustup-home:/opt/rustwide/rustup-home:ro,Z" "-m" "1610612736" "--network" "none" "ghcr.io/rust-lang/crates-build-env/linux@sha256:77db811e55d90add9212f6832c23229e3de5f1c1f9905e8cb07319ea15df73ac" "sleep" "infinity", kill_on_drop: false }`
[INFO] [stdout] 0c951a88ecb7b15088c9781ab1a6d887e513c69f0d9b92abe7254f2b79d9e065
[INFO] running `Command { std: "docker" "start" "0c951a88ecb7b15088c9781ab1a6d887e513c69f0d9b92abe7254f2b79d9e065", kill_on_drop: false }`
[INFO] running `Command { std: "docker" "inspect" "0c951a88ecb7b15088c9781ab1a6d887e513c69f0d9b92abe7254f2b79d9e065", kill_on_drop: false }`
[INFO] running `Command { std: "docker" "exec" "-e" "SOURCE_DIR=/opt/rustwide/workdir" "-e" "CARGO_HOME=/opt/rustwide/cargo-home" "-e" "RUSTUP_HOME=/opt/rustwide/rustup-home" "-e" "CARGO_TARGET_DIR=/opt/rustwide/target" "-w" "/opt/rustwide/workdir" "--user" "0:0" "0c951a88ecb7b15088c9781ab1a6d887e513c69f0d9b92abe7254f2b79d9e065" "/opt/rustwide/cargo-home/bin/cargo" "+1.100.0-beta.1" "metadata" "--no-deps" "--format-version=1", kill_on_drop: false }`
[INFO] running `Command { std: "docker" "inspect" "0c951a88ecb7b15088c9781ab1a6d887e513c69f0d9b92abe7254f2b79d9e065", kill_on_drop: false }`
[INFO] running `Command { std: "docker" "exec" "-e" "SOURCE_DIR=/opt/rustwide/workdir" "-e" "CARGO_HOME=/opt/rustwide/cargo-home" "-e" "RUSTUP_HOME=/opt/rustwide/rustup-home" "-e" "CARGO_TARGET_DIR=/opt/rustwide/target" "-e" "CARGO_INCREMENTAL=0" "-e" "RUST_BACKTRACE=full" "-e" "RUSTFLAGS=--cap-lints=warn" "-e" "RUSTDOCFLAGS=--cap-lints=warn" "-w" "/opt/rustwide/workdir" "--user" "0:0" "0c951a88ecb7b15088c9781ab1a6d887e513c69f0d9b92abe7254f2b79d9e065" "/opt/rustwide/cargo-home/bin/cargo" "+1.100.0-beta.1" "build" "--frozen" "--message-format=json" "--release", kill_on_drop: false }`
[INFO] [stderr]    Compiling syn v2.0.111
[INFO] [stderr]    Compiling cvlr-derive v0.6.1 (/opt/rustwide/workdir)
[INFO] [stderr]     Finished `release` profile [optimized] target(s) in 4.56s
[INFO] running `Command { std: "docker" "inspect" "0c951a88ecb7b15088c9781ab1a6d887e513c69f0d9b92abe7254f2b79d9e065", kill_on_drop: false }`
[INFO] running `Command { std: "docker" "exec" "-e" "SOURCE_DIR=/opt/rustwide/workdir" "-e" "CARGO_HOME=/opt/rustwide/cargo-home" "-e" "RUSTUP_HOME=/opt/rustwide/rustup-home" "-e" "CARGO_TARGET_DIR=/opt/rustwide/target" "-e" "CARGO_INCREMENTAL=0" "-e" "RUST_BACKTRACE=full" "-e" "RUSTFLAGS=--cap-lints=warn" "-e" "RUSTDOCFLAGS=--cap-lints=warn" "-w" "/opt/rustwide/workdir" "--user" "0:0" "0c951a88ecb7b15088c9781ab1a6d887e513c69f0d9b92abe7254f2b79d9e065" "/opt/rustwide/cargo-home/bin/cargo" "+1.100.0-beta.1" "test" "--frozen" "--no-run" "--message-format=json" "--release", kill_on_drop: false }`
[INFO] [stderr]    Compiling serde v1.0.228
[INFO] [stderr]    Compiling serde_json v1.0.145
[INFO] [stderr]    Compiling serde_core v1.0.228
[INFO] [stderr]    Compiling target-triple v1.0.0
[INFO] [stderr]    Compiling winnow v0.7.14
[INFO] [stderr]    Compiling ryu v1.0.20
[INFO] [stderr]    Compiling memchr v2.7.6
[INFO] [stderr]    Compiling proc-macro2 v1.0.103
[INFO] [stderr]    Compiling quote v1.0.42
[INFO] [stderr]    Compiling toml_parser v1.0.6+spec-1.1.0
[INFO] [stderr]    Compiling itoa v1.0.15
[INFO] [stderr]    Compiling serde_spanned v1.0.4
[INFO] [stderr]    Compiling toml_datetime v0.7.5+spec-1.1.0
[INFO] [stderr]    Compiling toml_writer v1.0.6+spec-1.1.0
[INFO] [stderr]    Compiling prettyplease v0.2.37
[INFO] [stderr]    Compiling syn v2.0.111
[INFO] [stderr]    Compiling glob v0.3.3
[INFO] [stderr]    Compiling diff v0.1.13
[INFO] [stderr]    Compiling fastrand v2.3.0
[INFO] [stderr]    Compiling termcolor v1.4.1
[INFO] [stderr]    Compiling toml v0.9.10+spec-1.1.0
[INFO] [stderr]    Compiling serde_derive v1.0.228
[INFO] [stderr]    Compiling cvlr-derive v0.6.1 (/opt/rustwide/workdir)
[INFO] [stderr]    Compiling trybuild v1.0.114
[INFO] [stderr]    Compiling macrotest v1.2.0
[INFO] [stdout] error[E0433]: cannot find module or crate `cvlr` in this scope
[INFO] [stdout]  --> tests/test_nondet.rs:2:5
[INFO] [stdout]   |
[INFO] [stdout] 2 | use cvlr::nondet::Nondet;
[INFO] [stdout]   |     ^^^^ use of unresolved module or unlinked crate `cvlr`
[INFO] [stdout]   |
[INFO] [stdout]   = help: if you wanted to use a crate named `cvlr`, use `cargo add cvlr` to add it to your `Cargo.toml`
[INFO] [stdout] 
[INFO] [stdout] 
[INFO] [stdout] error[E0433]: cannot find module or crate `cvlr` in this scope
[INFO] [stdout]  --> tests/test_cvlr_log.rs:2:5
[INFO] [stdout]   |
[INFO] [stdout] 2 | use cvlr::log::CvlrLog;
[INFO] [stdout]   |     ^^^^ use of unresolved module or unlinked crate `cvlr`
[INFO] [stdout]   |
[INFO] [stdout]   = help: if you wanted to use a crate named `cvlr`, use `cargo add cvlr` to add it to your `Cargo.toml`
[INFO] [stdout] 
[INFO] [stdout] 
[INFO] [stdout] error[E0433]: cannot find `cvlr` in the list of imported crates
[INFO] [stdout]  --> tests/test_nondet.rs:6:10
[INFO] [stdout]   |
[INFO] [stdout] 6 | #[derive(Nondet)]
[INFO] [stdout]   |          ^^^^^^ could not find `cvlr` in the list of imported crates
[INFO] [stdout]   |
[INFO] [stdout]   = note: this error originates in the derive macro `Nondet` (in Nightly builds, run with -Z macro-backtrace for more info)
[INFO] [stdout] 
[INFO] [stdout] 
[INFO] [stdout] error[E0433]: cannot find `cvlr` in the list of imported crates
[INFO] [stdout]  --> tests/test_cvlr_log.rs:6:10
[INFO] [stdout]   |
[INFO] [stdout] 6 | #[derive(CvlrLog)]
[INFO] [stdout]   |          ^^^^^^^ could not find `cvlr` in the list of imported crates
[INFO] [stdout]   |
[INFO] [stdout]   = note: this error originates in the derive macro `CvlrLog` (in Nightly builds, run with -Z macro-backtrace for more info)
[INFO] [stdout] 
[INFO] [stdout] 
[INFO] [stdout] error[E0433]: cannot find `cvlr` in the list of imported crates
[INFO] [stdout]   --> tests/test_nondet.rs:10:10
[INFO] [stdout]    |
[INFO] [stdout] 10 | #[derive(Nondet)]
[INFO] [stdout]    |          ^^^^^^ could not find `cvlr` in the list of imported crates
[INFO] [stdout]    |
[INFO] [stdout]    = note: this error originates in the derive macro `Nondet` (in Nightly builds, run with -Z macro-backtrace for more info)
[INFO] [stdout] 
[INFO] [stdout] 
[INFO] [stdout] error[E0433]: cannot find `cvlr` in the list of imported crates
[INFO] [stdout]   --> tests/test_nondet.rs:18:10
[INFO] [stdout]    |
[INFO] [stdout] 18 | #[derive(Nondet)]
[INFO] [stdout]    |          ^^^^^^ could not find `cvlr` in the list of imported crates
[INFO] [stdout]    |
[INFO] [stdout]    = note: this error originates in the derive macro `Nondet` (in Nightly builds, run with -Z macro-backtrace for more info)
[INFO] [stdout] 
[INFO] [stdout] 
[INFO] [stdout] error[E0433]: cannot find `cvlr` in the list of imported crates
[INFO] [stdout]   --> tests/test_cvlr_log.rs:13:10
[INFO] [stdout]    |
[INFO] [stdout] 13 | #[derive(CvlrLog)]
[INFO] [stdout]    |          ^^^^^^^ could not find `cvlr` in the list of imported crates
[INFO] [stdout]    |
[INFO] [stdout]    = note: this error originates in the derive macro `CvlrLog` (in Nightly builds, run with -Z macro-backtrace for more info)
[INFO] [stdout] 
[INFO] [stdout] 
[INFO] [stdout] error[E0433]: cannot find `cvlr` in the list of imported crates
[INFO] [stdout]   --> tests/test_cvlr_log.rs:17:10
[INFO] [stdout]    |
[INFO] [stdout] 17 | #[derive(CvlrLog)]
[INFO] [stdout]    |          ^^^^^^^ could not find `cvlr` in the list of imported crates
[INFO] [stdout]    |
[INFO] [stdout]    = note: this error originates in the derive macro `CvlrLog` (in Nightly builds, run with -Z macro-backtrace for more info)
[INFO] [stdout] 
[INFO] [stdout] 
[INFO] [stdout] error[E0433]: cannot find `cvlr` in the list of imported crates
[INFO] [stdout]   --> tests/test_nondet.rs:22:10
[INFO] [stdout]    |
[INFO] [stdout] 22 | #[derive(Nondet)]
[INFO] [stdout]    |          ^^^^^^ could not find `cvlr` in the list of imported crates
[INFO] [stdout]    |
[INFO] [stdout]    = note: this error originates in the derive macro `Nondet` (in Nightly builds, run with -Z macro-backtrace for more info)
[INFO] [stdout] 
[INFO] [stdout] 
[INFO] [stdout] error[E0433]: cannot find `cvlr` in the list of imported crates
[INFO] [stdout]   --> tests/test_cvlr_log.rs:27:10
[INFO] [stdout]    |
[INFO] [stdout] 27 | #[derive(CvlrLog)]
[INFO] [stdout]    |          ^^^^^^^ could not find `cvlr` in the list of imported crates
[INFO] [stdout]    |
[INFO] [stdout]    = note: this error originates in the derive macro `CvlrLog` (in Nightly builds, run with -Z macro-backtrace for more info)
[INFO] [stdout] 
[INFO] [stdout] 
[INFO] [stdout] error[E0433]: cannot find `cvlr` in the list of imported crates
[INFO] [stdout]   --> tests/test_nondet.rs:32:10
[INFO] [stdout]    |
[INFO] [stdout] 32 | #[derive(Nondet)]
[INFO] [stdout]    |          ^^^^^^ could not find `cvlr` in the list of imported crates
[INFO] [stdout]    |
[INFO] [stdout]    = note: this error originates in the derive macro `Nondet` (in Nightly builds, run with -Z macro-backtrace for more info)
[INFO] [stdout] 
[INFO] [stdout] 
[INFO] [stdout] error[E0433]: cannot find `cvlr` in the list of imported crates
[INFO] [stdout]   --> tests/test_nondet.rs:39:10
[INFO] [stdout]    |
[INFO] [stdout] 39 | #[derive(Nondet)]
[INFO] [stdout]    |          ^^^^^^ could not find `cvlr` in the list of imported crates
[INFO] [stdout]    |
[INFO] [stdout]    = note: this error originates in the derive macro `Nondet` (in Nightly builds, run with -Z macro-backtrace for more info)
[INFO] [stdout] 
[INFO] [stdout] 
[INFO] [stdout] error[E0433]: cannot find module or crate `cvlr` in this scope
[INFO] [stdout]   --> tests/test_cvlr_log.rs:33:22
[INFO] [stdout]    |
[INFO] [stdout] 33 |     let mut logger = cvlr::log::CvlrLogger::new();
[INFO] [stdout]    |                      ^^^^ use of unresolved module or unlinked crate `cvlr`
[INFO] [stdout]    |
[INFO] [stdout]    = help: if you wanted to use a crate named `cvlr`, use `cargo add cvlr` to add it to your `Cargo.toml`
[INFO] [stdout] 
[INFO] [stdout] 
[INFO] [stdout] error[E0433]: cannot find module or crate `cvlr` in this scope
[INFO] [stdout]   --> tests/test_cvlr_log.rs:40:22
[INFO] [stdout]    |
[INFO] [stdout] 40 |     let mut logger = cvlr::log::CvlrLogger::new();
[INFO] [stdout]    |                      ^^^^ use of unresolved module or unlinked crate `cvlr`
[INFO] [stdout]    |
[INFO] [stdout]    = help: if you wanted to use a crate named `cvlr`, use `cargo add cvlr` to add it to your `Cargo.toml`
[INFO] [stdout] 
[INFO] [stdout] 
[INFO] [stdout] error[E0433]: cannot find `cvlr` in the list of imported crates
[INFO] [stdout]   --> tests/test_nondet.rs:46:10
[INFO] [stdout]    |
[INFO] [stdout] 46 | #[derive(Nondet)]
[INFO] [stdout]    |          ^^^^^^ could not find `cvlr` in the list of imported crates
[INFO] [stdout]    |
[INFO] [stdout]    = note: this error originates in the derive macro `Nondet` (in Nightly builds, run with -Z macro-backtrace for more info)
[INFO] [stdout] 
[INFO] [stdout] 
[INFO] [stdout] error[E0433]: cannot find module or crate `cvlr` in this scope
[INFO] [stdout]   --> tests/test_cvlr_log.rs:53:22
[INFO] [stdout]    |
[INFO] [stdout] 53 |     let mut logger = cvlr::log::CvlrLogger::new();
[INFO] [stdout]    |                      ^^^^ use of unresolved module or unlinked crate `cvlr`
[INFO] [stdout]    |
[INFO] [stdout]    = help: if you wanted to use a crate named `cvlr`, use `cargo add cvlr` to add it to your `Cargo.toml`
[INFO] [stdout] 
[INFO] [stdout] 
[INFO] [stdout] error[E0433]: cannot find module or crate `cvlr` in this scope
[INFO] [stdout]   --> tests/test_cvlr_log.rs:60:22
[INFO] [stdout]    |
[INFO] [stdout] 60 |     let mut logger = cvlr::log::CvlrLogger::new();
[INFO] [stdout]    |                      ^^^^ use of unresolved module or unlinked crate `cvlr`
[INFO] [stdout]    |
[INFO] [stdout]    = help: if you wanted to use a crate named `cvlr`, use `cargo add cvlr` to add it to your `Cargo.toml`
[INFO] [stdout] 
[INFO] [stdout] 
[INFO] [stdout] error[E0433]: cannot find `cvlr` in the list of imported crates
[INFO] [stdout]   --> tests/test_cvlr_log.rs:65:10
[INFO] [stdout]    |
[INFO] [stdout] 65 | #[derive(CvlrLog)]
[INFO] [stdout]    |          ^^^^^^^ could not find `cvlr` in the list of imported crates
[INFO] [stdout]    |
[INFO] [stdout]    = note: this error originates in the derive macro `CvlrLog` (in Nightly builds, run with -Z macro-backtrace for more info)
[INFO] [stdout] 
[INFO] [stdout] 
[INFO] [stdout] error[E0433]: cannot find `cvlr` in the list of imported crates
[INFO] [stdout]   --> tests/test_nondet.rs:54:10
[INFO] [stdout]    |
[INFO] [stdout] 54 | #[derive(Nondet)]
[INFO] [stdout]    |          ^^^^^^ could not find `cvlr` in the list of imported crates
[INFO] [stdout]    |
[INFO] [stdout]    = note: this error originates in the derive macro `Nondet` (in Nightly builds, run with -Z macro-backtrace for more info)
[INFO] [stdout] 
[INFO] [stdout] 
[INFO] [stdout] error[E0433]: cannot find `cvlr` in the list of imported crates
[INFO] [stdout]   --> tests/test_cvlr_log.rs:72:10
[INFO] [stdout]    |
[INFO] [stdout] 72 | #[derive(CvlrLog)]
[INFO] [stdout]    |          ^^^^^^^ could not find `cvlr` in the list of imported crates
[INFO] [stdout]    |
[INFO] [stdout]    = note: this error originates in the derive macro `CvlrLog` (in Nightly builds, run with -Z macro-backtrace for more info)
[INFO] [stdout] 
[INFO] [stdout] 
[INFO] [stdout] error[E0433]: cannot find `cvlr` in the list of imported crates
[INFO] [stdout]   --> tests/test_nondet.rs:62:10
[INFO] [stdout]    |
[INFO] [stdout] 62 | #[derive(Nondet)]
[INFO] [stdout]    |          ^^^^^^ could not find `cvlr` in the list of imported crates
[INFO] [stdout]    |
[INFO] [stdout]    = note: this error originates in the derive macro `Nondet` (in Nightly builds, run with -Z macro-backtrace for more info)
[INFO] [stdout] 
[INFO] [stdout] 
[INFO] [stdout] error[E0433]: cannot find `cvlr` in the list of imported crates
[INFO] [stdout]   --> tests/test_cvlr_log.rs:80:10
[INFO] [stdout]    |
[INFO] [stdout] 80 | #[derive(CvlrLog)]
[INFO] [stdout]    |          ^^^^^^^ could not find `cvlr` in the list of imported crates
[INFO] [stdout]    |
[INFO] [stdout]    = note: this error originates in the derive macro `CvlrLog` (in Nightly builds, run with -Z macro-backtrace for more info)
[INFO] [stdout] 
[INFO] [stdout] 
[INFO] [stdout] error[E0433]: cannot find module or crate `cvlr` in this scope
[INFO] [stdout]   --> tests/test_cvlr_log.rs:91:22
[INFO] [stdout]    |
[INFO] [stdout] 91 |     let mut logger = cvlr::log::CvlrLogger::new();
[INFO] [stdout]    |                      ^^^^ use of unresolved module or unlinked crate `cvlr`
[INFO] [stdout]    |
[INFO] [stdout]    = help: if you wanted to use a crate named `cvlr`, use `cargo add cvlr` to add it to your `Cargo.toml`
[INFO] [stdout] 
[INFO] [stdout] 
[INFO] [stdout] error[E0433]: cannot find module or crate `cvlr` in this scope
[INFO] [stdout]    --> tests/test_cvlr_log.rs:101:22
[INFO] [stdout]     |
[INFO] [stdout] 101 |     let mut logger = cvlr::log::CvlrLogger::new();
[INFO] [stdout]     |                      ^^^^ use of unresolved module or unlinked crate `cvlr`
[INFO] [stdout]     |
[INFO] [stdout]     = help: if you wanted to use a crate named `cvlr`, use `cargo add cvlr` to add it to your `Cargo.toml`
[INFO] [stdout] 
[INFO] [stdout] 
[INFO] [stdout] error[E0433]: cannot find module or crate `cvlr` in this scope
[INFO] [stdout]    --> tests/test_cvlr_log.rs:112:22
[INFO] [stdout]     |
[INFO] [stdout] 112 |     let mut logger = cvlr::log::CvlrLogger::new();
[INFO] [stdout]     |                      ^^^^ use of unresolved module or unlinked crate `cvlr`
[INFO] [stdout]     |
[INFO] [stdout]     = help: if you wanted to use a crate named `cvlr`, use `cargo add cvlr` to add it to your `Cargo.toml`
[INFO] [stdout] 
[INFO] [stdout] 
[INFO] [stdout] error[E0433]: cannot find module or crate `cvlr` in this scope
[INFO] [stdout]    --> tests/test_nondet.rs:114:30
[INFO] [stdout]     |
[INFO] [stdout] 114 |     let point: NamedFields = cvlr::nondet::nondet();
[INFO] [stdout]     |                              ^^^^ use of unresolved module or unlinked crate `cvlr`
[INFO] [stdout]     |
[INFO] [stdout]     = help: if you wanted to use a crate named `cvlr`, use `cargo add cvlr` to add it to your `Cargo.toml`
[INFO] [stdout] 
[INFO] [stdout] 
[INFO] [stdout] error[E0433]: cannot find module or crate `cvlr` in this scope
[INFO] [stdout]    --> tests/test_nondet.rs:162:25
[INFO] [stdout]     |
[INFO] [stdout] 162 |     let e: SimpleEnum = cvlr::nondet::nondet();
[INFO] [stdout]     |                         ^^^^ use of unresolved module or unlinked crate `cvlr`
[INFO] [stdout]     |
[INFO] [stdout]     = help: if you wanted to use a crate named `cvlr`, use `cargo add cvlr` to add it to your `Cargo.toml`
[INFO] [stdout] 
[INFO] [stdout] 
[INFO] [stdout] For more information about this error, try `rustc --explain E0433`.
[INFO] [stdout] 
[INFO] [stderr] error: could not compile `cvlr-derive` (test "test_cvlr_log") due to 15 previous errors
[INFO] [stderr] warning: build failed, waiting for other jobs to finish...
[INFO] [stdout] For more information about this error, try `rustc --explain E0433`.
[INFO] [stdout] 
[INFO] [stderr] error: could not compile `cvlr-derive` (test "test_nondet") due to 12 previous errors
[INFO] running `Command { std: "docker" "inspect" "0c951a88ecb7b15088c9781ab1a6d887e513c69f0d9b92abe7254f2b79d9e065", kill_on_drop: false }`
[INFO] running `Command { std: "docker" "rm" "-f" "0c951a88ecb7b15088c9781ab1a6d887e513c69f0d9b92abe7254f2b79d9e065", kill_on_drop: false }`
[INFO] [stdout] 0c951a88ecb7b15088c9781ab1a6d887e513c69f0d9b92abe7254f2b79d9e065
