[INFO] fetching crate cvlr-decimal 0.6.1...
[INFO] testing cvlr-decimal-0.6.1 against 1.99.0-beta.8+cargoflags=--release for beta-release-1.100-2
[INFO] extracting crate cvlr-decimal 0.6.1 into /workspace/builds/worker-6-tc1/source
[INFO] started tweaking crates.io crate cvlr-decimal 0.6.1
[INFO] finished tweaking crates.io crate cvlr-decimal 0.6.1
[INFO] tweaked toml for crates.io crate cvlr-decimal 0.6.1 written to /workspace/builds/worker-6-tc1/source/Cargo.toml
[INFO] validating manifest of crates.io crate cvlr-decimal 0.6.1 on toolchain 1.99.0-beta.8
[INFO] running `Command { std: CARGO_HOME="/workspace/cargo-home" RUSTUP_HOME="/workspace/rustup-home" "/workspace/cargo-home/bin/cargo" "+1.99.0-beta.8" "metadata" "--manifest-path" "Cargo.toml" "--no-deps", kill_on_drop: false }`
[INFO] crate crates.io crate cvlr-decimal 0.6.1 already has a lockfile, it will not be regenerated
[INFO] running `Command { std: CARGO_HOME="/workspace/cargo-home" RUSTUP_HOME="/workspace/rustup-home" "/workspace/cargo-home/bin/cargo" "+1.99.0-beta.8" "fetch" "--manifest-path" "Cargo.toml", kill_on_drop: false }`
[INFO] [stderr]     Updating crates.io index
[INFO] [stderr]  Downloading crates ...
[INFO] [stderr]   Downloaded cvlr-asserts v0.6.1
[INFO] [stderr]   Downloaded cvlr-log v0.6.1
[INFO] [stderr]   Downloaded cvlr-nondet v0.6.1
[INFO] [stderr]   Downloaded cvlr-mathint v0.6.1
[INFO] running `Command { std: "docker" "create" "-v" "/var/lib/crater-agent-workspace/builds/worker-6-tc1/source:/opt/rustwide/workdir:ro,Z" "-v" "/var/lib/crater-agent-workspace/builds/worker-6-tc1/target:/opt/rustwide/target:rw,Z" "-v" "/var/lib/crater-agent-workspace/cargo-home:/opt/rustwide/cargo-home:ro,Z" "-v" "/var/lib/crater-agent-workspace/rustup-home:/opt/rustwide/rustup-home:ro,Z" "-m" "1610612736" "--network" "none" "ghcr.io/rust-lang/crates-build-env/linux@sha256:77db811e55d90add9212f6832c23229e3de5f1c1f9905e8cb07319ea15df73ac" "sleep" "infinity", kill_on_drop: false }`
[INFO] [stdout] 52d139682589e4b39fc09ce697da8b715cc3c33b830831d263fd75010cb8f4c5
[INFO] running `Command { std: "docker" "start" "52d139682589e4b39fc09ce697da8b715cc3c33b830831d263fd75010cb8f4c5", kill_on_drop: false }`
[INFO] running `Command { std: "docker" "inspect" "52d139682589e4b39fc09ce697da8b715cc3c33b830831d263fd75010cb8f4c5", kill_on_drop: false }`
[INFO] running `Command { std: "docker" "exec" "-e" "SOURCE_DIR=/opt/rustwide/workdir" "-e" "CARGO_HOME=/opt/rustwide/cargo-home" "-e" "RUSTUP_HOME=/opt/rustwide/rustup-home" "-e" "CARGO_TARGET_DIR=/opt/rustwide/target" "-w" "/opt/rustwide/workdir" "--user" "0:0" "52d139682589e4b39fc09ce697da8b715cc3c33b830831d263fd75010cb8f4c5" "/opt/rustwide/cargo-home/bin/cargo" "+1.99.0-beta.8" "metadata" "--no-deps" "--format-version=1", kill_on_drop: false }`
[INFO] running `Command { std: "docker" "inspect" "52d139682589e4b39fc09ce697da8b715cc3c33b830831d263fd75010cb8f4c5", kill_on_drop: false }`
[INFO] running `Command { std: "docker" "exec" "-e" "SOURCE_DIR=/opt/rustwide/workdir" "-e" "CARGO_HOME=/opt/rustwide/cargo-home" "-e" "RUSTUP_HOME=/opt/rustwide/rustup-home" "-e" "CARGO_TARGET_DIR=/opt/rustwide/target" "-e" "CARGO_INCREMENTAL=0" "-e" "RUST_BACKTRACE=full" "-e" "RUSTFLAGS=--cap-lints=warn" "-e" "RUSTDOCFLAGS=--cap-lints=warn" "-w" "/opt/rustwide/workdir" "--user" "0:0" "52d139682589e4b39fc09ce697da8b715cc3c33b830831d263fd75010cb8f4c5" "/opt/rustwide/cargo-home/bin/cargo" "+1.99.0-beta.8" "build" "--frozen" "--message-format=json" "--release", kill_on_drop: false }`
[INFO] [stderr]    Compiling cvlr-asserts v0.6.1
[INFO] [stderr]    Compiling cvlr-nondet v0.6.1
[INFO] [stderr]    Compiling cvlr-mathint v0.6.1
[INFO] [stderr]    Compiling cvlr-log v0.6.1
[INFO] [stderr]    Compiling cvlr-decimal v0.6.1 (/opt/rustwide/workdir)
[INFO] [stderr]     Finished `release` profile [optimized] target(s) in 0.42s
[INFO] running `Command { std: "docker" "inspect" "52d139682589e4b39fc09ce697da8b715cc3c33b830831d263fd75010cb8f4c5", kill_on_drop: false }`
[INFO] running `Command { std: "docker" "exec" "-e" "SOURCE_DIR=/opt/rustwide/workdir" "-e" "CARGO_HOME=/opt/rustwide/cargo-home" "-e" "RUSTUP_HOME=/opt/rustwide/rustup-home" "-e" "CARGO_TARGET_DIR=/opt/rustwide/target" "-e" "CARGO_INCREMENTAL=0" "-e" "RUST_BACKTRACE=full" "-e" "RUSTFLAGS=--cap-lints=warn" "-e" "RUSTDOCFLAGS=--cap-lints=warn" "-w" "/opt/rustwide/workdir" "--user" "0:0" "52d139682589e4b39fc09ce697da8b715cc3c33b830831d263fd75010cb8f4c5" "/opt/rustwide/cargo-home/bin/cargo" "+1.99.0-beta.8" "test" "--frozen" "--no-run" "--message-format=json" "--release", kill_on_drop: false }`
[INFO] [stderr]    Compiling cvlr-decimal v0.6.1 (/opt/rustwide/workdir)
[INFO] [stdout] error: linking with `cc` failed: exit status: 1
[INFO] [stdout]   |
[INFO] [stdout]   = note:  "cc" "-m64" "/opt/rustwide/target/release/deps/rustcjrLdEE/symbols.o" "<2 object files omitted>" "-Wl,--as-needed" "-Wl,-Bstatic" "<sysroot>/lib/rustlib/x86_64-unknown-linux-gnu/lib/{libtest-*,libgetopts-*,librustc_std_workspace_std-*,libstd-*,libpanic_unwind-*,libobject-*,libmemchr-*,libaddr2line-*,libgimli-*,libcfg_if-*,librustc_demangle-*,libstd_detect-*,libhashbrown-*,librustc_std_workspace_alloc-*,libminiz_oxide-*,libadler2-*,libunwind-*,liblibc-*,librustc_std_workspace_core-*}.rlib" "/opt/rustwide/target/release/deps/{libcvlr_log-4ed07f4925928b16,libcvlr_mathint-d24f06e505bbf12e,libcvlr_nondet-d2ad4c5fe34ec93a,libcvlr_asserts-3fd9c9e3ef3cf865}.rlib" "<sysroot>/lib/rustlib/x86_64-unknown-linux-gnu/lib/{liballoc-*,libcore-*,libcompiler_builtins-*}.rlib" "-Wl,-Bdynamic" "-lgcc_s" "-lutil" "-lrt" "-lpthread" "-lm" "-ldl" "-lc" "-L" "/opt/rustwide/target/release/deps/rustcjrLdEE/raw-dylibs" "-B<sysroot>/lib/rustlib/x86_64-unknown-linux-gnu/bin/gcc-ld" "-fuse-ld=lld" "-Wl,--eh-frame-hdr" "-Wl,-z,noexecstack" "-L" "<sysroot>/lib/rustlib/x86_64-unknown-linux-gnu/lib" "-o" "/opt/rustwide/target/release/deps/cvlr_decimal-68fd757e31b73cd9" "-Wl,--gc-sections" "-pie" "-Wl,-z,relro,-z,now" "-Wl,-O1" "-Wl,--strip-debug" "-nodefaultlibs"
[INFO] [stdout]   = note: some arguments are omitted. use `--verbose` to show all linker arguments
[INFO] [stdout]   = note: rust-lld: error: undefined symbol: CVT_nativeint_u64_eq
[INFO] [stdout]           >>> referenced by cvlr_decimal.8f11c8311551ac55-cgu.0
[INFO] [stdout]           >>>               /opt/rustwide/target/release/deps/cvlr_decimal-68fd757e31b73cd9.cvlr_decimal.8f11c8311551ac55-cgu.0.rcgu.o:(<cvlr_decimal::native_decimal::tests::test_deref::{closure#0} as core::ops::function::FnOnce<()>>::call_once)
[INFO] [stdout]           >>> referenced by cvlr_decimal.8f11c8311551ac55-cgu.0
[INFO] [stdout]           >>>               /opt/rustwide/target/release/deps/cvlr_decimal-68fd757e31b73cd9.cvlr_decimal.8f11c8311551ac55-cgu.0.rcgu.o:(<cvlr_decimal::native_decimal::tests::test_ordering::{closure#0} as core::ops::function::FnOnce<()>>::call_once)
[INFO] [stdout]           >>> referenced by cvlr_decimal.8f11c8311551ac55-cgu.0
[INFO] [stdout]           >>>               /opt/rustwide/target/release/deps/cvlr_decimal-68fd757e31b73cd9.cvlr_decimal.8f11c8311551ac55-cgu.0.rcgu.o:(<cvlr_decimal::native_decimal::tests::test_ordering::{closure#0} as core::ops::function::FnOnce<()>>::call_once)
[INFO] [stdout]           >>> referenced 46 more times
[INFO] [stdout]           
[INFO] [stdout]           rust-lld: error: undefined symbol: CVT_nativeint_u64_lt
[INFO] [stdout]           >>> referenced by cvlr_decimal.8f11c8311551ac55-cgu.0
[INFO] [stdout]           >>>               /opt/rustwide/target/release/deps/cvlr_decimal-68fd757e31b73cd9.cvlr_decimal.8f11c8311551ac55-cgu.0.rcgu.o:(<cvlr_decimal::native_decimal::tests::test_ordering::{closure#0} as core::ops::function::FnOnce<()>>::call_once)
[INFO] [stdout]           >>> referenced by cvlr_decimal.8f11c8311551ac55-cgu.0
[INFO] [stdout]           >>>               /opt/rustwide/target/release/deps/cvlr_decimal-68fd757e31b73cd9.cvlr_decimal.8f11c8311551ac55-cgu.0.rcgu.o:(<cvlr_decimal::native_decimal::tests::test_ordering::{closure#0} as core::ops::function::FnOnce<()>>::call_once)
[INFO] [stdout]           >>> referenced by cvlr_decimal.8f11c8311551ac55-cgu.0
[INFO] [stdout]           >>>               /opt/rustwide/target/release/deps/cvlr_decimal-68fd757e31b73cd9.cvlr_decimal.8f11c8311551ac55-cgu.0.rcgu.o:(<cvlr_decimal::native_decimal::tests::test_ordering::{closure#0} as core::ops::function::FnOnce<()>>::call_once)
[INFO] [stdout]           >>> referenced 22 more times
[INFO] [stdout]           
[INFO] [stdout]           rust-lld: error: undefined symbol: CVT_nativeint_u64_add
[INFO] [stdout]           >>> referenced by cvlr_mathint.e121d6beebcd0c1b-cgu.0
[INFO] [stdout]           >>>               cvlr_mathint-d24f06e505bbf12e.cvlr_mathint.e121d6beebcd0c1b-cgu.0.rcgu.o:(<cvlr_mathint::nativeint_u64::NativeIntU64 as core::ops::arith::Add>::add) in archive /opt/rustwide/target/release/deps/libcvlr_mathint-d24f06e505bbf12e.rlib
[INFO] [stdout]           
[INFO] [stdout]           rust-lld: error: undefined symbol: CVT_nativeint_u64_mul
[INFO] [stdout]           >>> referenced by cvlr_mathint.e121d6beebcd0c1b-cgu.0
[INFO] [stdout]           >>>               cvlr_mathint-d24f06e505bbf12e.cvlr_mathint.e121d6beebcd0c1b-cgu.0.rcgu.o:(<cvlr_mathint::nativeint_u64::NativeIntU64 as core::ops::arith::Mul>::mul) in archive /opt/rustwide/target/release/deps/libcvlr_mathint-d24f06e505bbf12e.rlib
[INFO] [stdout]           
[INFO] [stdout]           rust-lld: error: undefined symbol: CVT_nativeint_u64_from_u128
[INFO] [stdout]           >>> referenced by cvlr_mathint.e121d6beebcd0c1b-cgu.0
[INFO] [stdout]           >>>               cvlr_mathint-d24f06e505bbf12e.cvlr_mathint.e121d6beebcd0c1b-cgu.0.rcgu.o:(<cvlr_mathint::nativeint_u64::NativeIntU64 as core::convert::From<u128>>::from) in archive /opt/rustwide/target/release/deps/libcvlr_mathint-d24f06e505bbf12e.rlib
[INFO] [stdout]           
[INFO] [stdout]           rust-lld: error: undefined symbol: CVT_nativeint_u64_sub
[INFO] [stdout]           >>> referenced by cvlr_mathint.e121d6beebcd0c1b-cgu.0
[INFO] [stdout]           >>>               cvlr_mathint-d24f06e505bbf12e.cvlr_mathint.e121d6beebcd0c1b-cgu.0.rcgu.o:(<cvlr_mathint::nativeint_u64::NativeIntU64 as core::convert::From<i32>>::from) in archive /opt/rustwide/target/release/deps/libcvlr_mathint-d24f06e505bbf12e.rlib
[INFO] [stdout]           collect2: error: ld returned 1 exit status
[INFO] [stdout]           
[INFO] [stdout] 
[INFO] [stdout] 
[INFO] [stderr] error: could not compile `cvlr-decimal` (lib test) due to 1 previous error
[INFO] running `Command { std: "docker" "inspect" "52d139682589e4b39fc09ce697da8b715cc3c33b830831d263fd75010cb8f4c5", kill_on_drop: false }`
[INFO] running `Command { std: "docker" "rm" "-f" "52d139682589e4b39fc09ce697da8b715cc3c33b830831d263fd75010cb8f4c5", kill_on_drop: false }`
[INFO] [stdout] 52d139682589e4b39fc09ce697da8b715cc3c33b830831d263fd75010cb8f4c5
