[INFO] fetching crate cutler 0.19.8...
[INFO] testing cutler-0.19.8 against 1.99.0-beta.8+cargoflags=--release for beta-release-1.100-2
[INFO] extracting crate cutler 0.19.8 into /workspace/builds/worker-4-tc1/source
[INFO] removed /workspace/builds/worker-4-tc1/source/.cargo/config.toml
[INFO] started tweaking crates.io crate cutler 0.19.8
[INFO] finished tweaking crates.io crate cutler 0.19.8
[INFO] tweaked toml for crates.io crate cutler 0.19.8 written to /workspace/builds/worker-4-tc1/source/Cargo.toml
[INFO] validating manifest of crates.io crate cutler 0.19.8 on toolchain 1.99.0-beta.8
[INFO] running `Command { std: CARGO_HOME="/workspace/cargo-home" RUSTUP_HOME="/workspace/rustup-home" "/workspace/cargo-home/bin/cargo" "+1.99.0-beta.8" "metadata" "--manifest-path" "Cargo.toml" "--no-deps", kill_on_drop: false }`
[INFO] crate crates.io crate cutler 0.19.8 already has a lockfile, it will not be regenerated
[INFO] running `Command { std: CARGO_HOME="/workspace/cargo-home" RUSTUP_HOME="/workspace/rustup-home" "/workspace/cargo-home/bin/cargo" "+1.99.0-beta.8" "fetch" "--manifest-path" "Cargo.toml", kill_on_drop: false }`
[INFO] [stderr]     Updating crates.io index
[INFO] [stderr]  Downloading crates ...
[INFO] [stderr]   Downloaded toml_parser v1.0.6+spec-1.1.0
[INFO] [stderr]   Downloaded toml_edit v0.24.0+spec-1.1.0
[INFO] [stderr]   Downloaded which v8.0.4
[INFO] [stderr]   Downloaded zmij v1.0.6
[INFO] [stderr]   Downloaded toml v0.9.11+spec-1.1.0
[INFO] [stderr]   Downloaded hybrid-array v0.4.8
[INFO] [stderr]   Downloaded self_update v0.44.0
[INFO] [stderr]   Downloaded zipsign-api v0.1.5
[INFO] [stderr]   Downloaded cc v1.2.50
[INFO] [stderr]   Downloaded libredox v0.1.11
[INFO] [stderr]   Downloaded redox_syscall v0.6.0
[INFO] [stderr]   Downloaded self-replace v1.5.0
[INFO] [stderr]   Downloaded wasm-bindgen-futures v0.4.56
[INFO] [stderr]   Downloaded hyper-util v0.1.19
[INFO] [stderr]   Downloaded iri-string v0.7.9
[INFO] [stderr]   Downloaded portable-atomic v1.12.0
[INFO] [stderr]   Downloaded console v0.16.2
[INFO] [stderr]   Downloaded ryu v1.0.21
[INFO] [stderr]   Downloaded clap_complete v4.6.5
[INFO] [stderr]   Downloaded plist v1.7.4
[INFO] [stderr]   Downloaded defaults-rs v1.2.2
[INFO] running `Command { std: "docker" "create" "-v" "/var/lib/crater-agent-workspace/builds/worker-4-tc1/source:/opt/rustwide/workdir:ro,Z" "-v" "/var/lib/crater-agent-workspace/builds/worker-4-tc1/target:/opt/rustwide/target:rw,Z" "-v" "/var/lib/crater-agent-workspace/cargo-home:/opt/rustwide/cargo-home:ro,Z" "-v" "/var/lib/crater-agent-workspace/rustup-home:/opt/rustwide/rustup-home:ro,Z" "-m" "1610612736" "--network" "none" "ghcr.io/rust-lang/crates-build-env/linux@sha256:77db811e55d90add9212f6832c23229e3de5f1c1f9905e8cb07319ea15df73ac" "sleep" "infinity", kill_on_drop: false }`
[INFO] [stdout] 0118277d3daf87e4de71c95bb355ba0601a619c7e27f25337299df615ab7ca69
[INFO] running `Command { std: "docker" "start" "0118277d3daf87e4de71c95bb355ba0601a619c7e27f25337299df615ab7ca69", kill_on_drop: false }`
[INFO] running `Command { std: "docker" "inspect" "0118277d3daf87e4de71c95bb355ba0601a619c7e27f25337299df615ab7ca69", kill_on_drop: false }`
[INFO] running `Command { std: "docker" "exec" "-e" "SOURCE_DIR=/opt/rustwide/workdir" "-e" "CARGO_HOME=/opt/rustwide/cargo-home" "-e" "RUSTUP_HOME=/opt/rustwide/rustup-home" "-e" "CARGO_TARGET_DIR=/opt/rustwide/target" "-w" "/opt/rustwide/workdir" "--user" "0:0" "0118277d3daf87e4de71c95bb355ba0601a619c7e27f25337299df615ab7ca69" "/opt/rustwide/cargo-home/bin/cargo" "+1.99.0-beta.8" "metadata" "--no-deps" "--format-version=1", kill_on_drop: false }`
[INFO] running `Command { std: "docker" "inspect" "0118277d3daf87e4de71c95bb355ba0601a619c7e27f25337299df615ab7ca69", kill_on_drop: false }`
[INFO] running `Command { std: "docker" "exec" "-e" "SOURCE_DIR=/opt/rustwide/workdir" "-e" "CARGO_HOME=/opt/rustwide/cargo-home" "-e" "RUSTUP_HOME=/opt/rustwide/rustup-home" "-e" "CARGO_TARGET_DIR=/opt/rustwide/target" "-e" "CARGO_INCREMENTAL=0" "-e" "RUST_BACKTRACE=full" "-e" "RUSTFLAGS=--cap-lints=warn" "-e" "RUSTDOCFLAGS=--cap-lints=warn" "-w" "/opt/rustwide/workdir" "--user" "0:0" "0118277d3daf87e4de71c95bb355ba0601a619c7e27f25337299df615ab7ca69" "/opt/rustwide/cargo-home/bin/cargo" "+1.99.0-beta.8" "build" "--frozen" "--message-format=json" "--release", kill_on_drop: false }`
[INFO] [stderr]    Compiling proc-macro2 v1.0.106
[INFO] [stderr]    Compiling quote v1.0.45
[INFO] [stderr]    Compiling unicode-ident v1.0.24
[INFO] [stderr]    Compiling libc v0.2.186
[INFO] [stderr]    Compiling cfg-if v1.0.4
[INFO] [stderr]    Compiling find-msvc-tools v0.1.5
[INFO] [stderr]    Compiling shlex v1.3.0
[INFO] [stderr]    Compiling once_cell v1.21.4
[INFO] [stderr]    Compiling bytes v1.11.0
[INFO] [stderr]    Compiling itoa v1.0.17
[INFO] [stderr]    Compiling pin-project-lite v0.2.16
[INFO] [stderr]    Compiling stable_deref_trait v1.2.1
[INFO] [stderr]    Compiling memchr v2.8.2
[INFO] [stderr]    Compiling futures-core v0.3.31
[INFO] [stderr]    Compiling serde_core v1.0.228
[INFO] [stderr]    Compiling bitflags v2.13.0
[INFO] [stderr]    Compiling futures-sink v0.3.31
[INFO] [stderr]    Compiling equivalent v1.0.2
[INFO] [stderr]    Compiling hashbrown v0.16.1
[INFO] [stderr]    Compiling vcpkg v0.2.15
[INFO] [stderr]    Compiling cc v1.2.50
[INFO] [stderr]    Compiling smallvec v1.15.1
[INFO] [stderr]    Compiling slab v0.4.11
[INFO] [stderr]    Compiling pkg-config v0.3.32
[INFO] [stderr]    Compiling writeable v0.6.2
[INFO] [stderr]    Compiling litemap v0.8.1
[INFO] [stderr]    Compiling pin-utils v0.1.0
[INFO] [stderr]    Compiling zeroize v1.8.2
[INFO] [stderr]    Compiling tracing-core v0.1.36
[INFO] [stderr]    Compiling httparse v1.10.1
[INFO] [stderr]    Compiling icu_normalizer_data v2.1.1
[INFO] [stderr]    Compiling icu_properties_data v2.1.2
[INFO] [stderr]    Compiling serde v1.0.228
[INFO] [stderr]    Compiling futures-io v0.3.31
[INFO] [stderr]    Compiling percent-encoding v2.3.2
[INFO] [stderr]    Compiling futures-task v0.3.31
[INFO] [stderr]    Compiling rustls-pki-types v1.13.2
[INFO] [stderr]    Compiling fnv v1.0.7
[INFO] [stderr]    Compiling tower-service v0.3.3
[INFO] [stderr]    Compiling try-lock v0.2.5
[INFO] [stderr]    Compiling atomic-waker v1.1.2
[INFO] [stderr]    Compiling rustix v1.1.4
[INFO] [stderr]    Compiling base64 v0.22.1
[INFO] [stderr]    Compiling futures-util v0.3.31
[INFO] [stderr]    Compiling want v0.3.1
[INFO] [stderr]    Compiling http v1.4.0
[INFO] [stderr]    Compiling futures-channel v0.3.31
[INFO] [stderr]    Compiling typenum v1.19.0
[INFO] [stderr]    Compiling openssl v0.10.75
[INFO] [stderr]    Compiling foreign-types-shared v0.1.1
[INFO] [stderr]    Compiling linux-raw-sys v0.12.1
[INFO] [stderr]    Compiling zmij v1.0.6
[INFO] [stderr]    Compiling foreign-types v0.3.2
[INFO] [stderr]    Compiling native-tls v0.2.14
[INFO] [stderr]    Compiling indexmap v2.12.1
[INFO] [stderr]    Compiling getrandom v0.4.1
[INFO] [stderr]    Compiling untrusted v0.9.0
[INFO] [stderr]    Compiling ipnet v2.11.0
[INFO] [stderr]    Compiling log v0.4.29
[INFO] [stderr]    Compiling tracing v0.1.44
[INFO] [stderr]    Compiling form_urlencoded v1.2.2
[INFO] [stderr]    Compiling sync_wrapper v1.0.2
[INFO] [stderr]    Compiling syn v2.0.118
[INFO] [stderr]    Compiling utf8parse v0.2.2
[INFO] [stderr]    Compiling utf8_iter v1.0.4
[INFO] [stderr]    Compiling autocfg v1.5.0
[INFO] [stderr]    Compiling openssl-probe v0.1.6
[INFO] [stderr]    Compiling rustls v0.23.35
[INFO] [stderr]    Compiling serde_json v1.0.150
[INFO] [stderr]    Compiling tower-layer v0.3.3
[INFO] [stderr]    Compiling anstyle-parse v1.0.0
[INFO] [stderr]    Compiling colorchoice v1.0.5
[INFO] [stderr]    Compiling powerfmt v0.2.0
[INFO] [stderr]    Compiling anstyle-query v1.1.5
[INFO] [stderr]    Compiling iri-string v0.7.9
[INFO] [stderr]    Compiling subtle v2.6.1
[INFO] [stderr]    Compiling http-body v1.0.1
[INFO] [stderr]    Compiling crc32fast v1.5.0
[INFO] [stderr]    Compiling unicode-width v0.2.2
[INFO] [stderr]    Compiling fastrand v2.3.0
[INFO] [stderr]    Compiling anstyle v1.0.14
[INFO] [stderr]    Compiling num-traits v0.2.19
[INFO] [stderr]    Compiling is_terminal_polyfill v1.70.2
[INFO] [stderr]    Compiling portable-atomic v1.12.0
[INFO] [stderr]    Compiling http-body-util v0.1.3
[INFO] [stderr]    Compiling deranged v0.5.5
[INFO] [stderr]    Compiling anstream v1.0.0
[INFO] [stderr]    Compiling quick-xml v0.38.4
[INFO] [stderr]    Compiling aho-corasick v1.1.4
[INFO] [stderr]    Compiling winnow v0.7.14
[INFO] [stderr]    Compiling strsim v0.11.1
[INFO] [stderr]    Compiling openssl-sys v0.9.111
[INFO] [stderr]    Compiling ring v0.17.14
[INFO] [stderr]    Compiling time-core v0.1.8
[INFO] [stderr]    Compiling heck v0.5.0
[INFO] [stderr]    Compiling clap_lex v1.1.0
[INFO] [stderr]    Compiling cfg_aliases v0.2.1
[INFO] [stderr]    Compiling hybrid-array v0.4.8
[INFO] [stderr]    Compiling adler2 v2.0.1
[INFO] [stderr]    Compiling regex-syntax v0.8.11
[INFO] [stderr]    Compiling option-ext v0.2.0
[INFO] [stderr]    Compiling num-conv v0.2.0
[INFO] [stderr]    Compiling simd-adler32 v0.3.8
[INFO] [stderr]    Compiling anyhow v1.0.102
[INFO] [stderr]    Compiling clap_builder v4.6.0
[INFO] [stderr]    Compiling errno v0.3.14
[INFO] [stderr]    Compiling socket2 v0.6.3
[INFO] [stderr]    Compiling signal-hook-registry v1.4.8
[INFO] [stderr]    Compiling mio v1.2.0
[INFO] [stderr]    Compiling getrandom v0.2.16
[INFO] [stderr]    Compiling console v0.16.2
[INFO] [stderr]    Compiling tempfile v3.27.0
[INFO] [stderr]    Compiling time v0.3.47
[INFO] [stderr]    Compiling block-buffer v0.12.0
[INFO] [stderr]    Compiling crypto-common v0.2.1
[INFO] [stderr]    Compiling xattr v1.6.1
[INFO] [stderr]    Compiling toml_datetime v0.7.5+spec-1.1.0
[INFO] [stderr]    Compiling miniz_oxide v0.8.9
[INFO] [stderr]    Compiling filetime v0.2.26
[INFO] [stderr]    Compiling dirs-sys v0.5.0
[INFO] [stderr]    Compiling nix v0.31.3
[INFO] [stderr]    Compiling webpki-roots v1.0.4
[INFO] [stderr]    Compiling ryu v1.0.21
[INFO] [stderr]    Compiling self_update v0.44.0
[INFO] [stderr]    Compiling iana-time-zone v0.1.64
[INFO] [stderr]    Compiling core-foundation-sys v0.8.7
[INFO] [stderr]    Compiling const-oid v0.10.2
[INFO] [stderr]    Compiling unit-prefix v0.5.2
[INFO] [stderr]    Compiling toml_writer v1.0.6+spec-1.1.0
[INFO] [stderr]    Compiling core-foundation v0.10.1
[INFO] [stderr]    Compiling toml_parser v1.0.6+spec-1.1.0
[INFO] [stderr]    Compiling digest v0.11.2
[INFO] [stderr]    Compiling indicatif v0.18.4
[INFO] [stderr]    Compiling flate2 v1.1.5
[INFO] [stderr]    Compiling dirs v6.0.0
[INFO] [stderr]    Compiling tar v0.4.44
[INFO] [stderr]    Compiling self-replace v1.5.0
[INFO] [stderr]    Compiling serde_spanned v1.0.4
[INFO] [stderr]    Compiling urlencoding v2.1.3
[INFO] [stderr]    Compiling either v1.15.0
[INFO] [stderr]    Compiling shell-words v1.1.1
[INFO] [stderr]    Compiling cpufeatures v0.3.0
[INFO] [stderr]    Compiling semver v1.0.28
[INFO] [stderr]    Compiling sha2 v0.11.0
[INFO] [stderr]    Compiling dialoguer v0.12.0
[INFO] [stderr]    Compiling chrono v0.4.42
[INFO] [stderr]    Compiling toml v0.9.11+spec-1.1.0
[INFO] [stderr]    Compiling toml_edit v0.24.0+spec-1.1.0
[INFO] [stderr]    Compiling regex-automata v0.4.14
[INFO] [stderr]    Compiling which v8.0.4
[INFO] [stderr]    Compiling synstructure v0.13.2
[INFO] [stderr]    Compiling zerofrom-derive v0.1.6
[INFO] [stderr]    Compiling yoke-derive v0.8.1
[INFO] [stderr]    Compiling tokio-macros v2.7.0
[INFO] [stderr]    Compiling zerovec-derive v0.11.2
[INFO] [stderr]    Compiling displaydoc v0.2.5
[INFO] [stderr]    Compiling serde_derive v1.0.228
[INFO] [stderr]    Compiling openssl-macros v0.1.1
[INFO] [stderr]    Compiling clap_derive v4.6.1
[INFO] [stderr]    Compiling async-trait v0.1.89
[INFO] [stderr]    Compiling tokio v1.51.0
[INFO] [stderr]    Compiling zerofrom v0.1.6
[INFO] [stderr]    Compiling yoke v0.8.1
[INFO] [stderr]    Compiling zerovec v0.11.5
[INFO] [stderr]    Compiling zerotrie v0.2.3
[INFO] [stderr]    Compiling clap v4.6.1
[INFO] [stderr]    Compiling clap_complete v4.6.5
[INFO] [stderr]    Compiling tinystr v0.8.2
[INFO] [stderr]    Compiling potential_utf v0.1.4
[INFO] [stderr]    Compiling icu_collections v2.1.1
[INFO] [stderr]    Compiling icu_locale_core v2.1.1
[INFO] [stderr]    Compiling regex v1.12.4
[INFO] [stderr]    Compiling icu_provider v2.1.1
[INFO] [stderr]    Compiling icu_normalizer v2.1.1
[INFO] [stderr]    Compiling icu_properties v2.1.2
[INFO] [stderr]    Compiling serde_urlencoded v0.7.1
[INFO] [stderr]    Compiling plist v1.7.4
[INFO] [stderr]    Compiling idna_adapter v1.2.1
[INFO] [stderr]    Compiling idna v1.1.0
[INFO] [stderr]    Compiling url v2.5.7
[INFO] [stderr]    Compiling defaults-rs v1.2.2
[INFO] [stderr]    Compiling tokio-util v0.7.17
[INFO] [stderr]    Compiling tower v0.5.2
[INFO] [stderr]    Compiling tokio-native-tls v0.3.1
[INFO] [stderr]    Compiling tower-http v0.6.8
[INFO] [stderr]    Compiling h2 v0.4.12
[INFO] [stderr]    Compiling rustls-webpki v0.103.8
[INFO] [stderr]    Compiling hyper v1.8.1
[INFO] [stderr]    Compiling hyper-util v0.1.19
[INFO] [stderr]    Compiling tokio-rustls v0.26.4
[INFO] [stderr]    Compiling hyper-tls v0.6.0
[INFO] [stderr]    Compiling hyper-rustls v0.27.7
[INFO] [stderr]    Compiling reqwest v0.13.2
[INFO] [stderr]    Compiling reqwest v0.12.28
[INFO] [stderr]    Compiling cutler v0.19.8 (/opt/rustwide/workdir)
[INFO] [stdout] error: linking with `cc` failed: exit status: 1
[INFO] [stdout]   |
[INFO] [stdout]   = note:  "cc" "-m64" "<606 object files omitted>" "-Wl,--as-needed" "-Wl,-Bstatic" "/opt/rustwide/target/release/deps/rustcH7vbiL/libring-5fe8fa82e18e4369.rlib" "<sysroot>/lib/rustlib/x86_64-unknown-linux-gnu/lib/libcompiler_builtins-*.rlib" "-Wl,-Bdynamic" "-lssl" "-lcrypto" "-lgcc_s" "-lutil" "-lrt" "-lpthread" "-lm" "-ldl" "-lc" "-L" "/opt/rustwide/target/release/deps/rustcH7vbiL/raw-dylibs" "-B<sysroot>/lib/rustlib/x86_64-unknown-linux-gnu/bin/gcc-ld" "-fuse-ld=lld" "-Wl,--eh-frame-hdr" "-Wl,-z,noexecstack" "-L" "/opt/rustwide/target/release/build/ring-b507dac683494c7e/out" "-L" "<sysroot>/lib/rustlib/x86_64-unknown-linux-gnu/lib" "-o" "/opt/rustwide/target/release/deps/cutler-355c821ece4c1bb7" "-Wl,--gc-sections" "-pie" "-Wl,-z,relro,-z,now" "-Wl,-O1" "-Wl,--strip-debug" "-nodefaultlibs"
[INFO] [stdout]   = note: some arguments are omitted. use `--verbose` to show all linker arguments
[INFO] [stdout]   = note: rust-lld: error: undefined symbol: CFStringGetCStringPtr
[INFO] [stdout]           >>> referenced by core_foundation.2bf391612de04bf2-cgu.0
[INFO] [stdout]           >>>               /opt/rustwide/target/release/deps/cutler-355c821ece4c1bb7.core_foundation-e700df766a09db00.core_foundation.2bf391612de04bf2-cgu.0.rcgu.o.rcgu.o:(<alloc::borrow::Cow<str> as core::convert::From<&core_foundation::string::CFString>>::from)
[INFO] [stdout]           
[INFO] [stdout]           rust-lld: error: undefined symbol: CFStringGetLength
[INFO] [stdout]           >>> referenced by core_foundation.2bf391612de04bf2-cgu.0
[INFO] [stdout]           >>>               /opt/rustwide/target/release/deps/cutler-355c821ece4c1bb7.core_foundation-e700df766a09db00.core_foundation.2bf391612de04bf2-cgu.0.rcgu.o.rcgu.o:(<alloc::borrow::Cow<str> as core::convert::From<&core_foundation::string::CFString>>::from)
[INFO] [stdout]           
[INFO] [stdout]           rust-lld: error: undefined symbol: CFStringGetBytes
[INFO] [stdout]           >>> referenced by core_foundation.2bf391612de04bf2-cgu.0
[INFO] [stdout]           >>>               /opt/rustwide/target/release/deps/cutler-355c821ece4c1bb7.core_foundation-e700df766a09db00.core_foundation.2bf391612de04bf2-cgu.0.rcgu.o.rcgu.o:(<alloc::borrow::Cow<str> as core::convert::From<&core_foundation::string::CFString>>::from)
[INFO] [stdout]           >>> referenced by core_foundation.2bf391612de04bf2-cgu.0
[INFO] [stdout]           >>>               /opt/rustwide/target/release/deps/cutler-355c821ece4c1bb7.core_foundation-e700df766a09db00.core_foundation.2bf391612de04bf2-cgu.0.rcgu.o.rcgu.o:(<alloc::borrow::Cow<str> as core::convert::From<&core_foundation::string::CFString>>::from)
[INFO] [stdout]           
[INFO] [stdout]           rust-lld: error: undefined symbol: CFRelease
[INFO] [stdout]           >>> referenced by defaults_rs.9c4ef0ba12f56a1-cgu.07
[INFO] [stdout]           >>>               /opt/rustwide/target/release/deps/cutler-355c821ece4c1bb7.defaults_rs-741094aa52a880a9.defaults_rs.9c4ef0ba12f56a1-cgu.07.rcgu.o.rcgu.o:(core::ptr::drop_glue::<alloc::vec::Vec<core_foundation::string::CFString>>)
[INFO] [stdout]           >>> referenced by defaults_rs.9c4ef0ba12f56a1-cgu.07
[INFO] [stdout]           >>>               /opt/rustwide/target/release/deps/cutler-355c821ece4c1bb7.defaults_rs-741094aa52a880a9.defaults_rs.9c4ef0ba12f56a1-cgu.07.rcgu.o.rcgu.o:(<alloc::vec::Vec<core_foundation::string::CFString> as alloc::vec::spec_from_iter_nested::SpecFromIterNested<core_foundation::string::CFString, core::iter::adapters::map::Map<std::collections::hash::map::Keys<alloc::string::String, defaults_rs::core::types::PrefValue>, defaults_rs::core::convert::pref_to_cf::{closure#0}>>>::from_iter)
[INFO] [stdout]           >>> referenced by defaults_rs.9c4ef0ba12f56a1-cgu.07
[INFO] [stdout]           >>>               /opt/rustwide/target/release/deps/cutler-355c821ece4c1bb7.defaults_rs-741094aa52a880a9.defaults_rs.9c4ef0ba12f56a1-cgu.07.rcgu.o.rcgu.o:(<alloc::vec::Vec<core_foundation::string::CFString> as alloc::vec::spec_from_iter_nested::SpecFromIterNested<core_foundation::string::CFString, core::iter::adapters::map::Map<std::collections::hash::map::Keys<alloc::string::String, defaults_rs::core::types::PrefValue>, defaults_rs::core::convert::pref_to_cf::{closure#0}>>>::from_iter)
[INFO] [stdout]           >>> referenced 35 more times
[INFO] [stdout]           
[INFO] [stdout]           rust-lld: error: undefined symbol: kCFAllocatorDefault
[INFO] [stdout]           >>> referenced by defaults_rs.9c4ef0ba12f56a1-cgu.07
[INFO] [stdout]           >>>               /opt/rustwide/target/release/deps/cutler-355c821ece4c1bb7.defaults_rs-741094aa52a880a9.defaults_rs.9c4ef0ba12f56a1-cgu.07.rcgu.o.rcgu.o:(<alloc::vec::Vec<core_foundation::string::CFString> as alloc::vec::spec_from_iter_nested::SpecFromIterNested<core_foundation::string::CFString, core::iter::adapters::map::Map<std::collections::hash::map::Keys<alloc::string::String, defaults_rs::core::types::PrefValue>, defaults_rs::core::convert::pref_to_cf::{closure#0}>>>::from_iter)
[INFO] [stdout]           >>> referenced by defaults_rs.9c4ef0ba12f56a1-cgu.07
[INFO] [stdout]           >>>               /opt/rustwide/target/release/deps/cutler-355c821ece4c1bb7.defaults_rs-741094aa52a880a9.defaults_rs.9c4ef0ba12f56a1-cgu.07.rcgu.o.rcgu.o:(<alloc::vec::Vec<core_foundation::string::CFString> as alloc::vec::spec_from_iter_nested::SpecFromIterNested<core_foundation::string::CFString, core::iter::adapters::map::Map<std::collections::hash::map::Keys<alloc::string::String, defaults_rs::core::types::PrefValue>, defaults_rs::core::convert::pref_to_cf::{closure#0}>>>::from_iter)
[INFO] [stdout]           >>> referenced by defaults_rs.9c4ef0ba12f56a1-cgu.10
[INFO] [stdout]           >>>               /opt/rustwide/target/release/deps/cutler-355c821ece4c1bb7.defaults_rs-741094aa52a880a9.defaults_rs.9c4ef0ba12f56a1-cgu.10.rcgu.o.rcgu.o:(defaults_rs::core::convert::cf_to_pref)
[INFO] [stdout]           >>> referenced 12 more times
[INFO] [stdout]           
[INFO] [stdout]           rust-lld: error: undefined symbol: CFStringCreateWithBytes
[INFO] [stdout]           >>> referenced by defaults_rs.9c4ef0ba12f56a1-cgu.07
[INFO] [stdout]           >>>               /opt/rustwide/target/release/deps/cutler-355c821ece4c1bb7.defaults_rs-741094aa52a880a9.defaults_rs.9c4ef0ba12f56a1-cgu.07.rcgu.o.rcgu.o:(<alloc::vec::Vec<core_foundation::string::CFString> as alloc::vec::spec_from_iter_nested::SpecFromIterNested<core_foundation::string::CFString, core::iter::adapters::map::Map<std::collections::hash::map::Keys<alloc::string::String, defaults_rs::core::types::PrefValue>, defaults_rs::core::convert::pref_to_cf::{closure#0}>>>::from_iter)
[INFO] [stdout]           >>> referenced by defaults_rs.9c4ef0ba12f56a1-cgu.07
[INFO] [stdout]           >>>               /opt/rustwide/target/release/deps/cutler-355c821ece4c1bb7.defaults_rs-741094aa52a880a9.defaults_rs.9c4ef0ba12f56a1-cgu.07.rcgu.o.rcgu.o:(<alloc::vec::Vec<core_foundation::string::CFString> as alloc::vec::spec_from_iter_nested::SpecFromIterNested<core_foundation::string::CFString, core::iter::adapters::map::Map<std::collections::hash::map::Keys<alloc::string::String, defaults_rs::core::types::PrefValue>, defaults_rs::core::convert::pref_to_cf::{closure#0}>>>::from_iter)
[INFO] [stdout]           >>> referenced by defaults_rs.9c4ef0ba12f56a1-cgu.10
[INFO] [stdout]           >>>               /opt/rustwide/target/release/deps/cutler-355c821ece4c1bb7.defaults_rs-741094aa52a880a9.defaults_rs.9c4ef0ba12f56a1-cgu.10.rcgu.o.rcgu.o:(defaults_rs::core::convert::pref_to_cf)
[INFO] [stdout]           >>> referenced 8 more times
[INFO] [stdout]           
[INFO] [stdout]           rust-lld: error: undefined symbol: CFGetTypeID
[INFO] [stdout]           >>> referenced by defaults_rs.9c4ef0ba12f56a1-cgu.10
[INFO] [stdout]           >>>               /opt/rustwide/target/release/deps/cutler-355c821ece4c1bb7.defaults_rs-741094aa52a880a9.defaults_rs.9c4ef0ba12f56a1-cgu.10.rcgu.o.rcgu.o:(defaults_rs::core::convert::cf_to_pref)
[INFO] [stdout]           >>> referenced by defaults_rs.9c4ef0ba12f56a1-cgu.10
[INFO] [stdout]           >>>               /opt/rustwide/target/release/deps/cutler-355c821ece4c1bb7.defaults_rs-741094aa52a880a9.defaults_rs.9c4ef0ba12f56a1-cgu.10.rcgu.o.rcgu.o:(defaults_rs::core::convert::cf_to_pref)
[INFO] [stdout]           >>> referenced by defaults_rs.9c4ef0ba12f56a1-cgu.10
[INFO] [stdout]           >>>               /opt/rustwide/target/release/deps/cutler-355c821ece4c1bb7.defaults_rs-741094aa52a880a9.defaults_rs.9c4ef0ba12f56a1-cgu.10.rcgu.o.rcgu.o:(defaults_rs::core::convert::cf_to_pref)
[INFO] [stdout]           >>> referenced 2 more times
[INFO] [stdout]           
[INFO] [stdout]           rust-lld: error: undefined symbol: CFStringGetTypeID
[INFO] [stdout]           >>> referenced by defaults_rs.9c4ef0ba12f56a1-cgu.10
[INFO] [stdout]           >>>               /opt/rustwide/target/release/deps/cutler-355c821ece4c1bb7.defaults_rs-741094aa52a880a9.defaults_rs.9c4ef0ba12f56a1-cgu.10.rcgu.o.rcgu.o:(defaults_rs::core::convert::cf_to_pref)
[INFO] [stdout]           >>> referenced by defaults_rs.9c4ef0ba12f56a1-cgu.10
[INFO] [stdout]           >>>               /opt/rustwide/target/release/deps/cutler-355c821ece4c1bb7.defaults_rs-741094aa52a880a9.defaults_rs.9c4ef0ba12f56a1-cgu.10.rcgu.o.rcgu.o:(defaults_rs::core::convert::cf_to_pref)
[INFO] [stdout]           >>> referenced by defaults_rs.9c4ef0ba12f56a1-cgu.11
[INFO] [stdout]           >>>               /opt/rustwide/target/release/deps/cutler-355c821ece4c1bb7.defaults_rs-741094aa52a880a9.defaults_rs.9c4ef0ba12f56a1-cgu.11.rcgu.o.rcgu.o:(defaults_rs::core::foundation::list_domains)
[INFO] [stdout]           
[INFO] [stdout]           rust-lld: error: undefined symbol: CFBooleanGetTypeID
[INFO] [stdout]           >>> referenced by defaults_rs.9c4ef0ba12f56a1-cgu.10
[INFO] [stdout]           >>>               /opt/rustwide/target/release/deps/cutler-355c821ece4c1bb7.defaults_rs-741094aa52a880a9.defaults_rs.9c4ef0ba12f56a1-cgu.10.rcgu.o.rcgu.o:(defaults_rs::core::convert::cf_to_pref)
[INFO] [stdout]           
[INFO] [stdout]           rust-lld: error: undefined symbol: CFNumberGetTypeID
[INFO] [stdout]           >>> referenced by defaults_rs.9c4ef0ba12f56a1-cgu.10
[INFO] [stdout]           >>>               /opt/rustwide/target/release/deps/cutler-355c821ece4c1bb7.defaults_rs-741094aa52a880a9.defaults_rs.9c4ef0ba12f56a1-cgu.10.rcgu.o.rcgu.o:(defaults_rs::core::convert::cf_to_pref)
[INFO] [stdout]           
[INFO] [stdout]           rust-lld: error: undefined symbol: CFArrayGetTypeID
[INFO] [stdout]           >>> referenced by defaults_rs.9c4ef0ba12f56a1-cgu.10
[INFO] [stdout]           >>>               /opt/rustwide/target/release/deps/cutler-355c821ece4c1bb7.defaults_rs-741094aa52a880a9.defaults_rs.9c4ef0ba12f56a1-cgu.10.rcgu.o.rcgu.o:(defaults_rs::core::convert::cf_to_pref)
[INFO] [stdout]           
[INFO] [stdout]           rust-lld: error: undefined symbol: CFDictionaryGetTypeID
[INFO] [stdout]           >>> referenced by defaults_rs.9c4ef0ba12f56a1-cgu.10
[INFO] [stdout]           >>>               /opt/rustwide/target/release/deps/cutler-355c821ece4c1bb7.defaults_rs-741094aa52a880a9.defaults_rs.9c4ef0ba12f56a1-cgu.10.rcgu.o.rcgu.o:(defaults_rs::core::convert::cf_to_pref)
[INFO] [stdout]           
[INFO] [stdout]           rust-lld: error: undefined symbol: CFDataGetTypeID
[INFO] [stdout]           >>> referenced by defaults_rs.9c4ef0ba12f56a1-cgu.10
[INFO] [stdout]           >>>               /opt/rustwide/target/release/deps/cutler-355c821ece4c1bb7.defaults_rs-741094aa52a880a9.defaults_rs.9c4ef0ba12f56a1-cgu.10.rcgu.o.rcgu.o:(defaults_rs::core::convert::cf_to_pref)
[INFO] [stdout]           
[INFO] [stdout]           rust-lld: error: undefined symbol: CFDateGetTypeID
[INFO] [stdout]           >>> referenced by defaults_rs.9c4ef0ba12f56a1-cgu.10
[INFO] [stdout]           >>>               /opt/rustwide/target/release/deps/cutler-355c821ece4c1bb7.defaults_rs-741094aa52a880a9.defaults_rs.9c4ef0ba12f56a1-cgu.10.rcgu.o.rcgu.o:(defaults_rs::core::convert::cf_to_pref)
[INFO] [stdout]           
[INFO] [stdout]           rust-lld: error: undefined symbol: CFURLGetTypeID
[INFO] [stdout]           >>> referenced by defaults_rs.9c4ef0ba12f56a1-cgu.10
[INFO] [stdout]           >>>               /opt/rustwide/target/release/deps/cutler-355c821ece4c1bb7.defaults_rs-741094aa52a880a9.defaults_rs.9c4ef0ba12f56a1-cgu.10.rcgu.o.rcgu.o:(defaults_rs::core::convert::cf_to_pref)
[INFO] [stdout]           
[INFO] [stdout]           rust-lld: error: undefined symbol: CFUUIDGetTypeID
[INFO] [stdout]           >>> referenced by defaults_rs.9c4ef0ba12f56a1-cgu.10
[INFO] [stdout]           >>>               /opt/rustwide/target/release/deps/cutler-355c821ece4c1bb7.defaults_rs-741094aa52a880a9.defaults_rs.9c4ef0ba12f56a1-cgu.10.rcgu.o.rcgu.o:(defaults_rs::core::convert::cf_to_pref)
[INFO] [stdout]           
[INFO] [stdout]           rust-lld: error: undefined symbol: CFRetain
[INFO] [stdout]           >>> referenced by defaults_rs.9c4ef0ba12f56a1-cgu.10
[INFO] [stdout]           >>>               /opt/rustwide/target/release/deps/cutler-355c821ece4c1bb7.defaults_rs-741094aa52a880a9.defaults_rs.9c4ef0ba12f56a1-cgu.10.rcgu.o.rcgu.o:(defaults_rs::core::convert::cf_to_pref)
[INFO] [stdout]           >>> referenced by defaults_rs.9c4ef0ba12f56a1-cgu.10
[INFO] [stdout]           >>>               /opt/rustwide/target/release/deps/cutler-355c821ece4c1bb7.defaults_rs-741094aa52a880a9.defaults_rs.9c4ef0ba12f56a1-cgu.10.rcgu.o.rcgu.o:(defaults_rs::core::convert::cf_to_pref)
[INFO] [stdout]           >>> referenced by defaults_rs.9c4ef0ba12f56a1-cgu.10
[INFO] [stdout]           >>>               /opt/rustwide/target/release/deps/cutler-355c821ece4c1bb7.defaults_rs-741094aa52a880a9.defaults_rs.9c4ef0ba12f56a1-cgu.10.rcgu.o.rcgu.o:(defaults_rs::core::convert::cf_to_pref)
[INFO] [stdout]           >>> referenced 4 more times
[INFO] [stdout]           
[INFO] [stdout]           rust-lld: error: undefined symbol: kCFBooleanTrue
[INFO] [stdout]           >>> referenced by defaults_rs.9c4ef0ba12f56a1-cgu.10
[INFO] [stdout]           >>>               /opt/rustwide/target/release/deps/cutler-355c821ece4c1bb7.defaults_rs-741094aa52a880a9.defaults_rs.9c4ef0ba12f56a1-cgu.10.rcgu.o.rcgu.o:(defaults_rs::core::convert::cf_to_pref)
[INFO] [stdout]           >>> referenced by defaults_rs.9c4ef0ba12f56a1-cgu.10
[INFO] [stdout]           >>>               /opt/rustwide/target/release/deps/cutler-355c821ece4c1bb7.defaults_rs-741094aa52a880a9.defaults_rs.9c4ef0ba12f56a1-cgu.10.rcgu.o.rcgu.o:(defaults_rs::core::convert::pref_to_cf)
[INFO] [stdout]           
[INFO] [stdout]           rust-lld: error: undefined symbol: kCFBooleanFalse
[INFO] [stdout]           >>> referenced by defaults_rs.9c4ef0ba12f56a1-cgu.10
[INFO] [stdout]           >>>               /opt/rustwide/target/release/deps/cutler-355c821ece4c1bb7.defaults_rs-741094aa52a880a9.defaults_rs.9c4ef0ba12f56a1-cgu.10.rcgu.o.rcgu.o:(defaults_rs::core::convert::cf_to_pref)
[INFO] [stdout]           >>> referenced by defaults_rs.9c4ef0ba12f56a1-cgu.10
[INFO] [stdout]           >>>               /opt/rustwide/target/release/deps/cutler-355c821ece4c1bb7.defaults_rs-741094aa52a880a9.defaults_rs.9c4ef0ba12f56a1-cgu.10.rcgu.o.rcgu.o:(defaults_rs::core::convert::pref_to_cf)
[INFO] [stdout]           
[INFO] [stdout]           rust-lld: error: undefined symbol: CFNumberGetType
[INFO] [stdout]           >>> referenced by defaults_rs.9c4ef0ba12f56a1-cgu.10
[INFO] [stdout]           >>>               /opt/rustwide/target/release/deps/cutler-355c821ece4c1bb7.defaults_rs-741094aa52a880a9.defaults_rs.9c4ef0ba12f56a1-cgu.10.rcgu.o.rcgu.o:(defaults_rs::core::convert::cf_to_pref)
[INFO] [stdout]           
[INFO] [stdout]           rust-lld: error: too many errors emitted, stopping now (use --error-limit=0 to see all errors)
[INFO] [stdout]           collect2: error: ld returned 1 exit status
[INFO] [stdout]           
[INFO] [stdout] 
[INFO] [stdout] 
[INFO] [stderr] error: could not compile `cutler` (bin "cutler") due to 1 previous error
[INFO] running `Command { std: "docker" "inspect" "0118277d3daf87e4de71c95bb355ba0601a619c7e27f25337299df615ab7ca69", kill_on_drop: false }`
[INFO] running `Command { std: "docker" "rm" "-f" "0118277d3daf87e4de71c95bb355ba0601a619c7e27f25337299df615ab7ca69", kill_on_drop: false }`
[INFO] [stdout] 0118277d3daf87e4de71c95bb355ba0601a619c7e27f25337299df615ab7ca69
