[INFO] fetching crate curl-openssl-1 0.4.49...
[INFO] testing curl-openssl-1-0.4.49 against 1.99.0-beta.8+cargoflags=--release for beta-release-1.100-2
[INFO] extracting crate curl-openssl-1 0.4.49 into /workspace/builds/worker-5-tc1/source
[INFO] started tweaking crates.io crate curl-openssl-1 0.4.49
[INFO] removed 0 missing examples
[INFO] removed 0 missing tests
[INFO] finished tweaking crates.io crate curl-openssl-1 0.4.49
[INFO] tweaked toml for crates.io crate curl-openssl-1 0.4.49 written to /workspace/builds/worker-5-tc1/source/Cargo.toml
[INFO] validating manifest of crates.io crate curl-openssl-1 0.4.49 on toolchain 1.99.0-beta.8
[INFO] running `Command { std: CARGO_HOME="/workspace/cargo-home" RUSTUP_HOME="/workspace/rustup-home" "/workspace/cargo-home/bin/cargo" "+1.99.0-beta.8" "metadata" "--manifest-path" "Cargo.toml" "--no-deps", kill_on_drop: false }`
[INFO] crate crates.io crate curl-openssl-1 0.4.49 already has a lockfile, it will not be regenerated
[INFO] running `Command { std: CARGO_HOME="/workspace/cargo-home" RUSTUP_HOME="/workspace/rustup-home" "/workspace/cargo-home/bin/cargo" "+1.99.0-beta.8" "fetch" "--manifest-path" "Cargo.toml", kill_on_drop: false }`
[INFO] [stderr]     Updating crates.io index
[INFO] [stderr]  Downloading crates ...
[INFO] [stderr]   Downloaded curl-sys-openssl-1 v0.4.84+curl-8.17.0
[INFO] [stderr]   Downloaded webpki-root-certs v0.26.11
[INFO] [stderr]   Downloaded cmake v0.1.57
[INFO] [stderr]   Downloaded rustls-platform-verifier v0.5.3
[INFO] [stderr]   Downloaded aws-lc-rs v1.15.3
[INFO] [stderr]   Downloaded rustls-ffi v0.15.0
[INFO] [stderr]   Downloaded webpki-root-certs v1.0.5
[INFO] [stderr]   Downloaded libz-sys v1.1.23
[INFO] [stderr]   Downloaded libnghttp2-sys v0.1.11+1.64.0
[INFO] [stderr]   Downloaded openssl-src v300.5.4+3.5.4
[INFO] [stderr]   Downloaded aws-lc-sys v0.36.0
[INFO] running `Command { std: "docker" "create" "-v" "/var/lib/crater-agent-workspace/builds/worker-5-tc1/source:/opt/rustwide/workdir:ro,Z" "-v" "/var/lib/crater-agent-workspace/builds/worker-5-tc1/target:/opt/rustwide/target:rw,Z" "-v" "/var/lib/crater-agent-workspace/cargo-home:/opt/rustwide/cargo-home:ro,Z" "-v" "/var/lib/crater-agent-workspace/rustup-home:/opt/rustwide/rustup-home:ro,Z" "-m" "1610612736" "--network" "none" "ghcr.io/rust-lang/crates-build-env/linux@sha256:77db811e55d90add9212f6832c23229e3de5f1c1f9905e8cb07319ea15df73ac" "sleep" "infinity", kill_on_drop: false }`
[INFO] [stdout] 0b91b67cff6df77dc0e817274e10ec500e8b165ce50834d7c8c956cd481f15f9
[INFO] running `Command { std: "docker" "start" "0b91b67cff6df77dc0e817274e10ec500e8b165ce50834d7c8c956cd481f15f9", kill_on_drop: false }`
[INFO] running `Command { std: "docker" "inspect" "0b91b67cff6df77dc0e817274e10ec500e8b165ce50834d7c8c956cd481f15f9", kill_on_drop: false }`
[INFO] running `Command { std: "docker" "exec" "-e" "SOURCE_DIR=/opt/rustwide/workdir" "-e" "CARGO_HOME=/opt/rustwide/cargo-home" "-e" "RUSTUP_HOME=/opt/rustwide/rustup-home" "-e" "CARGO_TARGET_DIR=/opt/rustwide/target" "-w" "/opt/rustwide/workdir" "--user" "0:0" "0b91b67cff6df77dc0e817274e10ec500e8b165ce50834d7c8c956cd481f15f9" "/opt/rustwide/cargo-home/bin/cargo" "+1.99.0-beta.8" "metadata" "--no-deps" "--format-version=1", kill_on_drop: false }`
[INFO] running `Command { std: "docker" "inspect" "0b91b67cff6df77dc0e817274e10ec500e8b165ce50834d7c8c956cd481f15f9", kill_on_drop: false }`
[INFO] running `Command { std: "docker" "exec" "-e" "SOURCE_DIR=/opt/rustwide/workdir" "-e" "CARGO_HOME=/opt/rustwide/cargo-home" "-e" "RUSTUP_HOME=/opt/rustwide/rustup-home" "-e" "CARGO_TARGET_DIR=/opt/rustwide/target" "-e" "CARGO_INCREMENTAL=0" "-e" "RUST_BACKTRACE=full" "-e" "RUSTFLAGS=--cap-lints=warn" "-e" "RUSTDOCFLAGS=--cap-lints=warn" "-w" "/opt/rustwide/workdir" "--user" "0:0" "0b91b67cff6df77dc0e817274e10ec500e8b165ce50834d7c8c956cd481f15f9" "/opt/rustwide/cargo-home/bin/cargo" "+1.99.0-beta.8" "build" "--frozen" "--message-format=json" "--release", kill_on_drop: false }`
[INFO] [stderr]    Compiling find-msvc-tools v0.1.8
[INFO] [stderr]    Compiling libc v0.2.180
[INFO] [stderr]    Compiling curl-openssl-1 v0.4.49 (/opt/rustwide/workdir)
[INFO] [stderr]    Compiling openssl-probe v0.1.6
[INFO] [stderr]    Compiling cc v1.2.54
[INFO] [stderr]    Compiling socket2 v0.6.1
[INFO] [stderr]    Compiling libz-sys v1.1.23
[INFO] [stderr]    Compiling openssl-sys v0.9.111
[INFO] [stderr]    Compiling curl-sys-openssl-1 v0.4.84+curl-8.17.0
[INFO] [stderr]     Finished `release` profile [optimized] target(s) in 8.91s
[INFO] running `Command { std: "docker" "inspect" "0b91b67cff6df77dc0e817274e10ec500e8b165ce50834d7c8c956cd481f15f9", kill_on_drop: false }`
[INFO] running `Command { std: "docker" "exec" "-e" "SOURCE_DIR=/opt/rustwide/workdir" "-e" "CARGO_HOME=/opt/rustwide/cargo-home" "-e" "RUSTUP_HOME=/opt/rustwide/rustup-home" "-e" "CARGO_TARGET_DIR=/opt/rustwide/target" "-e" "CARGO_INCREMENTAL=0" "-e" "RUST_BACKTRACE=full" "-e" "RUSTFLAGS=--cap-lints=warn" "-e" "RUSTDOCFLAGS=--cap-lints=warn" "-w" "/opt/rustwide/workdir" "--user" "0:0" "0b91b67cff6df77dc0e817274e10ec500e8b165ce50834d7c8c956cd481f15f9" "/opt/rustwide/cargo-home/bin/cargo" "+1.99.0-beta.8" "test" "--frozen" "--no-run" "--message-format=json" "--release", kill_on_drop: false }`
[INFO] [stderr]    Compiling cfg-if v0.1.10
[INFO] [stderr]    Compiling lazycell v1.3.0
[INFO] [stderr]    Compiling iovec v0.1.4
[INFO] [stderr]    Compiling net2 v0.2.39
[INFO] [stderr]    Compiling mio v0.6.23
[INFO] [stderr]    Compiling mio-extras v2.0.6
[INFO] [stderr]    Compiling curl-openssl-1 v0.4.49 (/opt/rustwide/workdir)
[INFO] [stdout] error[E0433]: cannot find module or crate `curl` in this scope
[INFO] [stdout]  --> tests/atexit.rs:1:5
[INFO] [stdout]   |
[INFO] [stdout] 1 | use curl::easy::Easy;
[INFO] [stdout]   |     ^^^^ use of unresolved module or unlinked crate `curl`
[INFO] [stdout]   |
[INFO] [stdout]   = help: if you wanted to use a crate named `curl`, use `cargo add curl` to add it to your `Cargo.toml`
[INFO] [stdout] 
[INFO] [stdout] 
[INFO] [stdout] error[E0433]: cannot find module or crate `curl` in this scope
[INFO] [stdout]  --> examples/multi-dl.rs:6:5
[INFO] [stdout]   |
[INFO] [stdout] 6 | use curl::easy::{Easy2, Handler, WriteError};
[INFO] [stdout]   |     ^^^^ use of unresolved module or unlinked crate `curl`
[INFO] [stdout]   |
[INFO] [stdout]   = help: if you wanted to use a crate named `curl`, use `cargo add curl` to add it to your `Cargo.toml`
[INFO] [stdout] 
[INFO] [stdout] 
[INFO] [stdout] error[E0433]: cannot find module or crate `curl` in this scope
[INFO] [stdout]  --> examples/doh.rs:1:5
[INFO] [stdout]   |
[INFO] [stdout] 1 | use curl::easy::Easy;
[INFO] [stdout]   |     ^^^^ use of unresolved module or unlinked crate `curl`
[INFO] [stdout]   |
[INFO] [stdout]   = help: if you wanted to use a crate named `curl`, use `cargo add curl` to add it to your `Cargo.toml`
[INFO] [stdout] 
[INFO] [stdout] 
[INFO] [stdout] error[E0433]: cannot find module or crate `curl` in this scope
[INFO] [stdout]  --> examples/multi-dl.rs:7:5
[INFO] [stdout]   |
[INFO] [stdout] 7 | use curl::multi::{Easy2Handle, Multi};
[INFO] [stdout]   |     ^^^^ use of unresolved module or unlinked crate `curl`
[INFO] [stdout]   |
[INFO] [stdout]   = help: if you wanted to use a crate named `curl`, use `cargo add curl` to add it to your `Cargo.toml`
[INFO] [stdout] 
[INFO] [stdout] 
[INFO] [stdout] error[E0433]: cannot find module or crate `curl` in this scope
[INFO] [stdout]  --> tests/multi.rs:7:5
[INFO] [stdout]   |
[INFO] [stdout] 7 | use curl::easy::{Easy, List};
[INFO] [stdout]   |     ^^^^ use of unresolved module or unlinked crate `curl`
[INFO] [stdout]   |
[INFO] [stdout]   = help: if you wanted to use a crate named `curl`, use `cargo add curl` to add it to your `Cargo.toml`
[INFO] [stdout] 
[INFO] [stdout] 
[INFO] [stdout] error[E0433]: cannot find module or crate `curl` in this scope
[INFO] [stdout]  --> tests/multi.rs:8:5
[INFO] [stdout]   |
[INFO] [stdout] 8 | use curl::multi::Multi;
[INFO] [stdout]   |     ^^^^ use of unresolved module or unlinked crate `curl`
[INFO] [stdout]   |
[INFO] [stdout]   = help: if you wanted to use a crate named `curl`, use `cargo add curl` to add it to your `Cargo.toml`
[INFO] [stdout] 
[INFO] [stdout] 
[INFO] [stdout] error[E0433]: cannot find module or crate `curl` in this scope
[INFO] [stdout]   --> tests/multi.rs:89:9
[INFO] [stdout]    |
[INFO] [stdout] 89 |     use curl::multi::{Events, Socket, SocketEvents};
[INFO] [stdout]    |         ^^^^ use of unresolved module or unlinked crate `curl`
[INFO] [stdout]    |
[INFO] [stdout]    = help: if you wanted to use a crate named `curl`, use `cargo add curl` to add it to your `Cargo.toml`
[INFO] [stdout] 
[INFO] [stdout] 
[INFO] [stdout] error[E0433]: cannot find module or crate `curl` in this scope
[INFO] [stdout]    --> tests/multi.rs:245:9
[INFO] [stdout]     |
[INFO] [stdout] 245 |     use curl::multi::WaitFd;
[INFO] [stdout]     |         ^^^^ use of unresolved module or unlinked crate `curl`
[INFO] [stdout]     |
[INFO] [stdout]     = help: if you wanted to use a crate named `curl`, use `cargo add curl` to add it to your `Cargo.toml`
[INFO] [stdout] 
[INFO] [stdout] 
[INFO] [stdout] error[E0433]: cannot find module or crate `curl` in this scope
[INFO] [stdout]  --> examples/ssl_cert_blob.rs:7:5
[INFO] [stdout]   |
[INFO] [stdout] 7 | use curl::easy::Easy;
[INFO] [stdout]   |     ^^^^ use of unresolved module or unlinked crate `curl`
[INFO] [stdout]   |
[INFO] [stdout]   = help: if you wanted to use a crate named `curl`, use `cargo add curl` to add it to your `Cargo.toml`
[INFO] [stdout] 
[INFO] [stdout] 
[INFO] [stdout] error[E0433]: cannot find module or crate `curl` in this scope
[INFO] [stdout]   --> tests/post.rs:13:5
[INFO] [stdout]    |
[INFO] [stdout] 13 | use curl::easy::{Easy, Form, List};
[INFO] [stdout]    |     ^^^^ use of unresolved module or unlinked crate `curl`
[INFO] [stdout]    |
[INFO] [stdout]    = help: if you wanted to use a crate named `curl`, use `cargo add curl` to add it to your `Cargo.toml`
[INFO] [stdout] 
[INFO] [stdout] 
[INFO] [stdout] error[E0432]: unresolved import `curl`
[INFO] [stdout]  --> tests/post.rs:1:5
[INFO] [stdout]   |
[INFO] [stdout] 1 | use curl::Version;
[INFO] [stdout]   |     ^^^^ use of unresolved module or unlinked crate `curl`
[INFO] [stdout]   |
[INFO] [stdout]   = help: if you wanted to use a crate named `curl`, use `cargo add curl` to add it to your `Cargo.toml`
[INFO] [stdout] 
[INFO] [stdout] 
[INFO] [stdout] error[E0433]: cannot find module or crate `curl` in this scope
[INFO] [stdout]   --> tests/easy.rs:16:5
[INFO] [stdout]    |
[INFO] [stdout] 16 | use curl::easy::{Easy, Easy2, List, ReadError, Transfer, WriteError};
[INFO] [stdout]    |     ^^^^ use of unresolved module or unlinked crate `curl`
[INFO] [stdout]    |
[INFO] [stdout]    = help: if you wanted to use a crate named `curl`, use `cargo add curl` to add it to your `Cargo.toml`
[INFO] [stdout] 
[INFO] [stdout] 
[INFO] [stdout] error[E0433]: cannot find module or crate `curl` in this scope
[INFO] [stdout]   --> tests/atexit.rs:11:5
[INFO] [stdout]    |
[INFO] [stdout] 11 |     curl::init();
[INFO] [stdout]    |     ^^^^ use of unresolved module or unlinked crate `curl`
[INFO] [stdout]    |
[INFO] [stdout]    = help: if you wanted to use a crate named `curl`, use `cargo add curl` to add it to your `Cargo.toml`
[INFO] [stdout] 
[INFO] [stdout] 
[INFO] [stdout] For more information about this error, try `rustc --explain E0433`.
[INFO] [stdout] 
[INFO] [stderr] error: could not compile `curl-openssl-1` (test "atexit") due to 2 previous errors
[INFO] [stdout] error[E0433]: cannot find module or crate `curl` in this scope
[INFO] [stdout]    --> tests/easy.rs:983:9
[INFO] [stdout]     |
[INFO] [stdout] 983 |     use curl::easy::Handler;
[INFO] [stdout]     |         ^^^^ use of unresolved module or unlinked crate `curl`
[INFO] [stdout]     |
[INFO] [stdout]     = help: if you wanted to use a crate named `curl`, use `cargo add curl` to add it to your `Cargo.toml`
[INFO] [stdout] 
[INFO] [stdout] 
[INFO] [stderr] warning: build failed, waiting for other jobs to finish...
[INFO] [stdout] error[E0433]: cannot find module or crate `curl` in this scope
[INFO] [stdout]     --> tests/easy.rs:1013:9
[INFO] [stdout]      |
[INFO] [stdout] 1013 |     use curl::easy::Handler;
[INFO] [stdout]      |         ^^^^ use of unresolved module or unlinked crate `curl`
[INFO] [stdout]      |
[INFO] [stdout]      = help: if you wanted to use a crate named `curl`, use `cargo add curl` to add it to your `Cargo.toml`
[INFO] [stdout] 
[INFO] [stdout] 
[INFO] [stdout] error[E0432]: unresolved import `curl`
[INFO] [stdout]   --> tests/easy.rs:17:5
[INFO] [stdout]    |
[INFO] [stdout] 17 | use curl::{Error, Version};
[INFO] [stdout]    |     ^^^^ use of unresolved module or unlinked crate `curl`
[INFO] [stdout]    |
[INFO] [stdout]    = help: if you wanted to use a crate named `curl`, use `cargo add curl` to add it to your `Cargo.toml`
[INFO] [stdout] 
[INFO] [stdout] 
[INFO] [stdout] error[E0433]: cannot find module or crate `curl` in this scope
[INFO] [stdout]   --> examples/multi-dl.rs:25:19
[INFO] [stdout]    |
[INFO] [stdout] 25 |     let version = curl::Version::get();
[INFO] [stdout]    |                   ^^^^ use of unresolved module or unlinked crate `curl`
[INFO] [stdout]    |
[INFO] [stdout]    = help: if you wanted to use a crate named `curl`, use `cargo add curl` to add it to your `Cargo.toml`
[INFO] [stdout] 
[INFO] [stdout] 
[INFO] [stdout] For more information about this error, try `rustc --explain E0433`.
[INFO] [stdout] 
[INFO] [stderr] error: could not compile `curl-openssl-1` (example "multi-dl") due to 3 previous errors
[INFO] [stdout] For more information about this error, try `rustc --explain E0433`.
[INFO] [stdout] 
[INFO] [stdout] warning: method call on a diverging inference variable
[INFO] [stdout]    --> tests/multi.rs:236:21
[INFO] [stdout]     |
[INFO] [stdout] 236 |     assert_eq!(t!(e.response_code()), 200);
[INFO] [stdout]     |                     ^^^^^^^^^^^^^
[INFO] [stdout]     |
[INFO] [stdout]     = help: consider providing a type annotation
[INFO] [stdout]     = warning: this was previously accepted by the compiler but is being phased out; it will become a hard error in a future release!
[INFO] [stdout]     = note: for more information, see issue #156047 <https://github.com/rust-lang/rust/issues/156047>
[INFO] [stdout]     = note: `#[warn(method_call_on_diverging_infer_var)]` (part of `#[warn(future_incompatible)]`) on by default
[INFO] [stdout] 
[INFO] [stdout] 
[INFO] [stdout] warning: use of deprecated constant `std::u64::MAX`: replaced by the `MAX` associated constant on this type
[INFO] [stdout]    --> tests/easy.rs:998:60
[INFO] [stdout]     |
[INFO] [stdout] 998 |             .connect_timeout(Duration::from_secs(std::u64::MAX))
[INFO] [stdout]     |                                                            ^^^
[INFO] [stdout]     |
[INFO] [stdout]     = note: `#[warn(deprecated)]` on by default
[INFO] [stdout] 
[INFO] [stdout] 
[INFO] [stdout] warning: use of deprecated constant `std::u64::MAX`: replaced by the `MAX` associated constant on this type
[INFO] [stdout]     --> tests/easy.rs:1028:52
[INFO] [stdout]      |
[INFO] [stdout] 1028 |             .timeout(Duration::from_secs(std::u64::MAX))
[INFO] [stdout]      |                                                    ^^^
[INFO] [stdout] 
[INFO] [stdout] 
[INFO] [stderr] error: could not compile `curl-openssl-1` (example "ssl_cert_blob") due to 1 previous error
[INFO] [stdout] Some errors have detailed explanations: E0432, E0433.
[INFO] [stdout] 
[INFO] [stdout] For more information about an error, try `rustc --explain E0432`.
[INFO] [stdout] 
[INFO] [stderr] error: could not compile `curl-openssl-1` (test "easy") due to 4 previous errors; 2 warnings emitted
[INFO] [stdout] error[E0599]: no method named `response_code` found for type `!` in the current scope
[INFO] [stdout]    --> tests/multi.rs:236:21
[INFO] [stdout]     |
[INFO] [stdout] 236 |     assert_eq!(t!(e.response_code()), 200);
[INFO] [stdout]     |                     ^^^^^^^^^^^^^ method not found in `!`
[INFO] [stdout] 
[INFO] [stdout] 
[INFO] [stdout] error[E0433]: cannot find module or crate `curl` in this scope
[INFO] [stdout]  --> examples/doh.rs:4:25
[INFO] [stdout]   |
[INFO] [stdout] 4 | fn main() -> Result<(), curl::Error> {
[INFO] [stdout]   |                         ^^^^ use of unresolved module or unlinked crate `curl`
[INFO] [stdout]   |
[INFO] [stdout]   = help: if you wanted to use a crate named `curl`, use `cargo add curl` to add it to your `Cargo.toml`
[INFO] [stdout] 
[INFO] [stdout] 
[INFO] [stdout] For more information about this error, try `rustc --explain E0433`.
[INFO] [stdout] 
[INFO] [stdout] error[E0433]: cannot find module or crate `curl` in this scope
[INFO] [stdout]  --> examples/ssl_proxy.rs:4:22
[INFO] [stdout]   |
[INFO] [stdout] 4 |     let mut handle = curl::easy::Easy::new();
[INFO] [stdout]   |                      ^^^^ use of unresolved module or unlinked crate `curl`
[INFO] [stdout]   |
[INFO] [stdout]   = help: if you wanted to use a crate named `curl`, use `cargo add curl` to add it to your `Cargo.toml`
[INFO] [stdout] 
[INFO] [stdout] 
[INFO] [stderr] error: could not compile `curl-openssl-1` (example "doh") due to 2 previous errors
[INFO] [stdout] Some errors have detailed explanations: E0433, E0599.
[INFO] [stdout] 
[INFO] [stdout] For more information about an error, try `rustc --explain E0433`.
[INFO] [stdout] 
[INFO] [stderr] error: could not compile `curl-openssl-1` (test "multi") due to 5 previous errors; 2 warnings emitted
[INFO] [stdout] For more information about this error, try `rustc --explain E0433`.
[INFO] [stdout] 
[INFO] [stderr] error: could not compile `curl-openssl-1` (example "ssl_proxy") due to 1 previous error
[INFO] [stdout] Some errors have detailed explanations: E0432, E0433.
[INFO] [stdout] 
[INFO] [stdout] For more information about an error, try `rustc --explain E0432`.
[INFO] [stdout] 
[INFO] [stderr] error: could not compile `curl-openssl-1` (test "post") due to 2 previous errors
[INFO] running `Command { std: "docker" "inspect" "0b91b67cff6df77dc0e817274e10ec500e8b165ce50834d7c8c956cd481f15f9", kill_on_drop: false }`
[INFO] running `Command { std: "docker" "rm" "-f" "0b91b67cff6df77dc0e817274e10ec500e8b165ce50834d7c8c956cd481f15f9", kill_on_drop: false }`
[INFO] [stdout] 0b91b67cff6df77dc0e817274e10ec500e8b165ce50834d7c8c956cd481f15f9
