[INFO] fetching crate cubemoma 0.1.2...
[INFO] testing cubemoma-0.1.2 against 1.100.0-beta.1+cargoflags=--release for beta-release-1.100-2
[INFO] extracting crate cubemoma 0.1.2 into /workspace/builds/worker-4-tc2/source
[INFO] started tweaking crates.io crate cubemoma 0.1.2
[INFO] finished tweaking crates.io crate cubemoma 0.1.2
[INFO] tweaked toml for crates.io crate cubemoma 0.1.2 written to /workspace/builds/worker-4-tc2/source/Cargo.toml
[INFO] validating manifest of crates.io crate cubemoma 0.1.2 on toolchain 1.100.0-beta.1
[INFO] running `Command { std: CARGO_HOME="/workspace/cargo-home" RUSTUP_HOME="/workspace/rustup-home" "/workspace/cargo-home/bin/cargo" "+1.100.0-beta.1" "metadata" "--manifest-path" "Cargo.toml" "--no-deps", kill_on_drop: false }`
[INFO] crate crates.io crate cubemoma 0.1.2 already has a lockfile, it will not be regenerated
[INFO] running `Command { std: CARGO_HOME="/workspace/cargo-home" RUSTUP_HOME="/workspace/rustup-home" "/workspace/cargo-home/bin/cargo" "+1.100.0-beta.1" "fetch" "--manifest-path" "Cargo.toml", kill_on_drop: false }`
[INFO] running `Command { std: "docker" "create" "-v" "/var/lib/crater-agent-workspace/builds/worker-4-tc2/source:/opt/rustwide/workdir:ro,Z" "-v" "/var/lib/crater-agent-workspace/builds/worker-4-tc2/target:/opt/rustwide/target:rw,Z" "-v" "/var/lib/crater-agent-workspace/cargo-home:/opt/rustwide/cargo-home:ro,Z" "-v" "/var/lib/crater-agent-workspace/rustup-home:/opt/rustwide/rustup-home:ro,Z" "-m" "1610612736" "--network" "none" "ghcr.io/rust-lang/crates-build-env/linux@sha256:77db811e55d90add9212f6832c23229e3de5f1c1f9905e8cb07319ea15df73ac" "sleep" "infinity", kill_on_drop: false }`
[INFO] [stdout] c4bf417a9f4d8c292d6d992abcd4c1fdb543855446cb57f87e1e471e231407ca
[INFO] running `Command { std: "docker" "start" "c4bf417a9f4d8c292d6d992abcd4c1fdb543855446cb57f87e1e471e231407ca", kill_on_drop: false }`
[INFO] running `Command { std: "docker" "inspect" "c4bf417a9f4d8c292d6d992abcd4c1fdb543855446cb57f87e1e471e231407ca", kill_on_drop: false }`
[INFO] running `Command { std: "docker" "exec" "-e" "SOURCE_DIR=/opt/rustwide/workdir" "-e" "CARGO_HOME=/opt/rustwide/cargo-home" "-e" "RUSTUP_HOME=/opt/rustwide/rustup-home" "-e" "CARGO_TARGET_DIR=/opt/rustwide/target" "-w" "/opt/rustwide/workdir" "--user" "0:0" "c4bf417a9f4d8c292d6d992abcd4c1fdb543855446cb57f87e1e471e231407ca" "/opt/rustwide/cargo-home/bin/cargo" "+1.100.0-beta.1" "metadata" "--no-deps" "--format-version=1", kill_on_drop: false }`
[INFO] running `Command { std: "docker" "inspect" "c4bf417a9f4d8c292d6d992abcd4c1fdb543855446cb57f87e1e471e231407ca", kill_on_drop: false }`
[INFO] running `Command { std: "docker" "exec" "-e" "SOURCE_DIR=/opt/rustwide/workdir" "-e" "CARGO_HOME=/opt/rustwide/cargo-home" "-e" "RUSTUP_HOME=/opt/rustwide/rustup-home" "-e" "CARGO_TARGET_DIR=/opt/rustwide/target" "-e" "CARGO_INCREMENTAL=0" "-e" "RUST_BACKTRACE=full" "-e" "RUSTFLAGS=--cap-lints=warn" "-e" "RUSTDOCFLAGS=--cap-lints=warn" "-w" "/opt/rustwide/workdir" "--user" "0:0" "c4bf417a9f4d8c292d6d992abcd4c1fdb543855446cb57f87e1e471e231407ca" "/opt/rustwide/cargo-home/bin/cargo" "+1.100.0-beta.1" "build" "--frozen" "--message-format=json" "--release", kill_on_drop: false }`
[INFO] [stderr]    Compiling wasm-bindgen-shared v0.2.105
[INFO] [stderr]    Compiling unicode-ident v1.0.22
[INFO] [stderr]    Compiling proc-macro2 v1.0.103
[INFO] [stderr]    Compiling libc v0.2.177
[INFO] [stderr]    Compiling quote v1.0.42
[INFO] [stderr]    Compiling cfg-if v1.0.4
[INFO] [stderr]    Compiling getrandom v0.3.4
[INFO] [stderr]    Compiling rustversion v1.0.22
[INFO] [stderr]    Compiling zerocopy v0.8.27
[INFO] [stderr]    Compiling bumpalo v3.19.0
[INFO] [stderr]    Compiling once_cell v1.21.3
[INFO] [stderr]    Compiling wasm-bindgen v0.2.105
[INFO] [stderr]    Compiling syn v2.0.110
[INFO] [stderr]    Compiling rand_core v0.9.3
[INFO] [stderr]    Compiling ppv-lite86 v0.2.21
[INFO] [stderr]    Compiling rand_chacha v0.9.0
[INFO] [stderr]    Compiling rand v0.9.2
[INFO] [stdout] error[E0432]: unresolved imports `core::simd::LaneCount`, `core::simd::SupportedLaneCount`
[INFO] [stdout]   --> /opt/rustwide/cargo-home/registry/src/index.crates.io-1949cf8c6b5b557f/rand-0.9.2/src/distr/other.rs:25:18
[INFO] [stdout]    |
[INFO] [stdout] 25 | use core::simd::{LaneCount, MaskElement, SupportedLaneCount};
[INFO] [stdout]    |                  ^^^^^^^^^               ^^^^^^^^^^^^^^^^^^ no `SupportedLaneCount` in `simd`
[INFO] [stdout]    |                  |
[INFO] [stdout]    |                  no `LaneCount` in `simd`
[INFO] [stdout] 
[INFO] [stdout] 
[INFO] [stdout] error[E0432]: unresolved imports `core::simd::LaneCount`, `core::simd::SupportedLaneCount`
[INFO] [stdout]   --> /opt/rustwide/cargo-home/registry/src/index.crates.io-1949cf8c6b5b557f/rand-0.9.2/src/distr/utils.rs:14:18
[INFO] [stdout]    |
[INFO] [stdout] 14 | use core::simd::{LaneCount, SimdElement, SupportedLaneCount};
[INFO] [stdout]    |                  ^^^^^^^^^               ^^^^^^^^^^^^^^^^^^ no `SupportedLaneCount` in `simd`
[INFO] [stdout]    |                  |
[INFO] [stdout]    |                  no `LaneCount` in `simd`
[INFO] [stdout] 
[INFO] [stdout] 
[INFO] [stdout] error[E0432]: unresolved imports `core::simd::LaneCount`, `core::simd::SupportedLaneCount`
[INFO] [stdout]   --> /opt/rustwide/cargo-home/registry/src/index.crates.io-1949cf8c6b5b557f/rand-0.9.2/src/distr/uniform_int.rs:21:18
[INFO] [stdout]    |
[INFO] [stdout] 21 | use core::simd::{LaneCount, SupportedLaneCount};
[INFO] [stdout]    |                  ^^^^^^^^^  ^^^^^^^^^^^^^^^^^^ no `SupportedLaneCount` in `simd`
[INFO] [stdout]    |                  |
[INFO] [stdout]    |                  no `LaneCount` in `simd`
[INFO] [stdout] 
[INFO] [stdout] 
[INFO] [stdout] error[E0425]: cannot find type `LaneCount` in this scope
[INFO] [stdout]    --> /opt/rustwide/cargo-home/registry/src/index.crates.io-1949cf8c6b5b557f/rand-0.9.2/src/distr/integer.rs:165:13
[INFO] [stdout]     |
[INFO] [stdout] 157 | macro_rules! simd_impl {
[INFO] [stdout] ...
[INFO] [stdout] 165 |             LaneCount<LANES>: SupportedLaneCount,
[INFO] [stdout]     |             ^^^^^^^^^ not found in this scope
[INFO] [stdout] ...
[INFO] [stdout] 178 | simd_impl!(u8, i8, u16, i16, u32, i32, u64, i64);
[INFO] [stdout]     | ------------------------------------------------ in this macro invocation
[INFO] [stdout] 
[INFO] [stdout] 
[INFO] [stdout] error[E0405]: cannot find trait `SupportedLaneCount` in this scope
[INFO] [stdout]    --> /opt/rustwide/cargo-home/registry/src/index.crates.io-1949cf8c6b5b557f/rand-0.9.2/src/distr/integer.rs:165:31
[INFO] [stdout]     |
[INFO] [stdout] 157 | macro_rules! simd_impl {
[INFO] [stdout] ...
[INFO] [stdout] 165 |             LaneCount<LANES>: SupportedLaneCount,
[INFO] [stdout]     |                               ^^^^^^^^^^^^^^^^^^ not found in this scope
[INFO] [stdout] ...
[INFO] [stdout] 178 | simd_impl!(u8, i8, u16, i16, u32, i32, u64, i64);
[INFO] [stdout]     | ------------------------------------------------ in this macro invocation
[INFO] [stdout] 
[INFO] [stdout] 
[INFO] [stdout] error[E0554]: `#![feature]` may not be used on the beta release channel
[INFO] [stdout]   --> /opt/rustwide/cargo-home/registry/src/index.crates.io-1949cf8c6b5b557f/rand-0.9.2/src/lib.rs:51:39
[INFO] [stdout]    |
[INFO] [stdout] 51 | #![cfg_attr(feature = "simd_support", feature(portable_simd))]
[INFO] [stdout]    |                                       ^^^^^^^^^^^^^^^^^^^^^^
[INFO] [stdout] 
[INFO] [stdout] 
[INFO] [stdout] Some errors have detailed explanations: E0405, E0425, E0432, E0554.
[INFO] [stdout] 
[INFO] [stdout] For more information about an error, try `rustc --explain E0405`.
[INFO] [stdout] 
[INFO] [stderr] error: could not compile `rand` (lib) due to 6 previous errors
[INFO] [stderr] warning: build failed, waiting for other jobs to finish...
[INFO] running `Command { std: "docker" "inspect" "c4bf417a9f4d8c292d6d992abcd4c1fdb543855446cb57f87e1e471e231407ca", kill_on_drop: false }`
[INFO] running `Command { std: "docker" "rm" "-f" "c4bf417a9f4d8c292d6d992abcd4c1fdb543855446cb57f87e1e471e231407ca", kill_on_drop: false }`
[INFO] [stdout] c4bf417a9f4d8c292d6d992abcd4c1fdb543855446cb57f87e1e471e231407ca
