[INFO] fetching crate cubeb 0.38.0...
[INFO] testing cubeb-0.38.0 against 1.100.0-beta.1+cargoflags=--release for beta-release-1.100-2
[INFO] extracting crate cubeb 0.38.0 into /workspace/builds/worker-0-tc2/source
[INFO] started tweaking crates.io crate cubeb 0.38.0
[INFO] removed 0 missing examples
[INFO] finished tweaking crates.io crate cubeb 0.38.0
[INFO] tweaked toml for crates.io crate cubeb 0.38.0 written to /workspace/builds/worker-0-tc2/source/Cargo.toml
[INFO] validating manifest of crates.io crate cubeb 0.38.0 on toolchain 1.100.0-beta.1
[INFO] running `Command { std: CARGO_HOME="/workspace/cargo-home" RUSTUP_HOME="/workspace/rustup-home" "/workspace/cargo-home/bin/cargo" "+1.100.0-beta.1" "metadata" "--manifest-path" "Cargo.toml" "--no-deps", kill_on_drop: false }`
[INFO] crate crates.io crate cubeb 0.38.0 already has a lockfile, it will not be regenerated
[INFO] running `Command { std: CARGO_HOME="/workspace/cargo-home" RUSTUP_HOME="/workspace/rustup-home" "/workspace/cargo-home/bin/cargo" "+1.100.0-beta.1" "fetch" "--manifest-path" "Cargo.toml", kill_on_drop: false }`
[INFO] [stderr] warning: `package.homepage` is redundant with `package.repository`
[INFO] [stderr]   --> Cargo.toml:36:12
[INFO] [stderr]    |
[INFO] [stderr] 36 | homepage = "https://github.com/mozilla/cubeb-rs"
[INFO] [stderr]    |            ^^^^^^^^^^^^^^^^^^^^^^^^^^^^^^^^^^^^^
[INFO] [stderr] ...
[INFO] [stderr] 41 | repository = "https://github.com/mozilla/cubeb-rs"
[INFO] [stderr]    |              -------------------------------------
[INFO] [stderr]    |
[INFO] [stderr]    = note: `cargo::redundant_homepage` is set to `warn` by default
[INFO] [stderr] help: consider removing `package.homepage`
[INFO] [stderr] warning: `cubeb` (manifest) generated 1 warning
[INFO] running `Command { std: "docker" "create" "-v" "/var/lib/crater-agent-workspace/builds/worker-0-tc2/source:/opt/rustwide/workdir:ro,Z" "-v" "/var/lib/crater-agent-workspace/builds/worker-0-tc2/target:/opt/rustwide/target:rw,Z" "-v" "/var/lib/crater-agent-workspace/cargo-home:/opt/rustwide/cargo-home:ro,Z" "-v" "/var/lib/crater-agent-workspace/rustup-home:/opt/rustwide/rustup-home:ro,Z" "-m" "1610612736" "--network" "none" "ghcr.io/rust-lang/crates-build-env/linux@sha256:77db811e55d90add9212f6832c23229e3de5f1c1f9905e8cb07319ea15df73ac" "sleep" "infinity", kill_on_drop: false }`
[INFO] [stdout] 01079a47ab0b60353af1c9751e125ec30f052985df54941a73a7025c7187c1ff
[INFO] running `Command { std: "docker" "start" "01079a47ab0b60353af1c9751e125ec30f052985df54941a73a7025c7187c1ff", kill_on_drop: false }`
[INFO] running `Command { std: "docker" "inspect" "01079a47ab0b60353af1c9751e125ec30f052985df54941a73a7025c7187c1ff", kill_on_drop: false }`
[INFO] running `Command { std: "docker" "exec" "-e" "SOURCE_DIR=/opt/rustwide/workdir" "-e" "CARGO_HOME=/opt/rustwide/cargo-home" "-e" "RUSTUP_HOME=/opt/rustwide/rustup-home" "-e" "CARGO_TARGET_DIR=/opt/rustwide/target" "-w" "/opt/rustwide/workdir" "--user" "0:0" "01079a47ab0b60353af1c9751e125ec30f052985df54941a73a7025c7187c1ff" "/opt/rustwide/cargo-home/bin/cargo" "+1.100.0-beta.1" "metadata" "--no-deps" "--format-version=1", kill_on_drop: false }`
[INFO] running `Command { std: "docker" "inspect" "01079a47ab0b60353af1c9751e125ec30f052985df54941a73a7025c7187c1ff", kill_on_drop: false }`
[INFO] running `Command { std: "docker" "exec" "-e" "SOURCE_DIR=/opt/rustwide/workdir" "-e" "CARGO_HOME=/opt/rustwide/cargo-home" "-e" "RUSTUP_HOME=/opt/rustwide/rustup-home" "-e" "CARGO_TARGET_DIR=/opt/rustwide/target" "-e" "CARGO_INCREMENTAL=0" "-e" "RUST_BACKTRACE=full" "-e" "RUSTFLAGS=--cap-lints=warn" "-e" "RUSTDOCFLAGS=--cap-lints=warn" "-w" "/opt/rustwide/workdir" "--user" "0:0" "01079a47ab0b60353af1c9751e125ec30f052985df54941a73a7025c7187c1ff" "/opt/rustwide/cargo-home/bin/cargo" "+1.100.0-beta.1" "build" "--frozen" "--message-format=json" "--release", kill_on_drop: false }`
[INFO] [stderr] warning: `package.homepage` is redundant with `package.repository`
[INFO] [stderr]   --> Cargo.toml:36:12
[INFO] [stderr]    |
[INFO] [stderr] 36 | homepage = "https://github.com/mozilla/cubeb-rs"
[INFO] [stderr]    |            ^^^^^^^^^^^^^^^^^^^^^^^^^^^^^^^^^^^^^
[INFO] [stderr] ...
[INFO] [stderr] 41 | repository = "https://github.com/mozilla/cubeb-rs"
[INFO] [stderr]    |              -------------------------------------
[INFO] [stderr]    |
[INFO] [stderr]    = note: `cargo::redundant_homepage` is set to `warn` by default
[INFO] [stderr] help: consider removing `package.homepage`
[INFO] [stderr] warning: `cubeb` (manifest) generated 1 warning
[INFO] [stderr]    Compiling cc v1.2.63
[INFO] [stderr]    Compiling cmake v0.1.54
[INFO] [stderr]    Compiling cubeb-core v0.38.0
[INFO] [stderr]    Compiling cubeb-sys v0.38.0
[INFO] [stderr] error: failed to run custom build command for `cubeb-sys v0.38.0`
[INFO] [stderr] note: To improve backtraces for build dependencies, set the CARGO_PROFILE_RELEASE_BUILD_OVERRIDE_DEBUG=true environment variable to enable debug information generation.
[INFO] [stderr] 
[INFO] [stderr] Caused by:
[INFO] [stderr]   process didn't exit successfully: `/opt/rustwide/target/release/build/cubeb-sys/e923215a4eb1b09e/out/build_script_build` (exit status: 101)
[INFO] [stderr]   --- stdout
[INFO] [stderr]   CMAKE_TOOLCHAIN_FILE_x86_64-unknown-linux-gnu = None
[INFO] [stderr]   CMAKE_TOOLCHAIN_FILE_x86_64_unknown_linux_gnu = None
[INFO] [stderr]   HOST_CMAKE_TOOLCHAIN_FILE = None
[INFO] [stderr]   CMAKE_TOOLCHAIN_FILE = None
[INFO] [stderr]   CMAKE_GENERATOR_x86_64-unknown-linux-gnu = None
[INFO] [stderr]   CMAKE_GENERATOR_x86_64_unknown_linux_gnu = None
[INFO] [stderr]   HOST_CMAKE_GENERATOR = None
[INFO] [stderr]   CMAKE_GENERATOR = None
[INFO] [stderr]   CMAKE_PREFIX_PATH_x86_64-unknown-linux-gnu = None
[INFO] [stderr]   CMAKE_PREFIX_PATH_x86_64_unknown_linux_gnu = None
[INFO] [stderr]   HOST_CMAKE_PREFIX_PATH = None
[INFO] [stderr]   CMAKE_PREFIX_PATH = None
[INFO] [stderr]   CMAKE_x86_64-unknown-linux-gnu = None
[INFO] [stderr]   CMAKE_x86_64_unknown_linux_gnu = None
[INFO] [stderr]   HOST_CMAKE = None
[INFO] [stderr]   CMAKE = None
[INFO] [stderr]   running: cd "/opt/rustwide/target/release/build/cubeb-sys/7a9475010451cb2d/out/build" && CARGO_BUILD_TARGET="x86_64-unknown-linux-gnu" CARGO_TARGET_DIR="/opt/rustwide/target/release/build/cubeb-sys/7a9475010451cb2d/out/rust-backend-target" CMAKE_PREFIX_PATH="" LC_ALL="C" "cmake" "/opt/rustwide/target/release/build/cubeb-sys/7a9475010451cb2d/out/libcubeb" "-DBUILD_SHARED_LIBS=OFF" "-DBUILD_TESTS=OFF" "-DBUILD_TOOLS=OFF" "-DBUILD_RUST_LIBS=ON" "-DUSE_STATIC_MSVC_RUNTIME=ON" "-DNO_PRIVATE_APIS_IN_COREAUDIO=OFF" "-DCMAKE_INSTALL_PREFIX=/opt/rustwide/target/release/build/cubeb-sys/7a9475010451cb2d/out" "-DCMAKE_C_FLAGS= -ffunction-sections -fdata-sections -fPIC -m64 -w" "-DCMAKE_C_COMPILER=/usr/bin/cc" "-DCMAKE_CXX_FLAGS= -ffunction-sections -fdata-sections -fPIC -m64 -w" "-DCMAKE_CXX_COMPILER=/usr/bin/c++" "-DCMAKE_ASM_FLAGS= -ffunction-sections -fdata-sections -fPIC -m64 -w" "-DCMAKE_ASM_COMPILER=/usr/bin/cc" "-DCMAKE_BUILD_TYPE=Release"
[INFO] [stderr]   -- The C compiler identification is GNU 15.2.0
[INFO] [stderr]   -- The CXX compiler identification is GNU 15.2.0
[INFO] [stderr]   -- Detecting C compiler ABI info
[INFO] [stderr]   -- Detecting C compiler ABI info - done
[INFO] [stderr]   -- Check for working C compiler: /usr/bin/cc - skipped
[INFO] [stderr]   -- Detecting C compile features
[INFO] [stderr]   -- Detecting C compile features - done
[INFO] [stderr]   -- Detecting CXX compiler ABI info
[INFO] [stderr]   -- Detecting CXX compiler ABI info - done
[INFO] [stderr]   -- Check for working CXX compiler: /usr/bin/c++ - skipped
[INFO] [stderr]   -- Detecting CXX compile features
[INFO] [stderr]   -- Detecting CXX compile features - done
[INFO] [stderr]   -- Performing Test COMPILER_HAS_HIDDEN_VISIBILITY
[INFO] [stderr]   -- Performing Test COMPILER_HAS_HIDDEN_VISIBILITY - Success
[INFO] [stderr]   -- Performing Test COMPILER_HAS_HIDDEN_INLINE_VISIBILITY
[INFO] [stderr]   -- Performing Test COMPILER_HAS_HIDDEN_INLINE_VISIBILITY - Success
[INFO] [stderr]   -- Performing Test COMPILER_HAS_DEPRECATED_ATTR
[INFO] [stderr]   -- Performing Test COMPILER_HAS_DEPRECATED_ATTR - Success
[INFO] [stderr]   -- Found PkgConfig: /usr/bin/pkg-config (found version "2.5.1")
[INFO] [stderr]   -- Checking for module 'speexdsp'
[INFO] [stderr]   --   Package 'speexdsp' not found
[INFO] [stderr]   -- Performing Test CMAKE_HAVE_LIBC_PTHREAD
[INFO] [stderr]   -- Performing Test CMAKE_HAVE_LIBC_PTHREAD - Success
[INFO] [stderr]   -- Found Threads: TRUE
[INFO] [stderr]   -- Looking for include file pulse/pulseaudio.h
[INFO] [stderr]   -- Looking for include file pulse/pulseaudio.h - found
[INFO] [stderr]   -- Looking for include file alsa/asoundlib.h
[INFO] [stderr]   -- Looking for include file alsa/asoundlib.h - found
[INFO] [stderr]   -- Looking for include file jack/jack.h
[INFO] [stderr]   -- Looking for include file jack/jack.h - found
[INFO] [stderr]   -- Looking for include file sndio.h
[INFO] [stderr]   -- Looking for include file sndio.h - found
[INFO] [stderr]   -- Looking for include file aaudio/AAudio.h
[INFO] [stderr]   -- Looking for include file aaudio/AAudio.h - not found
[INFO] [stderr]   -- Looking for include file AudioUnit/AudioUnit.h
[INFO] [stderr]   -- Looking for include file AudioUnit/AudioUnit.h - not found
[INFO] [stderr]   -- Looking for include file audioclient.h
[INFO] [stderr]   -- Looking for include file audioclient.h - not found
[INFO] [stderr]   -- Looking for include files windows.h, mmsystem.h
[INFO] [stderr]   -- Looking for include files windows.h, mmsystem.h - not found
[INFO] [stderr]   -- Looking for include file SLES/OpenSLES.h
[INFO] [stderr]   -- Looking for include file SLES/OpenSLES.h - not found
[INFO] [stderr]   -- Looking for include file sys/soundcard.h
[INFO] [stderr]   -- Looking for include file sys/soundcard.h - found
[INFO] [stderr]   -- Looking for include file android/log.h
[INFO] [stderr]   -- Looking for include file android/log.h - not found
[INFO] [stderr]   -- Looking for include file sys/audioio.h
[INFO] [stderr]   -- Looking for include file sys/audioio.h - not found
[INFO] [stderr]   -- Looking for include file kai.h
[INFO] [stderr]   -- Looking for include file kai.h - not found
[INFO] [stderr]   -- Could NOT find Doxygen (missing: DOXYGEN_EXECUTABLE) 
[INFO] [stderr]   -- Configuring done (4.3s)
[INFO] [stderr]   -- Generating done (0.0s)
[INFO] [stderr]   -- Build files have been written to: /opt/rustwide/target/release/build/cubeb-sys/7a9475010451cb2d/out/build
[INFO] [stderr]   running: cd "/opt/rustwide/target/release/build/cubeb-sys/7a9475010451cb2d/out/build" && CARGO_BUILD_TARGET="x86_64-unknown-linux-gnu" CARGO_TARGET_DIR="/opt/rustwide/target/release/build/cubeb-sys/7a9475010451cb2d/out/rust-backend-target" LC_ALL="C" MAKEFLAGS="-j --jobserver-fds=4,5 --jobserver-auth=4,5" "cmake" "--build" "/opt/rustwide/target/release/build/cubeb-sys/7a9475010451cb2d/out/build" "--target" "install" "--config" "Release"
[INFO] [stderr]   [  4%] Building C object CMakeFiles/speex.dir/subprojects/speex/resample.c.o
[INFO] [stderr]   [  9%] Creating directories for 'cubeb_pulse_rs'
[INFO] [stderr]   [ 14%] No download step for 'cubeb_pulse_rs'
[INFO] [stderr]   [ 19%] No update step for 'cubeb_pulse_rs'
[INFO] [stderr]   [ 23%] No patch step for 'cubeb_pulse_rs'
[INFO] [stderr]   [ 28%] No configure step for 'cubeb_pulse_rs'
[INFO] [stderr]   [ 33%] Performing build step for 'cubeb_pulse_rs'
[INFO] [stderr]   [ 33%] Built target speex
[INFO] [stderr]   -- stdout output is:
[INFO] [stderr] 
[INFO] [stderr]   -- stderr output is:
[INFO] [stderr]   warning: failed to connect to jobserver from environment variable `CARGO_MAKEFLAGS="-j --jobserver-fds=4,5 --jobserver-auth=4,5"`: cannot open file descriptor 4 from the jobserver environment variable value: Bad file descriptor (os error 9)
[INFO] [stderr]       Updating crates.io index
[INFO] [stderr]   warning: spurious network error (3 tries remaining): [6] Could not resolve hostname (Could not resolve host: index.crates.io)
[INFO] [stderr]   warning: spurious network error (2 tries remaining): [6] Could not resolve hostname (Could not resolve host: index.crates.io)
[INFO] [stderr]   warning: spurious network error (1 try remaining): [6] Could not resolve hostname (Could not resolve host: index.crates.io)
[INFO] [stderr]   warning: spurious network error (3 tries remaining): [6] Could not resolve hostname (Could not resolve host: index.crates.io)
[INFO] [stderr]   warning: spurious network error (3 tries remaining): [6] Could not resolve hostname (Could not resolve host: index.crates.io)
[INFO] [stderr]   warning: spurious network error (3 tries remaining): [6] Could not resolve hostname (Could not resolve host: index.crates.io)
[INFO] [stderr]   warning: spurious network error (3 tries remaining): [6] Could not resolve hostname (Could not resolve host: index.crates.io)
[INFO] [stderr]   warning: spurious network error (2 tries remaining): [6] Could not resolve hostname (Could not resolve host: index.crates.io)
[INFO] [stderr]   warning: spurious network error (2 tries remaining): [6] Could not resolve hostname (Could not resolve host: index.crates.io)
[INFO] [stderr]   warning: spurious network error (2 tries remaining): [6] Could not resolve hostname (Could not resolve host: index.crates.io)
[INFO] [stderr]   warning: spurious network error (2 tries remaining): [6] Could not resolve hostname (Could not resolve host: index.crates.io)
[INFO] [stderr]   warning: spurious network error (1 try remaining): [6] Could not resolve hostname (Could not resolve host: index.crates.io)
[INFO] [stderr]   warning: spurious network error (1 try remaining): [6] Could not resolve hostname (Could not resolve host: index.crates.io)
[INFO] [stderr]   warning: spurious network error (1 try remaining): [6] Could not resolve hostname (Could not resolve host: index.crates.io)
[INFO] [stderr]   warning: spurious network error (1 try remaining): [6] Could not resolve hostname (Could not resolve host: index.crates.io)
[INFO] [stderr]   error: failed to get `cubeb-backend` as a dependency of package `cubeb-pulse v0.5.0 (/opt/rustwide/target/release/build/cubeb-sys/7a9475010451cb2d/out/libcubeb/src/cubeb-pulse-rs)`
[INFO] [stderr] 
[INFO] [stderr]   Caused by:
[INFO] [stderr]     failed to load source for dependency `cubeb-backend`
[INFO] [stderr] 
[INFO] [stderr]   Caused by:
[INFO] [stderr]     unable to update registry `crates-io`
[INFO] [stderr] 
[INFO] [stderr]   Caused by:
[INFO] [stderr]     download of config.json failed
[INFO] [stderr] 
[INFO] [stderr]   Caused by:
[INFO] [stderr]     [6] Could not resolve hostname (Could not resolve host: index.crates.io)
[INFO] [stderr] 
[INFO] [stderr] 
[INFO] [stderr]   --- stderr
[INFO] [stderr]   CMake Warning:
[INFO] [stderr]     Manually-specified variables were not used by the project:
[INFO] [stderr] 
[INFO] [stderr]       CMAKE_ASM_COMPILER
[INFO] [stderr]       CMAKE_ASM_FLAGS
[INFO] [stderr] 
[INFO] [stderr] 
[INFO] [stderr]   CMake Error at /opt/rustwide/target/release/build/cubeb-sys/7a9475010451cb2d/out/build/rust/src/cubeb_pulse_rs-stamp/cubeb_pulse_rs-build-Release.cmake:37 (message):
[INFO] [stderr]     Command failed: 101
[INFO] [stderr] 
[INFO] [stderr]      'cargo' 'build' '--features=gecko-in-tree' '--release'
[INFO] [stderr] 
[INFO] [stderr]     See also
[INFO] [stderr] 
[INFO] [stderr]       /opt/rustwide/target/release/build/cubeb-sys/7a9475010451cb2d/out/build/rust/src/cubeb_pulse_rs-stamp/cubeb_pulse_rs-build-*.log
[INFO] [stderr] 
[INFO] [stderr] 
[INFO] [stderr]   CMake Error at /opt/rustwide/target/release/build/cubeb-sys/7a9475010451cb2d/out/build/rust/src/cubeb_pulse_rs-stamp/cubeb_pulse_rs-build-Release.cmake:47 (message):
[INFO] [stderr]     Stopping after outputting logs.
[INFO] [stderr] 
[INFO] [stderr] 
[INFO] [stderr]   gmake[2]: *** [CMakeFiles/cubeb_pulse_rs.dir/build.make:95: rust/src/cubeb_pulse_rs-stamp/cubeb_pulse_rs-build] Error 1
[INFO] [stderr]   gmake[1]: *** [CMakeFiles/Makefile2:160: CMakeFiles/cubeb_pulse_rs.dir/all] Error 2
[INFO] [stderr]   gmake: *** [Makefile:136: all] Error 2
[INFO] [stderr] 
[INFO] [stderr]   thread 'main' (132) panicked at /opt/rustwide/cargo-home/registry/src/index.crates.io-1949cf8c6b5b557f/cmake-0.1.54/src/lib.rs:1119:5:
[INFO] [stderr] 
[INFO] [stderr]   command did not execute successfully, got: exit status: 2
[INFO] [stderr] 
[INFO] [stderr]   build script failed, must exit now
[INFO] [stderr]   stack backtrace:
[INFO] [stderr]      0:     0x5af9873f28f1 - <<std[617be2ca0a6fd877]::sys::backtrace::BacktraceLock>::print::DisplayBacktrace as core[a373ad73a504971]::fmt::Display>::fmt
[INFO] [stderr]      1:     0x5af9874068fa - core[a373ad73a504971]::fmt::write
[INFO] [stderr]      2:     0x5af9873f814c - <std[617be2ca0a6fd877]::sys::stdio::unix::Stderr as core[a373ad73a504971]::io::write::Write>::write_fmt
[INFO] [stderr]      3:     0x5af9873d04f6 - std[617be2ca0a6fd877]::panicking::default_hook::{closure#0}
[INFO] [stderr]      4:     0x5af9873ec531 - std[617be2ca0a6fd877]::panicking::default_hook
[INFO] [stderr]      5:     0x5af9873ec6eb - std[617be2ca0a6fd877]::panicking::panic_with_hook
[INFO] [stderr]      6:     0x5af9873d05a2 - std[617be2ca0a6fd877]::panicking::panic_handler::{closure#0}
[INFO] [stderr]      7:     0x5af9873c9119 - std[617be2ca0a6fd877]::sys::backtrace::__rust_end_short_backtrace::<std[617be2ca0a6fd877]::panicking::panic_handler::{closure#0}, !>
[INFO] [stderr]      8:     0x5af9873d0ffd - __rustc[ea4f61d10b84890b]::rust_begin_unwind
[INFO] [stderr]      9:     0x5af98740706c - core[a373ad73a504971]::panicking::panic_fmt
[INFO] [stderr]     10:     0x5af9873602a7 - cmake[543c468778d9d45c]::fail
[INFO] [stderr]     11:     0x5af98735ff33 - cmake[543c468778d9d45c]::run
[INFO] [stderr]     12:     0x5af987365da4 - <cmake[543c468778d9d45c]::Config>::build
[INFO] [stderr]     13:     0x5af987331ad3 - build_script_build[36622a44e6fc341]::main
[INFO] [stderr]     14:     0x5af987333fd3 - <fn() as core[a373ad73a504971]::ops::function::FnOnce<()>>::call_once
[INFO] [stderr]     15:     0x5af987330a6e - std[617be2ca0a6fd877]::sys::backtrace::__rust_begin_short_backtrace::<fn(), ()>
[INFO] [stderr]     16:     0x5af987330a79 - std[617be2ca0a6fd877]::rt::lang_start::<()>::{closure#0}
[INFO] [stderr]     17:     0x5af9873eb838 - std[617be2ca0a6fd877]::rt::lang_start_internal
[INFO] [stderr]     18:     0x5af9873304c1 - std[617be2ca0a6fd877]::rt::lang_start::<()>
[INFO] [stderr]     19:     0x5af987334065 - main
[INFO] [stderr]     20:     0x7b9f0910a601 - <unknown>
[INFO] [stderr]     21:     0x7b9f0910a718 - __libc_start_main
[INFO] [stderr]     22:     0x5af98732f445 - _start
[INFO] [stderr]     23:                0x0 - <unknown>
[INFO] running `Command { std: "docker" "inspect" "01079a47ab0b60353af1c9751e125ec30f052985df54941a73a7025c7187c1ff", kill_on_drop: false }`
[INFO] running `Command { std: "docker" "rm" "-f" "01079a47ab0b60353af1c9751e125ec30f052985df54941a73a7025c7187c1ff", kill_on_drop: false }`
[INFO] [stdout] 01079a47ab0b60353af1c9751e125ec30f052985df54941a73a7025c7187c1ff
