[INFO] fetching crate cu29-derive 1.1.4...
[INFO] testing cu29-derive-1.1.4 against 1.100.0-beta.1+cargoflags=--release for beta-release-1.100-2
[INFO] extracting crate cu29-derive 1.1.4 into /workspace/builds/worker-4-tc2/source
[INFO] started tweaking crates.io crate cu29-derive 1.1.4
[INFO] finished tweaking crates.io crate cu29-derive 1.1.4
[INFO] tweaked toml for crates.io crate cu29-derive 1.1.4 written to /workspace/builds/worker-4-tc2/source/Cargo.toml
[INFO] validating manifest of crates.io crate cu29-derive 1.1.4 on toolchain 1.100.0-beta.1
[INFO] running `Command { std: CARGO_HOME="/workspace/cargo-home" RUSTUP_HOME="/workspace/rustup-home" "/workspace/cargo-home/bin/cargo" "+1.100.0-beta.1" "metadata" "--manifest-path" "Cargo.toml" "--no-deps", kill_on_drop: false }`
[INFO] crate crates.io crate cu29-derive 1.1.4 already has a lockfile, it will not be regenerated
[INFO] running `Command { std: CARGO_HOME="/workspace/cargo-home" RUSTUP_HOME="/workspace/rustup-home" "/workspace/cargo-home/bin/cargo" "+1.100.0-beta.1" "fetch" "--manifest-path" "Cargo.toml", kill_on_drop: false }`
[INFO] running `Command { std: "docker" "create" "-v" "/var/lib/crater-agent-workspace/builds/worker-4-tc2/source:/opt/rustwide/workdir:ro,Z" "-v" "/var/lib/crater-agent-workspace/builds/worker-4-tc2/target:/opt/rustwide/target:rw,Z" "-v" "/var/lib/crater-agent-workspace/cargo-home:/opt/rustwide/cargo-home:ro,Z" "-v" "/var/lib/crater-agent-workspace/rustup-home:/opt/rustwide/rustup-home:ro,Z" "-m" "1610612736" "--network" "none" "ghcr.io/rust-lang/crates-build-env/linux@sha256:77db811e55d90add9212f6832c23229e3de5f1c1f9905e8cb07319ea15df73ac" "sleep" "infinity", kill_on_drop: false }`
[INFO] [stdout] 7c88387ed5b60c957aad181420c6b14fc7d0547c32bca6a5784f13479d67707f
[INFO] running `Command { std: "docker" "start" "7c88387ed5b60c957aad181420c6b14fc7d0547c32bca6a5784f13479d67707f", kill_on_drop: false }`
[INFO] running `Command { std: "docker" "inspect" "7c88387ed5b60c957aad181420c6b14fc7d0547c32bca6a5784f13479d67707f", kill_on_drop: false }`
[INFO] running `Command { std: "docker" "exec" "-e" "SOURCE_DIR=/opt/rustwide/workdir" "-e" "CARGO_HOME=/opt/rustwide/cargo-home" "-e" "RUSTUP_HOME=/opt/rustwide/rustup-home" "-e" "CARGO_TARGET_DIR=/opt/rustwide/target" "-w" "/opt/rustwide/workdir" "--user" "0:0" "7c88387ed5b60c957aad181420c6b14fc7d0547c32bca6a5784f13479d67707f" "/opt/rustwide/cargo-home/bin/cargo" "+1.100.0-beta.1" "metadata" "--no-deps" "--format-version=1", kill_on_drop: false }`
[INFO] running `Command { std: "docker" "inspect" "7c88387ed5b60c957aad181420c6b14fc7d0547c32bca6a5784f13479d67707f", kill_on_drop: false }`
[INFO] running `Command { std: "docker" "exec" "-e" "SOURCE_DIR=/opt/rustwide/workdir" "-e" "CARGO_HOME=/opt/rustwide/cargo-home" "-e" "RUSTUP_HOME=/opt/rustwide/rustup-home" "-e" "CARGO_TARGET_DIR=/opt/rustwide/target" "-e" "CARGO_INCREMENTAL=0" "-e" "RUST_BACKTRACE=full" "-e" "RUSTFLAGS=--cap-lints=warn" "-e" "RUSTDOCFLAGS=--cap-lints=warn" "-w" "/opt/rustwide/workdir" "--user" "0:0" "7c88387ed5b60c957aad181420c6b14fc7d0547c32bca6a5784f13479d67707f" "/opt/rustwide/cargo-home/bin/cargo" "+1.100.0-beta.1" "build" "--frozen" "--message-format=json" "--release", kill_on_drop: false }`
[INFO] [stderr]    Compiling unicode-ident v1.0.26
[INFO] [stderr]    Compiling cfg-if v1.0.5
[INFO] [stderr]    Compiling strfmt v0.2.6
[INFO] [stderr]    Compiling rustix v1.1.5
[INFO] [stderr]    Compiling cu29-log-derive v1.1.3
[INFO] [stderr]    Compiling proc-macro-crate v3.5.0
[INFO] [stderr]    Compiling uom v0.38.0
[INFO] [stderr]    Compiling cu29-runtime v1.1.4
[INFO] [stderr]    Compiling proc-macro2 v1.0.107
[INFO] [stderr]    Compiling quote v1.0.47
[INFO] [stderr]    Compiling syn v3.0.6
[INFO] [stderr]    Compiling tempfile v3.27.0
[INFO] [stderr]    Compiling serde_derive v1.0.229
[INFO] [stderr]    Compiling clap_derive v4.6.7
[INFO] [stderr]    Compiling cu29-reflect-derive v1.1.3
[INFO] [stderr]    Compiling clap v4.6.7
[INFO] [stderr]    Compiling serde v1.0.229
[INFO] [stderr]    Compiling cu29-clock v1.1.3
[INFO] [stderr]    Compiling smallvec v1.16.2
[INFO] [stderr]    Compiling compact_str v0.10.0
[INFO] [stderr]    Compiling petgraph v0.8.3
[INFO] [stderr]    Compiling ron v0.12.2
[INFO] [stderr]    Compiling arrayvec v0.7.8
[INFO] [stderr]    Compiling parking_lot_core v0.9.12
[INFO] [stderr]    Compiling parking_lot v0.12.5
[INFO] [stderr]    Compiling cu29-value v1.1.3
[INFO] [stderr]    Compiling cu29-traits v1.1.3
[INFO] [stderr]    Compiling object-pool v0.6.0
[INFO] [stderr]    Compiling cu29-log v1.1.3
[INFO] [stderr]    Compiling cu29-unifiedlog v1.1.3
[INFO] [stderr]    Compiling cu29-log-runtime v1.1.3
[INFO] [stderr]    Compiling cu29-units v1.1.3
[INFO] [stderr]    Compiling cu29-derive v1.1.4 (/opt/rustwide/workdir)
[INFO] [stderr]     Finished `release` profile [optimized] target(s) in 1m 12s
[INFO] running `Command { std: "docker" "inspect" "7c88387ed5b60c957aad181420c6b14fc7d0547c32bca6a5784f13479d67707f", kill_on_drop: false }`
[INFO] running `Command { std: "docker" "exec" "-e" "SOURCE_DIR=/opt/rustwide/workdir" "-e" "CARGO_HOME=/opt/rustwide/cargo-home" "-e" "RUSTUP_HOME=/opt/rustwide/rustup-home" "-e" "CARGO_TARGET_DIR=/opt/rustwide/target" "-e" "CARGO_INCREMENTAL=0" "-e" "RUST_BACKTRACE=full" "-e" "RUSTFLAGS=--cap-lints=warn" "-e" "RUSTDOCFLAGS=--cap-lints=warn" "-w" "/opt/rustwide/workdir" "--user" "0:0" "7c88387ed5b60c957aad181420c6b14fc7d0547c32bca6a5784f13479d67707f" "/opt/rustwide/cargo-home/bin/cargo" "+1.100.0-beta.1" "test" "--frozen" "--no-run" "--message-format=json" "--release", kill_on_drop: false }`
[INFO] [stderr]    Compiling cu29-derive v1.1.4 (/opt/rustwide/workdir)
[INFO] [stdout] error[E0433]: cannot find module or crate `ui_test` in this scope
[INFO] [stdout]      --> src/lib.rs:10617:13
[INFO] [stdout]       |
[INFO] [stdout] 10617 |         use ui_test::custom_flags::edition::Edition;
[INFO] [stdout]       |             ^^^^^^^ use of unresolved module or unlinked crate `ui_test`
[INFO] [stdout]       |
[INFO] [stdout]       = help: if you wanted to use a crate named `ui_test`, use `cargo add ui_test` to add it to your `Cargo.toml`
[INFO] [stdout] 
[INFO] [stdout] 
[INFO] [stdout] error[E0433]: cannot find module or crate `ui_test` in this scope
[INFO] [stdout]      --> src/lib.rs:10618:13
[INFO] [stdout]       |
[INFO] [stdout] 10618 |         use ui_test::custom_flags::rustfix::RustfixMode;
[INFO] [stdout]       |             ^^^^^^^ use of unresolved module or unlinked crate `ui_test`
[INFO] [stdout]       |
[INFO] [stdout]       = help: if you wanted to use a crate named `ui_test`, use `cargo add ui_test` to add it to your `Cargo.toml`
[INFO] [stdout] 
[INFO] [stdout] 
[INFO] [stdout] error[E0433]: cannot find module or crate `ui_test` in this scope
[INFO] [stdout]      --> src/lib.rs:10619:13
[INFO] [stdout]       |
[INFO] [stdout] 10619 |         use ui_test::dependencies::DependencyBuilder;
[INFO] [stdout]       |             ^^^^^^^ use of unresolved module or unlinked crate `ui_test`
[INFO] [stdout]       |
[INFO] [stdout]       = help: if you wanted to use a crate named `ui_test`, use `cargo add ui_test` to add it to your `Cargo.toml`
[INFO] [stdout] 
[INFO] [stdout] 
[INFO] [stdout] error[E0433]: cannot find module or crate `cu29` in this scope
[INFO] [stdout]      --> src/lib.rs:10735:13
[INFO] [stdout]       |
[INFO] [stdout] 10735 |         use cu29::config::CuConfig;
[INFO] [stdout]       |             ^^^^ use of unresolved module or unlinked crate `cu29`
[INFO] [stdout]       |
[INFO] [stdout]       = help: if you wanted to use a crate named `cu29`, use `cargo add cu29` to add it to your `Cargo.toml`
[INFO] [stdout] 
[INFO] [stdout] 
[INFO] [stdout] error[E0433]: cannot find module or crate `cu29` in this scope
[INFO] [stdout]      --> src/lib.rs:10736:13
[INFO] [stdout]       |
[INFO] [stdout] 10736 |         use cu29::curuntime::{CuExecutionUnit, compute_runtime_plan};
[INFO] [stdout]       |             ^^^^ use of unresolved module or unlinked crate `cu29`
[INFO] [stdout]       |
[INFO] [stdout]       = help: if you wanted to use a crate named `cu29`, use `cargo add cu29` to add it to your `Cargo.toml`
[INFO] [stdout] 
[INFO] [stdout] 
[INFO] [stdout] error[E0433]: cannot find module or crate `cu29` in this scope
[INFO] [stdout]      --> src/lib.rs:10763:13
[INFO] [stdout]       |
[INFO] [stdout] 10763 |         use cu29::config::CuConfig;
[INFO] [stdout]       |             ^^^^ use of unresolved module or unlinked crate `cu29`
[INFO] [stdout]       |
[INFO] [stdout]       = help: if you wanted to use a crate named `cu29`, use `cargo add cu29` to add it to your `Cargo.toml`
[INFO] [stdout] 
[INFO] [stdout] 
[INFO] [stdout] error[E0433]: cannot find module or crate `cu29` in this scope
[INFO] [stdout]      --> src/lib.rs:10804:13
[INFO] [stdout]       |
[INFO] [stdout] 10804 |         use cu29::config::{CuGraph, Flavor, Node};
[INFO] [stdout]       |             ^^^^ use of unresolved module or unlinked crate `cu29`
[INFO] [stdout]       |
[INFO] [stdout]       = help: if you wanted to use a crate named `cu29`, use `cargo add cu29` to add it to your `Cargo.toml`
[INFO] [stdout] 
[INFO] [stdout] 
[INFO] [stdout] error[E0432]: unresolved import `ui_test`
[INFO] [stdout]      --> src/lib.rs:10620:13
[INFO] [stdout]       |
[INFO] [stdout] 10620 |         use ui_test::{Config, default_file_filter, default_per_file_config, run_tests_generic};
[INFO] [stdout]       |             ^^^^^^^ use of unresolved module or unlinked crate `ui_test`
[INFO] [stdout]       |
[INFO] [stdout]       = help: if you wanted to use a crate named `ui_test`, use `cargo add ui_test` to add it to your `Cargo.toml`
[INFO] [stdout] 
[INFO] [stdout] 
[INFO] [stdout] error[E0433]: cannot find module or crate `ui_test` in this scope
[INFO] [stdout]      --> src/lib.rs:10662:13
[INFO] [stdout]       |
[INFO] [stdout] 10662 |             ui_test::status_emitter::Text::quiet(),
[INFO] [stdout]       |             ^^^^^^^ use of unresolved module or unlinked crate `ui_test`
[INFO] [stdout]       |
[INFO] [stdout]       = help: if you wanted to use a crate named `ui_test`, use `cargo add ui_test` to add it to your `Cargo.toml`
[INFO] [stdout] 
[INFO] [stdout] 
[INFO] [stdout] error[E0433]: cannot find module or crate `cu29` in this scope
[INFO] [stdout]      --> src/lib.rs:10827:26
[INFO] [stdout]       |
[INFO] [stdout] 10827 |         let mut config = cu29::config::CuConfig::default();
[INFO] [stdout]       |                          ^^^^ use of unresolved module or unlinked crate `cu29`
[INFO] [stdout]       |
[INFO] [stdout]       = help: if you wanted to use a crate named `cu29`, use `cargo add cu29` to add it to your `Cargo.toml`
[INFO] [stdout] 
[INFO] [stdout] 
[INFO] [stdout] error[E0433]: cannot find module or crate `ui_test` in this scope
[INFO] [stdout]      --> src/lib.rs:10644:43
[INFO] [stdout]       |
[INFO] [stdout] 10644 |         config.output_conflict_handling = ui_test::ignore_output_conflict;
[INFO] [stdout]       |                                           ^^^^^^^ use of unresolved module or unlinked crate `ui_test`
[INFO] [stdout]       |
[INFO] [stdout]       = help: if you wanted to use a crate named `ui_test`, use `cargo add ui_test` to add it to your `Cargo.toml`
[INFO] [stdout] 
[INFO] [stdout] 
[INFO] [stdout] Some errors have detailed explanations: E0432, E0433.
[INFO] [stdout] 
[INFO] [stdout] For more information about an error, try `rustc --explain E0432`.
[INFO] [stdout] 
[INFO] [stderr] error: could not compile `cu29-derive` (lib test) due to 11 previous errors
[INFO] [stderr] warning: build failed, waiting for other jobs to finish...
[INFO] running `Command { std: "docker" "inspect" "7c88387ed5b60c957aad181420c6b14fc7d0547c32bca6a5784f13479d67707f", kill_on_drop: false }`
[INFO] running `Command { std: "docker" "rm" "-f" "7c88387ed5b60c957aad181420c6b14fc7d0547c32bca6a5784f13479d67707f", kill_on_drop: false }`
[INFO] [stdout] 7c88387ed5b60c957aad181420c6b14fc7d0547c32bca6a5784f13479d67707f
