[INFO] fetching crate ctxgen 0.2.6...
[INFO] testing ctxgen-0.2.6 against 1.99.0-beta.8+cargoflags=--release for beta-release-1.100-2
[INFO] extracting crate ctxgen 0.2.6 into /workspace/builds/worker-2-tc1/source
[INFO] started tweaking crates.io crate ctxgen 0.2.6
[INFO] finished tweaking crates.io crate ctxgen 0.2.6
[INFO] tweaked toml for crates.io crate ctxgen 0.2.6 written to /workspace/builds/worker-2-tc1/source/Cargo.toml
[INFO] validating manifest of crates.io crate ctxgen 0.2.6 on toolchain 1.99.0-beta.8
[INFO] running `Command { std: CARGO_HOME="/workspace/cargo-home" RUSTUP_HOME="/workspace/rustup-home" "/workspace/cargo-home/bin/cargo" "+1.99.0-beta.8" "metadata" "--manifest-path" "Cargo.toml" "--no-deps", kill_on_drop: false }`
[INFO] crate crates.io crate ctxgen 0.2.6 already has a lockfile, it will not be regenerated
[INFO] running `Command { std: CARGO_HOME="/workspace/cargo-home" RUSTUP_HOME="/workspace/rustup-home" "/workspace/cargo-home/bin/cargo" "+1.99.0-beta.8" "fetch" "--manifest-path" "Cargo.toml", kill_on_drop: false }`
[INFO] running `Command { std: "docker" "create" "-v" "/var/lib/crater-agent-workspace/builds/worker-2-tc1/source:/opt/rustwide/workdir:ro,Z" "-v" "/var/lib/crater-agent-workspace/builds/worker-2-tc1/target:/opt/rustwide/target:rw,Z" "-v" "/var/lib/crater-agent-workspace/cargo-home:/opt/rustwide/cargo-home:ro,Z" "-v" "/var/lib/crater-agent-workspace/rustup-home:/opt/rustwide/rustup-home:ro,Z" "-m" "1610612736" "--network" "none" "ghcr.io/rust-lang/crates-build-env/linux@sha256:77db811e55d90add9212f6832c23229e3de5f1c1f9905e8cb07319ea15df73ac" "sleep" "infinity", kill_on_drop: false }`
[INFO] [stdout] b7ea9867c7c024f09f7e4977908d36adc576277481d114652f729e5330f9e655
[INFO] running `Command { std: "docker" "start" "b7ea9867c7c024f09f7e4977908d36adc576277481d114652f729e5330f9e655", kill_on_drop: false }`
[INFO] running `Command { std: "docker" "inspect" "b7ea9867c7c024f09f7e4977908d36adc576277481d114652f729e5330f9e655", kill_on_drop: false }`
[INFO] running `Command { std: "docker" "exec" "-e" "SOURCE_DIR=/opt/rustwide/workdir" "-e" "CARGO_HOME=/opt/rustwide/cargo-home" "-e" "RUSTUP_HOME=/opt/rustwide/rustup-home" "-e" "CARGO_TARGET_DIR=/opt/rustwide/target" "-w" "/opt/rustwide/workdir" "--user" "0:0" "b7ea9867c7c024f09f7e4977908d36adc576277481d114652f729e5330f9e655" "/opt/rustwide/cargo-home/bin/cargo" "+1.99.0-beta.8" "metadata" "--no-deps" "--format-version=1", kill_on_drop: false }`
[INFO] running `Command { std: "docker" "inspect" "b7ea9867c7c024f09f7e4977908d36adc576277481d114652f729e5330f9e655", kill_on_drop: false }`
[INFO] running `Command { std: "docker" "exec" "-e" "SOURCE_DIR=/opt/rustwide/workdir" "-e" "CARGO_HOME=/opt/rustwide/cargo-home" "-e" "RUSTUP_HOME=/opt/rustwide/rustup-home" "-e" "CARGO_TARGET_DIR=/opt/rustwide/target" "-e" "CARGO_INCREMENTAL=0" "-e" "RUST_BACKTRACE=full" "-e" "RUSTFLAGS=--cap-lints=warn" "-e" "RUSTDOCFLAGS=--cap-lints=warn" "-w" "/opt/rustwide/workdir" "--user" "0:0" "b7ea9867c7c024f09f7e4977908d36adc576277481d114652f729e5330f9e655" "/opt/rustwide/cargo-home/bin/cargo" "+1.99.0-beta.8" "build" "--frozen" "--message-format=json" "--release", kill_on_drop: false }`
[INFO] [stderr]    Compiling proc-macro2 v1.0.103
[INFO] [stderr]    Compiling unicode-ident v1.0.22
[INFO] [stderr]    Compiling quote v1.0.42
[INFO] [stderr]    Compiling memchr v2.7.6
[INFO] [stderr]    Compiling anstyle v1.0.13
[INFO] [stderr]    Compiling clap_lex v0.7.6
[INFO] [stderr]    Compiling anyhow v1.0.100
[INFO] [stderr]    Compiling regex-syntax v0.8.8
[INFO] [stderr]    Compiling walkdir v2.5.0
[INFO] [stderr]    Compiling anstream v0.6.21
[INFO] [stderr]    Compiling clap_builder v4.5.53
[INFO] [stderr]    Compiling aho-corasick v1.1.4
[INFO] [stderr]    Compiling syn v2.0.111
[INFO] [stderr]    Compiling regex-automata v0.4.13
[INFO] [stderr]    Compiling clap_derive v4.5.49
[INFO] [stderr]    Compiling regex v1.12.2
[INFO] [stderr]    Compiling clap v4.5.53
[INFO] [stderr]    Compiling ctxgen v0.2.6 (/opt/rustwide/workdir)
[INFO] [stderr]     Finished `release` profile [optimized] target(s) in 26.88s
[INFO] running `Command { std: "docker" "inspect" "b7ea9867c7c024f09f7e4977908d36adc576277481d114652f729e5330f9e655", kill_on_drop: false }`
[INFO] running `Command { std: "docker" "exec" "-e" "SOURCE_DIR=/opt/rustwide/workdir" "-e" "CARGO_HOME=/opt/rustwide/cargo-home" "-e" "RUSTUP_HOME=/opt/rustwide/rustup-home" "-e" "CARGO_TARGET_DIR=/opt/rustwide/target" "-e" "CARGO_INCREMENTAL=0" "-e" "RUST_BACKTRACE=full" "-e" "RUSTFLAGS=--cap-lints=warn" "-e" "RUSTDOCFLAGS=--cap-lints=warn" "-w" "/opt/rustwide/workdir" "--user" "0:0" "b7ea9867c7c024f09f7e4977908d36adc576277481d114652f729e5330f9e655" "/opt/rustwide/cargo-home/bin/cargo" "+1.99.0-beta.8" "test" "--frozen" "--no-run" "--message-format=json" "--release", kill_on_drop: false }`
[INFO] [stderr]    Compiling ctxgen v0.2.6 (/opt/rustwide/workdir)
[INFO] [stdout] error[E0061]: this function takes 1 argument but 2 arguments were supplied
[INFO] [stdout]    --> src/lib.rs:156:35
[INFO] [stdout]     |
[INFO] [stdout] 156 |         let (result, has_folds) = process_folds(content, "test.txt");
[INFO] [stdout]     |                                   ^^^^^^^^^^^^^          ---------- unexpected argument #2 of type `&'static str`
[INFO] [stdout]     |
[INFO] [stdout] note: function defined here
[INFO] [stdout]    --> src/lib.rs:21:4
[INFO] [stdout]     |
[INFO] [stdout]  21 | fn process_folds(content: &str) -> (String, bool) {
[INFO] [stdout]     |    ^^^^^^^^^^^^^
[INFO] [stdout] help: remove the extra argument
[INFO] [stdout]     |
[INFO] [stdout] 156 -         let (result, has_folds) = process_folds(content, "test.txt");
[INFO] [stdout] 156 +         let (result, has_folds) = process_folds(content);
[INFO] [stdout]     |
[INFO] [stdout] 
[INFO] [stdout] 
[INFO] [stdout] error[E0061]: this function takes 1 argument but 2 arguments were supplied
[INFO] [stdout]    --> src/lib.rs:164:35
[INFO] [stdout]     |
[INFO] [stdout] 164 |         let (result, has_folds) = process_folds(content, "test.txt");
[INFO] [stdout]     |                                   ^^^^^^^^^^^^^          ---------- unexpected argument #2 of type `&'static str`
[INFO] [stdout]     |
[INFO] [stdout] note: function defined here
[INFO] [stdout]    --> src/lib.rs:21:4
[INFO] [stdout]     |
[INFO] [stdout]  21 | fn process_folds(content: &str) -> (String, bool) {
[INFO] [stdout]     |    ^^^^^^^^^^^^^
[INFO] [stdout] help: remove the extra argument
[INFO] [stdout]     |
[INFO] [stdout] 164 -         let (result, has_folds) = process_folds(content, "test.txt");
[INFO] [stdout] 164 +         let (result, has_folds) = process_folds(content);
[INFO] [stdout]     |
[INFO] [stdout] 
[INFO] [stdout] 
[INFO] [stdout] error[E0061]: this function takes 1 argument but 2 arguments were supplied
[INFO] [stdout]    --> src/lib.rs:174:35
[INFO] [stdout]     |
[INFO] [stdout] 174 |         let (result, has_folds) = process_folds(content, "test.txt");
[INFO] [stdout]     |                                   ^^^^^^^^^^^^^          ---------- unexpected argument #2 of type `&'static str`
[INFO] [stdout]     |
[INFO] [stdout] note: function defined here
[INFO] [stdout]    --> src/lib.rs:21:4
[INFO] [stdout]     |
[INFO] [stdout]  21 | fn process_folds(content: &str) -> (String, bool) {
[INFO] [stdout]     |    ^^^^^^^^^^^^^
[INFO] [stdout] help: remove the extra argument
[INFO] [stdout]     |
[INFO] [stdout] 174 -         let (result, has_folds) = process_folds(content, "test.txt");
[INFO] [stdout] 174 +         let (result, has_folds) = process_folds(content);
[INFO] [stdout]     |
[INFO] [stdout] 
[INFO] [stdout] 
[INFO] [stdout] For more information about this error, try `rustc --explain E0061`.
[INFO] [stdout] 
[INFO] [stderr] error: could not compile `ctxgen` (lib test) due to 3 previous errors
[INFO] [stderr] warning: build failed, waiting for other jobs to finish...
[INFO] running `Command { std: "docker" "inspect" "b7ea9867c7c024f09f7e4977908d36adc576277481d114652f729e5330f9e655", kill_on_drop: false }`
[INFO] running `Command { std: "docker" "rm" "-f" "b7ea9867c7c024f09f7e4977908d36adc576277481d114652f729e5330f9e655", kill_on_drop: false }`
[INFO] [stdout] b7ea9867c7c024f09f7e4977908d36adc576277481d114652f729e5330f9e655
