[INFO] fetching crate ctranslate2-server 0.1.2...
[INFO] testing ctranslate2-server-0.1.2 against 1.100.0-beta.1+cargoflags=--release for beta-release-1.100-2
[INFO] extracting crate ctranslate2-server 0.1.2 into /workspace/builds/worker-5-tc2/source
[INFO] started tweaking crates.io crate ctranslate2-server 0.1.2
[INFO] removed 0 missing tests
[INFO] finished tweaking crates.io crate ctranslate2-server 0.1.2
[INFO] tweaked toml for crates.io crate ctranslate2-server 0.1.2 written to /workspace/builds/worker-5-tc2/source/Cargo.toml
[INFO] validating manifest of crates.io crate ctranslate2-server 0.1.2 on toolchain 1.100.0-beta.1
[INFO] running `Command { std: CARGO_HOME="/workspace/cargo-home" RUSTUP_HOME="/workspace/rustup-home" "/workspace/cargo-home/bin/cargo" "+1.100.0-beta.1" "metadata" "--manifest-path" "Cargo.toml" "--no-deps", kill_on_drop: false }`
[INFO] crate crates.io crate ctranslate2-server 0.1.2 already has a lockfile, it will not be regenerated
[INFO] running `Command { std: CARGO_HOME="/workspace/cargo-home" RUSTUP_HOME="/workspace/rustup-home" "/workspace/cargo-home/bin/cargo" "+1.100.0-beta.1" "fetch" "--manifest-path" "Cargo.toml", kill_on_drop: false }`
[INFO] running `Command { std: "docker" "create" "-v" "/var/lib/crater-agent-workspace/builds/worker-5-tc2/source:/opt/rustwide/workdir:ro,Z" "-v" "/var/lib/crater-agent-workspace/builds/worker-5-tc2/target:/opt/rustwide/target:rw,Z" "-v" "/var/lib/crater-agent-workspace/cargo-home:/opt/rustwide/cargo-home:ro,Z" "-v" "/var/lib/crater-agent-workspace/rustup-home:/opt/rustwide/rustup-home:ro,Z" "-m" "1610612736" "--network" "none" "ghcr.io/rust-lang/crates-build-env/linux@sha256:77db811e55d90add9212f6832c23229e3de5f1c1f9905e8cb07319ea15df73ac" "sleep" "infinity", kill_on_drop: false }`
[INFO] [stdout] a2cddf8058759029375949a7c38a1314d976b6b9661b939a2c9732e7330570a9
[INFO] running `Command { std: "docker" "start" "a2cddf8058759029375949a7c38a1314d976b6b9661b939a2c9732e7330570a9", kill_on_drop: false }`
[INFO] running `Command { std: "docker" "inspect" "a2cddf8058759029375949a7c38a1314d976b6b9661b939a2c9732e7330570a9", kill_on_drop: false }`
[INFO] running `Command { std: "docker" "exec" "-e" "SOURCE_DIR=/opt/rustwide/workdir" "-e" "CARGO_HOME=/opt/rustwide/cargo-home" "-e" "RUSTUP_HOME=/opt/rustwide/rustup-home" "-e" "CARGO_TARGET_DIR=/opt/rustwide/target" "-w" "/opt/rustwide/workdir" "--user" "0:0" "a2cddf8058759029375949a7c38a1314d976b6b9661b939a2c9732e7330570a9" "/opt/rustwide/cargo-home/bin/cargo" "+1.100.0-beta.1" "metadata" "--no-deps" "--format-version=1", kill_on_drop: false }`
[INFO] running `Command { std: "docker" "inspect" "a2cddf8058759029375949a7c38a1314d976b6b9661b939a2c9732e7330570a9", kill_on_drop: false }`
[INFO] running `Command { std: "docker" "exec" "-e" "SOURCE_DIR=/opt/rustwide/workdir" "-e" "CARGO_HOME=/opt/rustwide/cargo-home" "-e" "RUSTUP_HOME=/opt/rustwide/rustup-home" "-e" "CARGO_TARGET_DIR=/opt/rustwide/target" "-e" "CARGO_INCREMENTAL=0" "-e" "RUST_BACKTRACE=full" "-e" "RUSTFLAGS=--cap-lints=warn" "-e" "RUSTDOCFLAGS=--cap-lints=warn" "-w" "/opt/rustwide/workdir" "--user" "0:0" "a2cddf8058759029375949a7c38a1314d976b6b9661b939a2c9732e7330570a9" "/opt/rustwide/cargo-home/bin/cargo" "+1.100.0-beta.1" "build" "--frozen" "--message-format=json" "--release", kill_on_drop: false }`
[INFO] [stderr]    Compiling proc-macro2 v1.0.105
[INFO] [stderr]    Compiling quote v1.0.43
[INFO] [stderr]    Compiling unicode-ident v1.0.22
[INFO] [stderr]    Compiling find-msvc-tools v0.1.7
[INFO] [stderr]    Compiling cfg-if v1.0.4
[INFO] [stderr]    Compiling serde_core v1.0.228
[INFO] [stderr]    Compiling libc v0.2.180
[INFO] [stderr]    Compiling crc32fast v1.5.0
[INFO] [stderr]    Compiling num-traits v0.2.19
[INFO] [stderr]    Compiling memchr v2.7.6
[INFO] [stderr]    Compiling cc v1.2.52
[INFO] [stderr]    Compiling once_cell v1.21.3
[INFO] [stderr]    Compiling smallvec v1.15.1
[INFO] [stderr]    Compiling itoa v1.0.17
[INFO] [stderr]    Compiling syn v2.0.114
[INFO] [stderr]    Compiling serde v1.0.228
[INFO] [stderr]    Compiling simd-adler32 v0.3.8
[INFO] [stderr]    Compiling num-integer v0.1.46
[INFO] [stderr]    Compiling getrandom v0.2.17
[INFO] [stderr]    Compiling crossbeam-utils v0.8.21
[INFO] [stderr]    Compiling bytes v1.11.0
[INFO] [stderr]    Compiling zerocopy v0.8.33
[INFO] [stderr]    Compiling zeroize v1.8.2
[INFO] [stderr]    Compiling log v0.4.29
[INFO] [stderr]    Compiling ring v0.17.14
[INFO] [stderr]    Compiling rustls-pki-types v1.13.2
[INFO] [stderr]    Compiling cmake v0.1.57
[INFO] [stderr]    Compiling pin-project-lite v0.2.16
[INFO] [stderr]    Compiling ucd-trie v0.1.7
[INFO] [stderr]    Compiling crossbeam-epoch v0.9.18
[INFO] [stderr]    Compiling adler2 v2.0.1
[INFO] [stderr]    Compiling miniz_oxide v0.8.9
[INFO] [stderr]    Compiling httparse v1.10.1
[INFO] [stderr]    Compiling either v1.15.0
[INFO] [stderr]    Compiling crossbeam-deque v0.8.6
[INFO] [stderr]    Compiling untrusted v0.9.0
[INFO] [stderr]    Compiling crunchy v0.2.4
[INFO] [stderr]    Compiling pest v2.8.5
[INFO] [stderr]    Compiling rayon-core v1.13.0
[INFO] [stderr]    Compiling anyhow v1.0.100
[INFO] [stderr]    Compiling rustls v0.23.36
[INFO] [stderr]    Compiling getrandom v0.3.4
[INFO] [stderr]    Compiling strsim v0.11.1
[INFO] [stderr]    Compiling tiny-keccak v2.0.2
[INFO] [stderr]    Compiling ident_case v1.0.1
[INFO] [stderr]    Compiling futures-core v0.3.31
[INFO] [stderr]    Compiling thiserror v2.0.17
[INFO] [stderr]    Compiling parking_lot_core v0.9.12
[INFO] [stderr]    Compiling fnv v1.0.7
[INFO] [stderr]    Compiling http v1.4.0
[INFO] [stderr]    Compiling rayon v1.11.0
[INFO] [stderr]    Compiling flate2 v1.1.5
[INFO] [stderr]    Compiling pest_meta v2.8.5
[INFO] [stderr]    Compiling webpki-roots v1.0.5
[INFO] [stderr]    Compiling num-complex v0.4.6
[INFO] [stderr]    Compiling hashbrown v0.16.1
[INFO] [stderr]    Compiling base64 v0.22.1
[INFO] [stderr]    Compiling scopeguard v1.2.0
[INFO] [stderr]    Compiling zmij v1.0.13
[INFO] [stderr]    Compiling pest_generator v2.8.5
[INFO] [stderr]    Compiling darling_core v0.20.11
[INFO] [stderr]    Compiling indexmap v2.13.0
[INFO] [stderr]    Compiling ureq-proto v0.4.2
[INFO] [stderr]    Compiling lock_api v0.4.14
[INFO] [stderr]    Compiling webpki-roots v0.26.11
[INFO] [stderr]    Compiling rustls-webpki v0.103.8
[INFO] [stderr]    Compiling rustls-pemfile v2.2.0
[INFO] [stderr]    Compiling num-bigint v0.4.6
[INFO] [stderr]    Compiling link-cplusplus v1.0.12
[INFO] [stderr]    Compiling errno v0.3.14
[INFO] [stderr]    Compiling serde_derive v1.0.228
[INFO] [stderr]    Compiling zerocopy-derive v0.8.33
[INFO] [stderr]    Compiling thiserror-impl v2.0.17
[INFO] [stderr]    Compiling pest_derive v2.8.5
[INFO] [stderr]    Compiling aho-corasick v1.1.4
[INFO] [stderr]    Compiling tracing-core v0.1.36
[INFO] [stderr]    Compiling darling_macro v0.20.11
[INFO] [stderr]    Compiling typeid v1.0.3
[INFO] [stderr]    Compiling scratch v1.0.9
[INFO] [stderr]    Compiling utf-8 v0.7.6
[INFO] [stderr]    Compiling regex-syntax v0.8.8
[INFO] [stderr]    Compiling serde_json v1.0.149
[INFO] [stderr]    Compiling darling v0.20.11
[INFO] [stderr]    Compiling http-body v1.0.1
[INFO] [stderr]    Compiling signal-hook-registry v1.4.8
[INFO] [stderr]    Compiling tracing-attributes v0.1.31
[INFO] [stderr]    Compiling tokio-macros v2.6.0
[INFO] [stderr]    Compiling parking_lot v0.12.5
[INFO] [stderr]    Compiling const-random-macro v0.1.16
[INFO] [stderr]    Compiling bitflags v2.10.0
[INFO] [stderr]    Compiling onig_sys v69.9.1
[INFO] [stderr]    Compiling socket2 v0.6.1
[INFO] [stderr]    Compiling mio v1.1.1
[INFO] [stderr]    Compiling unicode-width v0.2.2
[INFO] [stderr]    Compiling ureq v3.0.11
[INFO] [stderr]    Compiling regex-automata v0.4.13
[INFO] [stderr]    Compiling portable-atomic v1.13.0
[INFO] [stderr]    Compiling weezl v0.1.12
[INFO] [stderr]    Compiling zip v2.4.2
[INFO] [stderr]    Compiling bumpalo v3.19.1
[INFO] [stderr]    Compiling equivalent v1.0.2
[INFO] [stderr]    Compiling termcolor v1.4.1
[INFO] [stderr]    Compiling pin-utils v0.1.0
[INFO] [stderr]    Compiling ryu v1.0.22
[INFO] [stderr]    Compiling unicode-segmentation v1.12.0
[INFO] [stderr]    Compiling paste v1.0.15
[INFO] [stderr]    Compiling cxxbridge-flags v1.0.192
[INFO] [stderr]    Compiling rawpointer v0.2.1
[INFO] [stderr]    Compiling cxx v1.0.192
[INFO] [stderr]    Compiling matrixmultiply v0.3.10
[INFO] [stderr]    Compiling itertools v0.14.0
[INFO] [stderr]    Compiling codespan-reporting v0.13.1
[INFO] [stderr]    Compiling ahash v0.8.12
[INFO] [stderr]    Compiling zopfli v0.8.3
[INFO] [stderr]    Compiling intel-onemkl-prebuild v0.2.0
[INFO] [stderr]    Compiling tokio v1.49.0
[INFO] [stderr]    Compiling half v2.7.1
[INFO] [stderr]    Compiling ppv-lite86 v0.2.21
[INFO] [stderr]    Compiling const-random v0.1.18
[INFO] [stderr]    Compiling tracing v0.1.44
[INFO] [stderr]    Compiling derive_builder_core v0.20.2
[INFO] [stderr]    Compiling displaydoc v0.2.5
[INFO] [stderr]    Compiling jpeg-decoder v0.3.2
[INFO] [stderr]    Compiling rand_core v0.9.4
[INFO] [stderr]    Compiling sentencepiece-sys v0.12.0
[INFO] [stderr]    Compiling onednn-src v0.1.6
[INFO] [stderr]    Compiling esaxx-rs v0.1.10
[INFO] [stderr]    Compiling zune-inflate v0.2.54
[INFO] [stderr]    Compiling fdeflate v0.3.7
[INFO] [stderr]    Compiling utf8parse v0.2.2
[INFO] [stderr]    Compiling tower-service v0.3.3
[INFO] [stderr]    Compiling erased-serde v0.4.9
[INFO] [stderr]    Compiling minimal-lexical v0.2.1
[INFO] [stderr]    Compiling bytemuck v1.24.0
[INFO] [stderr]    Compiling bitflags v1.3.2
[INFO] [stderr]    Compiling lebe v0.5.3
[INFO] [stderr]    Compiling byteorder v1.5.0
[INFO] [stderr]    Compiling bit_field v0.10.3
[INFO] [stderr]    Compiling color_quant v1.1.0
[INFO] [stderr]    Compiling same-file v1.0.6
[INFO] [stderr]    Compiling foldhash v0.1.5
[INFO] [stderr]    Compiling strength_reduce v0.2.4
[INFO] [stderr]    Compiling gif v0.13.3
[INFO] [stderr]    Compiling hashbrown v0.15.5
[INFO] [stderr]    Compiling transpose v0.2.3
[INFO] [stderr]    Compiling walkdir v2.5.0
[INFO] [stderr]    Compiling exr v1.74.0
[INFO] [stderr]    Compiling qoi v0.4.1
[INFO] [stderr]    Compiling console v0.16.2
[INFO] [stderr]    Compiling png v0.17.16
[INFO] [stderr]    Compiling nom v7.1.3
[INFO] [stderr]    Compiling anstyle-parse v0.2.7
[INFO] [stderr]    Compiling tiff v0.9.1
[INFO] [stderr]    Compiling derive_builder_macro v0.20.2
[INFO] [stderr]    Compiling rand_chacha v0.9.0
[INFO] [stderr]    Compiling cxx-build v1.0.192
[INFO] [stderr]    Compiling castaway v0.2.4
[INFO] [stderr]    Compiling prost-derive v0.14.3
[INFO] [stderr]    Compiling dlv-list v0.5.2
[INFO] [stderr]    Compiling ndarray v0.16.1
[INFO] [stderr] error: failed to run custom build command for `intel-onemkl-prebuild v0.2.0`
[INFO] [stderr] note: To improve backtraces for build dependencies, set the CARGO_PROFILE_RELEASE_BUILD_OVERRIDE_DEBUG=true environment variable to enable debug information generation.
[INFO] [stderr] 
[INFO] [stderr] Caused by:
[INFO] [stderr]   process didn't exit successfully: `/opt/rustwide/target/release/build/intel-onemkl-prebuild/cb9459320b594627/out/build_script_build` (exit status: 101)
[INFO] [stderr]   --- stdout
[INFO] [stderr]   cargo:rerun-if-changed=build.rs
[INFO] [stderr] 
[INFO] [stderr]   --- stderr
[INFO] [stderr] 
[INFO] [stderr]   thread 'main' (2716) panicked at /opt/rustwide/cargo-home/registry/src/index.crates.io-1949cf8c6b5b557f/intel-onemkl-prebuild-0.2.0/build.rs:85:18:
[INFO] [stderr]   Failed to fetch MKL installer: Io(Custom { kind: Uncategorized, error: "failed to lookup address information: Temporary failure in name resolution" })
[INFO] [stderr]   stack backtrace:
[INFO] [stderr]      0:     0x5c370d1d0191 - <unknown>
[INFO] [stderr]      1:     0x5c370d1e40ca - <unknown>
[INFO] [stderr]      2:     0x5c370d1d477c - <unknown>
[INFO] [stderr]      3:     0x5c370d1af276 - <unknown>
[INFO] [stderr]      4:     0x5c370d1cade1 - <unknown>
[INFO] [stderr]      5:     0x5c370d1caf9b - <unknown>
[INFO] [stderr]      6:     0x5c370d1af322 - <unknown>
[INFO] [stderr]      7:     0x5c370d1a80e9 - <unknown>
[INFO] [stderr]      8:     0x5c370d1afd4d - <unknown>
[INFO] [stderr]      9:     0x5c370d1e483c - <unknown>
[INFO] [stderr]     10:     0x5c370d1e4612 - <unknown>
[INFO] [stderr]     11:     0x5c370cf38b37 - <unknown>
[INFO] [stderr]     12:     0x5c370cf37be6 - <unknown>
[INFO] [stderr]     13:     0x5c370cf3b143 - <unknown>
[INFO] [stderr]     14:     0x5c370cf36c8e - <unknown>
[INFO] [stderr]     15:     0x5c370cf37869 - <unknown>
[INFO] [stderr]     16:     0x5c370d1ca258 - <unknown>
[INFO] [stderr]     17:     0x5c370cf36561 - <unknown>
[INFO] [stderr]     18:     0x5c370cf3b1f5 - <unknown>
[INFO] [stderr]     19:     0x7a26a3428601 - <unknown>
[INFO] [stderr]     20:     0x7a26a3428718 - __libc_start_main
[INFO] [stderr]     21:     0x5c370cf35325 - <unknown>
[INFO] [stderr]     22:                0x0 - <unknown>
[INFO] [stderr] warning: build failed, waiting for other jobs to finish...
[INFO] [stderr] error: failed to run custom build command for `onednn-src v0.1.6`
[INFO] [stderr] note: To improve backtraces for build dependencies, set the CARGO_PROFILE_RELEASE_BUILD_OVERRIDE_DEBUG=true environment variable to enable debug information generation.
[INFO] [stderr] 
[INFO] [stderr] Caused by:
[INFO] [stderr]   process didn't exit successfully: `/opt/rustwide/target/release/build/onednn-src/ee0211d683f1df6a/out/build_script_build` (exit status: 101)
[INFO] [stderr]   --- stdout
[INFO] [stderr]   cargo::rerun-if-changed=build.rs
[INFO] [stderr]   cargo::rerun-if-env-changed=DOCS_RS
[INFO] [stderr]   CMAKE_TOOLCHAIN_FILE_x86_64-unknown-linux-gnu = None
[INFO] [stderr]   CMAKE_TOOLCHAIN_FILE_x86_64_unknown_linux_gnu = None
[INFO] [stderr]   HOST_CMAKE_TOOLCHAIN_FILE = None
[INFO] [stderr]   CMAKE_TOOLCHAIN_FILE = None
[INFO] [stderr]   CMAKE_GENERATOR_x86_64-unknown-linux-gnu = None
[INFO] [stderr]   CMAKE_GENERATOR_x86_64_unknown_linux_gnu = None
[INFO] [stderr]   HOST_CMAKE_GENERATOR = None
[INFO] [stderr]   CMAKE_GENERATOR = None
[INFO] [stderr]   CMAKE_PREFIX_PATH_x86_64-unknown-linux-gnu = None
[INFO] [stderr]   CMAKE_PREFIX_PATH_x86_64_unknown_linux_gnu = None
[INFO] [stderr]   HOST_CMAKE_PREFIX_PATH = None
[INFO] [stderr]   CMAKE_PREFIX_PATH = None
[INFO] [stderr]   CMAKE_x86_64-unknown-linux-gnu = None
[INFO] [stderr]   CMAKE_x86_64_unknown_linux_gnu = None
[INFO] [stderr]   HOST_CMAKE = None
[INFO] [stderr]   CMAKE = None
[INFO] [stderr]   -- The C compiler identification is GNU 15.2.0
[INFO] [stderr]   -- The CXX compiler identification is GNU 15.2.0
[INFO] [stderr]   -- Detecting C compiler ABI info
[INFO] [stderr]   -- Detecting C compiler ABI info - done
[INFO] [stderr]   -- Check for working C compiler: /usr/bin/cc - skipped
[INFO] [stderr]   -- Detecting C compile features
[INFO] [stderr]   -- Detecting C compile features - done
[INFO] [stderr]   -- Detecting CXX compiler ABI info
[INFO] [stderr]   -- Detecting CXX compiler ABI info - done
[INFO] [stderr]   -- Check for working CXX compiler: /usr/bin/c++ - skipped
[INFO] [stderr]   -- Detecting CXX compile features
[INFO] [stderr]   -- Detecting CXX compile features - done
[INFO] [stderr]   -- DNNL_TARGET_ARCH: X64
[INFO] [stderr]   -- DNNL compat: set DNNL_EXPERIMENTAL to ONEDNN_EXPERIMENTAL with value `OFF`
[INFO] [stderr]   -- DNNL compat: set DNNL_VERBOSE to ONEDNN_VERBOSE with value `OFF`
[INFO] [stderr]   -- DNNL compat: set DNNL_BUILD_DOC to ONEDNN_BUILD_DOC with value `OFF`
[INFO] [stderr]   -- DNNL compat: set DNNL_BUILD_EXAMPLES to ONEDNN_BUILD_EXAMPLES with value `OFF`
[INFO] [stderr]   -- DNNL compat: set DNNL_BUILD_TESTS to ONEDNN_BUILD_TESTS with value `OFF`
[INFO] [stderr]   -- DNNL compat: set DNNL_LIBRARY_TYPE to ONEDNN_LIBRARY_TYPE with value `STATIC`
[INFO] [stderr]   -- DNNL compat: set DNNL_ENABLE_WORKLOAD to ONEDNN_ENABLE_WORKLOAD with value `TRAINING`
[INFO] [stderr]   -- DNNL_LIBRARY_NAME: dnnl
[INFO] [stderr]   -- Performing Test CMAKE_HAVE_LIBC_PTHREAD
[INFO] [stderr]   -- Performing Test CMAKE_HAVE_LIBC_PTHREAD - Success
[INFO] [stderr]   -- Found Threads: TRUE
[INFO] [stderr]   -- Found OpenMP_C: -fopenmp (found version "4.5")
[INFO] [stderr]   -- Found OpenMP_CXX: -fopenmp (found version "4.5")
[INFO] [stderr]   -- Found OpenMP: TRUE (found version "4.5")
[INFO] [stderr]   -- Found Git: /usr/bin/git (found version "2.53.0")
[INFO] [stderr]   -- Enabled testing coverage: CI
[INFO] [stderr]   -- Enabled workload: TRAINING
[INFO] [stderr]   -- Enabled primitives: ALL
[INFO] [stderr]   -- Enabled primitive CPU ISA: ALL
[INFO] [stderr]   -- Enabled primitive GPU ISA: ALL
[INFO] [stderr]   -- Enabled GeMM kernels ISA: ALL
[INFO] [stderr]   -- Primitive cache is enabled
[INFO] [stderr]   -- The ASM compiler identification is GNU
[INFO] [stderr]   -- Found assembler: /usr/bin/cc
[INFO] [stderr]   -- Configuring done (10.8s)
[INFO] [stderr]   -- Generating done (1.8s)
[INFO] [stderr]   -- Build files have been written to: /opt/rustwide/target/release/build/onednn-src/12a6081c59601b69/out/build
[INFO] [stderr]   [  0%] Building CXX object src/cpu/x64/CMakeFiles/dnnl_cpu_x64.dir/amx_tile_configure.cpp.o
[INFO] [stderr]   [  0%] Building CXX object src/cpu/x64/CMakeFiles/dnnl_cpu_x64.dir/brgemm/brgemm.cpp.o
[INFO] [stderr]   [  0%] Building CXX object src/common/CMakeFiles/dnnl_common.dir/batch_normalization.cpp.o
[INFO] [stderr]   [  0%] Building CXX object src/cpu/x64/CMakeFiles/dnnl_cpu_x64.dir/brgemm/brgemm_containers.cpp.o
[INFO] [stderr]   [  0%] Building CXX object src/common/CMakeFiles/dnnl_common.dir/bfloat16.cpp.o
[INFO] [stderr]   [  0%] Building CXX object src/cpu/CMakeFiles/dnnl_cpu.dir/bfloat16.cpp.o
[INFO] [stderr]   [  0%] Building CXX object src/common/CMakeFiles/dnnl_common.dir/binary.cpp.o
[INFO] [stderr]   [  1%] Building CXX object src/cpu/x64/CMakeFiles/dnnl_cpu_x64.dir/brgemm/brgemm_utils.cpp.o
[INFO] [stderr]   [  1%] Building CXX object src/cpu/x64/CMakeFiles/dnnl_cpu_x64.dir/brgemm/jit_brdgmm_kernel.cpp.o
[INFO] [stderr]   [  1%] Building CXX object src/cpu/CMakeFiles/dnnl_cpu.dir/binary_injector_utils.cpp.o
[INFO] [stderr]   [  2%] Building CXX object src/common/CMakeFiles/dnnl_common.dir/broadcast_strategy.cpp.o
[INFO] [stderr]   [  2%] Building CXX object src/common/CMakeFiles/dnnl_common.dir/cache_blob_id.cpp.o
[INFO] [stderr]   [  2%] Building CXX object src/common/CMakeFiles/dnnl_common.dir/concat.cpp.o
[INFO] [stderr]   [  2%] Building CXX object src/common/CMakeFiles/dnnl_common.dir/convolution.cpp.o
[INFO] [stderr]   [  3%] Building CXX object src/common/CMakeFiles/dnnl_common.dir/convolution_pd.cpp.o
[INFO] [stderr]   [  3%] Building CXX object src/common/CMakeFiles/dnnl_common.dir/deconvolution.cpp.o
[INFO] [stderr]   [  3%] Building CXX object src/common/CMakeFiles/dnnl_common.dir/dnnl_debug.cpp.o
[INFO] [stderr]   [  3%] Building CXX object src/common/CMakeFiles/dnnl_common.dir/dnnl_debug_autogenerated.cpp.o
[INFO] [stderr]   [  4%] Building CXX object src/common/CMakeFiles/dnnl_common.dir/dnnl_threadpool.cpp.o
[INFO] [stderr]   [  4%] Building CXX object src/common/CMakeFiles/dnnl_common.dir/eltwise.cpp.o
[INFO] [stderr]   [  4%] Building CXX object src/common/CMakeFiles/dnnl_common.dir/engine.cpp.o
[INFO] [stderr]   [  4%] Building CXX object src/common/CMakeFiles/dnnl_common.dir/experimental.cpp.o
[INFO] [stderr]   [  5%] Building CXX object src/common/CMakeFiles/dnnl_common.dir/float4.cpp.o
[INFO] [stderr]   [  5%] Building CXX object src/common/CMakeFiles/dnnl_common.dir/fpmath_mode.cpp.o
[INFO] [stderr]   [  5%] Building CXX object src/common/CMakeFiles/dnnl_common.dir/float8.cpp.o
[INFO] [stderr]   [  5%] Building CXX object src/common/CMakeFiles/dnnl_common.dir/gemm.cpp.o
[INFO] [stderr]   [  5%] Building CXX object src/common/CMakeFiles/dnnl_common.dir/group_normalization.cpp.o
[INFO] [stderr]   [  6%] Building CXX object src/common/CMakeFiles/dnnl_common.dir/inner_product.cpp.o
[INFO] [stderr]   [  6%] Building CXX object src/common/CMakeFiles/dnnl_common.dir/ittnotify.cpp.o
[INFO] [stderr]   [  6%] Building CXX object src/common/CMakeFiles/dnnl_common.dir/kernel_cache.cpp.o
[INFO] [stderr]   [  6%] Building CXX object src/common/CMakeFiles/dnnl_common.dir/layer_normalization.cpp.o
[INFO] [stderr]   [  7%] Building CXX object src/common/CMakeFiles/dnnl_common.dir/lrn.cpp.o
[INFO] [stderr]   [  7%] Building CXX object src/common/CMakeFiles/dnnl_common.dir/matmul.cpp.o
[INFO] [stderr]   [  7%] Building CXX object src/common/CMakeFiles/dnnl_common.dir/memory.cpp.o
[INFO] [stderr] 
[INFO] [stderr]   --- stderr
[INFO] [stderr]   running: cd "/opt/rustwide/target/release/build/onednn-src/12a6081c59601b69/out/build" && CMAKE_PREFIX_PATH="" LC_ALL="C" "cmake" "/opt/rustwide/cargo-home/registry/src/index.crates.io-1949cf8c6b5b557f/onednn-src-0.1.6/oneDNN" "-B" "/opt/rustwide/target/release/build/onednn-src/12a6081c59601b69/out/build" "-DONEDNN_LIBRARY_TYPE=STATIC" "-DONEDNN_BUILD_DOC=OFF" "-DONEDNN_BUILD_EXAMPLES=OFF" "-DONEDNN_BUILD_TESTS=OFF" "-DONEDNN_BUILD_GRAPH=OFF" "-DONEDNN_ENABLE_WORKLOAD=TRAINING" "-DONEDNN_EXPERIMENTAL=OFF" "-DONEDNN_VERBOSE=OFF" "-DCMAKE_INSTALL_PREFIX=/opt/rustwide/target/release/build/onednn-src/12a6081c59601b69/out" "-DCMAKE_C_FLAGS= -ffunction-sections -fdata-sections -fPIC -m64 -w" "-DCMAKE_C_COMPILER=/usr/bin/cc" "-DCMAKE_CXX_FLAGS= -ffunction-sections -fdata-sections -fPIC -m64 -w" "-DCMAKE_CXX_COMPILER=/usr/bin/c++" "-DCMAKE_ASM_FLAGS= -ffunction-sections -fdata-sections -fPIC -m64 -w" "-DCMAKE_ASM_COMPILER=/usr/bin/cc" "-DCMAKE_BUILD_TYPE=Release"
[INFO] [stderr]   running: cd "/opt/rustwide/target/release/build/onednn-src/12a6081c59601b69/out/build" && LC_ALL="C" MAKEFLAGS="-j --jobserver-fds=4,5 --jobserver-auth=4,5" "cmake" "--build" "/opt/rustwide/target/release/build/onednn-src/12a6081c59601b69/out/build" "--target" "install" "--config" "Release"
[INFO] [stderr]   c++: fatal error: Killed signal terminated program cc1plus
[INFO] [stderr]   compilation terminated.
[INFO] [stderr]   gmake[2]: *** [src/cpu/CMakeFiles/dnnl_cpu.dir/build.make:79: src/cpu/CMakeFiles/dnnl_cpu.dir/bfloat16.cpp.o] Error 1
[INFO] [stderr]   gmake[2]: *** Waiting for unfinished jobs....
[INFO] [stderr]   gmake[1]: *** [CMakeFiles/Makefile2:285: src/cpu/CMakeFiles/dnnl_cpu.dir/all] Error 2
[INFO] [stderr]   gmake[1]: *** Waiting for unfinished jobs....
[INFO] [stderr]   c++: fatal error: Killed signal terminated program cc1plus
[INFO] [stderr]   compilation terminated.
[INFO] [stderr]   gmake[2]: *** [src/cpu/x64/CMakeFiles/dnnl_cpu_x64.dir/build.make:135: src/cpu/x64/CMakeFiles/dnnl_cpu_x64.dir/brgemm/jit_brdgmm_kernel.cpp.o] Error 1
[INFO] [stderr]   gmake[2]: *** Waiting for unfinished jobs....
[INFO] [stderr]   c++: fatal error: Killed signal terminated program cc1plus
[INFO] [stderr]   compilation terminated.
[INFO] [stderr]   gmake[2]: *** [src/cpu/x64/CMakeFiles/dnnl_cpu_x64.dir/build.make:121: src/cpu/x64/CMakeFiles/dnnl_cpu_x64.dir/brgemm/brgemm_utils.cpp.o] Error 1
[INFO] [stderr]   gmake[1]: *** [CMakeFiles/Makefile2:317: src/cpu/x64/CMakeFiles/dnnl_cpu_x64.dir/all] Error 2
[INFO] [stderr]   c++: fatal error: Killed signal terminated program cc1plus
[INFO] [stderr]   compilation terminated.
[INFO] [stderr]   gmake[2]: *** [src/common/CMakeFiles/dnnl_common.dir/build.make:415: src/common/CMakeFiles/dnnl_common.dir/lrn.cpp.o] Error 1
[INFO] [stderr]   gmake[2]: *** Waiting for unfinished jobs....
[INFO] [stderr]   c++: fatal error: Killed signal terminated program cc1plus
[INFO] [stderr]   compilation terminated.
[INFO] [stderr]   gmake[2]: *** [src/common/CMakeFiles/dnnl_common.dir/build.make:401: src/common/CMakeFiles/dnnl_common.dir/layer_normalization.cpp.o] Error 1
[INFO] [stderr]   gmake[1]: *** [CMakeFiles/Makefile2:253: src/common/CMakeFiles/dnnl_common.dir/all] Error 2
[INFO] [stderr]   gmake: *** [Makefile:146: all] Error 2
[INFO] [stderr] 
[INFO] [stderr]   thread 'main' (2305) panicked at /opt/rustwide/cargo-home/registry/src/index.crates.io-1949cf8c6b5b557f/cmake-0.1.57/src/lib.rs:1132:5:
[INFO] [stderr] 
[INFO] [stderr]   command did not execute successfully, got: exit status: 2
[INFO] [stderr] 
[INFO] [stderr]   build script failed, must exit now
[INFO] [stderr]   stack backtrace:
[INFO] [stderr]      0:     0x5a2f8e0e5371 - <unknown>
[INFO] [stderr]      1:     0x5a2f8e0f936a - <unknown>
[INFO] [stderr]      2:     0x5a2f8e0eabbc - <unknown>
[INFO] [stderr]      3:     0x5a2f8e0c48e6 - <unknown>
[INFO] [stderr]      4:     0x5a2f8e0e0091 - <unknown>
[INFO] [stderr]      5:     0x5a2f8e0e024b - <unknown>
[INFO] [stderr]      6:     0x5a2f8e0c4992 - <unknown>
[INFO] [stderr]      7:     0x5a2f8e0bd609 - <unknown>
[INFO] [stderr]      8:     0x5a2f8e0c517d - <unknown>
[INFO] [stderr]      9:     0x5a2f8e0f9adc - <unknown>
[INFO] [stderr]     10:     0x5a2f8e0526b7 - <unknown>
[INFO] [stderr]     11:     0x5a2f8e052343 - <unknown>
[INFO] [stderr]     12:     0x5a2f8e058315 - <unknown>
[INFO] [stderr]     13:     0x5a2f8e045184 - <unknown>
[INFO] [stderr]     14:     0x5a2f8e045aa3 - <unknown>
[INFO] [stderr]     15:     0x5a2f8e044e56 - <unknown>
[INFO] [stderr]     16:     0x5a2f8e044e69 - <unknown>
[INFO] [stderr]     17:     0x5a2f8e0df398 - <unknown>
[INFO] [stderr]     18:     0x5a2f8e0449e1 - <unknown>
[INFO] [stderr]     19:     0x5a2f8e045b15 - <unknown>
[INFO] [stderr]     20:     0x7f3b01164601 - <unknown>
[INFO] [stderr]     21:     0x7f3b01164718 - __libc_start_main
[INFO] [stderr]     22:     0x5a2f8e043dd5 - <unknown>
[INFO] [stderr]     23:                0x0 - <unknown>
[INFO] [stderr] error: failed to run custom build command for `sentencepiece-sys v0.12.0`
[INFO] [stderr] note: To improve backtraces for build dependencies, set the CARGO_PROFILE_RELEASE_BUILD_OVERRIDE_DEBUG=true environment variable to enable debug information generation.
[INFO] [stderr] 
[INFO] [stderr] Caused by:
[INFO] [stderr]   process didn't exit successfully: `/opt/rustwide/target/release/build/sentencepiece-sys/a0636e77f9ac9ac6/out/build_script_build` (exit status: 101)
[INFO] [stderr]   --- stdout
[INFO] [stderr]   cargo:rerun-if-env-changed=SENTENCEPIECE_NO_PKG_CONFIG
[INFO] [stderr]   cargo:rerun-if-env-changed=PKG_CONFIG_x86_64-unknown-linux-gnu
[INFO] [stderr]   cargo:rerun-if-env-changed=PKG_CONFIG_x86_64_unknown_linux_gnu
[INFO] [stderr]   cargo:rerun-if-env-changed=HOST_PKG_CONFIG
[INFO] [stderr]   cargo:rerun-if-env-changed=PKG_CONFIG
[INFO] [stderr]   cargo:rerun-if-env-changed=SENTENCEPIECE_STATIC
[INFO] [stderr]   cargo:rerun-if-env-changed=SENTENCEPIECE_DYNAMIC
[INFO] [stderr]   cargo:rerun-if-env-changed=PKG_CONFIG_ALL_STATIC
[INFO] [stderr]   cargo:rerun-if-env-changed=PKG_CONFIG_ALL_DYNAMIC
[INFO] [stderr]   cargo:rerun-if-env-changed=PKG_CONFIG_PATH_x86_64-unknown-linux-gnu
[INFO] [stderr]   cargo:rerun-if-env-changed=PKG_CONFIG_PATH_x86_64_unknown_linux_gnu
[INFO] [stderr]   cargo:rerun-if-env-changed=HOST_PKG_CONFIG_PATH
[INFO] [stderr]   cargo:rerun-if-env-changed=PKG_CONFIG_PATH
[INFO] [stderr]   cargo:rerun-if-env-changed=PKG_CONFIG_LIBDIR_x86_64-unknown-linux-gnu
[INFO] [stderr]   cargo:rerun-if-env-changed=PKG_CONFIG_LIBDIR_x86_64_unknown_linux_gnu
[INFO] [stderr]   cargo:rerun-if-env-changed=HOST_PKG_CONFIG_LIBDIR
[INFO] [stderr]   cargo:rerun-if-env-changed=PKG_CONFIG_LIBDIR
[INFO] [stderr]   cargo:rerun-if-env-changed=PKG_CONFIG_SYSROOT_DIR_x86_64-unknown-linux-gnu
[INFO] [stderr]   cargo:rerun-if-env-changed=PKG_CONFIG_SYSROOT_DIR_x86_64_unknown_linux_gnu
[INFO] [stderr]   cargo:rerun-if-env-changed=HOST_PKG_CONFIG_SYSROOT_DIR
[INFO] [stderr]   cargo:rerun-if-env-changed=PKG_CONFIG_SYSROOT_DIR
[INFO] [stderr]   OPT_LEVEL = Some(3)
[INFO] [stderr]   OUT_DIR = Some(/opt/rustwide/target/release/build/sentencepiece-sys/0a03870ed1946a1b/out)
[INFO] [stderr]   TARGET = Some(x86_64-unknown-linux-gnu)
[INFO] [stderr]   CARGO_ENCODED_RUSTFLAGS = Some(--cap-lints=warn)
[INFO] [stderr]   HOST = Some(x86_64-unknown-linux-gnu)
[INFO] [stderr]   cargo:rerun-if-env-changed=CC_x86_64-unknown-linux-gnu
[INFO] [stderr]   CC_x86_64-unknown-linux-gnu = None
[INFO] [stderr]   cargo:rerun-if-env-changed=CC_x86_64_unknown_linux_gnu
[INFO] [stderr]   CC_x86_64_unknown_linux_gnu = None
[INFO] [stderr]   cargo:rerun-if-env-changed=HOST_CC
[INFO] [stderr]   HOST_CC = None
[INFO] [stderr]   cargo:rerun-if-env-changed=CC
[INFO] [stderr]   CC = None
[INFO] [stderr]   cargo:rerun-if-env-changed=CC_ENABLE_DEBUG_OUTPUT
[INFO] [stderr]   RUSTC_WRAPPER = None
[INFO] [stderr]   cargo:rerun-if-env-changed=CRATE_CC_NO_DEFAULTS
[INFO] [stderr]   CRATE_CC_NO_DEFAULTS = None
[INFO] [stderr]   DEBUG = Some(false)
[INFO] [stderr]   CARGO_CFG_TARGET_FEATURE = Some(fxsr,sse,sse2)
[INFO] [stderr]   cargo:rerun-if-env-changed=CFLAGS
[INFO] [stderr]   CFLAGS = None
[INFO] [stderr]   cargo:rerun-if-env-changed=HOST_CFLAGS
[INFO] [stderr]   HOST_CFLAGS = None
[INFO] [stderr]   cargo:rerun-if-env-changed=CFLAGS_x86_64_unknown_linux_gnu
[INFO] [stderr]   CFLAGS_x86_64_unknown_linux_gnu = None
[INFO] [stderr]   cargo:rerun-if-env-changed=CFLAGS_x86_64-unknown-linux-gnu
[INFO] [stderr]   CFLAGS_x86_64-unknown-linux-gnu = None
[INFO] [stderr]   CMAKE_TOOLCHAIN_FILE_x86_64-unknown-linux-gnu = None
[INFO] [stderr]   CMAKE_TOOLCHAIN_FILE_x86_64_unknown_linux_gnu = None
[INFO] [stderr]   HOST_CMAKE_TOOLCHAIN_FILE = None
[INFO] [stderr]   CMAKE_TOOLCHAIN_FILE = None
[INFO] [stderr]   CMAKE_GENERATOR_x86_64-unknown-linux-gnu = None
[INFO] [stderr]   CMAKE_GENERATOR_x86_64_unknown_linux_gnu = None
[INFO] [stderr]   HOST_CMAKE_GENERATOR = None
[INFO] [stderr]   CMAKE_GENERATOR = None
[INFO] [stderr]   CMAKE_PREFIX_PATH_x86_64-unknown-linux-gnu = None
[INFO] [stderr]   CMAKE_PREFIX_PATH_x86_64_unknown_linux_gnu = None
[INFO] [stderr]   HOST_CMAKE_PREFIX_PATH = None
[INFO] [stderr]   CMAKE_PREFIX_PATH = None
[INFO] [stderr]   CMAKE_x86_64-unknown-linux-gnu = None
[INFO] [stderr]   CMAKE_x86_64_unknown_linux_gnu = None
[INFO] [stderr]   HOST_CMAKE = None
[INFO] [stderr]   CMAKE = None
[INFO] [stderr]   -- VERSION: 0.2.0
[INFO] [stderr]   -- The C compiler identification is GNU 15.2.0
[INFO] [stderr]   -- The CXX compiler identification is GNU 15.2.0
[INFO] [stderr]   -- Detecting C compiler ABI info
[INFO] [stderr]   -- Detecting C compiler ABI info - done
[INFO] [stderr]   -- Check for working C compiler: /usr/bin/cc - skipped
[INFO] [stderr]   -- Detecting C compile features
[INFO] [stderr]   -- Detecting C compile features - done
[INFO] [stderr]   -- Detecting CXX compiler ABI info
[INFO] [stderr]   -- Detecting CXX compiler ABI info - done
[INFO] [stderr]   -- Check for working CXX compiler: /usr/bin/c++ - skipped
[INFO] [stderr]   -- Detecting CXX compile features
[INFO] [stderr]   -- Detecting CXX compile features - done
[INFO] [stderr]   -- Performing Test CMAKE_HAVE_LIBC_PTHREAD
[INFO] [stderr]   -- Performing Test CMAKE_HAVE_LIBC_PTHREAD - Success
[INFO] [stderr]   -- Found Threads: TRUE
[INFO] [stderr]   -- Not Found TCMalloc: TCMALLOC_LIB-NOTFOUND
[INFO] [stderr]   -- Configuring done (5.5s)
[INFO] [stderr]   -- Generating done (0.6s)
[INFO] [stderr]   -- Build files have been written to: /opt/rustwide/target/release/build/sentencepiece-sys/0a03870ed1946a1b/out/build
[INFO] [stderr]   [  0%] Building CXX object src/CMakeFiles/sentencepiece.dir/__/third_party/protobuf-lite/arena.cc.o
[INFO] [stderr]   [  1%] Building CXX object src/CMakeFiles/sentencepiece.dir/__/third_party/protobuf-lite/arenastring.cc.o
[INFO] [stderr]   [  2%] Building CXX object src/CMakeFiles/sentencepiece.dir/__/third_party/protobuf-lite/bytestream.cc.o
[INFO] [stderr]   [  3%] Building CXX object src/CMakeFiles/sentencepiece.dir/__/third_party/protobuf-lite/coded_stream.cc.o
[INFO] [stderr]   [  4%] Building CXX object src/CMakeFiles/sentencepiece.dir/__/third_party/protobuf-lite/common.cc.o
[INFO] [stderr]   [  5%] Building CXX object src/CMakeFiles/sentencepiece.dir/__/third_party/protobuf-lite/extension_set.cc.o
[INFO] [stderr]   [  6%] Building CXX object src/CMakeFiles/sentencepiece-static.dir/__/third_party/protobuf-lite/arena.cc.o
[INFO] [stderr]   [  7%] Building CXX object src/CMakeFiles/sentencepiece-static.dir/__/third_party/protobuf-lite/arenastring.cc.o
[INFO] [stderr]   [  8%] Building CXX object src/CMakeFiles/sentencepiece.dir/__/third_party/protobuf-lite/generated_enum_util.cc.o
[INFO] [stderr]   [  9%] Building CXX object src/CMakeFiles/sentencepiece-static.dir/__/third_party/protobuf-lite/bytestream.cc.o
[INFO] [stderr]   [ 10%] Building CXX object src/CMakeFiles/sentencepiece-static.dir/__/third_party/protobuf-lite/coded_stream.cc.o
[INFO] [stderr]   [ 11%] Building CXX object src/CMakeFiles/sentencepiece_train-static.dir/builder.cc.o
[INFO] [stderr]   [ 12%] Building CXX object src/CMakeFiles/sentencepiece-static.dir/__/third_party/protobuf-lite/common.cc.o
[INFO] [stderr]   [ 13%] Building CXX object src/CMakeFiles/sentencepiece.dir/__/third_party/protobuf-lite/generated_message_table_driven_lite.cc.o
[INFO] [stderr]   [ 14%] Building CXX object src/CMakeFiles/sentencepiece-static.dir/__/third_party/protobuf-lite/extension_set.cc.o
[INFO] [stderr]   [ 15%] Building CXX object src/CMakeFiles/sentencepiece-static.dir/__/third_party/protobuf-lite/generated_enum_util.cc.o
[INFO] [stderr]   [ 16%] Building CXX object src/CMakeFiles/sentencepiece_train-static.dir/unicode_script.cc.o
[INFO] [stderr]   [ 16%] Building CXX object src/CMakeFiles/sentencepiece.dir/__/third_party/protobuf-lite/generated_message_util.cc.o
[INFO] [stderr]   [ 17%] Building CXX object src/CMakeFiles/sentencepiece.dir/__/third_party/protobuf-lite/implicit_weak_message.cc.o
[INFO] [stderr]   [ 17%] Building CXX object src/CMakeFiles/sentencepiece-static.dir/__/third_party/protobuf-lite/generated_message_table_driven_lite.cc.o
[INFO] [stderr]   [ 18%] Building CXX object src/CMakeFiles/sentencepiece.dir/__/third_party/protobuf-lite/int128.cc.o
[INFO] [stderr]   [ 19%] Building CXX object src/CMakeFiles/sentencepiece.dir/__/third_party/protobuf-lite/io_win32.cc.o
[INFO] [stderr]   [ 20%] Building CXX object src/CMakeFiles/sentencepiece.dir/__/third_party/protobuf-lite/message_lite.cc.o
[INFO] [stderr]   [ 21%] Building CXX object src/CMakeFiles/sentencepiece.dir/__/third_party/protobuf-lite/parse_context.cc.o
[INFO] [stderr]   [ 22%] Building CXX object src/CMakeFiles/sentencepiece-static.dir/__/third_party/protobuf-lite/generated_message_util.cc.o
[INFO] [stderr]   [ 23%] Building CXX object src/CMakeFiles/sentencepiece.dir/__/third_party/protobuf-lite/repeated_field.cc.o
[INFO] [stderr]   [ 24%] Building CXX object src/CMakeFiles/sentencepiece-static.dir/__/third_party/protobuf-lite/implicit_weak_message.cc.o
[INFO] [stderr]   [ 25%] Building CXX object src/CMakeFiles/sentencepiece.dir/__/third_party/protobuf-lite/status.cc.o
[INFO] [stderr]   [ 25%] Building CXX object src/CMakeFiles/sentencepiece.dir/__/third_party/protobuf-lite/statusor.cc.o
[INFO] [stderr]   [ 26%] Building CXX object src/CMakeFiles/sentencepiece-static.dir/__/third_party/protobuf-lite/int128.cc.o
[INFO] [stderr]   [ 27%] Building CXX object src/CMakeFiles/sentencepiece-static.dir/__/third_party/protobuf-lite/io_win32.cc.o
[INFO] [stderr]   [ 28%] Building CXX object src/CMakeFiles/sentencepiece-static.dir/__/third_party/protobuf-lite/message_lite.cc.o
[INFO] [stderr]   [ 29%] Building CXX object src/CMakeFiles/sentencepiece.dir/__/third_party/protobuf-lite/stringpiece.cc.o
[INFO] [stderr]   [ 30%] Building CXX object src/CMakeFiles/sentencepiece-static.dir/__/third_party/protobuf-lite/parse_context.cc.o
[INFO] [stderr]   [ 31%] Building CXX object src/CMakeFiles/sentencepiece.dir/__/third_party/protobuf-lite/stringprintf.cc.o
[INFO] [stderr]   [ 32%] Building CXX object src/CMakeFiles/sentencepiece-static.dir/__/third_party/protobuf-lite/repeated_field.cc.o
[INFO] [stderr]   [ 33%] Building CXX object src/CMakeFiles/sentencepiece-static.dir/__/third_party/protobuf-lite/status.cc.o
[INFO] [stderr]   [ 34%] Building CXX object src/CMakeFiles/sentencepiece.dir/__/third_party/protobuf-lite/structurally_valid.cc.o
[INFO] [stderr]   [ 34%] Building CXX object src/CMakeFiles/sentencepiece-static.dir/__/third_party/protobuf-lite/statusor.cc.o
[INFO] [stderr]   [ 35%] Building CXX object src/CMakeFiles/sentencepiece.dir/__/third_party/protobuf-lite/strutil.cc.o
[INFO] [stderr]   [ 36%] Building CXX object src/CMakeFiles/sentencepiece-static.dir/__/third_party/protobuf-lite/stringpiece.cc.o
[INFO] [stderr]   [ 37%] Building CXX object src/CMakeFiles/sentencepiece.dir/__/third_party/protobuf-lite/time.cc.o
[INFO] [stderr]   [ 38%] Building CXX object src/CMakeFiles/sentencepiece-static.dir/__/third_party/protobuf-lite/stringprintf.cc.o
[INFO] [stderr]   [ 39%] Building CXX object src/CMakeFiles/sentencepiece-static.dir/__/third_party/protobuf-lite/structurally_valid.cc.o
[INFO] [stderr]   [ 40%] Building CXX object src/CMakeFiles/sentencepiece.dir/__/third_party/protobuf-lite/wire_format_lite.cc.o
[INFO] [stderr]   [ 41%] Building CXX object src/CMakeFiles/sentencepiece.dir/__/third_party/protobuf-lite/zero_copy_stream.cc.o
[INFO] [stderr]   [ 42%] Building CXX object src/CMakeFiles/sentencepiece-static.dir/__/third_party/protobuf-lite/strutil.cc.o
[INFO] [stderr]   [ 42%] Building CXX object src/CMakeFiles/sentencepiece.dir/__/third_party/protobuf-lite/zero_copy_stream_impl.cc.o
[INFO] [stderr]   [ 43%] Building CXX object src/CMakeFiles/sentencepiece.dir/__/third_party/protobuf-lite/zero_copy_stream_impl_lite.cc.o
[INFO] [stderr]   [ 44%] Building CXX object src/CMakeFiles/sentencepiece-static.dir/__/third_party/protobuf-lite/time.cc.o
[INFO] [stderr]   [ 45%] Building CXX object src/CMakeFiles/sentencepiece.dir/builtin_pb/sentencepiece.pb.cc.o
[INFO] [stderr]   [ 46%] Building CXX object src/CMakeFiles/sentencepiece.dir/builtin_pb/sentencepiece_model.pb.cc.o
[INFO] [stderr]   [ 47%] Building CXX object src/CMakeFiles/sentencepiece-static.dir/__/third_party/protobuf-lite/wire_format_lite.cc.o
[INFO] [stderr]   [ 48%] Building CXX object src/CMakeFiles/sentencepiece.dir/bpe_model.cc.o
[INFO] [stderr]   [ 49%] Building CXX object src/CMakeFiles/sentencepiece.dir/char_model.cc.o
[INFO] [stderr]   [ 50%] Building CXX object src/CMakeFiles/sentencepiece-static.dir/__/third_party/protobuf-lite/zero_copy_stream.cc.o
[INFO] [stderr]   [ 50%] Building CXX object src/CMakeFiles/sentencepiece-static.dir/__/third_party/protobuf-lite/zero_copy_stream_impl.cc.o
[INFO] [stderr]   [ 51%] Building CXX object src/CMakeFiles/sentencepiece.dir/error.cc.o
[INFO] [stderr]   [ 52%] Building CXX object src/CMakeFiles/sentencepiece.dir/filesystem.cc.o
[INFO] [stderr]   [ 52%] Building CXX object src/CMakeFiles/sentencepiece.dir/model_factory.cc.o
[INFO] [stderr]   [ 53%] Building CXX object src/CMakeFiles/sentencepiece-static.dir/__/third_party/protobuf-lite/zero_copy_stream_impl_lite.cc.o
[INFO] [stderr]   [ 54%] Building CXX object src/CMakeFiles/sentencepiece-static.dir/builtin_pb/sentencepiece.pb.cc.o
[INFO] [stderr]   [ 55%] Building CXX object src/CMakeFiles/sentencepiece-static.dir/builtin_pb/sentencepiece_model.pb.cc.o
[INFO] [stderr]   [ 56%] Building CXX object src/CMakeFiles/sentencepiece-static.dir/bpe_model.cc.o
[INFO] [stderr]   [ 57%] Building CXX object src/CMakeFiles/sentencepiece-static.dir/char_model.cc.o
[INFO] [stderr]   [ 58%] Building CXX object src/CMakeFiles/sentencepiece-static.dir/error.cc.o
[INFO] [stderr]   [ 59%] Building CXX object src/CMakeFiles/sentencepiece-static.dir/filesystem.cc.o
[INFO] [stderr]   [ 60%] Building CXX object src/CMakeFiles/sentencepiece.dir/model_interface.cc.o
[INFO] [stderr]   [ 60%] Building CXX object src/CMakeFiles/sentencepiece-static.dir/model_factory.cc.o
[INFO] [stderr]   [ 61%] Building CXX object src/CMakeFiles/sentencepiece-static.dir/model_interface.cc.o
[INFO] [stderr]   [ 62%] Building CXX object src/CMakeFiles/sentencepiece.dir/normalizer.cc.o
[INFO] [stderr]   [ 63%] Building CXX object src/CMakeFiles/sentencepiece-static.dir/normalizer.cc.o
[INFO] [stderr]   [ 64%] Building CXX object src/CMakeFiles/sentencepiece-static.dir/sentencepiece_processor.cc.o
[INFO] [stderr]   [ 65%] Building CXX object src/CMakeFiles/sentencepiece-static.dir/unigram_model.cc.o
[INFO] [stderr]   [ 66%] Building CXX object src/CMakeFiles/sentencepiece.dir/sentencepiece_processor.cc.o
[INFO] [stderr]   [ 67%] Building CXX object src/CMakeFiles/sentencepiece.dir/unigram_model.cc.o
[INFO] [stderr]   [ 68%] Building CXX object src/CMakeFiles/sentencepiece.dir/util.cc.o
[INFO] [stderr]   [ 69%] Building CXX object src/CMakeFiles/sentencepiece-static.dir/util.cc.o
[INFO] [stderr]   [ 70%] Building CXX object src/CMakeFiles/sentencepiece-static.dir/word_model.cc.o
[INFO] [stderr]   [ 71%] Building CXX object src/CMakeFiles/sentencepiece.dir/word_model.cc.o
[INFO] [stderr]   [ 72%] Building CXX object src/CMakeFiles/sentencepiece.dir/__/third_party/absl/flags/flag.cc.o
[INFO] [stderr] 
[INFO] [stderr]   --- stderr
[INFO] [stderr]   running: cd "/opt/rustwide/target/release/build/sentencepiece-sys/0a03870ed1946a1b/out/build" && CMAKE_PREFIX_PATH="" LC_ALL="C" "cmake" "/opt/rustwide/cargo-home/registry/src/index.crates.io-1949cf8c6b5b557f/sentencepiece-sys-0.12.0/source" "-B" "/opt/rustwide/target/release/build/sentencepiece-sys/0a03870ed1946a1b/out/build" "-DCMAKE_POLICY_VERSION_MINIMUM=3.5" "-DCMAKE_INSTALL_PREFIX=/opt/rustwide/target/release/build/sentencepiece-sys/0a03870ed1946a1b/out" "-DCMAKE_C_FLAGS= -ffunction-sections -fdata-sections -fPIC -m64 -w" "-DCMAKE_C_COMPILER=/usr/bin/cc" "-DCMAKE_CXX_FLAGS= -ffunction-sections -fdata-sections -fPIC -m64 -w" "-DCMAKE_CXX_COMPILER=/usr/bin/c++" "-DCMAKE_ASM_FLAGS= -ffunction-sections -fdata-sections -fPIC -m64 -w" "-DCMAKE_ASM_COMPILER=/usr/bin/cc" "-DCMAKE_BUILD_TYPE=Release"
[INFO] [stderr]   CMake Deprecation Warning at CMakeLists.txt:15 (cmake_minimum_required):
[INFO] [stderr]     Compatibility with CMake < 3.10 will be removed from a future version of
[INFO] [stderr]     CMake.
[INFO] [stderr] 
[INFO] [stderr]     Update the VERSION argument <min> value.  Or, use the <min>...<max> syntax
[INFO] [stderr]     to tell CMake that the project requires at least <min> but has been updated
[INFO] [stderr]     to work with policies introduced by <max> or earlier.
[INFO] [stderr] 
[INFO] [stderr] 
[INFO] [stderr]   CMake Warning:
[INFO] [stderr]     Manually-specified variables were not used by the project:
[INFO] [stderr] 
[INFO] [stderr]       CMAKE_ASM_COMPILER
[INFO] [stderr]       CMAKE_ASM_FLAGS
[INFO] [stderr] 
[INFO] [stderr] 
[INFO] [stderr]   running: cd "/opt/rustwide/target/release/build/sentencepiece-sys/0a03870ed1946a1b/out/build" && LC_ALL="C" MAKEFLAGS="-j --jobserver-fds=4,5 --jobserver-auth=4,5" "cmake" "--build" "/opt/rustwide/target/release/build/sentencepiece-sys/0a03870ed1946a1b/out/build" "--target" "install" "--config" "Release"
[INFO] [stderr]   c++: fatal error: Killed signal terminated program cc1plus
[INFO] [stderr]   compilation terminated.
[INFO] [stderr]   gmake[2]: *** [src/CMakeFiles/sentencepiece_train-static.dir/build.make:79: src/CMakeFiles/sentencepiece_train-static.dir/builder.cc.o] Error 1
[INFO] [stderr]   gmake[2]: *** Waiting for unfinished jobs....
[INFO] [stderr]   gmake[1]: *** [CMakeFiles/Makefile2:249: src/CMakeFiles/sentencepiece_train-static.dir/all] Error 2
[INFO] [stderr]   gmake[1]: *** Waiting for unfinished jobs....
[INFO] [stderr]   In file included from /opt/rustwide/cargo-home/registry/src/index.crates.io-1949cf8c6b5b557f/sentencepiece-sys-0.12.0/source/src/sentencepiece_processor.cc:15:
[INFO] [stderr]   /opt/rustwide/cargo-home/registry/src/index.crates.io-1949cf8c6b5b557f/sentencepiece-sys-0.12.0/source/src/sentencepiece_processor.h:168:3: error: 'uint32_t' does not name a type
[INFO] [stderr]     168 |   uint32_t id() const;
[INFO] [stderr]         |   ^~~~~~~~
[INFO] [stderr]   /opt/rustwide/cargo-home/registry/src/index.crates.io-1949cf8c6b5b557f/sentencepiece-sys-0.12.0/source/src/sentencepiece_processor.h:24:1: note: 'uint32_t' is defined in header '<cstdint>'; this is probably fixable by adding '#include <cstdint>'
[INFO] [stderr]      23 | #include <vector>
[INFO] [stderr]     +++ |+#include <cstdint>
[INFO] [stderr]      24 | 
[INFO] [stderr]   /opt/rustwide/cargo-home/registry/src/index.crates.io-1949cf8c6b5b557f/sentencepiece-sys-0.12.0/source/src/sentencepiece_processor.h:169:3: error: 'uint32_t' does not name a type
[INFO] [stderr]     169 |   uint32_t begin() const;
[INFO] [stderr]         |   ^~~~~~~~
[INFO] [stderr]   /opt/rustwide/cargo-home/registry/src/index.crates.io-1949cf8c6b5b557f/sentencepiece-sys-0.12.0/source/src/sentencepiece_processor.h:169:3: note: 'uint32_t' is defined in header '<cstdint>'; this is probably fixable by adding '#include <cstdint>'
[INFO] [stderr]   /opt/rustwide/cargo-home/registry/src/index.crates.io-1949cf8c6b5b557f/sentencepiece-sys-0.12.0/source/src/sentencepiece_processor.h:170:3: error: 'uint32_t' does not name a type
[INFO] [stderr]     170 |   uint32_t end() const;
[INFO] [stderr]         |   ^~~~~~~~
[INFO] [stderr]   /opt/rustwide/cargo-home/registry/src/index.crates.io-1949cf8c6b5b557f/sentencepiece-sys-0.12.0/source/src/sentencepiece_processor.h:170:3: note: 'uint32_t' is defined in header '<cstdint>'; this is probably fixable by adding '#include <cstdint>'
[INFO] [stderr]   In file included from /opt/rustwide/cargo-home/registry/src/index.crates.io-1949cf8c6b5b557f/sentencepiece-sys-0.12.0/source/src/sentencepiece_processor.cc:15:
[INFO] [stderr]   /opt/rustwide/cargo-home/registry/src/index.crates.io-1949cf8c6b5b557f/sentencepiece-sys-0.12.0/source/src/sentencepiece_processor.h:168:3: error: 'uint32_t' does not name a type
[INFO] [stderr]     168 |   uint32_t id() const;
[INFO] [stderr]         |   ^~~~~~~~
[INFO] [stderr]   /opt/rustwide/cargo-home/registry/src/index.crates.io-1949cf8c6b5b557f/sentencepiece-sys-0.12.0/source/src/sentencepiece_processor.h:24:1: note: 'uint32_t' is defined in header '<cstdint>'; this is probably fixable by adding '#include <cstdint>'
[INFO] [stderr]      23 | #include <vector>
[INFO] [stderr]     +++ |+#include <cstdint>
[INFO] [stderr]      24 | 
[INFO] [stderr]   /opt/rustwide/cargo-home/registry/src/index.crates.io-1949cf8c6b5b557f/sentencepiece-sys-0.12.0/source/src/sentencepiece_processor.h:169:3: error: 'uint32_t' does not name a type
[INFO] [stderr]     169 |   uint32_t begin() const;
[INFO] [stderr]         |   ^~~~~~~~
[INFO] [stderr]   /opt/rustwide/cargo-home/registry/src/index.crates.io-1949cf8c6b5b557f/sentencepiece-sys-0.12.0/source/src/sentencepiece_processor.h:169:3: note: 'uint32_t' is defined in header '<cstdint>'; this is probably fixable by adding '#include <cstdint>'
[INFO] [stderr]   /opt/rustwide/cargo-home/registry/src/index.crates.io-1949cf8c6b5b557f/sentencepiece-sys-0.12.0/source/src/sentencepiece_processor.h:170:3: error: 'uint32_t' does not name a type
[INFO] [stderr]     170 |   uint32_t end() const;
[INFO] [stderr]         |   ^~~~~~~~
[INFO] [stderr]   /opt/rustwide/cargo-home/registry/src/index.crates.io-1949cf8c6b5b557f/sentencepiece-sys-0.12.0/source/src/sentencepiece_processor.h:170:3: note: 'uint32_t' is defined in header '<cstdint>'; this is probably fixable by adding '#include <cstdint>'
[INFO] [stderr]   /opt/rustwide/cargo-home/registry/src/index.crates.io-1949cf8c6b5b557f/sentencepiece-sys-0.12.0/source/src/sentencepiece_processor.cc:121:10: error: no declaration matches 'uint32_t sentencepiece::ImmutableSentencePieceText_ImmutableSentencePiece::id() const'
[INFO] [stderr]     121 | uint32_t ImmutableSentencePieceText_ImmutableSentencePiece::id() const {
[INFO] [stderr]         |          ^~~~~~~~~~~~~~~~~~~~~~~~~~~~~~~~~~~~~~~~~~~~~~~~~
[INFO] [stderr]   /opt/rustwide/cargo-home/registry/src/index.crates.io-1949cf8c6b5b557f/sentencepiece-sys-0.12.0/source/src/sentencepiece_processor.cc:121:10: note: no functions named 'uint32_t sentencepiece::ImmutableSentencePieceText_ImmutableSentencePiece::id() const'
[INFO] [stderr]   /opt/rustwide/cargo-home/registry/src/index.crates.io-1949cf8c6b5b557f/sentencepiece-sys-0.12.0/source/src/sentencepiece_processor.h:161:7: note: 'class sentencepiece::ImmutableSentencePieceText_ImmutableSentencePiece' defined here
[INFO] [stderr]     161 | class ImmutableSentencePieceText_ImmutableSentencePiece {
[INFO] [stderr]         |       ^~~~~~~~~~~~~~~~~~~~~~~~~~~~~~~~~~~~~~~~~~~~~~~~~
[INFO] [stderr]   /opt/rustwide/cargo-home/registry/src/index.crates.io-1949cf8c6b5b557f/sentencepiece-sys-0.12.0/source/src/sentencepiece_processor.cc:125:10: error: no declaration matches 'uint32_t sentencepiece::ImmutableSentencePieceText_ImmutableSentencePiece::begin() const'
[INFO] [stderr]     125 | uint32_t ImmutableSentencePieceText_ImmutableSentencePiece::begin() const {
[INFO] [stderr]         |          ^~~~~~~~~~~~~~~~~~~~~~~~~~~~~~~~~~~~~~~~~~~~~~~~~
[INFO] [stderr]   /opt/rustwide/cargo-home/registry/src/index.crates.io-1949cf8c6b5b557f/sentencepiece-sys-0.12.0/source/src/sentencepiece_processor.cc:125:10: note: no functions named 'uint32_t sentencepiece::ImmutableSentencePieceText_ImmutableSentencePiece::begin() const'
[INFO] [stderr]   /opt/rustwide/cargo-home/registry/src/index.crates.io-1949cf8c6b5b557f/sentencepiece-sys-0.12.0/source/src/sentencepiece_processor.h:161:7: note: 'class sentencepiece::ImmutableSentencePieceText_ImmutableSentencePiece' defined here
[INFO] [stderr]     161 | class ImmutableSentencePieceText_ImmutableSentencePiece {
[INFO] [stderr]         |       ^~~~~~~~~~~~~~~~~~~~~~~~~~~~~~~~~~~~~~~~~~~~~~~~~
[INFO] [stderr]   /opt/rustwide/cargo-home/registry/src/index.crates.io-1949cf8c6b5b557f/sentencepiece-sys-0.12.0/source/src/sentencepiece_processor.cc:129:10: error: no declaration matches 'uint32_t sentencepiece::ImmutableSentencePieceText_ImmutableSentencePiece::end() const'
[INFO] [stderr]     129 | uint32_t ImmutableSentencePieceText_ImmutableSentencePiece::end() const {
[INFO] [stderr]         |          ^~~~~~~~~~~~~~~~~~~~~~~~~~~~~~~~~~~~~~~~~~~~~~~~~
[INFO] [stderr]   /opt/rustwide/cargo-home/registry/src/index.crates.io-1949cf8c6b5b557f/sentencepiece-sys-0.12.0/source/src/sentencepiece_processor.cc:129:10: note: no functions named 'uint32_t sentencepiece::ImmutableSentencePieceText_ImmutableSentencePiece::end() const'
[INFO] [stderr]   /opt/rustwide/cargo-home/registry/src/index.crates.io-1949cf8c6b5b557f/sentencepiece-sys-0.12.0/source/src/sentencepiece_processor.h:161:7: note: 'class sentencepiece::ImmutableSentencePieceText_ImmutableSentencePiece' defined here
[INFO] [stderr]     161 | class ImmutableSentencePieceText_ImmutableSentencePiece {
[INFO] [stderr]         |       ^~~~~~~~~~~~~~~~~~~~~~~~~~~~~~~~~~~~~~~~~~~~~~~~~
[INFO] [stderr]   /opt/rustwide/cargo-home/registry/src/index.crates.io-1949cf8c6b5b557f/sentencepiece-sys-0.12.0/source/src/sentencepiece_processor.cc:121:10: error: no declaration matches 'uint32_t sentencepiece::ImmutableSentencePieceText_ImmutableSentencePiece::id() const'
[INFO] [stderr]     121 | uint32_t ImmutableSentencePieceText_ImmutableSentencePiece::id() const {
[INFO] [stderr]         |          ^~~~~~~~~~~~~~~~~~~~~~~~~~~~~~~~~~~~~~~~~~~~~~~~~
[INFO] [stderr]   /opt/rustwide/cargo-home/registry/src/index.crates.io-1949cf8c6b5b557f/sentencepiece-sys-0.12.0/source/src/sentencepiece_processor.cc:121:10: note: no functions named 'uint32_t sentencepiece::ImmutableSentencePieceText_ImmutableSentencePiece::id() const'
[INFO] [stderr]   /opt/rustwide/cargo-home/registry/src/index.crates.io-1949cf8c6b5b557f/sentencepiece-sys-0.12.0/source/src/sentencepiece_processor.h:161:7: note: 'class sentencepiece::ImmutableSentencePieceText_ImmutableSentencePiece' defined here
[INFO] [stderr]     161 | class ImmutableSentencePieceText_ImmutableSentencePiece {
[INFO] [stderr]         |       ^~~~~~~~~~~~~~~~~~~~~~~~~~~~~~~~~~~~~~~~~~~~~~~~~
[INFO] [stderr]   /opt/rustwide/cargo-home/registry/src/index.crates.io-1949cf8c6b5b557f/sentencepiece-sys-0.12.0/source/src/sentencepiece_processor.cc:125:10: error: no declaration matches 'uint32_t sentencepiece::ImmutableSentencePieceText_ImmutableSentencePiece::begin() const'
[INFO] [stderr]     125 | uint32_t ImmutableSentencePieceText_ImmutableSentencePiece::begin() const {
[INFO] [stderr]         |          ^~~~~~~~~~~~~~~~~~~~~~~~~~~~~~~~~~~~~~~~~~~~~~~~~
[INFO] [stderr]   /opt/rustwide/cargo-home/registry/src/index.crates.io-1949cf8c6b5b557f/sentencepiece-sys-0.12.0/source/src/sentencepiece_processor.cc:125:10: note: no functions named 'uint32_t sentencepiece::ImmutableSentencePieceText_ImmutableSentencePiece::begin() const'
[INFO] [stderr]   /opt/rustwide/cargo-home/registry/src/index.crates.io-1949cf8c6b5b557f/sentencepiece-sys-0.12.0/source/src/sentencepiece_processor.h:161:7: note: 'class sentencepiece::ImmutableSentencePieceText_ImmutableSentencePiece' defined here
[INFO] [stderr]     161 | class ImmutableSentencePieceText_ImmutableSentencePiece {
[INFO] [stderr]         |       ^~~~~~~~~~~~~~~~~~~~~~~~~~~~~~~~~~~~~~~~~~~~~~~~~
[INFO] [stderr]   /opt/rustwide/cargo-home/registry/src/index.crates.io-1949cf8c6b5b557f/sentencepiece-sys-0.12.0/source/src/sentencepiece_processor.cc:129:10: error: no declaration matches 'uint32_t sentencepiece::ImmutableSentencePieceText_ImmutableSentencePiece::end() const'
[INFO] [stderr]     129 | uint32_t ImmutableSentencePieceText_ImmutableSentencePiece::end() const {
[INFO] [stderr]         |          ^~~~~~~~~~~~~~~~~~~~~~~~~~~~~~~~~~~~~~~~~~~~~~~~~
[INFO] [stderr]   /opt/rustwide/cargo-home/registry/src/index.crates.io-1949cf8c6b5b557f/sentencepiece-sys-0.12.0/source/src/sentencepiece_processor.cc:129:10: note: no functions named 'uint32_t sentencepiece::ImmutableSentencePieceText_ImmutableSentencePiece::end() const'
[INFO] [stderr]   /opt/rustwide/cargo-home/registry/src/index.crates.io-1949cf8c6b5b557f/sentencepiece-sys-0.12.0/source/src/sentencepiece_processor.h:161:7: note: 'class sentencepiece::ImmutableSentencePieceText_ImmutableSentencePiece' defined here
[INFO] [stderr]     161 | class ImmutableSentencePieceText_ImmutableSentencePiece {
[INFO] [stderr]         |       ^~~~~~~~~~~~~~~~~~~~~~~~~~~~~~~~~~~~~~~~~~~~~~~~~
[INFO] [stderr]   gmake[2]: *** [src/CMakeFiles/sentencepiece-static.dir/build.make:569: src/CMakeFiles/sentencepiece-static.dir/sentencepiece_processor.cc.o] Error 1
[INFO] [stderr]   gmake[2]: *** Waiting for unfinished jobs....
[INFO] [stderr]   gmake[2]: *** [src/CMakeFiles/sentencepiece.dir/build.make:569: src/CMakeFiles/sentencepiece.dir/sentencepiece_processor.cc.o] Error 1
[INFO] [stderr]   gmake[2]: *** Waiting for unfinished jobs....
[INFO] [stderr]   gmake[1]: *** [CMakeFiles/Makefile2:217: src/CMakeFiles/sentencepiece-static.dir/all] Error 2
[INFO] [stderr]   gmake[1]: *** [CMakeFiles/Makefile2:153: src/CMakeFiles/sentencepiece.dir/all] Error 2
[INFO] [stderr]   gmake: *** [Makefile:156: all] Error 2
[INFO] [stderr] 
[INFO] [stderr]   thread 'main' (2483) panicked at /opt/rustwide/cargo-home/registry/src/index.crates.io-1949cf8c6b5b557f/cmake-0.1.57/src/lib.rs:1132:5:
[INFO] [stderr] 
[INFO] [stderr]   command did not execute successfully, got: exit status: 2
[INFO] [stderr] 
[INFO] [stderr]   build script failed, must exit now
[INFO] [stderr]   stack backtrace:
[INFO] [stderr]      0:     0x5e6aab67bc31 - <unknown>
[INFO] [stderr]      1:     0x5e6aab69081a - <unknown>
[INFO] [stderr]      2:     0x5e6aab68147c - <unknown>
[INFO] [stderr]      3:     0x5e6aab659926 - <unknown>
[INFO] [stderr]      4:     0x5e6aab675b11 - <unknown>
[INFO] [stderr]      5:     0x5e6aab675ccb - <unknown>
[INFO] [stderr]      6:     0x5e6aab6599d2 - <unknown>
[INFO] [stderr]      7:     0x5e6aab6525d9 - <unknown>
[INFO] [stderr]      8:     0x5e6aab65a2ad - <unknown>
[INFO] [stderr]      9:     0x5e6aab690f8c - <unknown>
[INFO] [stderr]     10:     0x5e6aab5d73d7 - <unknown>
[INFO] [stderr]     11:     0x5e6aab5d7063 - <unknown>
[INFO] [stderr]     12:     0x5e6aab5dd045 - <unknown>
[INFO] [stderr]     13:     0x5e6aab5ac93e - <unknown>
[INFO] [stderr]     14:     0x5e6aab5ad01e - <unknown>
[INFO] [stderr]     15:     0x5e6aab5ad883 - <unknown>
[INFO] [stderr]     16:     0x5e6aab5ac576 - <unknown>
[INFO] [stderr]     17:     0x5e6aab5ac589 - <unknown>
[INFO] [stderr]     18:     0x5e6aab674e18 - <unknown>
[INFO] [stderr]     19:     0x5e6aab5ac0c1 - <unknown>
[INFO] [stderr]     20:     0x5e6aab5ad8f5 - <unknown>
[INFO] [stderr]     21:     0x704b7af68601 - <unknown>
[INFO] [stderr]     22:     0x704b7af68718 - __libc_start_main
[INFO] [stderr]     23:     0x5e6aab5ab2d5 - <unknown>
[INFO] [stderr]     24:                0x0 - <unknown>
[INFO] running `Command { std: "docker" "inspect" "a2cddf8058759029375949a7c38a1314d976b6b9661b939a2c9732e7330570a9", kill_on_drop: false }`
[INFO] running `Command { std: "docker" "rm" "-f" "a2cddf8058759029375949a7c38a1314d976b6b9661b939a2c9732e7330570a9", kill_on_drop: false }`
[INFO] [stdout] a2cddf8058759029375949a7c38a1314d976b6b9661b939a2c9732e7330570a9
