[INFO] fetching crate ctp-rust 1.0.3...
[INFO] testing ctp-rust-1.0.3 against 1.99.0-beta.8+cargoflags=--release for beta-release-1.100-2
[INFO] extracting crate ctp-rust 1.0.3 into /workspace/builds/worker-6-tc1/source
[INFO] started tweaking crates.io crate ctp-rust 1.0.3
[INFO] removed 0 missing examples
[INFO] removed 0 missing tests
[INFO] finished tweaking crates.io crate ctp-rust 1.0.3
[INFO] tweaked toml for crates.io crate ctp-rust 1.0.3 written to /workspace/builds/worker-6-tc1/source/Cargo.toml
[INFO] validating manifest of crates.io crate ctp-rust 1.0.3 on toolchain 1.99.0-beta.8
[INFO] running `Command { std: CARGO_HOME="/workspace/cargo-home" RUSTUP_HOME="/workspace/rustup-home" "/workspace/cargo-home/bin/cargo" "+1.99.0-beta.8" "metadata" "--manifest-path" "Cargo.toml" "--no-deps", kill_on_drop: false }`
[INFO] crate crates.io crate ctp-rust 1.0.3 already has a lockfile, it will not be regenerated
[INFO] running `Command { std: CARGO_HOME="/workspace/cargo-home" RUSTUP_HOME="/workspace/rustup-home" "/workspace/cargo-home/bin/cargo" "+1.99.0-beta.8" "fetch" "--manifest-path" "Cargo.toml", kill_on_drop: false }`
[INFO] [stderr]  Downloading crates ...
[INFO] [stderr]   Downloaded simple-error v0.3.1
[INFO] [stderr]   Downloaded nu-ansi-term v0.50.1
[INFO] [stderr]   Downloaded xml-rs v0.8.24
[INFO] [stderr]   Downloaded redox_syscall v0.5.17
[INFO] [stderr]   Downloaded xmltree v0.11.0
[INFO] running `Command { std: "docker" "create" "-v" "/var/lib/crater-agent-workspace/builds/worker-6-tc1/source:/opt/rustwide/workdir:ro,Z" "-v" "/var/lib/crater-agent-workspace/builds/worker-6-tc1/target:/opt/rustwide/target:rw,Z" "-v" "/var/lib/crater-agent-workspace/cargo-home:/opt/rustwide/cargo-home:ro,Z" "-v" "/var/lib/crater-agent-workspace/rustup-home:/opt/rustwide/rustup-home:ro,Z" "-m" "1610612736" "--network" "none" "ghcr.io/rust-lang/crates-build-env/linux@sha256:77db811e55d90add9212f6832c23229e3de5f1c1f9905e8cb07319ea15df73ac" "sleep" "infinity", kill_on_drop: false }`
[INFO] [stdout] 52f45c2a3dbff7905bf51fe29027fdfcb2f7100ace1ce35eb30242e8df04b1ed
[INFO] running `Command { std: "docker" "start" "52f45c2a3dbff7905bf51fe29027fdfcb2f7100ace1ce35eb30242e8df04b1ed", kill_on_drop: false }`
[INFO] running `Command { std: "docker" "inspect" "52f45c2a3dbff7905bf51fe29027fdfcb2f7100ace1ce35eb30242e8df04b1ed", kill_on_drop: false }`
[INFO] running `Command { std: "docker" "exec" "-e" "SOURCE_DIR=/opt/rustwide/workdir" "-e" "CARGO_HOME=/opt/rustwide/cargo-home" "-e" "RUSTUP_HOME=/opt/rustwide/rustup-home" "-e" "CARGO_TARGET_DIR=/opt/rustwide/target" "-w" "/opt/rustwide/workdir" "--user" "0:0" "52f45c2a3dbff7905bf51fe29027fdfcb2f7100ace1ce35eb30242e8df04b1ed" "/opt/rustwide/cargo-home/bin/cargo" "+1.99.0-beta.8" "metadata" "--no-deps" "--format-version=1", kill_on_drop: false }`
[INFO] running `Command { std: "docker" "inspect" "52f45c2a3dbff7905bf51fe29027fdfcb2f7100ace1ce35eb30242e8df04b1ed", kill_on_drop: false }`
[INFO] running `Command { std: "docker" "exec" "-e" "SOURCE_DIR=/opt/rustwide/workdir" "-e" "CARGO_HOME=/opt/rustwide/cargo-home" "-e" "RUSTUP_HOME=/opt/rustwide/rustup-home" "-e" "CARGO_TARGET_DIR=/opt/rustwide/target" "-e" "CARGO_INCREMENTAL=0" "-e" "RUST_BACKTRACE=full" "-e" "RUSTFLAGS=--cap-lints=warn" "-e" "RUSTDOCFLAGS=--cap-lints=warn" "-w" "/opt/rustwide/workdir" "--user" "0:0" "52f45c2a3dbff7905bf51fe29027fdfcb2f7100ace1ce35eb30242e8df04b1ed" "/opt/rustwide/cargo-home/bin/cargo" "+1.99.0-beta.8" "build" "--frozen" "--message-format=json" "--release", kill_on_drop: false }`
[INFO] [stderr]    Compiling proc-macro2 v1.0.92
[INFO] [stderr]    Compiling unicode-ident v1.0.14
[INFO] [stderr]    Compiling encoding_index_tests v0.1.4
[INFO] [stderr]    Compiling libc v0.2.168
[INFO] [stderr]    Compiling glob v0.3.1
[INFO] [stderr]    Compiling prettyplease v0.2.25
[INFO] [stderr]    Compiling cfg-if v1.0.0
[INFO] [stderr]    Compiling memchr v2.7.4
[INFO] [stderr]    Compiling autocfg v1.5.0
[INFO] [stderr]    Compiling regex-syntax v0.8.5
[INFO] [stderr]    Compiling minimal-lexical v0.2.1
[INFO] [stderr]    Compiling once_cell v1.21.3
[INFO] [stderr]    Compiling smallvec v1.15.1
[INFO] [stderr]    Compiling either v1.13.0
[INFO] [stderr]    Compiling libloading v0.8.6
[INFO] [stderr]    Compiling bindgen v0.70.1
[INFO] [stderr]    Compiling parking_lot_core v0.9.11
[INFO] [stderr]    Compiling encoding-index-simpchinese v1.20141219.5
[INFO] [stderr]    Compiling encoding-index-korean v1.20141219.5
[INFO] [stderr]    Compiling itertools v0.13.0
[INFO] [stderr]    Compiling encoding-index-japanese v1.20141219.5
[INFO] [stderr]    Compiling encoding-index-tradchinese v1.20141219.5
[INFO] [stderr]    Compiling encoding-index-singlebyte v1.20141219.5
[INFO] [stderr]    Compiling tracing-core v0.1.34
[INFO] [stderr]    Compiling scopeguard v1.2.0
[INFO] [stderr]    Compiling shlex v1.3.0
[INFO] [stderr]    Compiling xml-rs v0.8.24
[INFO] [stderr]    Compiling clang-sys v1.8.1
[INFO] [stderr]    Compiling bitflags v2.6.0
[INFO] [stderr]    Compiling rustc-hash v1.1.0
[INFO] [stderr]    Compiling log v0.4.22
[INFO] [stderr]    Compiling encoding v0.2.33
[INFO] [stderr]    Compiling nom v7.1.3
[INFO] [stderr]    Compiling lock_api v0.4.13
[INFO] [stderr]    Compiling powerfmt v0.2.0
[INFO] [stderr]    Compiling pin-project-lite v0.2.15
[INFO] [stderr]    Compiling simple-error v0.3.1
[INFO] [stderr]    Compiling lazy_static v1.5.0
[INFO] [stderr]    Compiling sharded-slab v0.1.7
[INFO] [stderr]    Compiling deranged v0.3.11
[INFO] [stderr]    Compiling thread_local v1.1.9
[INFO] [stderr]    Compiling quote v1.0.37
[INFO] [stderr]    Compiling xmltree v0.11.0
[INFO] [stderr]    Compiling num-conv v0.1.0
[INFO] [stderr]    Compiling time-core v0.1.2
[INFO] [stderr]    Compiling bytes v1.10.1
[INFO] [stderr]    Compiling tracing-log v0.2.0
[INFO] [stderr]    Compiling nu-ansi-term v0.50.1
[INFO] [stderr]    Compiling syn v2.0.90
[INFO] [stderr]    Compiling dotenvy v0.15.7
[INFO] [stderr]    Compiling signal-hook-registry v1.4.6
[INFO] [stderr]    Compiling socket2 v0.5.8
[INFO] [stderr]    Compiling mio v1.0.4
[INFO] [stderr]    Compiling time v0.3.37
[INFO] [stderr]    Compiling parking_lot v0.12.4
[INFO] [stderr]    Compiling tracing-subscriber v0.3.20
[INFO] [stderr]    Compiling regex-automata v0.4.9
[INFO] [stderr]    Compiling regex v1.11.1
[INFO] [stderr]    Compiling cexpr v0.6.0
[INFO] [stderr]    Compiling tracing-attributes v0.1.30
[INFO] [stderr]    Compiling tokio-macros v2.4.0
[INFO] [stderr]    Compiling tokio v1.42.0
[INFO] [stderr]    Compiling tracing v0.1.41
[INFO] [stderr]    Compiling ctp-rust v1.0.3 (/opt/rustwide/workdir)
[INFO] [stderr] warning: ctp-rust@1.0.3: CTP库文件不存在，将跳过动态链接。如需完整功能，请将CTP库文件放置在正确位置。
[INFO] [stderr] warning: ctp-rust@1.0.3: 行情API库: /opt/rustwide/workdir/libs/ctp/linux/lib/libthostmduserapi_se.so
[INFO] [stderr] warning: ctp-rust@1.0.3: 交易API库: /opt/rustwide/workdir/libs/ctp/linux/lib/libthosttraderapi_se.so
[INFO] [stderr] warning: ctp-rust@1.0.3: 构建目标: linux x86_64
[INFO] [stderr] warning: ctp-rust@1.0.3: 测试模式：将跳过CTP库链接
[INFO] [stderr]     Finished `release` profile [optimized] target(s) in 30.33s
[INFO] running `Command { std: "docker" "inspect" "52f45c2a3dbff7905bf51fe29027fdfcb2f7100ace1ce35eb30242e8df04b1ed", kill_on_drop: false }`
[INFO] running `Command { std: "docker" "exec" "-e" "SOURCE_DIR=/opt/rustwide/workdir" "-e" "CARGO_HOME=/opt/rustwide/cargo-home" "-e" "RUSTUP_HOME=/opt/rustwide/rustup-home" "-e" "CARGO_TARGET_DIR=/opt/rustwide/target" "-e" "CARGO_INCREMENTAL=0" "-e" "RUST_BACKTRACE=full" "-e" "RUSTFLAGS=--cap-lints=warn" "-e" "RUSTDOCFLAGS=--cap-lints=warn" "-w" "/opt/rustwide/workdir" "--user" "0:0" "52f45c2a3dbff7905bf51fe29027fdfcb2f7100ace1ce35eb30242e8df04b1ed" "/opt/rustwide/cargo-home/bin/cargo" "+1.99.0-beta.8" "test" "--frozen" "--no-run" "--message-format=json" "--release", kill_on_drop: false }`
[INFO] [stderr]    Compiling regex-syntax v0.8.5
[INFO] [stderr] warning: ctp-rust@1.0.3: CTP库文件不存在，将跳过动态链接。如需完整功能，请将CTP库文件放置在正确位置。
[INFO] [stderr] warning: ctp-rust@1.0.3: 行情API库: /opt/rustwide/workdir/libs/ctp/linux/lib/libthostmduserapi_se.so
[INFO] [stderr] warning: ctp-rust@1.0.3: 交易API库: /opt/rustwide/workdir/libs/ctp/linux/lib/libthosttraderapi_se.so
[INFO] [stderr] warning: ctp-rust@1.0.3: 构建目标: linux x86_64
[INFO] [stderr] warning: ctp-rust@1.0.3: 测试模式：将跳过CTP库链接
[INFO] [stderr]    Compiling regex-automata v0.4.9
[INFO] [stderr]    Compiling matchers v0.2.0
[INFO] [stderr]    Compiling tracing-subscriber v0.3.20
[INFO] [stderr]    Compiling ctp-rust v1.0.3 (/opt/rustwide/workdir)
[INFO] [stdout] error: linking with `cc` failed: exit status: 1
[INFO] [stdout]   |
[INFO] [stdout]   = note:  "cc" "-m64" "<1 object files omitted>" "-Wl,--as-needed" "-Wl,-Bstatic" "<sysroot>/lib/rustlib/x86_64-unknown-linux-gnu/lib/libcompiler_builtins-*.rlib" "-Wl,-Bdynamic" "-lctp_wrapper" "-lgcc_s" "-lutil" "-lrt" "-lpthread" "-lm" "-ldl" "-lc" "-L" "/opt/rustwide/target/release/examples/rustcY8o865/raw-dylibs" "-B<sysroot>/lib/rustlib/x86_64-unknown-linux-gnu/bin/gcc-ld" "-fuse-ld=lld" "-Wl,--eh-frame-hdr" "-Wl,-z,noexecstack" "-L" "<sysroot>/lib/rustlib/x86_64-unknown-linux-gnu/lib" "-o" "/opt/rustwide/target/release/examples/debug_logger-51c5ea2e8c5a33e3" "-Wl,--gc-sections" "-pie" "-Wl,-z,relro,-z,now" "-Wl,-O1" "-Wl,--strip-debug" "-nodefaultlibs"
[INFO] [stdout]   = note: some arguments are omitted. use `--verbose` to show all linker arguments
[INFO] [stdout]   = note: rust-lld: error: unable to find library -lctp_wrapper
[INFO] [stdout]           collect2: error: ld returned 1 exit status
[INFO] [stdout]           
[INFO] [stdout] 
[INFO] [stdout] 
[INFO] [stderr] warning: ctp-rust@1.0.3: CTP库文件不存在，将跳过动态链接。如需完整功能，请将CTP库文件放置在正确位置。
[INFO] [stderr] warning: ctp-rust@1.0.3: 行情API库: /opt/rustwide/workdir/libs/ctp/linux/lib/libthostmduserapi_se.so
[INFO] [stderr] warning: ctp-rust@1.0.3: 交易API库: /opt/rustwide/workdir/libs/ctp/linux/lib/libthosttraderapi_se.so
[INFO] [stderr] warning: ctp-rust@1.0.3: 构建目标: linux x86_64
[INFO] [stderr] warning: ctp-rust@1.0.3: 测试模式：将跳过CTP库链接
[INFO] [stderr] error: could not compile `ctp-rust` (example "debug_logger") due to 1 previous error
[INFO] [stderr] warning: build failed, waiting for other jobs to finish...
[INFO] [stdout] error: linking with `cc` failed: exit status: 1
[INFO] [stdout]   |
[INFO] [stdout]   = note:  "cc" "-m64" "<1 object files omitted>" "-Wl,--as-needed" "-Wl,-Bstatic" "<sysroot>/lib/rustlib/x86_64-unknown-linux-gnu/lib/libcompiler_builtins-*.rlib" "-Wl,-Bdynamic" "-lctp_wrapper" "-lgcc_s" "-lutil" "-lrt" "-lpthread" "-lm" "-ldl" "-lc" "-L" "/opt/rustwide/target/release/examples/rustcr7CHM5/raw-dylibs" "-B<sysroot>/lib/rustlib/x86_64-unknown-linux-gnu/bin/gcc-ld" "-fuse-ld=lld" "-Wl,--eh-frame-hdr" "-Wl,-z,noexecstack" "-L" "<sysroot>/lib/rustlib/x86_64-unknown-linux-gnu/lib" "-o" "/opt/rustwide/target/release/examples/encoding_demo-fb57de479c9c9a5b" "-Wl,--gc-sections" "-pie" "-Wl,-z,relro,-z,now" "-Wl,-O1" "-Wl,--strip-debug" "-nodefaultlibs"
[INFO] [stdout]   = note: some arguments are omitted. use `--verbose` to show all linker arguments
[INFO] [stdout]   = note: rust-lld: error: unable to find library -lctp_wrapper
[INFO] [stdout]           collect2: error: ld returned 1 exit status
[INFO] [stdout]           
[INFO] [stdout] 
[INFO] [stdout] 
[INFO] [stderr] warning: ctp-rust@1.0.3: CTP库文件不存在，将跳过动态链接。如需完整功能，请将CTP库文件放置在正确位置。
[INFO] [stderr] warning: ctp-rust@1.0.3: 行情API库: /opt/rustwide/workdir/libs/ctp/linux/lib/libthostmduserapi_se.so
[INFO] [stderr] warning: ctp-rust@1.0.3: 交易API库: /opt/rustwide/workdir/libs/ctp/linux/lib/libthosttraderapi_se.so
[INFO] [stderr] warning: ctp-rust@1.0.3: 构建目标: linux x86_64
[INFO] [stderr] warning: ctp-rust@1.0.3: 测试模式：将跳过CTP库链接
[INFO] [stderr] error: could not compile `ctp-rust` (example "encoding_demo") due to 1 previous error
[INFO] [stdout] error: linking with `cc` failed: exit status: 1
[INFO] [stdout]   |
[INFO] [stdout]   = note:  "cc" "-m64" "<1 object files omitted>" "-Wl,--as-needed" "-Wl,-Bstatic" "<sysroot>/lib/rustlib/x86_64-unknown-linux-gnu/lib/libcompiler_builtins-*.rlib" "-Wl,-Bdynamic" "-lctp_wrapper" "-lgcc_s" "-lutil" "-lrt" "-lpthread" "-lm" "-ldl" "-lc" "-L" "/opt/rustwide/target/release/examples/rustcbvonqj/raw-dylibs" "-B<sysroot>/lib/rustlib/x86_64-unknown-linux-gnu/bin/gcc-ld" "-fuse-ld=lld" "-Wl,--eh-frame-hdr" "-Wl,-z,noexecstack" "-L" "<sysroot>/lib/rustlib/x86_64-unknown-linux-gnu/lib" "-o" "/opt/rustwide/target/release/examples/md_basic-8346acc6eba5b73f" "-Wl,--gc-sections" "-pie" "-Wl,-z,relro,-z,now" "-Wl,-O1" "-Wl,--strip-debug" "-nodefaultlibs"
[INFO] [stdout]   = note: some arguments are omitted. use `--verbose` to show all linker arguments
[INFO] [stdout]   = note: rust-lld: error: unable to find library -lctp_wrapper
[INFO] [stdout]           collect2: error: ld returned 1 exit status
[INFO] [stdout]           
[INFO] [stdout] 
[INFO] [stdout] 
[INFO] [stderr] warning: ctp-rust@1.0.3: CTP库文件不存在，将跳过动态链接。如需完整功能，请将CTP库文件放置在正确位置。
[INFO] [stderr] warning: ctp-rust@1.0.3: 行情API库: /opt/rustwide/workdir/libs/ctp/linux/lib/libthostmduserapi_se.so
[INFO] [stderr] warning: ctp-rust@1.0.3: 交易API库: /opt/rustwide/workdir/libs/ctp/linux/lib/libthosttraderapi_se.so
[INFO] [stderr] warning: ctp-rust@1.0.3: 构建目标: linux x86_64
[INFO] [stderr] warning: ctp-rust@1.0.3: 测试模式：将跳过CTP库链接
[INFO] [stderr] error: could not compile `ctp-rust` (example "md_basic") due to 1 previous error
[INFO] [stdout] error: linking with `cc` failed: exit status: 1
[INFO] [stdout]   |
[INFO] [stdout]   = note:  "cc" "-m64" "<1 object files omitted>" "-Wl,--as-needed" "-Wl,-Bstatic" "<sysroot>/lib/rustlib/x86_64-unknown-linux-gnu/lib/libcompiler_builtins-*.rlib" "-Wl,-Bdynamic" "-lctp_wrapper" "-lgcc_s" "-lutil" "-lrt" "-lpthread" "-lm" "-ldl" "-lc" "-L" "/opt/rustwide/target/release/examples/rustcv866VU/raw-dylibs" "-B<sysroot>/lib/rustlib/x86_64-unknown-linux-gnu/bin/gcc-ld" "-fuse-ld=lld" "-Wl,--eh-frame-hdr" "-Wl,-z,noexecstack" "-L" "<sysroot>/lib/rustlib/x86_64-unknown-linux-gnu/lib" "-o" "/opt/rustwide/target/release/examples/error_handling-304047ca53d6ad33" "-Wl,--gc-sections" "-pie" "-Wl,-z,relro,-z,now" "-Wl,-O1" "-Wl,--strip-debug" "-nodefaultlibs"
[INFO] [stdout]   = note: some arguments are omitted. use `--verbose` to show all linker arguments
[INFO] [stdout]   = note: rust-lld: error: unable to find library -lctp_wrapper
[INFO] [stdout]           collect2: error: ld returned 1 exit status
[INFO] [stdout]           
[INFO] [stdout] 
[INFO] [stdout] 
[INFO] [stderr] warning: ctp-rust@1.0.3: CTP库文件不存在，将跳过动态链接。如需完整功能，请将CTP库文件放置在正确位置。
[INFO] [stderr] warning: ctp-rust@1.0.3: 行情API库: /opt/rustwide/workdir/libs/ctp/linux/lib/libthostmduserapi_se.so
[INFO] [stderr] warning: ctp-rust@1.0.3: 交易API库: /opt/rustwide/workdir/libs/ctp/linux/lib/libthosttraderapi_se.so
[INFO] [stderr] warning: ctp-rust@1.0.3: 构建目标: linux x86_64
[INFO] [stderr] warning: ctp-rust@1.0.3: 测试模式：将跳过CTP库链接
[INFO] [stderr] error: could not compile `ctp-rust` (example "error_handling") due to 1 previous error
[INFO] [stdout] error: linking with `cc` failed: exit status: 1
[INFO] [stdout]   |
[INFO] [stdout]   = note:  "cc" "-m64" "<1 object files omitted>" "-Wl,--as-needed" "-Wl,-Bstatic" "<sysroot>/lib/rustlib/x86_64-unknown-linux-gnu/lib/libcompiler_builtins-*.rlib" "-Wl,-Bdynamic" "-lctp_wrapper" "-lgcc_s" "-lutil" "-lrt" "-lpthread" "-lm" "-ldl" "-lc" "-L" "/opt/rustwide/target/release/deps/rustc3OyOv2/raw-dylibs" "-B<sysroot>/lib/rustlib/x86_64-unknown-linux-gnu/bin/gcc-ld" "-fuse-ld=lld" "-Wl,--eh-frame-hdr" "-Wl,-z,noexecstack" "-L" "<sysroot>/lib/rustlib/x86_64-unknown-linux-gnu/lib" "-o" "/opt/rustwide/target/release/deps/encoding_tests-eebd79ef4ae0a45c" "-Wl,--gc-sections" "-pie" "-Wl,-z,relro,-z,now" "-Wl,-O1" "-Wl,--strip-debug" "-nodefaultlibs"
[INFO] [stdout]   = note: some arguments are omitted. use `--verbose` to show all linker arguments
[INFO] [stdout]   = note: rust-lld: error: unable to find library -lctp_wrapper
[INFO] [stdout]           collect2: error: ld returned 1 exit status
[INFO] [stdout]           
[INFO] [stdout] 
[INFO] [stdout] 
[INFO] [stderr] warning: ctp-rust@1.0.3: CTP库文件不存在，将跳过动态链接。如需完整功能，请将CTP库文件放置在正确位置。
[INFO] [stderr] warning: ctp-rust@1.0.3: 行情API库: /opt/rustwide/workdir/libs/ctp/linux/lib/libthostmduserapi_se.so
[INFO] [stderr] warning: ctp-rust@1.0.3: 交易API库: /opt/rustwide/workdir/libs/ctp/linux/lib/libthosttraderapi_se.so
[INFO] [stderr] warning: ctp-rust@1.0.3: 构建目标: linux x86_64
[INFO] [stderr] warning: ctp-rust@1.0.3: 测试模式：将跳过CTP库链接
[INFO] [stderr] error: could not compile `ctp-rust` (test "encoding_tests") due to 1 previous error
[INFO] [stdout] error: linking with `cc` failed: exit status: 1
[INFO] [stdout]   |
[INFO] [stdout]   = note:  "cc" "-m64" "<1 object files omitted>" "-Wl,--as-needed" "-Wl,-Bdynamic" "-lctp_wrapper" "-Wl,-Bstatic" "<sysroot>/lib/rustlib/x86_64-unknown-linux-gnu/lib/libcompiler_builtins-*.rlib" "-Wl,-Bdynamic" "-lgcc_s" "-lutil" "-lrt" "-lpthread" "-lm" "-ldl" "-lc" "-L" "/opt/rustwide/target/release/deps/rustcAd4Nix/raw-dylibs" "-B<sysroot>/lib/rustlib/x86_64-unknown-linux-gnu/bin/gcc-ld" "-fuse-ld=lld" "-Wl,--eh-frame-hdr" "-Wl,-z,noexecstack" "-L" "<sysroot>/lib/rustlib/x86_64-unknown-linux-gnu/lib" "-o" "/opt/rustwide/target/release/deps/ctp_rust-bb78eabec16dbe1a" "-Wl,--gc-sections" "-pie" "-Wl,-z,relro,-z,now" "-Wl,-O1" "-Wl,--strip-debug" "-nodefaultlibs"
[INFO] [stdout]   = note: some arguments are omitted. use `--verbose` to show all linker arguments
[INFO] [stdout]   = note: rust-lld: error: unable to find library -lctp_wrapper
[INFO] [stdout]           collect2: error: ld returned 1 exit status
[INFO] [stdout]           
[INFO] [stdout] 
[INFO] [stdout] 
[INFO] [stderr] warning: ctp-rust@1.0.3: CTP库文件不存在，将跳过动态链接。如需完整功能，请将CTP库文件放置在正确位置。
[INFO] [stderr] warning: ctp-rust@1.0.3: 行情API库: /opt/rustwide/workdir/libs/ctp/linux/lib/libthostmduserapi_se.so
[INFO] [stderr] warning: ctp-rust@1.0.3: 交易API库: /opt/rustwide/workdir/libs/ctp/linux/lib/libthosttraderapi_se.so
[INFO] [stderr] warning: ctp-rust@1.0.3: 构建目标: linux x86_64
[INFO] [stderr] warning: ctp-rust@1.0.3: 测试模式：将跳过CTP库链接
[INFO] [stderr] error: could not compile `ctp-rust` (lib test) due to 1 previous error
[INFO] [stdout] error: linking with `cc` failed: exit status: 1
[INFO] [stdout]   |
[INFO] [stdout]   = note:  "cc" "-m64" "<1 object files omitted>" "-Wl,--as-needed" "-Wl,-Bstatic" "<sysroot>/lib/rustlib/x86_64-unknown-linux-gnu/lib/libcompiler_builtins-*.rlib" "-Wl,-Bdynamic" "-lctp_wrapper" "-lgcc_s" "-lutil" "-lrt" "-lpthread" "-lm" "-ldl" "-lc" "-L" "/opt/rustwide/target/release/examples/rustciutJLd/raw-dylibs" "-B<sysroot>/lib/rustlib/x86_64-unknown-linux-gnu/bin/gcc-ld" "-fuse-ld=lld" "-Wl,--eh-frame-hdr" "-Wl,-z,noexecstack" "-L" "<sysroot>/lib/rustlib/x86_64-unknown-linux-gnu/lib" "-o" "/opt/rustwide/target/release/examples/trader_basic-7194c36a7885a875" "-Wl,--gc-sections" "-pie" "-Wl,-z,relro,-z,now" "-Wl,-O1" "-Wl,--strip-debug" "-nodefaultlibs"
[INFO] [stdout]   = note: some arguments are omitted. use `--verbose` to show all linker arguments
[INFO] [stdout]   = note: rust-lld: error: unable to find library -lctp_wrapper
[INFO] [stdout]           collect2: error: ld returned 1 exit status
[INFO] [stdout]           
[INFO] [stdout] 
[INFO] [stdout] 
[INFO] [stderr] warning: ctp-rust@1.0.3: CTP库文件不存在，将跳过动态链接。如需完整功能，请将CTP库文件放置在正确位置。
[INFO] [stderr] warning: ctp-rust@1.0.3: 行情API库: /opt/rustwide/workdir/libs/ctp/linux/lib/libthostmduserapi_se.so
[INFO] [stderr] warning: ctp-rust@1.0.3: 交易API库: /opt/rustwide/workdir/libs/ctp/linux/lib/libthosttraderapi_se.so
[INFO] [stderr] warning: ctp-rust@1.0.3: 构建目标: linux x86_64
[INFO] [stderr] warning: ctp-rust@1.0.3: 测试模式：将跳过CTP库链接
[INFO] [stderr] error: could not compile `ctp-rust` (example "trader_basic") due to 1 previous error
[INFO] [stdout] error: linking with `cc` failed: exit status: 1
[INFO] [stdout]   |
[INFO] [stdout]   = note:  "cc" "-m64" "<1 object files omitted>" "-Wl,--as-needed" "-Wl,-Bstatic" "<sysroot>/lib/rustlib/x86_64-unknown-linux-gnu/lib/libcompiler_builtins-*.rlib" "-Wl,-Bdynamic" "-lctp_wrapper" "-lgcc_s" "-lutil" "-lrt" "-lpthread" "-lm" "-ldl" "-lc" "-L" "/opt/rustwide/target/release/examples/rustcKg2CRC/raw-dylibs" "-B<sysroot>/lib/rustlib/x86_64-unknown-linux-gnu/bin/gcc-ld" "-fuse-ld=lld" "-Wl,--eh-frame-hdr" "-Wl,-z,noexecstack" "-L" "<sysroot>/lib/rustlib/x86_64-unknown-linux-gnu/lib" "-o" "/opt/rustwide/target/release/examples/async_md_basic-be297cf63d500f75" "-Wl,--gc-sections" "-pie" "-Wl,-z,relro,-z,now" "-Wl,-O1" "-Wl,--strip-debug" "-nodefaultlibs"
[INFO] [stdout]   = note: some arguments are omitted. use `--verbose` to show all linker arguments
[INFO] [stdout]   = note: rust-lld: error: unable to find library -lctp_wrapper
[INFO] [stdout]           collect2: error: ld returned 1 exit status
[INFO] [stdout]           
[INFO] [stdout] 
[INFO] [stdout] 
[INFO] [stderr] warning: ctp-rust@1.0.3: CTP库文件不存在，将跳过动态链接。如需完整功能，请将CTP库文件放置在正确位置。
[INFO] [stderr] warning: ctp-rust@1.0.3: 行情API库: /opt/rustwide/workdir/libs/ctp/linux/lib/libthostmduserapi_se.so
[INFO] [stderr] warning: ctp-rust@1.0.3: 交易API库: /opt/rustwide/workdir/libs/ctp/linux/lib/libthosttraderapi_se.so
[INFO] [stderr] warning: ctp-rust@1.0.3: 构建目标: linux x86_64
[INFO] [stderr] warning: ctp-rust@1.0.3: 测试模式：将跳过CTP库链接
[INFO] [stderr] error: could not compile `ctp-rust` (example "async_md_basic") due to 1 previous error
[INFO] [stdout] error: linking with `cc` failed: exit status: 1
[INFO] [stdout]   |
[INFO] [stdout]   = note:  "cc" "-m64" "<1 object files omitted>" "-Wl,--as-needed" "-Wl,-Bstatic" "<sysroot>/lib/rustlib/x86_64-unknown-linux-gnu/lib/libcompiler_builtins-*.rlib" "-Wl,-Bdynamic" "-lctp_wrapper" "-lgcc_s" "-lutil" "-lrt" "-lpthread" "-lm" "-ldl" "-lc" "-L" "/opt/rustwide/target/release/examples/rustcp92DFJ/raw-dylibs" "-B<sysroot>/lib/rustlib/x86_64-unknown-linux-gnu/bin/gcc-ld" "-fuse-ld=lld" "-Wl,--eh-frame-hdr" "-Wl,-z,noexecstack" "-L" "<sysroot>/lib/rustlib/x86_64-unknown-linux-gnu/lib" "-o" "/opt/rustwide/target/release/examples/async_trader_basic-869d4f849bacc618" "-Wl,--gc-sections" "-pie" "-Wl,-z,relro,-z,now" "-Wl,-O1" "-Wl,--strip-debug" "-nodefaultlibs"
[INFO] [stdout]   = note: some arguments are omitted. use `--verbose` to show all linker arguments
[INFO] [stdout]   = note: rust-lld: error: unable to find library -lctp_wrapper
[INFO] [stdout]           collect2: error: ld returned 1 exit status
[INFO] [stdout]           
[INFO] [stdout] 
[INFO] [stdout] 
[INFO] [stderr] warning: ctp-rust@1.0.3: CTP库文件不存在，将跳过动态链接。如需完整功能，请将CTP库文件放置在正确位置。
[INFO] [stderr] warning: ctp-rust@1.0.3: 行情API库: /opt/rustwide/workdir/libs/ctp/linux/lib/libthostmduserapi_se.so
[INFO] [stderr] warning: ctp-rust@1.0.3: 交易API库: /opt/rustwide/workdir/libs/ctp/linux/lib/libthosttraderapi_se.so
[INFO] [stderr] warning: ctp-rust@1.0.3: 构建目标: linux x86_64
[INFO] [stderr] warning: ctp-rust@1.0.3: 测试模式：将跳过CTP库链接
[INFO] [stderr] error: could not compile `ctp-rust` (example "async_trader_basic") due to 1 previous error
[INFO] running `Command { std: "docker" "inspect" "52f45c2a3dbff7905bf51fe29027fdfcb2f7100ace1ce35eb30242e8df04b1ed", kill_on_drop: false }`
[INFO] running `Command { std: "docker" "rm" "-f" "52f45c2a3dbff7905bf51fe29027fdfcb2f7100ace1ce35eb30242e8df04b1ed", kill_on_drop: false }`
[INFO] [stdout] 52f45c2a3dbff7905bf51fe29027fdfcb2f7100ace1ce35eb30242e8df04b1ed
