[INFO] fetching crate ctf-packet-relay 0.1.3...
[INFO] testing ctf-packet-relay-0.1.3 against 1.100.0-beta.1+cargoflags=--release for beta-release-1.100-2
[INFO] extracting crate ctf-packet-relay 0.1.3 into /workspace/builds/worker-3-tc2/source
[INFO] started tweaking crates.io crate ctf-packet-relay 0.1.3
[INFO] finished tweaking crates.io crate ctf-packet-relay 0.1.3
[INFO] tweaked toml for crates.io crate ctf-packet-relay 0.1.3 written to /workspace/builds/worker-3-tc2/source/Cargo.toml
[INFO] validating manifest of crates.io crate ctf-packet-relay 0.1.3 on toolchain 1.100.0-beta.1
[INFO] running `Command { std: CARGO_HOME="/workspace/cargo-home" RUSTUP_HOME="/workspace/rustup-home" "/workspace/cargo-home/bin/cargo" "+1.100.0-beta.1" "metadata" "--manifest-path" "Cargo.toml" "--no-deps", kill_on_drop: false }`
[INFO] crate crates.io crate ctf-packet-relay 0.1.3 already has a lockfile, it will not be regenerated
[INFO] running `Command { std: CARGO_HOME="/workspace/cargo-home" RUSTUP_HOME="/workspace/rustup-home" "/workspace/cargo-home/bin/cargo" "+1.100.0-beta.1" "fetch" "--manifest-path" "Cargo.toml", kill_on_drop: false }`
[INFO] running `Command { std: "docker" "create" "-v" "/var/lib/crater-agent-workspace/builds/worker-3-tc2/source:/opt/rustwide/workdir:ro,Z" "-v" "/var/lib/crater-agent-workspace/builds/worker-3-tc2/target:/opt/rustwide/target:rw,Z" "-v" "/var/lib/crater-agent-workspace/cargo-home:/opt/rustwide/cargo-home:ro,Z" "-v" "/var/lib/crater-agent-workspace/rustup-home:/opt/rustwide/rustup-home:ro,Z" "-m" "1610612736" "--network" "none" "ghcr.io/rust-lang/crates-build-env/linux@sha256:77db811e55d90add9212f6832c23229e3de5f1c1f9905e8cb07319ea15df73ac" "sleep" "infinity", kill_on_drop: false }`
[INFO] [stdout] 65ff6ac1ecac6969d4d3ae3fbb4b2d719fc0ff1fc0d1a5641de1f1ca3f0ee859
[INFO] running `Command { std: "docker" "start" "65ff6ac1ecac6969d4d3ae3fbb4b2d719fc0ff1fc0d1a5641de1f1ca3f0ee859", kill_on_drop: false }`
[INFO] running `Command { std: "docker" "inspect" "65ff6ac1ecac6969d4d3ae3fbb4b2d719fc0ff1fc0d1a5641de1f1ca3f0ee859", kill_on_drop: false }`
[INFO] running `Command { std: "docker" "exec" "-e" "SOURCE_DIR=/opt/rustwide/workdir" "-e" "CARGO_HOME=/opt/rustwide/cargo-home" "-e" "RUSTUP_HOME=/opt/rustwide/rustup-home" "-e" "CARGO_TARGET_DIR=/opt/rustwide/target" "-w" "/opt/rustwide/workdir" "--user" "0:0" "65ff6ac1ecac6969d4d3ae3fbb4b2d719fc0ff1fc0d1a5641de1f1ca3f0ee859" "/opt/rustwide/cargo-home/bin/cargo" "+1.100.0-beta.1" "metadata" "--no-deps" "--format-version=1", kill_on_drop: false }`
[INFO] running `Command { std: "docker" "inspect" "65ff6ac1ecac6969d4d3ae3fbb4b2d719fc0ff1fc0d1a5641de1f1ca3f0ee859", kill_on_drop: false }`
[INFO] running `Command { std: "docker" "exec" "-e" "SOURCE_DIR=/opt/rustwide/workdir" "-e" "CARGO_HOME=/opt/rustwide/cargo-home" "-e" "RUSTUP_HOME=/opt/rustwide/rustup-home" "-e" "CARGO_TARGET_DIR=/opt/rustwide/target" "-e" "CARGO_INCREMENTAL=0" "-e" "RUST_BACKTRACE=full" "-e" "RUSTFLAGS=--cap-lints=warn" "-e" "RUSTDOCFLAGS=--cap-lints=warn" "-w" "/opt/rustwide/workdir" "--user" "0:0" "65ff6ac1ecac6969d4d3ae3fbb4b2d719fc0ff1fc0d1a5641de1f1ca3f0ee859" "/opt/rustwide/cargo-home/bin/cargo" "+1.100.0-beta.1" "build" "--frozen" "--message-format=json" "--release", kill_on_drop: false }`
[INFO] [stderr]    Compiling libc v0.2.139
[INFO] [stderr]    Compiling syn v1.0.107
[INFO] [stderr]    Compiling log v0.4.17
[INFO] [stderr]    Compiling futures-core v0.3.25
[INFO] [stderr]    Compiling pin-project-lite v0.2.9
[INFO] [stderr]    Compiling memchr v2.5.0
[INFO] [stderr]    Compiling slab v0.4.7
[INFO] [stderr]    Compiling num-traits v0.2.15
[INFO] [stderr]    Compiling futures-task v0.3.25
[INFO] [stderr]    Compiling futures-channel v0.3.25
[INFO] [stderr]    Compiling futures-sink v0.3.25
[INFO] [stderr]    Compiling proc-macro-error-attr v1.0.4
[INFO] [stderr]    Compiling futures-util v0.3.25
[INFO] [stderr]    Compiling proc-macro-error v1.0.4
[INFO] [stderr]    Compiling tokio v1.24.1
[INFO] [stderr]    Compiling regex-syntax v0.6.28
[INFO] [stderr]    Compiling futures-io v0.3.25
[INFO] [stderr]    Compiling tinyvec_macros v0.1.0
[INFO] [stderr]    Compiling cc v1.0.78
[INFO] [stderr]    Compiling tinyvec v1.6.0
[INFO] [stderr]    Compiling tracing-core v0.1.30
[INFO] [stderr]    Compiling mio v0.8.5
[INFO] [stderr]    Compiling num_cpus v1.15.0
[INFO] [stderr]    Compiling socket2 v0.4.7
[INFO] [stderr]    Compiling signal-hook-registry v1.4.0
[INFO] [stderr]    Compiling nix v0.24.3
[INFO] [stderr]    Compiling nix v0.26.1
[INFO] [stderr]    Compiling autotools v0.2.5
[INFO] [stderr]    Compiling num-integer v0.1.45
[INFO] [stderr]    Compiling bytes v1.3.0
[INFO] [stderr]    Compiling unicode-segmentation v1.10.0
[INFO] [stderr]    Compiling unicode-width v0.1.10
[INFO] [stderr]    Compiling babeltrace2-sys v0.2.8
[INFO] [stderr]    Compiling textwrap v0.11.0
[INFO] [stderr]    Compiling heck v0.3.3
[INFO] [stderr]    Compiling unicode-normalization v0.1.22
[INFO] [stderr]    Compiling atty v0.2.14
[INFO] [stderr]    Compiling regex-automata v0.1.10
[INFO] [stderr]    Compiling unicode-bidi v0.3.8
[INFO] [stderr]    Compiling ansi_term v0.12.1
[INFO] [stderr]    Compiling strsim v0.8.0
[INFO] [stderr]    Compiling sha1_smol v1.0.0
[INFO] [stderr]    Compiling serialport v4.2.0
[INFO] [stderr]    Compiling form_urlencoded v1.1.0
[INFO] [stderr]    Compiling matchers v0.1.0
[INFO] [stderr]    Compiling uuid v1.2.2
[INFO] [stderr]    Compiling clap v2.34.0
[INFO] [stderr]    Compiling idna v0.3.0
[INFO] [stderr]    Compiling regex v1.7.1
[INFO] [stderr]    Compiling mio-serial v5.0.4
[INFO] [stderr]    Compiling tracing-log v0.1.3
[INFO] [stderr]    Compiling ordered-float v3.4.0
[INFO] [stderr]    Compiling futures-macro v0.3.25
[INFO] [stderr] error: failed to run custom build command for `babeltrace2-sys v0.2.8`
[INFO] [stderr] note: To improve backtraces for build dependencies, set the CARGO_PROFILE_RELEASE_BUILD_OVERRIDE_DEBUG=true environment variable to enable debug information generation.
[INFO] [stderr] 
[INFO] [stderr] Caused by:
[INFO] [stderr]   process didn't exit successfully: `/opt/rustwide/target/release/build/babeltrace2-sys/7a58ec5643ab58c9/out/build_script_build` (exit status: 101)
[INFO] [stderr]   --- stdout
[INFO] [stderr]   running: cd "/opt/rustwide/cargo-home/registry/src/index.crates.io-1949cf8c6b5b557f/babeltrace2-sys-0.2.8/vendor/babeltrace" && "sh" "-c" "exec \"$0\" \"$@\"" "autoreconf" "-vif"
[INFO] [stderr] 
[INFO] [stderr]   --- stderr
[INFO] [stderr]   autoreconf: export WARNINGS=
[INFO] [stderr]   autoreconf: Entering directory '.'
[INFO] [stderr]   autoreconf: configure.ac: not using Gettext
[INFO] [stderr]   autoreconf: running: aclocal --force -I m4
[INFO] [stderr]   autom4te: error: cannot create autom4te.cache in /opt/rustwide/cargo-home/registry/src/index.crates.io-1949cf8c6b5b557f/babeltrace2-sys-0.2.8/vendor/babeltrace: Read-only file system
[INFO] [stderr]   aclocal: error: /usr/bin/autom4te failed with exit status: 1
[INFO] [stderr]   autoreconf: error: aclocal failed with exit status: 1
[INFO] [stderr] 
[INFO] [stderr]   thread 'main' (892) panicked at /opt/rustwide/cargo-home/registry/src/index.crates.io-1949cf8c6b5b557f/autotools-0.2.5/src/lib.rs:715:5:
[INFO] [stderr] 
[INFO] [stderr]   command did not execute successfully, got: exit status: 1
[INFO] [stderr] 
[INFO] [stderr]   build script failed, must exit now
[INFO] [stderr]   stack backtrace:
[INFO] [stderr]      0:     0x55ba8b56d0f1 - <<std[617be2ca0a6fd877]::sys::backtrace::BacktraceLock>::print::DisplayBacktrace as core[a373ad73a504971]::fmt::Display>::fmt
[INFO] [stderr]      1:     0x55ba8b580e1a - core[a373ad73a504971]::fmt::write
[INFO] [stderr]      2:     0x55ba8b572d8c - <std[617be2ca0a6fd877]::sys::stdio::unix::Stderr as core[a373ad73a504971]::io::write::Write>::write_fmt
[INFO] [stderr]      3:     0x55ba8b54ae46 - std[617be2ca0a6fd877]::panicking::default_hook::{closure#0}
[INFO] [stderr]      4:     0x55ba8b5670e1 - std[617be2ca0a6fd877]::panicking::default_hook
[INFO] [stderr]      5:     0x55ba8b56729b - std[617be2ca0a6fd877]::panicking::panic_with_hook
[INFO] [stderr]      6:     0x55ba8b54aef2 - std[617be2ca0a6fd877]::panicking::panic_handler::{closure#0}
[INFO] [stderr]      7:     0x55ba8b543929 - std[617be2ca0a6fd877]::sys::backtrace::__rust_end_short_backtrace::<std[617be2ca0a6fd877]::panicking::panic_handler::{closure#0}, !>
[INFO] [stderr]      8:     0x55ba8b54b7cd - __rustc[ea4f61d10b84890b]::rust_begin_unwind
[INFO] [stderr]      9:     0x55ba8b58158c - core[a373ad73a504971]::panicking::panic_fmt
[INFO] [stderr]     10:     0x55ba8b4fc337 - autotools[efbb9666673da71]::fail
[INFO] [stderr]     11:     0x55ba8b4fbff5 - autotools[efbb9666673da71]::run
[INFO] [stderr]     12:     0x55ba8b4fcaf0 - <autotools[efbb9666673da71]::Config>::build
[INFO] [stderr]     13:     0x55ba8b4deead - build_script_build[7190f487197bf168]::main
[INFO] [stderr]     14:     0x55ba8b4e093b - <fn() as core[a373ad73a504971]::ops::function::FnOnce<()>>::call_once
[INFO] [stderr]     15:     0x55ba8b4de826 - std[617be2ca0a6fd877]::sys::backtrace::__rust_begin_short_backtrace::<fn(), ()>
[INFO] [stderr]     16:     0x55ba8b4de879 - std[617be2ca0a6fd877]::rt::lang_start::<()>::{closure#0}
[INFO] [stderr]     17:     0x55ba8b5664e8 - std[617be2ca0a6fd877]::rt::lang_start_internal
[INFO] [stderr]     18:     0x55ba8b4de311 - std[617be2ca0a6fd877]::rt::lang_start::<()>
[INFO] [stderr]     19:     0x55ba8b4e09a5 - main
[INFO] [stderr]     20:     0x73abf8744601 - <unknown>
[INFO] [stderr]     21:     0x73abf8744718 - __libc_start_main
[INFO] [stderr]     22:     0x55ba8b4dd035 - _start
[INFO] [stderr]     23:                0x0 - <unknown>
[INFO] [stderr] warning: build failed, waiting for other jobs to finish...
[INFO] running `Command { std: "docker" "inspect" "65ff6ac1ecac6969d4d3ae3fbb4b2d719fc0ff1fc0d1a5641de1f1ca3f0ee859", kill_on_drop: false }`
[INFO] running `Command { std: "docker" "rm" "-f" "65ff6ac1ecac6969d4d3ae3fbb4b2d719fc0ff1fc0d1a5641de1f1ca3f0ee859", kill_on_drop: false }`
[INFO] [stdout] 65ff6ac1ecac6969d4d3ae3fbb4b2d719fc0ff1fc0d1a5641de1f1ca3f0ee859
