[INFO] fetching crate csv-adapter-sui 0.1.1...
[INFO] testing csv-adapter-sui-0.1.1 against 1.100.0-beta.1+cargoflags=--release for beta-release-1.100-2
[INFO] extracting crate csv-adapter-sui 0.1.1 into /workspace/builds/worker-5-tc2/source
[INFO] started tweaking crates.io crate csv-adapter-sui 0.1.1
[INFO] removed 0 missing tests
[INFO] finished tweaking crates.io crate csv-adapter-sui 0.1.1
[INFO] tweaked toml for crates.io crate csv-adapter-sui 0.1.1 written to /workspace/builds/worker-5-tc2/source/Cargo.toml
[INFO] validating manifest of crates.io crate csv-adapter-sui 0.1.1 on toolchain 1.100.0-beta.1
[INFO] running `Command { std: CARGO_HOME="/workspace/cargo-home" RUSTUP_HOME="/workspace/rustup-home" "/workspace/cargo-home/bin/cargo" "+1.100.0-beta.1" "metadata" "--manifest-path" "Cargo.toml" "--no-deps", kill_on_drop: false }`
[INFO] crate crates.io crate csv-adapter-sui 0.1.1 already has a lockfile, it will not be regenerated
[INFO] running `Command { std: CARGO_HOME="/workspace/cargo-home" RUSTUP_HOME="/workspace/rustup-home" "/workspace/cargo-home/bin/cargo" "+1.100.0-beta.1" "fetch" "--manifest-path" "Cargo.toml", kill_on_drop: false }`
[INFO] running `Command { std: "docker" "create" "-v" "/var/lib/crater-agent-workspace/builds/worker-5-tc2/source:/opt/rustwide/workdir:ro,Z" "-v" "/var/lib/crater-agent-workspace/builds/worker-5-tc2/target:/opt/rustwide/target:rw,Z" "-v" "/var/lib/crater-agent-workspace/cargo-home:/opt/rustwide/cargo-home:ro,Z" "-v" "/var/lib/crater-agent-workspace/rustup-home:/opt/rustwide/rustup-home:ro,Z" "-m" "1610612736" "--network" "none" "ghcr.io/rust-lang/crates-build-env/linux@sha256:77db811e55d90add9212f6832c23229e3de5f1c1f9905e8cb07319ea15df73ac" "sleep" "infinity", kill_on_drop: false }`
[INFO] [stdout] 90df3f147a01c9c1991e931f8d7c9a6121f212c552b8aba4ee89e509a3cff877
[INFO] running `Command { std: "docker" "start" "90df3f147a01c9c1991e931f8d7c9a6121f212c552b8aba4ee89e509a3cff877", kill_on_drop: false }`
[INFO] running `Command { std: "docker" "inspect" "90df3f147a01c9c1991e931f8d7c9a6121f212c552b8aba4ee89e509a3cff877", kill_on_drop: false }`
[INFO] running `Command { std: "docker" "exec" "-e" "SOURCE_DIR=/opt/rustwide/workdir" "-e" "CARGO_HOME=/opt/rustwide/cargo-home" "-e" "RUSTUP_HOME=/opt/rustwide/rustup-home" "-e" "CARGO_TARGET_DIR=/opt/rustwide/target" "-w" "/opt/rustwide/workdir" "--user" "0:0" "90df3f147a01c9c1991e931f8d7c9a6121f212c552b8aba4ee89e509a3cff877" "/opt/rustwide/cargo-home/bin/cargo" "+1.100.0-beta.1" "metadata" "--no-deps" "--format-version=1", kill_on_drop: false }`
[INFO] running `Command { std: "docker" "inspect" "90df3f147a01c9c1991e931f8d7c9a6121f212c552b8aba4ee89e509a3cff877", kill_on_drop: false }`
[INFO] running `Command { std: "docker" "exec" "-e" "SOURCE_DIR=/opt/rustwide/workdir" "-e" "CARGO_HOME=/opt/rustwide/cargo-home" "-e" "RUSTUP_HOME=/opt/rustwide/rustup-home" "-e" "CARGO_TARGET_DIR=/opt/rustwide/target" "-e" "CARGO_INCREMENTAL=0" "-e" "RUST_BACKTRACE=full" "-e" "RUSTFLAGS=--cap-lints=warn" "-e" "RUSTDOCFLAGS=--cap-lints=warn" "-w" "/opt/rustwide/workdir" "--user" "0:0" "90df3f147a01c9c1991e931f8d7c9a6121f212c552b8aba4ee89e509a3cff877" "/opt/rustwide/cargo-home/bin/cargo" "+1.100.0-beta.1" "build" "--frozen" "--message-format=json" "--release", kill_on_drop: false }`
[INFO] [stderr]    Compiling libc v0.2.184
[INFO] [stderr]    Compiling serde_core v1.0.227
[INFO] [stderr]    Compiling serde v1.0.227
[INFO] [stderr]    Compiling semver v1.0.28
[INFO] [stderr]    Compiling zeroize v1.8.2
[INFO] [stderr]    Compiling cc v1.2.59
[INFO] [stderr]    Compiling signature v2.2.0
[INFO] [stderr]    Compiling ppv-lite86 v0.2.21
[INFO] [stderr]    Compiling serde_derive v1.0.227
[INFO] [stderr]    Compiling curve25519-dalek-derive v0.1.1
[INFO] [stderr]    Compiling thiserror-impl v1.0.69
[INFO] [stderr]    Compiling digest v0.10.7
[INFO] [stderr]    Compiling ed25519 v2.2.3
[INFO] [stderr]    Compiling sha2 v0.10.9
[INFO] [stderr]    Compiling rustc_version v0.4.1
[INFO] [stderr]    Compiling curve25519-dalek v4.1.3
[INFO] [stderr]    Compiling thiserror v1.0.69
[INFO] [stderr]    Compiling secp256k1-sys v0.9.2
[INFO] [stderr]    Compiling getrandom v0.2.17
[INFO] [stderr]    Compiling rand_core v0.6.4
[INFO] [stderr]    Compiling rand_chacha v0.3.1
[INFO] [stderr]    Compiling ed25519-dalek v2.2.0
[INFO] [stderr]    Compiling rand v0.8.5
[INFO] [stderr]    Compiling hex v0.4.3
[INFO] [stderr]    Compiling bincode v1.3.3
[INFO] [stderr]    Compiling serde_json v1.0.140
[INFO] [stderr]    Compiling chrono v0.4.44
[INFO] [stderr]    Compiling secp256k1 v0.28.2
[INFO] [stderr]    Compiling csv-adapter-core v0.1.1
[INFO] [stderr]    Compiling csv-adapter-sui v0.1.1 (/opt/rustwide/workdir)
[INFO] [stderr]     Finished `release` profile [optimized] target(s) in 29.04s
[INFO] running `Command { std: "docker" "inspect" "90df3f147a01c9c1991e931f8d7c9a6121f212c552b8aba4ee89e509a3cff877", kill_on_drop: false }`
[INFO] running `Command { std: "docker" "exec" "-e" "SOURCE_DIR=/opt/rustwide/workdir" "-e" "CARGO_HOME=/opt/rustwide/cargo-home" "-e" "RUSTUP_HOME=/opt/rustwide/rustup-home" "-e" "CARGO_TARGET_DIR=/opt/rustwide/target" "-e" "CARGO_INCREMENTAL=0" "-e" "RUST_BACKTRACE=full" "-e" "RUSTFLAGS=--cap-lints=warn" "-e" "RUSTDOCFLAGS=--cap-lints=warn" "-w" "/opt/rustwide/workdir" "--user" "0:0" "90df3f147a01c9c1991e931f8d7c9a6121f212c552b8aba4ee89e509a3cff877" "/opt/rustwide/cargo-home/bin/cargo" "+1.100.0-beta.1" "test" "--frozen" "--no-run" "--message-format=json" "--release", kill_on_drop: false }`
[INFO] [stderr]    Compiling openssl-sys v0.9.112
[INFO] [stderr]    Compiling bitflags v2.11.0
[INFO] [stderr]    Compiling tokio v1.51.1
[INFO] [stderr]    Compiling serde_derive v1.0.227
[INFO] [stderr]    Compiling indexmap v2.13.1
[INFO] [stderr]    Compiling futures-util v0.3.32
[INFO] [stderr]    Compiling openssl-macros v0.1.1
[INFO] [stderr]    Compiling rand_chacha v0.3.1
[INFO] [stderr]    Compiling curve25519-dalek-derive v0.1.1
[INFO] [stderr]    Compiling icu_collections v2.2.0
[INFO] [stderr]    Compiling icu_provider v2.2.0
[INFO] [stderr]    Compiling iri-string v0.7.12
[INFO] [stderr]    Compiling getrandom v0.4.2
[INFO] [stderr]    Compiling rustix v1.1.4
[INFO] [stderr]    Compiling rand v0.8.5
[INFO] [stderr]    Compiling icu_normalizer v2.2.0
[INFO] [stderr]    Compiling icu_properties v2.2.0
[INFO] [stderr]    Compiling curve25519-dalek v4.1.3
[INFO] [stderr]    Compiling openssl v0.10.76
[INFO] [stderr]    Compiling native-tls v0.2.18
[INFO] [stderr]    Compiling secp256k1 v0.28.2
[INFO] [stderr]    Compiling serde v1.0.227
[INFO] [stderr]    Compiling tempfile v3.27.0
[INFO] [stderr]    Compiling ed25519-dalek v2.2.0
[INFO] [stderr]    Compiling hex v0.4.3
[INFO] [stderr]    Compiling bincode v1.3.3
[INFO] [stderr]    Compiling serde_json v1.0.140
[INFO] [stderr]    Compiling serde_urlencoded v0.7.1
[INFO] [stderr]    Compiling idna_adapter v1.2.1
[INFO] [stderr]    Compiling chrono v0.4.44
[INFO] [stderr]    Compiling idna v1.1.0
[INFO] [stderr]    Compiling url v2.5.8
[INFO] [stderr]    Compiling csv-adapter-core v0.1.1
[INFO] [stderr]    Compiling tokio-util v0.7.18
[INFO] [stderr]    Compiling tower v0.5.3
[INFO] [stderr]    Compiling tower-http v0.6.8
[INFO] [stderr]    Compiling csv-adapter-sui v0.1.1 (/opt/rustwide/workdir)
[INFO] [stderr]    Compiling h2 v0.4.13
[INFO] [stderr]    Compiling tokio-native-tls v0.3.1
[INFO] [stderr]    Compiling hyper v1.9.0
[INFO] [stderr]    Compiling hyper-util v0.1.20
[INFO] [stderr]    Compiling hyper-tls v0.6.0
[INFO] [stderr]    Compiling reqwest v0.12.28
[INFO] [stdout] error[E0432]: unresolved import `crate::rpc::MockSuiRpc`
[INFO] [stdout]    --> src/checkpoint.rs:182:22
[INFO] [stdout]     |
[INFO] [stdout] 182 |     use crate::rpc::{MockSuiRpc, SuiCheckpoint};
[INFO] [stdout]     |                      ^^^^^^^^^^ no `MockSuiRpc` in `rpc`
[INFO] [stdout]     |
[INFO] [stdout] note: found an item that was configured out
[INFO] [stdout]    --> src/rpc.rs:149:12
[INFO] [stdout]     |
[INFO] [stdout] 148 | #[cfg(debug_assertions)]
[INFO] [stdout]     |       ---------------- the item is gated here
[INFO] [stdout] 149 | pub struct MockSuiRpc {
[INFO] [stdout]     |            ^^^^^^^^^^
[INFO] [stdout] 
[INFO] [stdout] 
[INFO] [stdout] error[E0432]: unresolved import `crate::rpc::MockSuiRpc`
[INFO] [stdout]    --> src/proofs.rs:292:9
[INFO] [stdout]     |
[INFO] [stdout] 292 |         MockSuiRpc, SuiExecutionStatus, SuiObject, SuiObjectChange, SuiTransactionBlock,
[INFO] [stdout]     |         ^^^^^^^^^^ no `MockSuiRpc` in `rpc`
[INFO] [stdout]     |
[INFO] [stdout] note: found an item that was configured out
[INFO] [stdout]    --> src/rpc.rs:149:12
[INFO] [stdout]     |
[INFO] [stdout] 148 | #[cfg(debug_assertions)]
[INFO] [stdout]     |       ---------------- the item is gated here
[INFO] [stdout] 149 | pub struct MockSuiRpc {
[INFO] [stdout]     |            ^^^^^^^^^^
[INFO] [stdout] 
[INFO] [stdout] 
[INFO] [stdout] error[E0433]: cannot find type `MockSuiRpc` in this scope
[INFO] [stdout]    --> src/rpc.rs:302:19
[INFO] [stdout]     |
[INFO] [stdout] 302 |         let rpc = MockSuiRpc::new(1000);
[INFO] [stdout]     |                   ^^^^^^^^^^ use of undeclared type `MockSuiRpc`
[INFO] [stdout]     |
[INFO] [stdout] note: found an item that was configured out
[INFO] [stdout]    --> src/lib.rs:62:14
[INFO] [stdout]     |
[INFO] [stdout]  61 | #[cfg(debug_assertions)]
[INFO] [stdout]     |       ---------------- the item is gated here
[INFO] [stdout]  62 | pub use rpc::MockSuiRpc;
[INFO] [stdout]     |              ^^^^^^^^^^
[INFO] [stdout] 
[INFO] [stdout] 
[INFO] [stdout] error[E0433]: cannot find type `MockSuiRpc` in this scope
[INFO] [stdout]    --> src/rpc.rs:318:19
[INFO] [stdout]     |
[INFO] [stdout] 318 |         let rpc = MockSuiRpc::new(1000);
[INFO] [stdout]     |                   ^^^^^^^^^^ use of undeclared type `MockSuiRpc`
[INFO] [stdout]     |
[INFO] [stdout] note: found an item that was configured out
[INFO] [stdout]    --> src/lib.rs:62:14
[INFO] [stdout]     |
[INFO] [stdout]  61 | #[cfg(debug_assertions)]
[INFO] [stdout]     |       ---------------- the item is gated here
[INFO] [stdout]  62 | pub use rpc::MockSuiRpc;
[INFO] [stdout]     |              ^^^^^^^^^^
[INFO] [stdout] 
[INFO] [stdout] 
[INFO] [stdout] Some errors have detailed explanations: E0432, E0433.
[INFO] [stdout] 
[INFO] [stdout] For more information about an error, try `rustc --explain E0432`.
[INFO] [stdout] 
[INFO] [stderr] error: could not compile `csv-adapter-sui` (lib test) due to 4 previous errors
[INFO] [stderr] warning: build failed, waiting for other jobs to finish...
[INFO] running `Command { std: "docker" "inspect" "90df3f147a01c9c1991e931f8d7c9a6121f212c552b8aba4ee89e509a3cff877", kill_on_drop: false }`
[INFO] running `Command { std: "docker" "rm" "-f" "90df3f147a01c9c1991e931f8d7c9a6121f212c552b8aba4ee89e509a3cff877", kill_on_drop: false }`
[INFO] [stdout] 90df3f147a01c9c1991e931f8d7c9a6121f212c552b8aba4ee89e509a3cff877
