[INFO] fetching crate csv-adapter-ethereum 0.1.1...
[INFO] testing csv-adapter-ethereum-0.1.1 against 1.99.0-beta.8+cargoflags=--release for beta-release-1.100-2
[INFO] extracting crate csv-adapter-ethereum 0.1.1 into /workspace/builds/worker-4-tc1/source
[INFO] started tweaking crates.io crate csv-adapter-ethereum 0.1.1
[INFO] removed 0 missing tests
[INFO] finished tweaking crates.io crate csv-adapter-ethereum 0.1.1
[INFO] tweaked toml for crates.io crate csv-adapter-ethereum 0.1.1 written to /workspace/builds/worker-4-tc1/source/Cargo.toml
[INFO] validating manifest of crates.io crate csv-adapter-ethereum 0.1.1 on toolchain 1.99.0-beta.8
[INFO] running `Command { std: CARGO_HOME="/workspace/cargo-home" RUSTUP_HOME="/workspace/rustup-home" "/workspace/cargo-home/bin/cargo" "+1.99.0-beta.8" "metadata" "--manifest-path" "Cargo.toml" "--no-deps", kill_on_drop: false }`
[INFO] crate crates.io crate csv-adapter-ethereum 0.1.1 already has a lockfile, it will not be regenerated
[INFO] running `Command { std: CARGO_HOME="/workspace/cargo-home" RUSTUP_HOME="/workspace/rustup-home" "/workspace/cargo-home/bin/cargo" "+1.99.0-beta.8" "fetch" "--manifest-path" "Cargo.toml", kill_on_drop: false }`
[INFO] [stderr]     Updating crates.io index
[INFO] [stderr]  Downloading crates ...
[INFO] [stderr]   Downloaded serde_core v1.0.227
[INFO] [stderr]   Downloaded serde v1.0.227
[INFO] [stderr]   Downloaded serde_derive v1.0.227
[INFO] [stderr]   Downloaded csv-adapter-store v0.1.1
[INFO] [stderr]   Downloaded aws-lc-rs v1.16.2
[INFO] [stderr]   Downloaded rusqlite v0.30.0
[INFO] [stderr]   Downloaded nybbles v0.3.4
[INFO] [stderr]   Downloaded csv-adapter-core v0.1.1
[INFO] [stderr]   Downloaded alloy-trie v0.7.9
[INFO] [stderr]   Downloaded alloy-rlp v0.3.15
[INFO] [stderr]   Downloaded alloy-rlp-derive v0.3.15
[INFO] [stderr]   Downloaded const-hex v1.18.1
[INFO] [stderr]   Downloaded toml_datetime v1.1.0+spec-1.1.0
[INFO] [stderr]   Downloaded toml_edit v0.25.8+spec-1.1.0
[INFO] [stderr]   Downloaded alloy-primitives v0.8.26
[INFO] [stderr]   Downloaded const_format v0.2.35
[INFO] [stderr]   Downloaded keccak-asm v0.1.6
[INFO] [stderr]   Downloaded aws-lc-sys v0.39.1
[INFO] [stderr]   Downloaded sha3-asm v0.1.6
[INFO] [stderr]   Downloaded alloy-sol-types v1.5.7
[INFO] [stderr]   Downloaded alloy-sol-macro v1.5.7
[INFO] [stderr]   Downloaded alloy-sol-macro-input v1.5.7
[INFO] [stderr]   Downloaded syn-solidity v1.5.7
[INFO] [stderr]   Downloaded alloy-json-abi v1.5.7
[INFO] [stderr]   Downloaded alloy-sol-type-parser v1.5.7
[INFO] [stderr]   Downloaded alloy-primitives v1.5.7
[INFO] [stderr]   Downloaded rapidhash v4.4.1
[INFO] [stderr]   Downloaded alloy-sol-macro-expander v1.5.7
[INFO] [stderr]   Downloaded alloy-contract v1.8.3
[INFO] [stderr]   Downloaded alloy-transport v1.8.3
[INFO] [stderr]   Downloaded wasmtimer v0.4.3
[INFO] [stderr]   Downloaded futures-utils-wasm v0.1.0
[INFO] [stderr]   Downloaded alloy-json-rpc v1.8.3
[INFO] [stderr]   Downloaded alloy-rpc-types-eth v1.8.3
[INFO] [stderr]   Downloaded serde_with v3.14.1
[INFO] [stderr]   Downloaded serde_with_macros v3.14.1
[INFO] [stderr]   Downloaded alloy-serde v1.8.3
[INFO] [stderr]   Downloaded alloy-network-primitives v1.8.3
[INFO] [stderr]   Downloaded alloy-eips v1.8.3
[INFO] [stderr]   Downloaded blst v0.3.16
[INFO] [stderr]   Downloaded borsh-derive v1.6.1
[INFO] [stderr]   Downloaded alloy-eip7928 v0.3.3
[INFO] [stderr]   Downloaded alloy-eip7702 v0.6.3
[INFO] [stderr]   Downloaded alloy-eip2930 v0.2.3
[INFO] [stderr]   Downloaded alloy-eip2124 v0.2.0
[INFO] [stderr]   Downloaded secp256k1 v0.30.0
[INFO] [stderr]   Downloaded alloy-tx-macros v1.8.3
[INFO] [stderr]   Downloaded alloy-consensus v1.8.3
[INFO] [stderr]   Downloaded bitcoin-io v0.1.4
[INFO] [stderr]   Downloaded alloy-trie v0.9.5
[INFO] [stderr]   Downloaded nybbles v0.4.8
[INFO] [stderr]   Downloaded alloy-consensus-any v1.8.3
[INFO] [stderr]   Downloaded alloy-pubsub v1.8.3
[INFO] [stderr]   Downloaded reqwest v0.13.2
[INFO] [stderr]   Downloaded c-kzg v2.1.7
[INFO] [stderr]   Downloaded alloy-provider v1.8.3
[INFO] [stderr]   Downloaded pin-project v1.1.11
[INFO] [stderr]   Downloaded pin-project-internal v1.1.11
[INFO] [stderr]   Downloaded alloy-transport-ws v1.8.3
[INFO] [stderr]   Downloaded tungstenite v0.28.0
[INFO] [stderr]   Downloaded alloy-transport-ipc v1.8.3
[INFO] [stderr]   Downloaded interprocess v2.4.0
[INFO] [stderr]   Downloaded tokio-tungstenite v0.28.0
[INFO] [stderr]   Downloaded alloy-rpc-types-trace v1.8.3
[INFO] [stderr]   Downloaded alloy-network v1.8.3
[INFO] [stderr]   Downloaded alloy-core v1.5.7
[INFO] [stderr]   Downloaded recvmsg v1.0.0
[INFO] [stderr]   Downloaded doctest-file v1.1.1
[INFO] [stderr]   Downloaded alloy-transport-http v1.8.3
[INFO] [stderr]   Downloaded alloy-signer v1.8.3
[INFO] [stderr]   Downloaded alloy-rpc-types-anvil v1.8.3
[INFO] [stderr]   Downloaded alloy-rpc-types-any v1.8.3
[INFO] [stderr]   Downloaded alloy-chains v0.2.33
[INFO] [stderr]   Downloaded alloy-rpc-types-txpool v1.8.3
[INFO] [stderr]   Downloaded alloy-rpc-types-debug v1.8.3
[INFO] [stderr]   Downloaded alloy-signer-local v1.8.3
[INFO] [stderr]   Downloaded alloy-rpc-client v1.8.3
[INFO] [stderr]   Downloaded alloy v1.8.3
[INFO] [stderr]   Downloaded alloy-rpc-types v1.8.3
[INFO] [stderr]   Downloaded alloy-rpc-types-engine v1.8.3
[INFO] [stderr]   Downloaded alloy-dyn-abi v1.5.7
[INFO] [stderr]   Downloaded alloy-genesis v1.8.3
[INFO] running `Command { std: "docker" "create" "-v" "/var/lib/crater-agent-workspace/builds/worker-4-tc1/source:/opt/rustwide/workdir:ro,Z" "-v" "/var/lib/crater-agent-workspace/builds/worker-4-tc1/target:/opt/rustwide/target:rw,Z" "-v" "/var/lib/crater-agent-workspace/cargo-home:/opt/rustwide/cargo-home:ro,Z" "-v" "/var/lib/crater-agent-workspace/rustup-home:/opt/rustwide/rustup-home:ro,Z" "-m" "1610612736" "--network" "none" "ghcr.io/rust-lang/crates-build-env/linux@sha256:77db811e55d90add9212f6832c23229e3de5f1c1f9905e8cb07319ea15df73ac" "sleep" "infinity", kill_on_drop: false }`
[INFO] [stdout] d75ffeab02035fe5b876cac752adbcc4bf741c8d27a0800916ba9cc69efd2c3f
[INFO] running `Command { std: "docker" "start" "d75ffeab02035fe5b876cac752adbcc4bf741c8d27a0800916ba9cc69efd2c3f", kill_on_drop: false }`
[INFO] running `Command { std: "docker" "inspect" "d75ffeab02035fe5b876cac752adbcc4bf741c8d27a0800916ba9cc69efd2c3f", kill_on_drop: false }`
[INFO] running `Command { std: "docker" "exec" "-e" "SOURCE_DIR=/opt/rustwide/workdir" "-e" "CARGO_HOME=/opt/rustwide/cargo-home" "-e" "RUSTUP_HOME=/opt/rustwide/rustup-home" "-e" "CARGO_TARGET_DIR=/opt/rustwide/target" "-w" "/opt/rustwide/workdir" "--user" "0:0" "d75ffeab02035fe5b876cac752adbcc4bf741c8d27a0800916ba9cc69efd2c3f" "/opt/rustwide/cargo-home/bin/cargo" "+1.99.0-beta.8" "metadata" "--no-deps" "--format-version=1", kill_on_drop: false }`
[INFO] running `Command { std: "docker" "inspect" "d75ffeab02035fe5b876cac752adbcc4bf741c8d27a0800916ba9cc69efd2c3f", kill_on_drop: false }`
[INFO] running `Command { std: "docker" "exec" "-e" "SOURCE_DIR=/opt/rustwide/workdir" "-e" "CARGO_HOME=/opt/rustwide/cargo-home" "-e" "RUSTUP_HOME=/opt/rustwide/rustup-home" "-e" "CARGO_TARGET_DIR=/opt/rustwide/target" "-e" "CARGO_INCREMENTAL=0" "-e" "RUST_BACKTRACE=full" "-e" "RUSTFLAGS=--cap-lints=warn" "-e" "RUSTDOCFLAGS=--cap-lints=warn" "-w" "/opt/rustwide/workdir" "--user" "0:0" "d75ffeab02035fe5b876cac752adbcc4bf741c8d27a0800916ba9cc69efd2c3f" "/opt/rustwide/cargo-home/bin/cargo" "+1.99.0-beta.8" "build" "--frozen" "--message-format=json" "--release", kill_on_drop: false }`
[INFO] [stderr]    Compiling libc v0.2.184
[INFO] [stderr]    Compiling generic-array v0.14.9
[INFO] [stderr]    Compiling serde_core v1.0.227
[INFO] [stderr]    Compiling zerocopy v0.8.48
[INFO] [stderr]    Compiling serde v1.0.227
[INFO] [stderr]    Compiling syn v2.0.117
[INFO] [stderr]    Compiling cc v1.2.59
[INFO] [stderr]    Compiling unicode-segmentation v1.13.2
[INFO] [stderr]    Compiling crunchy v0.2.4
[INFO] [stderr]    Compiling curve25519-dalek v4.1.3
[INFO] [stderr]    Compiling bytes v1.11.1
[INFO] [stderr]    Compiling convert_case v0.10.0
[INFO] [stderr]    Compiling const-hex v1.18.1
[INFO] [stderr]    Compiling crypto-common v0.1.6
[INFO] [stderr]    Compiling block-buffer v0.10.4
[INFO] [stderr]    Compiling zeroize v1.8.2
[INFO] [stderr]    Compiling digest v0.10.7
[INFO] [stderr]    Compiling foldhash v0.1.5
[INFO] [stderr]    Compiling sha2 v0.10.9
[INFO] [stderr]    Compiling ed25519 v2.2.3
[INFO] [stderr]    Compiling getrandom v0.2.17
[INFO] [stderr]    Compiling hashbrown v0.15.5
[INFO] [stderr]    Compiling tiny-keccak v2.0.2
[INFO] [stderr]    Compiling secp256k1-sys v0.9.2
[INFO] [stderr]    Compiling rand_core v0.6.4
[INFO] [stderr]    Compiling serde_json v1.0.140
[INFO] [stderr]    Compiling smallvec v1.15.1
[INFO] [stderr]    Compiling tracing v0.1.44
[INFO] [stderr]    Compiling nybbles v0.3.4
[INFO] [stderr]    Compiling keccak v0.1.6
[INFO] [stderr]    Compiling memchr v2.8.0
[INFO] [stderr]    Compiling sha3 v0.10.8
[INFO] [stderr]    Compiling serde_derive v1.0.227
[INFO] [stderr]    Compiling alloy-rlp-derive v0.3.15
[INFO] [stderr]    Compiling derive_more-impl v2.1.1
[INFO] [stderr]    Compiling curve25519-dalek-derive v0.1.1
[INFO] [stderr]    Compiling derive_more-impl v1.0.0
[INFO] [stderr]    Compiling thiserror-impl v1.0.69
[INFO] [stderr]    Compiling alloy-rlp v0.3.15
[INFO] [stderr]    Compiling ruint v1.17.2
[INFO] [stderr]    Compiling ppv-lite86 v0.2.21
[INFO] [stderr]    Compiling thiserror v1.0.69
[INFO] [stderr]    Compiling derive_more v1.0.0
[INFO] [stderr]    Compiling ed25519-dalek v2.2.0
[INFO] [stderr]    Compiling rand_chacha v0.3.1
[INFO] [stderr]    Compiling rand v0.8.5
[INFO] [stderr]    Compiling derive_more v2.1.1
[INFO] [stderr]    Compiling alloy-primitives v0.8.26
[INFO] [stderr]    Compiling bincode v1.3.3
[INFO] [stderr]    Compiling hex v0.4.3
[INFO] [stderr]    Compiling alloy-trie v0.7.9
[INFO] [stderr]    Compiling secp256k1 v0.28.2
[INFO] [stderr]    Compiling csv-adapter-core v0.1.1
[INFO] [stderr]    Compiling csv-adapter-ethereum v0.1.1 (/opt/rustwide/workdir)
[INFO] [stderr]     Finished `release` profile [optimized] target(s) in 1m 13s
[INFO] running `Command { std: "docker" "inspect" "d75ffeab02035fe5b876cac752adbcc4bf741c8d27a0800916ba9cc69efd2c3f", kill_on_drop: false }`
[INFO] running `Command { std: "docker" "exec" "-e" "SOURCE_DIR=/opt/rustwide/workdir" "-e" "CARGO_HOME=/opt/rustwide/cargo-home" "-e" "RUSTUP_HOME=/opt/rustwide/rustup-home" "-e" "CARGO_TARGET_DIR=/opt/rustwide/target" "-e" "CARGO_INCREMENTAL=0" "-e" "RUST_BACKTRACE=full" "-e" "RUSTFLAGS=--cap-lints=warn" "-e" "RUSTDOCFLAGS=--cap-lints=warn" "-w" "/opt/rustwide/workdir" "--user" "0:0" "d75ffeab02035fe5b876cac752adbcc4bf741c8d27a0800916ba9cc69efd2c3f" "/opt/rustwide/cargo-home/bin/cargo" "+1.99.0-beta.8" "test" "--frozen" "--no-run" "--message-format=json" "--release", kill_on_drop: false }`
[INFO] [stderr]    Compiling rand v0.8.5
[INFO] [stderr]    Compiling secp256k1 v0.28.2
[INFO] [stderr]    Compiling csv-adapter-core v0.1.1
[INFO] [stderr]    Compiling csv-adapter-ethereum v0.1.1 (/opt/rustwide/workdir)
[INFO] [stdout] error[E0432]: unresolved import `crate::rpc::MockEthereumRpc`
[INFO] [stdout]    --> src/finality.rs:106:9
[INFO] [stdout]     |
[INFO] [stdout] 106 |     use crate::rpc::MockEthereumRpc;
[INFO] [stdout]     |         ^^^^^^^^^^^^---------------
[INFO] [stdout]     |                     |
[INFO] [stdout]     |                     no `MockEthereumRpc` in `rpc`
[INFO] [stdout]     |
[INFO] [stdout] note: found an item that was configured out
[INFO] [stdout]    --> src/rpc.rs:123:12
[INFO] [stdout]     |
[INFO] [stdout] 121 | #[cfg(debug_assertions)]
[INFO] [stdout]     |       ---------------- the item is gated here
[INFO] [stdout] 122 | #[allow(clippy::type_complexity)]
[INFO] [stdout] 123 | pub struct MockEthereumRpc {
[INFO] [stdout]     |            ^^^^^^^^^^^^^^^
[INFO] [stdout] help: a similar name exists in the module
[INFO] [stdout]     |
[INFO] [stdout] 106 -     use crate::rpc::MockEthereumRpc;
[INFO] [stdout] 106 +     use crate::rpc::EthereumRpc;
[INFO] [stdout]     |
[INFO] [stdout] 
[INFO] [stdout] 
[INFO] [stdout] error[E0433]: cannot find type `MockEthereumRpc` in this scope
[INFO] [stdout]    --> src/rpc.rs:268:19
[INFO] [stdout]     |
[INFO] [stdout] 268 |         let rpc = MockEthereumRpc::new(1000);
[INFO] [stdout]     |                   ^^^^^^^^^^^^^^^ use of undeclared type `MockEthereumRpc`
[INFO] [stdout]     |
[INFO] [stdout] note: found an item that was configured out
[INFO] [stdout]    --> src/lib.rs:36:14
[INFO] [stdout]     |
[INFO] [stdout]  35 | #[cfg(debug_assertions)]
[INFO] [stdout]     |       ---------------- the item is gated here
[INFO] [stdout]  36 | pub use rpc::MockEthereumRpc;
[INFO] [stdout]     |              ^^^^^^^^^^^^^^^
[INFO] [stdout] help: a trait with a similar name exists
[INFO] [stdout]     |
[INFO] [stdout] 268 -         let rpc = MockEthereumRpc::new(1000);
[INFO] [stdout] 268 +         let rpc = EthereumRpc::new(1000);
[INFO] [stdout]     |
[INFO] [stdout] 
[INFO] [stdout] 
[INFO] [stdout] error[E0433]: cannot find type `MockEthereumRpc` in this scope
[INFO] [stdout]    --> src/rpc.rs:274:19
[INFO] [stdout]     |
[INFO] [stdout] 274 |         let rpc = MockEthereumRpc::new(1000);
[INFO] [stdout]     |                   ^^^^^^^^^^^^^^^ use of undeclared type `MockEthereumRpc`
[INFO] [stdout]     |
[INFO] [stdout] note: found an item that was configured out
[INFO] [stdout]    --> src/lib.rs:36:14
[INFO] [stdout]     |
[INFO] [stdout]  35 | #[cfg(debug_assertions)]
[INFO] [stdout]     |       ---------------- the item is gated here
[INFO] [stdout]  36 | pub use rpc::MockEthereumRpc;
[INFO] [stdout]     |              ^^^^^^^^^^^^^^^
[INFO] [stdout] help: a trait with a similar name exists
[INFO] [stdout]     |
[INFO] [stdout] 274 -         let rpc = MockEthereumRpc::new(1000);
[INFO] [stdout] 274 +         let rpc = EthereumRpc::new(1000);
[INFO] [stdout]     |
[INFO] [stdout] 
[INFO] [stdout] 
[INFO] [stdout] error[E0433]: cannot find type `MockEthereumRpc` in this scope
[INFO] [stdout]    --> src/rpc.rs:288:19
[INFO] [stdout]     |
[INFO] [stdout] 288 |         let rpc = MockEthereumRpc::new(1000);
[INFO] [stdout]     |                   ^^^^^^^^^^^^^^^ use of undeclared type `MockEthereumRpc`
[INFO] [stdout]     |
[INFO] [stdout] note: found an item that was configured out
[INFO] [stdout]    --> src/lib.rs:36:14
[INFO] [stdout]     |
[INFO] [stdout]  35 | #[cfg(debug_assertions)]
[INFO] [stdout]     |       ---------------- the item is gated here
[INFO] [stdout]  36 | pub use rpc::MockEthereumRpc;
[INFO] [stdout]     |              ^^^^^^^^^^^^^^^
[INFO] [stdout] help: a trait with a similar name exists
[INFO] [stdout]     |
[INFO] [stdout] 288 -         let rpc = MockEthereumRpc::new(1000);
[INFO] [stdout] 288 +         let rpc = EthereumRpc::new(1000);
[INFO] [stdout]     |
[INFO] [stdout] 
[INFO] [stdout] 
[INFO] [stdout] error[E0433]: cannot find type `MockEthereumRpc` in this scope
[INFO] [stdout]    --> src/rpc.rs:313:19
[INFO] [stdout]     |
[INFO] [stdout] 313 |         let rpc = MockEthereumRpc::new(1000);
[INFO] [stdout]     |                   ^^^^^^^^^^^^^^^ use of undeclared type `MockEthereumRpc`
[INFO] [stdout]     |
[INFO] [stdout] note: found an item that was configured out
[INFO] [stdout]    --> src/lib.rs:36:14
[INFO] [stdout]     |
[INFO] [stdout]  35 | #[cfg(debug_assertions)]
[INFO] [stdout]     |       ---------------- the item is gated here
[INFO] [stdout]  36 | pub use rpc::MockEthereumRpc;
[INFO] [stdout]     |              ^^^^^^^^^^^^^^^
[INFO] [stdout] help: a trait with a similar name exists
[INFO] [stdout]     |
[INFO] [stdout] 313 -         let rpc = MockEthereumRpc::new(1000);
[INFO] [stdout] 313 +         let rpc = EthereumRpc::new(1000);
[INFO] [stdout]     |
[INFO] [stdout] 
[INFO] [stdout] 
[INFO] [stdout] error[E0433]: cannot find type `MockEthereumRpc` in this scope
[INFO] [stdout]    --> src/rpc.rs:321:19
[INFO] [stdout]     |
[INFO] [stdout] 321 |         let rpc = MockEthereumRpc::new(1000);
[INFO] [stdout]     |                   ^^^^^^^^^^^^^^^ use of undeclared type `MockEthereumRpc`
[INFO] [stdout]     |
[INFO] [stdout] note: found an item that was configured out
[INFO] [stdout]    --> src/lib.rs:36:14
[INFO] [stdout]     |
[INFO] [stdout]  35 | #[cfg(debug_assertions)]
[INFO] [stdout]     |       ---------------- the item is gated here
[INFO] [stdout]  36 | pub use rpc::MockEthereumRpc;
[INFO] [stdout]     |              ^^^^^^^^^^^^^^^
[INFO] [stdout] help: a trait with a similar name exists
[INFO] [stdout]     |
[INFO] [stdout] 321 -         let rpc = MockEthereumRpc::new(1000);
[INFO] [stdout] 321 +         let rpc = EthereumRpc::new(1000);
[INFO] [stdout]     |
[INFO] [stdout] 
[INFO] [stdout] 
[INFO] [stdout] Some errors have detailed explanations: E0432, E0433.
[INFO] [stdout] 
[INFO] [stdout] For more information about an error, try `rustc --explain E0432`.
[INFO] [stdout] 
[INFO] [stderr] error: could not compile `csv-adapter-ethereum` (lib test) due to 6 previous errors
[INFO] running `Command { std: "docker" "inspect" "d75ffeab02035fe5b876cac752adbcc4bf741c8d27a0800916ba9cc69efd2c3f", kill_on_drop: false }`
[INFO] running `Command { std: "docker" "rm" "-f" "d75ffeab02035fe5b876cac752adbcc4bf741c8d27a0800916ba9cc69efd2c3f", kill_on_drop: false }`
[INFO] [stdout] d75ffeab02035fe5b876cac752adbcc4bf741c8d27a0800916ba9cc69efd2c3f
