[INFO] fetching crate csv-adapter-aptos 0.1.1...
[INFO] testing csv-adapter-aptos-0.1.1 against 1.100.0-beta.1+cargoflags=--release for beta-release-1.100-2
[INFO] extracting crate csv-adapter-aptos 0.1.1 into /workspace/builds/worker-0-tc2/source
[INFO] started tweaking crates.io crate csv-adapter-aptos 0.1.1
[INFO] removed 0 missing tests
[INFO] finished tweaking crates.io crate csv-adapter-aptos 0.1.1
[INFO] tweaked toml for crates.io crate csv-adapter-aptos 0.1.1 written to /workspace/builds/worker-0-tc2/source/Cargo.toml
[INFO] validating manifest of crates.io crate csv-adapter-aptos 0.1.1 on toolchain 1.100.0-beta.1
[INFO] running `Command { std: CARGO_HOME="/workspace/cargo-home" RUSTUP_HOME="/workspace/rustup-home" "/workspace/cargo-home/bin/cargo" "+1.100.0-beta.1" "metadata" "--manifest-path" "Cargo.toml" "--no-deps", kill_on_drop: false }`
[INFO] crate crates.io crate csv-adapter-aptos 0.1.1 already has a lockfile, it will not be regenerated
[INFO] running `Command { std: CARGO_HOME="/workspace/cargo-home" RUSTUP_HOME="/workspace/rustup-home" "/workspace/cargo-home/bin/cargo" "+1.100.0-beta.1" "fetch" "--manifest-path" "Cargo.toml", kill_on_drop: false }`
[INFO] [stderr]     Blocking waiting for file lock on package cache
[INFO] [stderr]     Blocking waiting for file lock on package cache
[INFO] running `Command { std: "docker" "create" "-v" "/var/lib/crater-agent-workspace/builds/worker-0-tc2/source:/opt/rustwide/workdir:ro,Z" "-v" "/var/lib/crater-agent-workspace/builds/worker-0-tc2/target:/opt/rustwide/target:rw,Z" "-v" "/var/lib/crater-agent-workspace/cargo-home:/opt/rustwide/cargo-home:ro,Z" "-v" "/var/lib/crater-agent-workspace/rustup-home:/opt/rustwide/rustup-home:ro,Z" "-m" "1610612736" "--network" "none" "ghcr.io/rust-lang/crates-build-env/linux@sha256:77db811e55d90add9212f6832c23229e3de5f1c1f9905e8cb07319ea15df73ac" "sleep" "infinity", kill_on_drop: false }`
[INFO] [stdout] 79b3238d13d5d2fcf9a736286d0c6f997b24a7dab36b2c149609345cab52432e
[INFO] running `Command { std: "docker" "start" "79b3238d13d5d2fcf9a736286d0c6f997b24a7dab36b2c149609345cab52432e", kill_on_drop: false }`
[INFO] running `Command { std: "docker" "inspect" "79b3238d13d5d2fcf9a736286d0c6f997b24a7dab36b2c149609345cab52432e", kill_on_drop: false }`
[INFO] running `Command { std: "docker" "exec" "-e" "SOURCE_DIR=/opt/rustwide/workdir" "-e" "CARGO_HOME=/opt/rustwide/cargo-home" "-e" "RUSTUP_HOME=/opt/rustwide/rustup-home" "-e" "CARGO_TARGET_DIR=/opt/rustwide/target" "-w" "/opt/rustwide/workdir" "--user" "0:0" "79b3238d13d5d2fcf9a736286d0c6f997b24a7dab36b2c149609345cab52432e" "/opt/rustwide/cargo-home/bin/cargo" "+1.100.0-beta.1" "metadata" "--no-deps" "--format-version=1", kill_on_drop: false }`
[INFO] running `Command { std: "docker" "inspect" "79b3238d13d5d2fcf9a736286d0c6f997b24a7dab36b2c149609345cab52432e", kill_on_drop: false }`
[INFO] running `Command { std: "docker" "exec" "-e" "SOURCE_DIR=/opt/rustwide/workdir" "-e" "CARGO_HOME=/opt/rustwide/cargo-home" "-e" "RUSTUP_HOME=/opt/rustwide/rustup-home" "-e" "CARGO_TARGET_DIR=/opt/rustwide/target" "-e" "CARGO_INCREMENTAL=0" "-e" "RUST_BACKTRACE=full" "-e" "RUSTFLAGS=--cap-lints=warn" "-e" "RUSTDOCFLAGS=--cap-lints=warn" "-w" "/opt/rustwide/workdir" "--user" "0:0" "79b3238d13d5d2fcf9a736286d0c6f997b24a7dab36b2c149609345cab52432e" "/opt/rustwide/cargo-home/bin/cargo" "+1.100.0-beta.1" "build" "--frozen" "--message-format=json" "--release", kill_on_drop: false }`
[INFO] [stderr]    Compiling quote v1.0.45
[INFO] [stderr]    Compiling typenum v1.19.0
[INFO] [stderr]    Compiling libc v0.2.184
[INFO] [stderr]    Compiling serde_core v1.0.227
[INFO] [stderr]    Compiling serde v1.0.227
[INFO] [stderr]    Compiling zerocopy v0.8.48
[INFO] [stderr]    Compiling generic-array v0.14.9
[INFO] [stderr]    Compiling cc v1.2.59
[INFO] [stderr]    Compiling num-traits v0.2.19
[INFO] [stderr]    Compiling signature v2.2.0
[INFO] [stderr]    Compiling zeroize v1.8.2
[INFO] [stderr]    Compiling serde_json v1.0.140
[INFO] [stderr]    Compiling curve25519-dalek v4.1.3
[INFO] [stderr]    Compiling memchr v2.8.0
[INFO] [stderr]    Compiling keccak v0.1.6
[INFO] [stderr]    Compiling ed25519 v2.2.3
[INFO] [stderr]    Compiling syn v2.0.117
[INFO] [stderr]    Compiling secp256k1-sys v0.9.2
[INFO] [stderr]    Compiling crypto-common v0.1.6
[INFO] [stderr]    Compiling block-buffer v0.10.4
[INFO] [stderr]    Compiling digest v0.10.7
[INFO] [stderr]    Compiling sha2 v0.10.9
[INFO] [stderr]    Compiling sha3 v0.10.8
[INFO] [stderr]    Compiling getrandom v0.2.17
[INFO] [stderr]    Compiling rand_core v0.6.4
[INFO] [stderr]    Compiling serde_derive v1.0.227
[INFO] [stderr]    Compiling curve25519-dalek-derive v0.1.1
[INFO] [stderr]    Compiling thiserror-impl v1.0.69
[INFO] [stderr]    Compiling ppv-lite86 v0.2.21
[INFO] [stderr]    Compiling rand_chacha v0.3.1
[INFO] [stderr]    Compiling thiserror v1.0.69
[INFO] [stderr]    Compiling rand v0.8.5
[INFO] [stderr]    Compiling ed25519-dalek v2.2.0
[INFO] [stderr]    Compiling bincode v1.3.3
[INFO] [stderr]    Compiling hex v0.4.3
[INFO] [stderr]    Compiling chrono v0.4.44
[INFO] [stderr]    Compiling secp256k1 v0.28.2
[INFO] [stderr]    Compiling csv-adapter-core v0.1.1
[INFO] [stderr]    Compiling csv-adapter-aptos v0.1.1 (/opt/rustwide/workdir)
[INFO] [stderr]     Finished `release` profile [optimized] target(s) in 37.79s
[INFO] running `Command { std: "docker" "inspect" "79b3238d13d5d2fcf9a736286d0c6f997b24a7dab36b2c149609345cab52432e", kill_on_drop: false }`
[INFO] running `Command { std: "docker" "exec" "-e" "SOURCE_DIR=/opt/rustwide/workdir" "-e" "CARGO_HOME=/opt/rustwide/cargo-home" "-e" "RUSTUP_HOME=/opt/rustwide/rustup-home" "-e" "CARGO_TARGET_DIR=/opt/rustwide/target" "-e" "CARGO_INCREMENTAL=0" "-e" "RUST_BACKTRACE=full" "-e" "RUSTFLAGS=--cap-lints=warn" "-e" "RUSTDOCFLAGS=--cap-lints=warn" "-w" "/opt/rustwide/workdir" "--user" "0:0" "79b3238d13d5d2fcf9a736286d0c6f997b24a7dab36b2c149609345cab52432e" "/opt/rustwide/cargo-home/bin/cargo" "+1.100.0-beta.1" "test" "--frozen" "--no-run" "--message-format=json" "--release", kill_on_drop: false }`
[INFO] [stderr]    Compiling getrandom v0.4.2
[INFO] [stderr]    Compiling bitflags v2.11.0
[INFO] [stderr]    Compiling rand v0.8.5
[INFO] [stderr]    Compiling rustix v1.1.4
[INFO] [stderr]    Compiling secp256k1 v0.28.2
[INFO] [stderr]    Compiling csv-adapter-core v0.1.1
[INFO] [stderr]    Compiling tempfile v3.27.0
[INFO] [stderr]    Compiling csv-adapter-aptos v0.1.1 (/opt/rustwide/workdir)
[INFO] [stdout] error[E0432]: unresolved import `crate::rpc::MockAptosRpc`
[INFO] [stdout]    --> src/checkpoint.rs:192:83
[INFO] [stdout]     |
[INFO] [stdout] 192 |     use crate::rpc::{AptosBlockInfo, AptosEvent, AptosResource, AptosTransaction, MockAptosRpc};
[INFO] [stdout]     |                                                                                   ^^^^^^^^^^^^ no `MockAptosRpc` in `rpc`
[INFO] [stdout]     |
[INFO] [stdout] note: found an item that was configured out
[INFO] [stdout]    --> src/rpc.rs:152:12
[INFO] [stdout]     |
[INFO] [stdout] 151 | #[cfg(debug_assertions)]
[INFO] [stdout]     |       ---------------- the item is gated here
[INFO] [stdout] 152 | pub struct MockAptosRpc {
[INFO] [stdout]     |            ^^^^^^^^^^^^
[INFO] [stdout] help: a similar name exists in the module
[INFO] [stdout]     |
[INFO] [stdout] 192 -     use crate::rpc::{AptosBlockInfo, AptosEvent, AptosResource, AptosTransaction, MockAptosRpc};
[INFO] [stdout] 192 +     use crate::rpc::{AptosBlockInfo, AptosEvent, AptosResource, AptosTransaction, AptosRpc};
[INFO] [stdout]     |
[INFO] [stdout] 
[INFO] [stdout] 
[INFO] [stdout] error[E0432]: unresolved import `crate::rpc::MockAptosRpc`
[INFO] [stdout]    --> src/proofs.rs:359:9
[INFO] [stdout]     |
[INFO] [stdout] 359 |     use crate::rpc::MockAptosRpc;
[INFO] [stdout]     |         ^^^^^^^^^^^^------------
[INFO] [stdout]     |                     |
[INFO] [stdout]     |                     no `MockAptosRpc` in `rpc`
[INFO] [stdout]     |
[INFO] [stdout] note: found an item that was configured out
[INFO] [stdout]    --> src/rpc.rs:152:12
[INFO] [stdout]     |
[INFO] [stdout] 151 | #[cfg(debug_assertions)]
[INFO] [stdout]     |       ---------------- the item is gated here
[INFO] [stdout] 152 | pub struct MockAptosRpc {
[INFO] [stdout]     |            ^^^^^^^^^^^^
[INFO] [stdout] help: a similar name exists in the module
[INFO] [stdout]     |
[INFO] [stdout] 359 -     use crate::rpc::MockAptosRpc;
[INFO] [stdout] 359 +     use crate::rpc::AptosRpc;
[INFO] [stdout]     |
[INFO] [stdout] 
[INFO] [stdout] 
[INFO] [stdout] error[E0433]: cannot find type `MockAptosRpc` in this scope
[INFO] [stdout]    --> src/rpc.rs:449:19
[INFO] [stdout]     |
[INFO] [stdout] 449 |         let rpc = MockAptosRpc::new(1000);
[INFO] [stdout]     |                   ^^^^^^^^^^^^ use of undeclared type `MockAptosRpc`
[INFO] [stdout]     |
[INFO] [stdout] note: found an item that was configured out
[INFO] [stdout]    --> src/lib.rs:63:14
[INFO] [stdout]     |
[INFO] [stdout]  62 | #[cfg(debug_assertions)]
[INFO] [stdout]     |       ---------------- the item is gated here
[INFO] [stdout]  63 | pub use rpc::MockAptosRpc;
[INFO] [stdout]     |              ^^^^^^^^^^^^
[INFO] [stdout] help: a trait with a similar name exists
[INFO] [stdout]     |
[INFO] [stdout] 449 -         let rpc = MockAptosRpc::new(1000);
[INFO] [stdout] 449 +         let rpc = AptosRpc::new(1000);
[INFO] [stdout]     |
[INFO] [stdout] 
[INFO] [stdout] 
[INFO] [stdout] error[E0433]: cannot find type `MockAptosRpc` in this scope
[INFO] [stdout]    --> src/rpc.rs:457:19
[INFO] [stdout]     |
[INFO] [stdout] 457 |         let rpc = MockAptosRpc::new(1000);
[INFO] [stdout]     |                   ^^^^^^^^^^^^ use of undeclared type `MockAptosRpc`
[INFO] [stdout]     |
[INFO] [stdout] note: found an item that was configured out
[INFO] [stdout]    --> src/lib.rs:63:14
[INFO] [stdout]     |
[INFO] [stdout]  62 | #[cfg(debug_assertions)]
[INFO] [stdout]     |       ---------------- the item is gated here
[INFO] [stdout]  63 | pub use rpc::MockAptosRpc;
[INFO] [stdout]     |              ^^^^^^^^^^^^
[INFO] [stdout] help: a trait with a similar name exists
[INFO] [stdout]     |
[INFO] [stdout] 457 -         let rpc = MockAptosRpc::new(1000);
[INFO] [stdout] 457 +         let rpc = AptosRpc::new(1000);
[INFO] [stdout]     |
[INFO] [stdout] 
[INFO] [stdout] 
[INFO] [stdout] error[E0433]: cannot find type `MockAptosRpc` in this scope
[INFO] [stdout]    --> src/rpc.rs:470:19
[INFO] [stdout]     |
[INFO] [stdout] 470 |         let rpc = MockAptosRpc::new(1000);
[INFO] [stdout]     |                   ^^^^^^^^^^^^ use of undeclared type `MockAptosRpc`
[INFO] [stdout]     |
[INFO] [stdout] note: found an item that was configured out
[INFO] [stdout]    --> src/lib.rs:63:14
[INFO] [stdout]     |
[INFO] [stdout]  62 | #[cfg(debug_assertions)]
[INFO] [stdout]     |       ---------------- the item is gated here
[INFO] [stdout]  63 | pub use rpc::MockAptosRpc;
[INFO] [stdout]     |              ^^^^^^^^^^^^
[INFO] [stdout] help: a trait with a similar name exists
[INFO] [stdout]     |
[INFO] [stdout] 470 -         let rpc = MockAptosRpc::new(1000);
[INFO] [stdout] 470 +         let rpc = AptosRpc::new(1000);
[INFO] [stdout]     |
[INFO] [stdout] 
[INFO] [stdout] 
[INFO] [stdout] error[E0433]: cannot find type `MockAptosRpc` in this scope
[INFO] [stdout]    --> src/rpc.rs:494:19
[INFO] [stdout]     |
[INFO] [stdout] 494 |         let rpc = MockAptosRpc::new(1000);
[INFO] [stdout]     |                   ^^^^^^^^^^^^ use of undeclared type `MockAptosRpc`
[INFO] [stdout]     |
[INFO] [stdout] note: found an item that was configured out
[INFO] [stdout]    --> src/lib.rs:63:14
[INFO] [stdout]     |
[INFO] [stdout]  62 | #[cfg(debug_assertions)]
[INFO] [stdout]     |       ---------------- the item is gated here
[INFO] [stdout]  63 | pub use rpc::MockAptosRpc;
[INFO] [stdout]     |              ^^^^^^^^^^^^
[INFO] [stdout] help: a trait with a similar name exists
[INFO] [stdout]     |
[INFO] [stdout] 494 -         let rpc = MockAptosRpc::new(1000);
[INFO] [stdout] 494 +         let rpc = AptosRpc::new(1000);
[INFO] [stdout]     |
[INFO] [stdout] 
[INFO] [stdout] 
[INFO] [stdout] error[E0433]: cannot find type `MockAptosRpc` in this scope
[INFO] [stdout]    --> src/rpc.rs:509:19
[INFO] [stdout]     |
[INFO] [stdout] 509 |         let rpc = MockAptosRpc::new(1000);
[INFO] [stdout]     |                   ^^^^^^^^^^^^ use of undeclared type `MockAptosRpc`
[INFO] [stdout]     |
[INFO] [stdout] note: found an item that was configured out
[INFO] [stdout]    --> src/lib.rs:63:14
[INFO] [stdout]     |
[INFO] [stdout]  62 | #[cfg(debug_assertions)]
[INFO] [stdout]     |       ---------------- the item is gated here
[INFO] [stdout]  63 | pub use rpc::MockAptosRpc;
[INFO] [stdout]     |              ^^^^^^^^^^^^
[INFO] [stdout] help: a trait with a similar name exists
[INFO] [stdout]     |
[INFO] [stdout] 509 -         let rpc = MockAptosRpc::new(1000);
[INFO] [stdout] 509 +         let rpc = AptosRpc::new(1000);
[INFO] [stdout]     |
[INFO] [stdout] 
[INFO] [stdout] 
[INFO] [stdout] error[E0433]: cannot find type `MockAptosRpc` in this scope
[INFO] [stdout]    --> src/rpc.rs:516:19
[INFO] [stdout]     |
[INFO] [stdout] 516 |         let rpc = MockAptosRpc::new(1000);
[INFO] [stdout]     |                   ^^^^^^^^^^^^ use of undeclared type `MockAptosRpc`
[INFO] [stdout]     |
[INFO] [stdout] note: found an item that was configured out
[INFO] [stdout]    --> src/lib.rs:63:14
[INFO] [stdout]     |
[INFO] [stdout]  62 | #[cfg(debug_assertions)]
[INFO] [stdout]     |       ---------------- the item is gated here
[INFO] [stdout]  63 | pub use rpc::MockAptosRpc;
[INFO] [stdout]     |              ^^^^^^^^^^^^
[INFO] [stdout] help: a trait with a similar name exists
[INFO] [stdout]     |
[INFO] [stdout] 516 -         let rpc = MockAptosRpc::new(1000);
[INFO] [stdout] 516 +         let rpc = AptosRpc::new(1000);
[INFO] [stdout]     |
[INFO] [stdout] 
[INFO] [stdout] 
[INFO] [stdout] Some errors have detailed explanations: E0432, E0433.
[INFO] [stdout] 
[INFO] [stdout] For more information about an error, try `rustc --explain E0432`.
[INFO] [stdout] 
[INFO] [stderr] error: could not compile `csv-adapter-aptos` (lib test) due to 8 previous errors
[INFO] running `Command { std: "docker" "inspect" "79b3238d13d5d2fcf9a736286d0c6f997b24a7dab36b2c149609345cab52432e", kill_on_drop: false }`
[INFO] running `Command { std: "docker" "rm" "-f" "79b3238d13d5d2fcf9a736286d0c6f997b24a7dab36b2c149609345cab52432e", kill_on_drop: false }`
[INFO] [stdout] 79b3238d13d5d2fcf9a736286d0c6f997b24a7dab36b2c149609345cab52432e
