[INFO] fetching crate cs_serde_cbor 0.12.0...
[INFO] testing cs_serde_cbor-0.12.0 against 1.100.0-beta.1+cargoflags=--release for beta-release-1.100-2
[INFO] extracting crate cs_serde_cbor 0.12.0 into /workspace/builds/worker-1-tc2/source
[INFO] started tweaking crates.io crate cs_serde_cbor 0.12.0
[INFO] finished tweaking crates.io crate cs_serde_cbor 0.12.0
[INFO] tweaked toml for crates.io crate cs_serde_cbor 0.12.0 written to /workspace/builds/worker-1-tc2/source/Cargo.toml
[INFO] validating manifest of crates.io crate cs_serde_cbor 0.12.0 on toolchain 1.100.0-beta.1
[INFO] running `Command { std: CARGO_HOME="/workspace/cargo-home" RUSTUP_HOME="/workspace/rustup-home" "/workspace/cargo-home/bin/cargo" "+1.100.0-beta.1" "metadata" "--manifest-path" "Cargo.toml" "--no-deps", kill_on_drop: false }`
[INFO] crate crates.io crate cs_serde_cbor 0.12.0 already has a lockfile, it will not be regenerated
[INFO] running `Command { std: CARGO_HOME="/workspace/cargo-home" RUSTUP_HOME="/workspace/rustup-home" "/workspace/cargo-home/bin/cargo" "+1.100.0-beta.1" "fetch" "--manifest-path" "Cargo.toml", kill_on_drop: false }`
[INFO] running `Command { std: "docker" "create" "-v" "/var/lib/crater-agent-workspace/builds/worker-1-tc2/source:/opt/rustwide/workdir:ro,Z" "-v" "/var/lib/crater-agent-workspace/builds/worker-1-tc2/target:/opt/rustwide/target:rw,Z" "-v" "/var/lib/crater-agent-workspace/cargo-home:/opt/rustwide/cargo-home:ro,Z" "-v" "/var/lib/crater-agent-workspace/rustup-home:/opt/rustwide/rustup-home:ro,Z" "-m" "1610612736" "--network" "none" "ghcr.io/rust-lang/crates-build-env/linux@sha256:77db811e55d90add9212f6832c23229e3de5f1c1f9905e8cb07319ea15df73ac" "sleep" "infinity", kill_on_drop: false }`
[INFO] [stdout] abc4e8f12c0c927ec915274fab00940d58d17f382f3aade805a4849ab54474fe
[INFO] running `Command { std: "docker" "start" "abc4e8f12c0c927ec915274fab00940d58d17f382f3aade805a4849ab54474fe", kill_on_drop: false }`
[INFO] running `Command { std: "docker" "inspect" "abc4e8f12c0c927ec915274fab00940d58d17f382f3aade805a4849ab54474fe", kill_on_drop: false }`
[INFO] running `Command { std: "docker" "exec" "-e" "SOURCE_DIR=/opt/rustwide/workdir" "-e" "CARGO_HOME=/opt/rustwide/cargo-home" "-e" "RUSTUP_HOME=/opt/rustwide/rustup-home" "-e" "CARGO_TARGET_DIR=/opt/rustwide/target" "-w" "/opt/rustwide/workdir" "--user" "0:0" "abc4e8f12c0c927ec915274fab00940d58d17f382f3aade805a4849ab54474fe" "/opt/rustwide/cargo-home/bin/cargo" "+1.100.0-beta.1" "metadata" "--no-deps" "--format-version=1", kill_on_drop: false }`
[INFO] running `Command { std: "docker" "inspect" "abc4e8f12c0c927ec915274fab00940d58d17f382f3aade805a4849ab54474fe", kill_on_drop: false }`
[INFO] running `Command { std: "docker" "exec" "-e" "SOURCE_DIR=/opt/rustwide/workdir" "-e" "CARGO_HOME=/opt/rustwide/cargo-home" "-e" "RUSTUP_HOME=/opt/rustwide/rustup-home" "-e" "CARGO_TARGET_DIR=/opt/rustwide/target" "-e" "CARGO_INCREMENTAL=0" "-e" "RUST_BACKTRACE=full" "-e" "RUSTFLAGS=--cap-lints=warn" "-e" "RUSTDOCFLAGS=--cap-lints=warn" "-w" "/opt/rustwide/workdir" "--user" "0:0" "abc4e8f12c0c927ec915274fab00940d58d17f382f3aade805a4849ab54474fe" "/opt/rustwide/cargo-home/bin/cargo" "+1.100.0-beta.1" "build" "--frozen" "--message-format=json" "--release", kill_on_drop: false }`
[INFO] [stderr]    Compiling serde v1.0.117
[INFO] [stderr]    Compiling half v1.6.0
[INFO] [stderr]    Compiling cs_serde_cbor v0.12.0 (/opt/rustwide/workdir)
[INFO] [stdout] warning: use of deprecated associated function `core::num::<impl usize>::max_value`: replaced by the `MAX` associated constant on this type
[INFO] [stdout]    --> src/de.rs:312:37
[INFO] [stdout]     |
[INFO] [stdout] 312 |                     if len > usize::max_value() as u64 {
[INFO] [stdout]     |                                     ^^^^^^^^^
[INFO] [stdout]     |
[INFO] [stdout]     = note: `#[warn(deprecated)]` on by default
[INFO] [stdout] 
[INFO] [stdout] 
[INFO] [stdout] warning: use of deprecated associated function `core::num::<impl usize>::max_value`: replaced by the `MAX` associated constant on this type
[INFO] [stdout]    --> src/de.rs:374:37
[INFO] [stdout]     |
[INFO] [stdout] 374 |                     if len > usize::max_value() as u64 {
[INFO] [stdout]     |                                     ^^^^^^^^^
[INFO] [stdout] 
[INFO] [stdout] 
[INFO] [stdout] warning: use of deprecated associated function `core::num::<impl i64>::max_value`: replaced by the `MAX` associated constant on this type
[INFO] [stdout]    --> src/de.rs:619:33
[INFO] [stdout]     |
[INFO] [stdout] 619 |                 if value > i64::max_value() as u64 {
[INFO] [stdout]     |                                 ^^^^^^^^^
[INFO] [stdout] 
[INFO] [stdout] 
[INFO] [stdout] warning: use of deprecated associated function `core::num::<impl usize>::max_value`: replaced by the `MAX` associated constant on this type
[INFO] [stdout]    --> src/de.rs:642:33
[INFO] [stdout]     |
[INFO] [stdout] 642 |                 if len > usize::max_value() as u64 {
[INFO] [stdout]     |                                 ^^^^^^^^^
[INFO] [stdout] 
[INFO] [stdout] 
[INFO] [stdout] warning: use of deprecated associated function `core::num::<impl usize>::max_value`: replaced by the `MAX` associated constant on this type
[INFO] [stdout]    --> src/de.rs:666:33
[INFO] [stdout]     |
[INFO] [stdout] 666 |                 if len > usize::max_value() as u64 {
[INFO] [stdout]     |                                 ^^^^^^^^^
[INFO] [stdout] 
[INFO] [stdout] 
[INFO] [stdout] warning: use of deprecated associated function `core::num::<impl usize>::max_value`: replaced by the `MAX` associated constant on this type
[INFO] [stdout]    --> src/de.rs:690:33
[INFO] [stdout]     |
[INFO] [stdout] 690 |                 if len > usize::max_value() as u64 {
[INFO] [stdout]     |                                 ^^^^^^^^^
[INFO] [stdout] 
[INFO] [stdout] 
[INFO] [stdout] warning: use of deprecated associated function `core::num::<impl usize>::max_value`: replaced by the `MAX` associated constant on this type
[INFO] [stdout]    --> src/de.rs:714:33
[INFO] [stdout]     |
[INFO] [stdout] 714 |                 if len > usize::max_value() as u64 {
[INFO] [stdout]     |                                 ^^^^^^^^^
[INFO] [stdout] 
[INFO] [stdout] 
[INFO] [stdout] warning: use of deprecated associated function `core::num::<impl usize>::max_value`: replaced by the `MAX` associated constant on this type
[INFO] [stdout]    --> src/de.rs:843:41
[INFO] [stdout]     |
[INFO] [stdout] 843 |                         if len > usize::max_value() as u64 {
[INFO] [stdout]     |                                         ^^^^^^^^^
[INFO] [stdout] 
[INFO] [stdout] 
[INFO] [stdout] warning: use of deprecated associated function `core::num::<impl u8>::max_value`: replaced by the `MAX` associated constant on this type
[INFO] [stdout]    --> src/ser.rs:153:35
[INFO] [stdout]     |
[INFO] [stdout] 153 |         if value <= u16::from(u8::max_value()) {
[INFO] [stdout]     |                                   ^^^^^^^^^
[INFO] [stdout] 
[INFO] [stdout] 
[INFO] [stdout] warning: use of deprecated associated function `core::num::<impl u16>::max_value`: replaced by the `MAX` associated constant on this type
[INFO] [stdout]    --> src/ser.rs:164:36
[INFO] [stdout]     |
[INFO] [stdout] 164 |         if value <= u32::from(u16::max_value()) {
[INFO] [stdout]     |                                    ^^^^^^^^^
[INFO] [stdout] 
[INFO] [stdout] 
[INFO] [stdout] warning: use of deprecated associated function `core::num::<impl u32>::max_value`: replaced by the `MAX` associated constant on this type
[INFO] [stdout]    --> src/ser.rs:175:36
[INFO] [stdout]     |
[INFO] [stdout] 175 |         if value <= u64::from(u32::max_value()) {
[INFO] [stdout]     |                                    ^^^^^^^^^
[INFO] [stdout] 
[INFO] [stdout] 
[INFO] [stdout] warning: use of deprecated associated function `core::num::<impl u64>::max_value`: replaced by the `MAX` associated constant on this type
[INFO] [stdout]    --> src/ser.rs:270:47
[INFO] [stdout]     |
[INFO] [stdout] 270 |             if -(value + 1) > i128::from(u64::max_value()) {
[INFO] [stdout]     |                                               ^^^^^^^^^
[INFO] [stdout] 
[INFO] [stdout] 
[INFO] [stdout] warning: use of deprecated associated function `core::num::<impl u64>::max_value`: replaced by the `MAX` associated constant on this type
[INFO] [stdout]    --> src/ser.rs:275:40
[INFO] [stdout]     |
[INFO] [stdout] 275 |             if value > i128::from(u64::max_value()) {
[INFO] [stdout]     |                                        ^^^^^^^^^
[INFO] [stdout] 
[INFO] [stdout] 
[INFO] [stdout] warning: use of deprecated associated function `core::num::<impl u64>::max_value`: replaced by the `MAX` associated constant on this type
[INFO] [stdout]    --> src/ser.rs:304:36
[INFO] [stdout]     |
[INFO] [stdout] 304 |         if value > u128::from(u64::max_value()) {
[INFO] [stdout]     |                                    ^^^^^^^^^
[INFO] [stdout] 
[INFO] [stdout] 
[INFO] [stdout] warning: variant `InvalidUtf8` is never constructed
[INFO] [stdout]    --> src/error.rs:280:5
[INFO] [stdout]     |
[INFO] [stdout] 265 | pub(crate) enum ErrorCode {
[INFO] [stdout]     |                 --------- variant in this enum
[INFO] [stdout] ...
[INFO] [stdout] 280 |     InvalidUtf8,
[INFO] [stdout]     |     ^^^^^^^^^^^
[INFO] [stdout]     |
[INFO] [stdout]     = note: `ErrorCode` has a derived impl for the trait `Debug`, but this is intentionally ignored during dead code analysis
[INFO] [stdout]     = note: `#[warn(dead_code)]` (part of `#[warn(unused)]`) on by default
[INFO] [stdout] 
[INFO] [stdout] 
[INFO] [stderr]     Finished `release` profile [optimized] target(s) in 4.99s
[INFO] running `Command { std: "docker" "inspect" "abc4e8f12c0c927ec915274fab00940d58d17f382f3aade805a4849ab54474fe", kill_on_drop: false }`
[INFO] running `Command { std: "docker" "exec" "-e" "SOURCE_DIR=/opt/rustwide/workdir" "-e" "CARGO_HOME=/opt/rustwide/cargo-home" "-e" "RUSTUP_HOME=/opt/rustwide/rustup-home" "-e" "CARGO_TARGET_DIR=/opt/rustwide/target" "-e" "CARGO_INCREMENTAL=0" "-e" "RUST_BACKTRACE=full" "-e" "RUSTFLAGS=--cap-lints=warn" "-e" "RUSTDOCFLAGS=--cap-lints=warn" "-w" "/opt/rustwide/workdir" "--user" "0:0" "abc4e8f12c0c927ec915274fab00940d58d17f382f3aade805a4849ab54474fe" "/opt/rustwide/cargo-home/bin/cargo" "+1.100.0-beta.1" "test" "--frozen" "--no-run" "--message-format=json" "--release", kill_on_drop: false }`
[INFO] [stderr]    Compiling proc-macro2 v1.0.24
[INFO] [stderr]    Compiling unicode-xid v0.2.1
[INFO] [stderr]    Compiling syn v1.0.48
[INFO] [stderr]    Compiling serde_derive v1.0.117
[INFO] [stdout] warning: use of deprecated associated function `core::num::<impl usize>::max_value`: replaced by the `MAX` associated constant on this type
[INFO] [stdout]    --> src/de.rs:312:37
[INFO] [stdout]     |
[INFO] [stdout] 312 |                     if len > usize::max_value() as u64 {
[INFO] [stdout]     |                                     ^^^^^^^^^
[INFO] [stdout]     |
[INFO] [stdout]     = note: `#[warn(deprecated)]` on by default
[INFO] [stdout] 
[INFO] [stdout] 
[INFO] [stdout] warning: use of deprecated associated function `core::num::<impl usize>::max_value`: replaced by the `MAX` associated constant on this type
[INFO] [stdout]    --> src/de.rs:374:37
[INFO] [stdout]     |
[INFO] [stdout] 374 |                     if len > usize::max_value() as u64 {
[INFO] [stdout]     |                                     ^^^^^^^^^
[INFO] [stdout] 
[INFO] [stdout] 
[INFO] [stdout] warning: use of deprecated associated function `core::num::<impl i64>::max_value`: replaced by the `MAX` associated constant on this type
[INFO] [stdout]    --> src/de.rs:619:33
[INFO] [stdout]     |
[INFO] [stdout] 619 |                 if value > i64::max_value() as u64 {
[INFO] [stdout]     |                                 ^^^^^^^^^
[INFO] [stdout] 
[INFO] [stdout] 
[INFO] [stdout] warning: use of deprecated associated function `core::num::<impl usize>::max_value`: replaced by the `MAX` associated constant on this type
[INFO] [stdout]    --> src/de.rs:642:33
[INFO] [stdout]     |
[INFO] [stdout] 642 |                 if len > usize::max_value() as u64 {
[INFO] [stdout]     |                                 ^^^^^^^^^
[INFO] [stdout] 
[INFO] [stdout] 
[INFO] [stdout] warning: use of deprecated associated function `core::num::<impl usize>::max_value`: replaced by the `MAX` associated constant on this type
[INFO] [stdout]    --> src/de.rs:666:33
[INFO] [stdout]     |
[INFO] [stdout] 666 |                 if len > usize::max_value() as u64 {
[INFO] [stdout]     |                                 ^^^^^^^^^
[INFO] [stdout] 
[INFO] [stdout] 
[INFO] [stdout] warning: use of deprecated associated function `core::num::<impl usize>::max_value`: replaced by the `MAX` associated constant on this type
[INFO] [stdout]    --> src/de.rs:690:33
[INFO] [stdout]     |
[INFO] [stdout] 690 |                 if len > usize::max_value() as u64 {
[INFO] [stdout]     |                                 ^^^^^^^^^
[INFO] [stdout] 
[INFO] [stdout] 
[INFO] [stdout] warning: use of deprecated associated function `core::num::<impl usize>::max_value`: replaced by the `MAX` associated constant on this type
[INFO] [stdout]    --> src/de.rs:714:33
[INFO] [stdout]     |
[INFO] [stdout] 714 |                 if len > usize::max_value() as u64 {
[INFO] [stdout]     |                                 ^^^^^^^^^
[INFO] [stdout] 
[INFO] [stdout] 
[INFO] [stdout] warning: use of deprecated associated function `core::num::<impl usize>::max_value`: replaced by the `MAX` associated constant on this type
[INFO] [stdout]    --> src/de.rs:843:41
[INFO] [stdout]     |
[INFO] [stdout] 843 |                         if len > usize::max_value() as u64 {
[INFO] [stdout]     |                                         ^^^^^^^^^
[INFO] [stdout] 
[INFO] [stdout] 
[INFO] [stdout] warning: use of deprecated associated function `core::num::<impl u8>::max_value`: replaced by the `MAX` associated constant on this type
[INFO] [stdout]    --> src/ser.rs:153:35
[INFO] [stdout]     |
[INFO] [stdout] 153 |         if value <= u16::from(u8::max_value()) {
[INFO] [stdout]     |                                   ^^^^^^^^^
[INFO] [stdout] 
[INFO] [stdout] 
[INFO] [stdout] warning: use of deprecated associated function `core::num::<impl u16>::max_value`: replaced by the `MAX` associated constant on this type
[INFO] [stdout]    --> src/ser.rs:164:36
[INFO] [stdout]     |
[INFO] [stdout] 164 |         if value <= u32::from(u16::max_value()) {
[INFO] [stdout]     |                                    ^^^^^^^^^
[INFO] [stdout] 
[INFO] [stdout] 
[INFO] [stdout] warning: use of deprecated associated function `core::num::<impl u32>::max_value`: replaced by the `MAX` associated constant on this type
[INFO] [stdout]    --> src/ser.rs:175:36
[INFO] [stdout]     |
[INFO] [stdout] 175 |         if value <= u64::from(u32::max_value()) {
[INFO] [stdout]     |                                    ^^^^^^^^^
[INFO] [stdout] 
[INFO] [stdout] 
[INFO] [stdout] warning: use of deprecated associated function `core::num::<impl u64>::max_value`: replaced by the `MAX` associated constant on this type
[INFO] [stdout]    --> src/ser.rs:270:47
[INFO] [stdout]     |
[INFO] [stdout] 270 |             if -(value + 1) > i128::from(u64::max_value()) {
[INFO] [stdout]     |                                               ^^^^^^^^^
[INFO] [stdout] 
[INFO] [stdout] 
[INFO] [stdout] warning: use of deprecated associated function `core::num::<impl u64>::max_value`: replaced by the `MAX` associated constant on this type
[INFO] [stdout]    --> src/ser.rs:275:40
[INFO] [stdout]     |
[INFO] [stdout] 275 |             if value > i128::from(u64::max_value()) {
[INFO] [stdout]     |                                        ^^^^^^^^^
[INFO] [stdout] 
[INFO] [stdout] 
[INFO] [stdout] warning: use of deprecated associated function `core::num::<impl u64>::max_value`: replaced by the `MAX` associated constant on this type
[INFO] [stdout]    --> src/ser.rs:304:36
[INFO] [stdout]     |
[INFO] [stdout] 304 |         if value > u128::from(u64::max_value()) {
[INFO] [stdout]     |                                    ^^^^^^^^^
[INFO] [stdout] 
[INFO] [stdout] 
[INFO] [stdout] warning: variant `InvalidUtf8` is never constructed
[INFO] [stdout]    --> src/error.rs:280:5
[INFO] [stdout]     |
[INFO] [stdout] 265 | pub(crate) enum ErrorCode {
[INFO] [stdout]     |                 --------- variant in this enum
[INFO] [stdout] ...
[INFO] [stdout] 280 |     InvalidUtf8,
[INFO] [stdout]     |     ^^^^^^^^^^^
[INFO] [stdout]     |
[INFO] [stdout]     = note: `ErrorCode` has a derived impl for the trait `Debug`, but this is intentionally ignored during dead code analysis
[INFO] [stdout]     = note: `#[warn(dead_code)]` (part of `#[warn(unused)]`) on by default
[INFO] [stdout] 
[INFO] [stdout] 
[INFO] [stderr]    Compiling quote v1.0.7
[INFO] [stderr]    Compiling cs_serde_cbor v0.12.0 (/opt/rustwide/workdir)
[INFO] [stdout] error[E0432]: unresolved import `serde_cbor`
[INFO] [stdout]  --> tests/bennofs.rs:6:5
[INFO] [stdout]   |
[INFO] [stdout] 6 | use serde_cbor::{self, Serializer};
[INFO] [stdout]   |     ^^^^^^^^^^ use of unresolved module or unlinked crate `serde_cbor`
[INFO] [stdout]   |
[INFO] [stdout] help: there is a crate or module with a similar name
[INFO] [stdout]   |
[INFO] [stdout] 6 | use cs_serde_cbor::{self, Serializer};
[INFO] [stdout]   |     +++
[INFO] [stdout] 
[INFO] [stdout] 
[INFO] [stdout] error[E0433]: cannot find module or crate `serde_cbor` in this scope
[INFO] [stdout]  --> examples/tags.rs:3:5
[INFO] [stdout]   |
[INFO] [stdout] 3 | use serde_cbor::tags::Tagged;
[INFO] [stdout]   |     ^^^^^^^^^^ use of unresolved module or unlinked crate `serde_cbor`
[INFO] [stdout]   |
[INFO] [stdout] help: there is a crate or module with a similar name
[INFO] [stdout]   |
[INFO] [stdout] 3 | use cs_serde_cbor::tags::Tagged;
[INFO] [stdout]   |     +++
[INFO] [stdout] 
[INFO] [stdout] 
[INFO] [stdout] error[E0432]: unresolved import `serde_cbor`
[INFO] [stdout]  --> examples/tags.rs:4:5
[INFO] [stdout]   |
[INFO] [stdout] 4 | use serde_cbor::Value;
[INFO] [stdout]   |     ^^^^^^^^^^ use of unresolved module or unlinked crate `serde_cbor`
[INFO] [stdout]   |
[INFO] [stdout] help: there is a crate or module with a similar name
[INFO] [stdout]   |
[INFO] [stdout] 4 | use cs_serde_cbor::Value;
[INFO] [stdout]   |     +++
[INFO] [stdout] 
[INFO] [stdout] 
[INFO] [stdout] error[E0433]: cannot find module or crate `serde_cbor` in this scope
[INFO] [stdout]  --> tests/canonical.rs:3:9
[INFO] [stdout]   |
[INFO] [stdout] 3 |     use serde_cbor::value::Value;
[INFO] [stdout]   |         ^^^^^^^^^^ use of unresolved module or unlinked crate `serde_cbor`
[INFO] [stdout]   |
[INFO] [stdout] help: there is a crate or module with a similar name
[INFO] [stdout]   |
[INFO] [stdout] 3 |     use cs_serde_cbor::value::Value;
[INFO] [stdout]   |         +++
[INFO] [stdout] 
[INFO] [stdout] 
[INFO] [stdout] error[E0432]: unresolved import `serde_cbor`
[INFO] [stdout]  --> tests/value.rs:6:9
[INFO] [stdout]   |
[INFO] [stdout] 6 |     use serde_cbor;
[INFO] [stdout]   |         ^^^^^^^^^^ no external crate `serde_cbor`
[INFO] [stdout] 
[INFO] [stdout] 
[INFO] [stdout] error[E0433]: cannot find module or crate `serde_cbor` in this scope
[INFO] [stdout]   --> tests/de.rs:51:9
[INFO] [stdout]    |
[INFO] [stdout] 51 |     use serde_cbor::value::Value;
[INFO] [stdout]    |         ^^^^^^^^^^ use of unresolved module or unlinked crate `serde_cbor`
[INFO] [stdout]    |
[INFO] [stdout] help: there is a crate or module with a similar name
[INFO] [stdout]    |
[INFO] [stdout] 51 |     use cs_serde_cbor::value::Value;
[INFO] [stdout]    |         +++
[INFO] [stdout] 
[INFO] [stdout] 
[INFO] [stdout] error[E0432]: unresolved import `serde_cbor`
[INFO] [stdout]  --> tests/de.rs:4:5
[INFO] [stdout]   |
[INFO] [stdout] 4 | use serde_cbor;
[INFO] [stdout]   |     ^^^^^^^^^^ no external crate `serde_cbor`
[INFO] [stdout] 
[INFO] [stdout] 
[INFO] [stdout] error[E0433]: cannot find module or crate `serde_cbor` in this scope
[INFO] [stdout]    --> tests/de.rs:723:9
[INFO] [stdout]     |
[INFO] [stdout] 723 |     use serde_cbor::{de::from_slice, ser::to_vec_packed};
[INFO] [stdout]     |         ^^^^^^^^^^ use of unresolved module or unlinked crate `serde_cbor`
[INFO] [stdout]     |
[INFO] [stdout] help: there is a crate or module with a similar name
[INFO] [stdout]     |
[INFO] [stdout] 723 |     use cs_serde_cbor::{de::from_slice, ser::to_vec_packed};
[INFO] [stdout]     |         +++
[INFO] [stdout] 
[INFO] [stdout] 
[INFO] [stdout] error[E0432]: unresolved import `serde_cbor`
[INFO] [stdout]   --> tests/de.rs:52:9
[INFO] [stdout]    |
[INFO] [stdout] 52 |     use serde_cbor::{de, error, to_vec, Deserializer};
[INFO] [stdout]    |         ^^^^^^^^^^ use of unresolved module or unlinked crate `serde_cbor`
[INFO] [stdout]    |
[INFO] [stdout] help: there is a crate or module with a similar name
[INFO] [stdout]    |
[INFO] [stdout] 52 |     use cs_serde_cbor::{de, error, to_vec, Deserializer};
[INFO] [stdout]    |         +++
[INFO] [stdout] 
[INFO] [stdout] 
[INFO] [stdout] error[E0433]: cannot find module or crate `serde_cbor` in this scope
[INFO] [stdout]  --> tests/std_types.rs:8:9
[INFO] [stdout]   |
[INFO] [stdout] 8 |     use serde_cbor::de::from_mut_slice;
[INFO] [stdout]   |         ^^^^^^^^^^ use of unresolved module or unlinked crate `serde_cbor`
[INFO] [stdout]   |
[INFO] [stdout] help: there is a crate or module with a similar name
[INFO] [stdout]   |
[INFO] [stdout] 8 |     use cs_serde_cbor::de::from_mut_slice;
[INFO] [stdout]   |         +++
[INFO] [stdout] 
[INFO] [stdout] 
[INFO] [stdout] error[E0433]: cannot find module or crate `serde_cbor` in this scope
[INFO] [stdout]  --> tests/std_types.rs:9:9
[INFO] [stdout]   |
[INFO] [stdout] 9 |     use serde_cbor::ser::{to_vec, to_vec_packed};
[INFO] [stdout]   |         ^^^^^^^^^^ use of unresolved module or unlinked crate `serde_cbor`
[INFO] [stdout]   |
[INFO] [stdout] help: there is a crate or module with a similar name
[INFO] [stdout]   |
[INFO] [stdout] 9 |     use cs_serde_cbor::ser::{to_vec, to_vec_packed};
[INFO] [stdout]   |         +++
[INFO] [stdout] 
[INFO] [stdout] 
[INFO] [stdout] error[E0432]: unresolved import `serde_cbor`
[INFO] [stdout]   --> tests/std_types.rs:10:9
[INFO] [stdout]    |
[INFO] [stdout] 10 |     use serde_cbor::{from_reader, from_slice};
[INFO] [stdout]    |         ^^^^^^^^^^ use of unresolved module or unlinked crate `serde_cbor`
[INFO] [stdout]    |
[INFO] [stdout] help: there is a crate or module with a similar name
[INFO] [stdout]    |
[INFO] [stdout] 10 |     use cs_serde_cbor::{from_reader, from_slice};
[INFO] [stdout]    |         +++
[INFO] [stdout] 
[INFO] [stdout] 
[INFO] [stdout] error[E0433]: cannot find module or crate `serde_cbor` in this scope
[INFO] [stdout]    --> tests/de.rs:295:44
[INFO] [stdout]     |
[INFO] [stdout] 295 |         let obj2: Result<Option<u32>, _> = serde_cbor::de::from_reader(&v[..]);
[INFO] [stdout]     |                                            ^^^^^^^^^^ use of unresolved module or unlinked crate `serde_cbor`
[INFO] [stdout]     |
[INFO] [stdout] help: there is a crate or module with a similar name
[INFO] [stdout]     |
[INFO] [stdout] 295 |         let obj2: Result<Option<u32>, _> = cs_serde_cbor::de::from_reader(&v[..]);
[INFO] [stdout]     |                                            +++
[INFO] [stdout] 
[INFO] [stdout] 
[INFO] [stdout] For more information about this error, try `rustc --explain E0433`.
[INFO] [stdout] 
[INFO] [stderr] error: could not compile `cs_serde_cbor` (test "canonical") due to 1 previous error
[INFO] [stdout] error[E0433]: cannot find module or crate `serde_cbor` in this scope
[INFO] [stdout]   --> tests/enum.rs:34:9
[INFO] [stdout]    |
[INFO] [stdout] 34 |     use serde_cbor::ser::{IoWrite, Serializer};
[INFO] [stdout]    |         ^^^^^^^^^^ use of unresolved module or unlinked crate `serde_cbor`
[INFO] [stdout]    |
[INFO] [stdout] help: there is a crate or module with a similar name
[INFO] [stdout]    |
[INFO] [stdout] 34 |     use cs_serde_cbor::ser::{IoWrite, Serializer};
[INFO] [stdout]    |         +++
[INFO] [stdout] 
[INFO] [stdout] 
[INFO] [stderr] warning: build failed, waiting for other jobs to finish...
[INFO] [stdout] error[E0433]: cannot find module or crate `serde_cbor` in this scope
[INFO] [stdout]   --> tests/enum.rs:35:9
[INFO] [stdout]    |
[INFO] [stdout] 35 |     use serde_cbor::value::Value;
[INFO] [stdout]    |         ^^^^^^^^^^ use of unresolved module or unlinked crate `serde_cbor`
[INFO] [stdout]    |
[INFO] [stdout] help: there is a crate or module with a similar name
[INFO] [stdout]    |
[INFO] [stdout] 35 |     use cs_serde_cbor::value::Value;
[INFO] [stdout]    |         +++
[INFO] [stdout] 
[INFO] [stdout] 
[INFO] [stdout] error[E0432]: unresolved import `serde_cbor`
[INFO] [stdout]  --> tests/enum.rs:2:5
[INFO] [stdout]   |
[INFO] [stdout] 2 | use serde_cbor;
[INFO] [stdout]   |     ^^^^^^^^^^ no external crate `serde_cbor`
[INFO] [stdout] 
[INFO] [stdout] 
[INFO] [stdout] error[E0432]: unresolved import `serde_cbor`
[INFO] [stdout]   --> tests/enum.rs:36:9
[INFO] [stdout]    |
[INFO] [stdout] 36 |     use serde_cbor::{from_slice, to_vec};
[INFO] [stdout]    |         ^^^^^^^^^^ use of unresolved module or unlinked crate `serde_cbor`
[INFO] [stdout]    |
[INFO] [stdout] help: there is a crate or module with a similar name
[INFO] [stdout]    |
[INFO] [stdout] 36 |     use cs_serde_cbor::{from_slice, to_vec};
[INFO] [stdout]    |         +++
[INFO] [stdout] 
[INFO] [stdout] 
[INFO] [stdout] error[E0433]: cannot find module or crate `serde_cbor` in this scope
[INFO] [stdout]    --> tests/de.rs:307:44
[INFO] [stdout]     |
[INFO] [stdout] 307 |         let obj2: Result<Option<u32>, _> = serde_cbor::de::from_reader(&v[..]);
[INFO] [stdout]     |                                            ^^^^^^^^^^ use of unresolved module or unlinked crate `serde_cbor`
[INFO] [stdout]     |
[INFO] [stdout] help: there is a crate or module with a similar name
[INFO] [stdout]     |
[INFO] [stdout] 307 |         let obj2: Result<Option<u32>, _> = cs_serde_cbor::de::from_reader(&v[..]);
[INFO] [stdout]     |                                            +++
[INFO] [stdout] 
[INFO] [stdout] 
[INFO] [stdout] For more information about this error, try `rustc --explain E0432`.
[INFO] [stdout] 
[INFO] [stdout] error[E0433]: cannot find module or crate `serde_cbor` in this scope
[INFO] [stdout]    --> tests/de.rs:386:13
[INFO] [stdout]     |
[INFO] [stdout] 386 |             serde_cbor::error::Category::Syntax
[INFO] [stdout]     |             ^^^^^^^^^^ use of unresolved module or unlinked crate `serde_cbor`
[INFO] [stdout]     |
[INFO] [stdout] help: there is a crate or module with a similar name
[INFO] [stdout]     |
[INFO] [stdout] 386 |             cs_serde_cbor::error::Category::Syntax
[INFO] [stdout]     |             +++
[INFO] [stdout] 
[INFO] [stdout] 
[INFO] [stderr] error: could not compile `cs_serde_cbor` (test "bennofs") due to 1 previous error
[INFO] [stdout] error[E0433]: cannot find module or crate `serde_cbor` in this scope
[INFO] [stdout]    --> tests/de.rs:525:13
[INFO] [stdout]     |
[INFO] [stdout] 525 |             serde_cbor::error::Category::Syntax
[INFO] [stdout]     |             ^^^^^^^^^^ use of unresolved module or unlinked crate `serde_cbor`
[INFO] [stdout]     |
[INFO] [stdout] help: there is a crate or module with a similar name
[INFO] [stdout]     |
[INFO] [stdout] 525 |             cs_serde_cbor::error::Category::Syntax
[INFO] [stdout]     |             +++
[INFO] [stdout] 
[INFO] [stdout] 
[INFO] [stdout] warning: use of deprecated module `std::u8`: all constants in this module replaced by associated constants on the type
[INFO] [stdout]  --> tests/std_types.rs:6:14
[INFO] [stdout]   |
[INFO] [stdout] 6 |     use std::u8;
[INFO] [stdout]   |              ^^
[INFO] [stdout]   |
[INFO] [stdout]   = note: `#[warn(deprecated)]` on by default
[INFO] [stdout] 
[INFO] [stdout] 
[INFO] [stdout] warning: use of deprecated constant `std::f64::NAN`: replaced by the `NAN` associated constant on `f64`
[INFO] [stdout]   --> tests/std_types.rs:94:46
[INFO] [stdout]    |
[INFO] [stdout] 94 |     testcase!(test_f64_nan, f64, ::std::f64::NAN, "f97e00");
[INFO] [stdout]    |                                              ^^^
[INFO] [stdout] 
[INFO] [stdout] 
[INFO] [stdout] warning: use of deprecated constant `std::f64::INFINITY`: replaced by the `INFINITY` associated constant on `f64`
[INFO] [stdout]   --> tests/std_types.rs:95:51
[INFO] [stdout]    |
[INFO] [stdout] 95 |     testcase!(test_f64_infinity, f64, ::std::f64::INFINITY, "f97c00");
[INFO] [stdout]    |                                                   ^^^^^^^^
[INFO] [stdout] 
[INFO] [stdout] 
[INFO] [stdout] warning: use of deprecated constant `std::f64::INFINITY`: replaced by the `INFINITY` associated constant on `f64`
[INFO] [stdout]   --> tests/std_types.rs:96:56
[INFO] [stdout]    |
[INFO] [stdout] 96 |     testcase!(test_f64_neg_infinity, f64, -::std::f64::INFINITY, "f9fc00");
[INFO] [stdout]    |                                                        ^^^^^^^^
[INFO] [stdout] 
[INFO] [stdout] 
[INFO] [stdout] error[E0433]: cannot find module or crate `serde_cbor` in this scope
[INFO] [stdout]   --> examples/tags.rs:63:18
[INFO] [stdout]    |
[INFO] [stdout] 63 |     let bytes1 = serde_cbor::to_vec(&bookmark)?;
[INFO] [stdout]    |                  ^^^^^^^^^^ use of unresolved module or unlinked crate `serde_cbor`
[INFO] [stdout]    |
[INFO] [stdout] help: there is a crate or module with a similar name
[INFO] [stdout]    |
[INFO] [stdout] 63 |     let bytes1 = cs_serde_cbor::to_vec(&bookmark)?;
[INFO] [stdout]    |                  +++
[INFO] [stdout] 
[INFO] [stdout] 
[INFO] [stdout] error[E0433]: cannot find module or crate `serde_cbor` in this scope
[INFO] [stdout]   --> examples/tags.rs:65:25
[INFO] [stdout]    |
[INFO] [stdout] 65 |     let value1: Value = serde_cbor::from_slice(&bytes1)?;
[INFO] [stdout]    |                         ^^^^^^^^^^ use of unresolved module or unlinked crate `serde_cbor`
[INFO] [stdout]    |
[INFO] [stdout] help: there is a crate or module with a similar name
[INFO] [stdout]    |
[INFO] [stdout] 65 |     let value1: Value = cs_serde_cbor::from_slice(&bytes1)?;
[INFO] [stdout]    |                         +++
[INFO] [stdout] 
[INFO] [stdout] 
[INFO] [stdout] error[E0433]: cannot find module or crate `serde_cbor` in this scope
[INFO] [stdout]   --> examples/tags.rs:68:18
[INFO] [stdout]    |
[INFO] [stdout] 68 |     let bytes2 = serde_cbor::to_vec(&value1)?;
[INFO] [stdout]    |                  ^^^^^^^^^^ use of unresolved module or unlinked crate `serde_cbor`
[INFO] [stdout]    |
[INFO] [stdout] help: there is a crate or module with a similar name
[INFO] [stdout]    |
[INFO] [stdout] 68 |     let bytes2 = cs_serde_cbor::to_vec(&value1)?;
[INFO] [stdout]    |                  +++
[INFO] [stdout] 
[INFO] [stdout] 
[INFO] [stdout] error[E0433]: cannot find module or crate `serde_cbor` in this scope
[INFO] [stdout]    --> tests/de.rs:531:13
[INFO] [stdout]     |
[INFO] [stdout] 531 |             serde_cbor::error::Category::Syntax
[INFO] [stdout]     |             ^^^^^^^^^^ use of unresolved module or unlinked crate `serde_cbor`
[INFO] [stdout]     |
[INFO] [stdout] help: there is a crate or module with a similar name
[INFO] [stdout]     |
[INFO] [stdout] 531 |             cs_serde_cbor::error::Category::Syntax
[INFO] [stdout]     |             +++
[INFO] [stdout] 
[INFO] [stdout] 
[INFO] [stdout] error[E0433]: cannot find module or crate `serde_cbor` in this scope
[INFO] [stdout]   --> examples/tags.rs:70:25
[INFO] [stdout]    |
[INFO] [stdout] 70 |     let value2: Value = serde_cbor::from_slice(&bytes2)?;
[INFO] [stdout]    |                         ^^^^^^^^^^ use of unresolved module or unlinked crate `serde_cbor`
[INFO] [stdout]    |
[INFO] [stdout] help: there is a crate or module with a similar name
[INFO] [stdout]    |
[INFO] [stdout] 70 |     let value2: Value = cs_serde_cbor::from_slice(&bytes2)?;
[INFO] [stdout]    |                         +++
[INFO] [stdout] 
[INFO] [stdout] 
[INFO] [stdout] error[E0433]: cannot find module or crate `serde_cbor` in this scope
[INFO] [stdout]   --> examples/tags.rs:73:28
[INFO] [stdout]    |
[INFO] [stdout] 73 |     let result: Bookmark = serde_cbor::from_slice(&bytes2)?;
[INFO] [stdout]    |                            ^^^^^^^^^^ use of unresolved module or unlinked crate `serde_cbor`
[INFO] [stdout]    |
[INFO] [stdout] help: there is a crate or module with a similar name
[INFO] [stdout]    |
[INFO] [stdout] 73 |     let result: Bookmark = cs_serde_cbor::from_slice(&bytes2)?;
[INFO] [stdout]    |                            +++
[INFO] [stdout] 
[INFO] [stdout] 
[INFO] [stdout] error[E0433]: cannot find module or crate `serde_cbor` in this scope
[INFO] [stdout]    --> tests/de.rs:549:13
[INFO] [stdout]     |
[INFO] [stdout] 549 |             serde_cbor::error::Category::Syntax
[INFO] [stdout]     |             ^^^^^^^^^^ use of unresolved module or unlinked crate `serde_cbor`
[INFO] [stdout]     |
[INFO] [stdout] help: there is a crate or module with a similar name
[INFO] [stdout]     |
[INFO] [stdout] 549 |             cs_serde_cbor::error::Category::Syntax
[INFO] [stdout]     |             +++
[INFO] [stdout] 
[INFO] [stdout] 
[INFO] [stdout] For more information about this error, try `rustc --explain E0432`.
[INFO] [stdout] 
[INFO] [stdout] Some errors have detailed explanations: E0432, E0433.
[INFO] [stdout] 
[INFO] [stdout] For more information about an error, try `rustc --explain E0432`.
[INFO] [stdout] 
[INFO] [stdout] error[E0433]: cannot find module or crate `serde_cbor` in this scope
[INFO] [stdout]    --> tests/de.rs:565:13
[INFO] [stdout]     |
[INFO] [stdout] 565 |             serde_cbor::error::Category::Syntax
[INFO] [stdout]     |             ^^^^^^^^^^ use of unresolved module or unlinked crate `serde_cbor`
[INFO] [stdout]     |
[INFO] [stdout] help: there is a crate or module with a similar name
[INFO] [stdout]     |
[INFO] [stdout] 565 |             cs_serde_cbor::error::Category::Syntax
[INFO] [stdout]     |             +++
[INFO] [stdout] 
[INFO] [stdout] 
[INFO] [stderr] error: could not compile `cs_serde_cbor` (test "value") due to 1 previous error
[INFO] [stderr] error: could not compile `cs_serde_cbor` (example "tags") due to 7 previous errors
[INFO] [stdout] error[E0433]: cannot find module or crate `serde_cbor` in this scope
[INFO] [stdout]    --> tests/de.rs:574:13
[INFO] [stdout]     |
[INFO] [stdout] 574 |             serde_cbor::error::Category::Syntax
[INFO] [stdout]     |             ^^^^^^^^^^ use of unresolved module or unlinked crate `serde_cbor`
[INFO] [stdout]     |
[INFO] [stdout] help: there is a crate or module with a similar name
[INFO] [stdout]     |
[INFO] [stdout] 574 |             cs_serde_cbor::error::Category::Syntax
[INFO] [stdout]     |             +++
[INFO] [stdout] 
[INFO] [stdout] 
[INFO] [stdout] error[E0433]: cannot find module or crate `serde_cbor` in this scope
[INFO] [stdout]    --> tests/de.rs:617:13
[INFO] [stdout]     |
[INFO] [stdout] 617 |             serde_cbor::error::Category::Syntax
[INFO] [stdout]     |             ^^^^^^^^^^ use of unresolved module or unlinked crate `serde_cbor`
[INFO] [stdout]     |
[INFO] [stdout] help: there is a crate or module with a similar name
[INFO] [stdout]     |
[INFO] [stdout] 617 |             cs_serde_cbor::error::Category::Syntax
[INFO] [stdout]     |             +++
[INFO] [stdout] 
[INFO] [stdout] 
[INFO] [stdout] error[E0433]: cannot find module or crate `serde_cbor` in this scope
[INFO] [stdout]    --> tests/de.rs:652:13
[INFO] [stdout]     |
[INFO] [stdout] 652 |             serde_cbor::error::Category::Syntax
[INFO] [stdout]     |             ^^^^^^^^^^ use of unresolved module or unlinked crate `serde_cbor`
[INFO] [stdout]     |
[INFO] [stdout] help: there is a crate or module with a similar name
[INFO] [stdout]     |
[INFO] [stdout] 652 |             cs_serde_cbor::error::Category::Syntax
[INFO] [stdout]     |             +++
[INFO] [stdout] 
[INFO] [stdout] 
[INFO] [stdout] warning: use of deprecated associated function `core::num::<impl usize>::max_value`: replaced by the `MAX` associated constant on this type
[INFO] [stdout]    --> src/de.rs:312:37
[INFO] [stdout]     |
[INFO] [stdout] 312 |                     if len > usize::max_value() as u64 {
[INFO] [stdout]     |                                     ^^^^^^^^^
[INFO] [stdout]     |
[INFO] [stdout]     = note: `#[warn(deprecated)]` on by default
[INFO] [stdout] 
[INFO] [stdout] 
[INFO] [stdout] error[E0433]: cannot find module or crate `serde_cbor` in this scope
[INFO] [stdout]    --> tests/de.rs:685:13
[INFO] [stdout]     |
[INFO] [stdout] 685 |             serde_cbor::error::Category::Syntax
[INFO] [stdout]     |             ^^^^^^^^^^ use of unresolved module or unlinked crate `serde_cbor`
[INFO] [stdout]     |
[INFO] [stdout] help: there is a crate or module with a similar name
[INFO] [stdout]     |
[INFO] [stdout] 685 |             cs_serde_cbor::error::Category::Syntax
[INFO] [stdout]     |             +++
[INFO] [stdout] 
[INFO] [stdout] 
[INFO] [stdout] warning: use of deprecated associated function `core::num::<impl usize>::max_value`: replaced by the `MAX` associated constant on this type
[INFO] [stdout]    --> src/de.rs:374:37
[INFO] [stdout]     |
[INFO] [stdout] 374 |                     if len > usize::max_value() as u64 {
[INFO] [stdout]     |                                     ^^^^^^^^^
[INFO] [stdout] 
[INFO] [stdout] 
[INFO] [stdout] error[E0433]: cannot find module or crate `serde_cbor` in this scope
[INFO] [stdout]    --> tests/de.rs:719:13
[INFO] [stdout]     |
[INFO] [stdout] 719 |             serde_cbor::error::Category::Syntax
[INFO] [stdout]     |             ^^^^^^^^^^ use of unresolved module or unlinked crate `serde_cbor`
[INFO] [stdout]     |
[INFO] [stdout] help: there is a crate or module with a similar name
[INFO] [stdout]     |
[INFO] [stdout] 719 |             cs_serde_cbor::error::Category::Syntax
[INFO] [stdout]     |             +++
[INFO] [stdout] 
[INFO] [stdout] 
[INFO] [stdout] warning: use of deprecated associated function `core::num::<impl i64>::max_value`: replaced by the `MAX` associated constant on this type
[INFO] [stdout]    --> src/de.rs:619:33
[INFO] [stdout]     |
[INFO] [stdout] 619 |                 if value > i64::max_value() as u64 {
[INFO] [stdout]     |                                 ^^^^^^^^^
[INFO] [stdout] 
[INFO] [stdout] 
[INFO] [stdout] warning: use of deprecated associated function `core::num::<impl usize>::max_value`: replaced by the `MAX` associated constant on this type
[INFO] [stdout]    --> src/de.rs:642:33
[INFO] [stdout]     |
[INFO] [stdout] 642 |                 if len > usize::max_value() as u64 {
[INFO] [stdout]     |                                 ^^^^^^^^^
[INFO] [stdout] 
[INFO] [stdout] 
[INFO] [stdout] warning: use of deprecated associated function `core::num::<impl usize>::max_value`: replaced by the `MAX` associated constant on this type
[INFO] [stdout]    --> src/de.rs:666:33
[INFO] [stdout]     |
[INFO] [stdout] 666 |                 if len > usize::max_value() as u64 {
[INFO] [stdout]     |                                 ^^^^^^^^^
[INFO] [stdout] 
[INFO] [stdout] 
[INFO] [stdout] warning: use of deprecated associated function `core::num::<impl usize>::max_value`: replaced by the `MAX` associated constant on this type
[INFO] [stdout]    --> src/de.rs:690:33
[INFO] [stdout]     |
[INFO] [stdout] 690 |                 if len > usize::max_value() as u64 {
[INFO] [stdout]     |                                 ^^^^^^^^^
[INFO] [stdout] 
[INFO] [stdout] 
[INFO] [stdout] warning: use of deprecated associated function `core::num::<impl usize>::max_value`: replaced by the `MAX` associated constant on this type
[INFO] [stdout]    --> src/de.rs:714:33
[INFO] [stdout]     |
[INFO] [stdout] 714 |                 if len > usize::max_value() as u64 {
[INFO] [stdout]     |                                 ^^^^^^^^^
[INFO] [stdout] 
[INFO] [stdout] 
[INFO] [stdout] warning: use of deprecated associated function `core::num::<impl usize>::max_value`: replaced by the `MAX` associated constant on this type
[INFO] [stdout]    --> src/de.rs:843:41
[INFO] [stdout]     |
[INFO] [stdout] 843 |                         if len > usize::max_value() as u64 {
[INFO] [stdout]     |                                         ^^^^^^^^^
[INFO] [stdout] 
[INFO] [stdout] 
[INFO] [stdout] warning: use of deprecated constant `std::f64::INFINITY`: replaced by the `INFINITY` associated constant on `f64`
[INFO] [stdout]    --> tests/de.rs:264:42
[INFO] [stdout]     |
[INFO] [stdout] 264 |                 Value::Float(::std::f64::INFINITY)
[INFO] [stdout]     |                                          ^^^^^^^^
[INFO] [stdout]     |
[INFO] [stdout]     = note: `#[warn(deprecated)]` on by default
[INFO] [stdout] 
[INFO] [stdout] 
[INFO] [stdout] warning: use of deprecated associated function `core::num::<impl u8>::max_value`: replaced by the `MAX` associated constant on this type
[INFO] [stdout]    --> src/ser.rs:153:35
[INFO] [stdout]     |
[INFO] [stdout] 153 |         if value <= u16::from(u8::max_value()) {
[INFO] [stdout]     |                                   ^^^^^^^^^
[INFO] [stdout] 
[INFO] [stdout] 
[INFO] [stdout] warning: use of deprecated associated function `core::num::<impl u16>::max_value`: replaced by the `MAX` associated constant on this type
[INFO] [stdout]    --> src/ser.rs:164:36
[INFO] [stdout]     |
[INFO] [stdout] 164 |         if value <= u32::from(u16::max_value()) {
[INFO] [stdout]     |                                    ^^^^^^^^^
[INFO] [stdout] 
[INFO] [stdout] 
[INFO] [stdout] warning: use of deprecated associated function `core::num::<impl u32>::max_value`: replaced by the `MAX` associated constant on this type
[INFO] [stdout]    --> src/ser.rs:175:36
[INFO] [stdout]     |
[INFO] [stdout] 175 |         if value <= u64::from(u32::max_value()) {
[INFO] [stdout]     |                                    ^^^^^^^^^
[INFO] [stdout] 
[INFO] [stdout] 
[INFO] [stdout] warning: use of deprecated associated function `core::num::<impl u64>::max_value`: replaced by the `MAX` associated constant on this type
[INFO] [stdout]    --> src/ser.rs:270:47
[INFO] [stdout]     |
[INFO] [stdout] 270 |             if -(value + 1) > i128::from(u64::max_value()) {
[INFO] [stdout]     |                                               ^^^^^^^^^
[INFO] [stdout] 
[INFO] [stdout] 
[INFO] [stdout] warning: use of deprecated associated function `core::num::<impl u64>::max_value`: replaced by the `MAX` associated constant on this type
[INFO] [stdout]    --> src/ser.rs:275:40
[INFO] [stdout]     |
[INFO] [stdout] 275 |             if value > i128::from(u64::max_value()) {
[INFO] [stdout]     |                                        ^^^^^^^^^
[INFO] [stdout] 
[INFO] [stdout] 
[INFO] [stdout] warning: use of deprecated associated function `core::num::<impl u64>::max_value`: replaced by the `MAX` associated constant on this type
[INFO] [stdout]    --> src/ser.rs:304:36
[INFO] [stdout]     |
[INFO] [stdout] 304 |         if value > u128::from(u64::max_value()) {
[INFO] [stdout]     |                                    ^^^^^^^^^
[INFO] [stdout] 
[INFO] [stdout] 
[INFO] [stdout] error[E0433]: cannot find module or crate `serde_cbor` in this scope
[INFO] [stdout]   --> tests/enum.rs:38:43
[INFO] [stdout]    |
[INFO] [stdout] 38 |     pub fn to_vec_legacy<T>(value: &T) -> serde_cbor::Result<Vec<u8>>
[INFO] [stdout]    |                                           ^^^^^^^^^^ use of unresolved module or unlinked crate `serde_cbor`
[INFO] [stdout]    |
[INFO] [stdout] help: there is a crate or module with a similar name
[INFO] [stdout]    |
[INFO] [stdout] 38 |     pub fn to_vec_legacy<T>(value: &T) -> cs_serde_cbor::Result<Vec<u8>>
[INFO] [stdout]    |                                           +++
[INFO] [stdout] 
[INFO] [stdout] 
[INFO] [stdout] Some errors have detailed explanations: E0432, E0433.
[INFO] [stdout] 
[INFO] [stdout] For more information about an error, try `rustc --explain E0432`.
[INFO] [stdout] 
[INFO] [stderr] error: could not compile `cs_serde_cbor` (test "enum") due to 5 previous errors
[INFO] [stdout] Some errors have detailed explanations: E0432, E0433.
[INFO] [stdout] 
[INFO] [stdout] For more information about an error, try `rustc --explain E0432`.
[INFO] [stdout] 
[INFO] [stderr] error: could not compile `cs_serde_cbor` (test "std_types") due to 3 previous errors; 4 warnings emitted
[INFO] [stdout] error[E0433]: cannot find module or crate `serde_cbor` in this scope
[INFO] [stdout]    --> tests/de.rs:744:19
[INFO] [stdout]     |
[INFO] [stdout] 744 |         let err = serde_cbor::from_slice::<serde_cbor::Value>(&input).expect_err("recursion limit");
[INFO] [stdout]     |                   ^^^^^^^^^^ use of unresolved module or unlinked crate `serde_cbor`
[INFO] [stdout]     |
[INFO] [stdout] help: there is a crate or module with a similar name
[INFO] [stdout]     |
[INFO] [stdout] 744 |         let err = cs_serde_cbor::from_slice::<serde_cbor::Value>(&input).expect_err("recursion limit");
[INFO] [stdout]     |                   +++
[INFO] [stdout] 
[INFO] [stdout] 
[INFO] [stdout] error[E0433]: cannot find module or crate `serde_cbor` in this scope
[INFO] [stdout]    --> tests/de.rs:744:44
[INFO] [stdout]     |
[INFO] [stdout] 744 |         let err = serde_cbor::from_slice::<serde_cbor::Value>(&input).expect_err("recursion limit");
[INFO] [stdout]     |                                            ^^^^^^^^^^ use of unresolved module or unlinked crate `serde_cbor`
[INFO] [stdout]     |
[INFO] [stdout] help: there is a crate or module with a similar name
[INFO] [stdout]     |
[INFO] [stdout] 744 |         let err = serde_cbor::from_slice::<cs_serde_cbor::Value>(&input).expect_err("recursion limit");
[INFO] [stdout]     |                                            +++
[INFO] [stdout] 
[INFO] [stdout] 
[INFO] [stdout] Some errors have detailed explanations: E0432, E0433.
[INFO] [stdout] 
[INFO] [stderr] error: could not compile `cs_serde_cbor` (test "de") due to 18 previous errors; 1 warning emitted
[INFO] [stdout] For more information about an error, try `rustc --explain E0432`.
[INFO] [stdout] 
[INFO] [stdout] warning: variant `InvalidUtf8` is never constructed
[INFO] [stdout]    --> src/error.rs:280:5
[INFO] [stdout]     |
[INFO] [stdout] 265 | pub(crate) enum ErrorCode {
[INFO] [stdout]     |                 --------- variant in this enum
[INFO] [stdout] ...
[INFO] [stdout] 280 |     InvalidUtf8,
[INFO] [stdout]     |     ^^^^^^^^^^^
[INFO] [stdout]     |
[INFO] [stdout]     = note: `ErrorCode` has a derived impl for the trait `Debug`, but this is intentionally ignored during dead code analysis
[INFO] [stdout]     = note: `#[warn(dead_code)]` (part of `#[warn(unused)]`) on by default
[INFO] [stdout] 
[INFO] [stdout] 
[INFO] running `Command { std: "docker" "inspect" "abc4e8f12c0c927ec915274fab00940d58d17f382f3aade805a4849ab54474fe", kill_on_drop: false }`
[INFO] running `Command { std: "docker" "rm" "-f" "abc4e8f12c0c927ec915274fab00940d58d17f382f3aade805a4849ab54474fe", kill_on_drop: false }`
[INFO] [stdout] abc4e8f12c0c927ec915274fab00940d58d17f382f3aade805a4849ab54474fe
