[INFO] fetching crate cs_mwc-web3 0.15.0...
[INFO] testing cs_mwc-web3-0.15.0 against 1.100.0-beta.1+cargoflags=--release for beta-release-1.100-2
[INFO] extracting crate cs_mwc-web3 0.15.0 into /workspace/builds/worker-2-tc2/source
[INFO] removed /workspace/builds/worker-2-tc2/source/.cargo/config
[INFO] started tweaking crates.io crate cs_mwc-web3 0.15.0
[INFO] removed 0 missing examples
[INFO] finished tweaking crates.io crate cs_mwc-web3 0.15.0
[INFO] tweaked toml for crates.io crate cs_mwc-web3 0.15.0 written to /workspace/builds/worker-2-tc2/source/Cargo.toml
[INFO] validating manifest of crates.io crate cs_mwc-web3 0.15.0 on toolchain 1.100.0-beta.1
[INFO] running `Command { std: CARGO_HOME="/workspace/cargo-home" RUSTUP_HOME="/workspace/rustup-home" "/workspace/cargo-home/bin/cargo" "+1.100.0-beta.1" "metadata" "--manifest-path" "Cargo.toml" "--no-deps", kill_on_drop: false }`
[INFO] crate crates.io crate cs_mwc-web3 0.15.0 already has a lockfile, it will not be regenerated
[INFO] running `Command { std: CARGO_HOME="/workspace/cargo-home" RUSTUP_HOME="/workspace/rustup-home" "/workspace/cargo-home/bin/cargo" "+1.100.0-beta.1" "fetch" "--manifest-path" "Cargo.toml", kill_on_drop: false }`
[INFO] [stderr] warning: `package.homepage` is redundant with `package.repository`
[INFO] [stderr]    --> Cargo.toml:202:12
[INFO] [stderr]     |
[INFO] [stderr] 202 | homepage = "https://github.com/tomusdrw/rust-web3"
[INFO] [stderr]     |            ^^^^^^^^^^^^^^^^^^^^^^^^^^^^^^^^^^^^^^^
[INFO] [stderr] ...
[INFO] [stderr] 207 | repository = "https://github.com/tomusdrw/rust-web3"
[INFO] [stderr]     |              ---------------------------------------
[INFO] [stderr]     |
[INFO] [stderr]     = note: `cargo::redundant_homepage` is set to `warn` by default
[INFO] [stderr] help: consider removing `package.homepage`
[INFO] [stderr] warning: `cs_mwc-web3` (manifest) generated 1 warning
[INFO] running `Command { std: "docker" "create" "-v" "/var/lib/crater-agent-workspace/builds/worker-2-tc2/source:/opt/rustwide/workdir:ro,Z" "-v" "/var/lib/crater-agent-workspace/builds/worker-2-tc2/target:/opt/rustwide/target:rw,Z" "-v" "/var/lib/crater-agent-workspace/cargo-home:/opt/rustwide/cargo-home:ro,Z" "-v" "/var/lib/crater-agent-workspace/rustup-home:/opt/rustwide/rustup-home:ro,Z" "-m" "1610612736" "--network" "none" "ghcr.io/rust-lang/crates-build-env/linux@sha256:77db811e55d90add9212f6832c23229e3de5f1c1f9905e8cb07319ea15df73ac" "sleep" "infinity", kill_on_drop: false }`
[INFO] [stdout] 858215bc96e0d512d02d954718f59582d55f5c48122addf1a43f4d36fa191248
[INFO] running `Command { std: "docker" "start" "858215bc96e0d512d02d954718f59582d55f5c48122addf1a43f4d36fa191248", kill_on_drop: false }`
[INFO] running `Command { std: "docker" "inspect" "858215bc96e0d512d02d954718f59582d55f5c48122addf1a43f4d36fa191248", kill_on_drop: false }`
[INFO] running `Command { std: "docker" "exec" "-e" "SOURCE_DIR=/opt/rustwide/workdir" "-e" "CARGO_HOME=/opt/rustwide/cargo-home" "-e" "RUSTUP_HOME=/opt/rustwide/rustup-home" "-e" "CARGO_TARGET_DIR=/opt/rustwide/target" "-w" "/opt/rustwide/workdir" "--user" "0:0" "858215bc96e0d512d02d954718f59582d55f5c48122addf1a43f4d36fa191248" "/opt/rustwide/cargo-home/bin/cargo" "+1.100.0-beta.1" "metadata" "--no-deps" "--format-version=1", kill_on_drop: false }`
[INFO] running `Command { std: "docker" "inspect" "858215bc96e0d512d02d954718f59582d55f5c48122addf1a43f4d36fa191248", kill_on_drop: false }`
[INFO] running `Command { std: "docker" "exec" "-e" "SOURCE_DIR=/opt/rustwide/workdir" "-e" "CARGO_HOME=/opt/rustwide/cargo-home" "-e" "RUSTUP_HOME=/opt/rustwide/rustup-home" "-e" "CARGO_TARGET_DIR=/opt/rustwide/target" "-e" "CARGO_INCREMENTAL=0" "-e" "RUST_BACKTRACE=full" "-e" "RUSTFLAGS=--cap-lints=warn" "-e" "RUSTDOCFLAGS=--cap-lints=warn" "-w" "/opt/rustwide/workdir" "--user" "0:0" "858215bc96e0d512d02d954718f59582d55f5c48122addf1a43f4d36fa191248" "/opt/rustwide/cargo-home/bin/cargo" "+1.100.0-beta.1" "build" "--frozen" "--message-format=json" "--release", kill_on_drop: false }`
[INFO] [stderr] warning: `package.homepage` is redundant with `package.repository`
[INFO] [stderr]    --> Cargo.toml:202:12
[INFO] [stderr]     |
[INFO] [stderr] 202 | homepage = "https://github.com/tomusdrw/rust-web3"
[INFO] [stderr]     |            ^^^^^^^^^^^^^^^^^^^^^^^^^^^^^^^^^^^^^^^
[INFO] [stderr] ...
[INFO] [stderr] 207 | repository = "https://github.com/tomusdrw/rust-web3"
[INFO] [stderr]     |              ---------------------------------------
[INFO] [stderr]     |
[INFO] [stderr]     = note: `cargo::redundant_homepage` is set to `warn` by default
[INFO] [stderr] help: consider removing `package.homepage`
[INFO] [stderr] warning: `cs_mwc-web3` (manifest) generated 1 warning
[INFO] [stderr]    Compiling proc-macro2 v1.0.101
[INFO] [stderr]    Compiling unicode-ident v1.0.19
[INFO] [stderr]    Compiling libc v0.2.175
[INFO] [stderr]    Compiling cfg-if v1.0.3
[INFO] [stderr]    Compiling log v0.4.28
[INFO] [stderr]    Compiling autocfg v1.5.0
[INFO] [stderr]    Compiling find-msvc-tools v0.1.1
[INFO] [stderr]    Compiling shlex v1.3.0
[INFO] [stderr]    Compiling futures-core v0.3.31
[INFO] [stderr]    Compiling slab v0.4.11
[INFO] [stderr]    Compiling memchr v2.7.5
[INFO] [stderr]    Compiling stable_deref_trait v1.2.0
[INFO] [stderr]    Compiling bytes v1.10.1
[INFO] [stderr]    Compiling serde_core v1.0.225
[INFO] [stderr]    Compiling zerocopy v0.8.27
[INFO] [stderr]    Compiling pin-project-lite v0.2.16
[INFO] [stderr]    Compiling serde v1.0.225
[INFO] [stderr]    Compiling futures-sink v0.3.31
[INFO] [stderr]    Compiling syn v1.0.109
[INFO] [stderr]    Compiling pkg-config v0.3.32
[INFO] [stderr]    Compiling once_cell v1.21.3
[INFO] [stderr]    Compiling bytes v0.5.6
[INFO] [stderr]    Compiling cfg-if v0.1.10
[INFO] [stderr]    Compiling itoa v1.0.15
[INFO] [stderr]    Compiling cc v1.2.37
[INFO] [stderr]    Compiling futures-io v0.3.31
[INFO] [stderr]    Compiling futures-channel v0.3.31
[INFO] [stderr]    Compiling futures-task v0.3.31
[INFO] [stderr]    Compiling typenum v1.18.0
[INFO] [stderr]    Compiling version_check v0.9.5
[INFO] [stderr]    Compiling litemap v0.8.0
[INFO] [stderr]    Compiling pin-project-lite v0.1.12
[INFO] [stderr]    Compiling crunchy v0.2.4
[INFO] [stderr]    Compiling writeable v0.6.1
[INFO] [stderr]    Compiling lazy_static v1.5.0
[INFO] [stderr]    Compiling smallvec v1.15.1
[INFO] [stderr]    Compiling icu_properties_data v2.0.1
[INFO] [stderr]    Compiling generic-array v0.14.7
[INFO] [stderr]    Compiling rustc-hex v2.1.0
[INFO] [stderr]    Compiling icu_normalizer_data v2.0.0
[INFO] [stderr]    Compiling openssl v0.10.73
[INFO] [stderr]    Compiling indexmap v1.9.3
[INFO] [stderr]    Compiling tracing-core v0.1.34
[INFO] [stderr]    Compiling httparse v1.10.1
[INFO] [stderr]    Compiling byteorder v1.5.0
[INFO] [stderr]    Compiling either v1.15.0
[INFO] [stderr]    Compiling getrandom v0.1.16
[INFO] [stderr]    Compiling bitflags v2.9.4
[INFO] [stderr]    Compiling quote v1.0.40
[INFO] [stderr]    Compiling native-tls v0.2.14
[INFO] [stderr]    Compiling static_assertions v1.1.0
[INFO] [stderr]    Compiling radium v0.3.0
[INFO] [stderr]    Compiling http v0.2.12
[INFO] [stderr]    Compiling rlp v0.5.2
[INFO] [stderr]    Compiling num-traits v0.2.19
[INFO] [stderr]    Compiling syn v2.0.106
[INFO] [stderr]    Compiling bitvec v0.17.4
[INFO] [stderr]    Compiling tiny-keccak v2.0.2
[INFO] [stderr]    Compiling byte-slice-cast v0.3.5
[INFO] [stderr]    Compiling block-padding v0.2.1
[INFO] [stderr]    Compiling arrayvec v0.5.2
[INFO] [stderr]    Compiling tracing v0.1.41
[INFO] [stderr]    Compiling net2 v0.2.39
[INFO] [stderr]    Compiling iovec v0.1.4
[INFO] [stderr]    Compiling signal-hook-registry v1.4.6
[INFO] [stderr]    Compiling num_cpus v1.17.0
[INFO] [stderr]    Compiling getrandom v0.2.16
[INFO] [stderr]    Compiling mio v0.6.23
[INFO] [stderr]    Compiling rand_core v0.6.4
[INFO] [stderr]    Compiling openssl-probe v0.1.6
[INFO] [stderr]    Compiling digest v0.9.0
[INFO] [stderr]    Compiling block-buffer v0.9.0
[INFO] [stderr]    Compiling impl-rlp v0.3.0
[INFO] [stderr]    Compiling openssl-sys v0.9.109
[INFO] [stderr]    Compiling try-lock v0.2.5
[INFO] [stderr]    Compiling serde_json v1.0.145
[INFO] [stderr]    Compiling opaque-debug v0.3.1
[INFO] [stderr]    Compiling hex v0.4.3
[INFO] [stderr]    Compiling thiserror v1.0.69
[INFO] [stderr]    Compiling want v0.3.1
[INFO] [stderr]    Compiling uint v0.9.5
[INFO] [stderr]    Compiling rand_core v0.5.1
[INFO] [stderr]    Compiling http-body v0.3.1
[INFO] [stderr]    Compiling secp256k1-sys v0.4.2
[INFO] [stderr]    Compiling socket2 v0.3.19
[INFO] [stderr]    Compiling lock_api v0.4.13
[INFO] [stderr]    Compiling httpdate v0.3.2
[INFO] [stderr]    Compiling tower-service v0.3.3
[INFO] [stderr]    Compiling itoa v0.4.8
[INFO] [stderr]    Compiling utf8_iter v1.0.4
[INFO] [stderr]    Compiling percent-encoding v2.3.2
[INFO] [stderr]    Compiling iana-time-zone v0.1.64
[INFO] [stderr]    Compiling mio-uds v0.6.8
[INFO] [stderr]    Compiling ryu v1.0.20
[INFO] [stderr]    Compiling parking_lot_core v0.8.6
[INFO] [stderr]    Compiling anyhow v1.0.99
[INFO] [stderr]    Compiling form_urlencoded v1.2.2
[INFO] [stderr]    Compiling instant v0.1.13
[INFO] [stderr]    Compiling cpufeatures v0.2.17
[INFO] [stderr]    Compiling scopeguard v1.2.0
[INFO] [stderr]    Compiling keccak v0.1.5
[INFO] [stderr]    Compiling base64 v0.11.0
[INFO] [stderr]    Compiling sha-1 v0.9.8
[INFO] [stderr]    Compiling chrono v0.4.42
[INFO] [stderr]    Compiling sha3 v0.9.1
[INFO] [stderr]    Compiling ppv-lite86 v0.2.21
[INFO] [stderr]    Compiling tokio v1.47.1
[INFO] [stderr]    Compiling convert_case v0.4.0
[INFO] [stderr]    Compiling base64 v0.12.3
[INFO] [stderr]    Compiling parking_lot v0.11.2
[INFO] [stderr]    Compiling base64 v0.13.1
[INFO] [stderr]    Compiling futures-timer v3.0.3
[INFO] [stderr]    Compiling rand_chacha v0.3.1
[INFO] [stderr]    Compiling rand_chacha v0.2.2
[INFO] [stderr]    Compiling rand v0.7.3
[INFO] [stderr]    Compiling rand v0.8.5
[INFO] [stderr]    Compiling tokio-macros v0.2.6
[INFO] [stderr]    Compiling tokio v0.2.25
[INFO] [stderr]    Compiling typed-headers v0.2.0
[INFO] [stderr]    Compiling tokio-util v0.6.10
[INFO] [stderr]    Compiling fixed-hash v0.7.0
[INFO] [stderr]    Compiling synstructure v0.13.2
[INFO] [stderr]    Compiling zerovec-derive v0.11.1
[INFO] [stderr]    Compiling serde_derive v1.0.225
[INFO] [stderr]    Compiling displaydoc v0.2.5
[INFO] [stderr]    Compiling futures-macro v0.3.31
[INFO] [stderr]    Compiling pin-project-internal v1.1.10
[INFO] [stderr]    Compiling openssl-macros v0.1.1
[INFO] [stderr]    Compiling thiserror-impl v1.0.69
[INFO] [stderr]    Compiling derive_more v0.99.20
[INFO] [stderr]    Compiling zerofrom-derive v0.1.6
[INFO] [stderr]    Compiling yoke-derive v0.8.0
[INFO] [stderr]    Compiling futures-util v0.3.31
[INFO] [stderr]    Compiling zerofrom v0.1.6
[INFO] [stderr]    Compiling pin-project v1.1.10
[INFO] [stderr]    Compiling tracing-futures v0.2.5
[INFO] [stderr]    Compiling yoke v0.8.0
[INFO] [stderr]    Compiling zerovec v0.11.4
[INFO] [stderr]    Compiling zerotrie v0.2.2
[INFO] [stderr]    Compiling secp256k1 v0.20.3
[INFO] [stderr]    Compiling tokio-util v0.3.1
[INFO] [stderr]    Compiling tinystr v0.8.1
[INFO] [stderr]    Compiling potential_utf v0.1.3
[INFO] [stderr]    Compiling icu_collections v2.0.0
[INFO] [stderr]    Compiling icu_locale_core v2.0.0
[INFO] [stderr]    Compiling parity-scale-codec v1.3.7
[INFO] [stderr]    Compiling impl-serde v0.3.2
[INFO] [stderr]    Compiling ethbloom v0.10.0
[INFO] [stderr]    Compiling icu_provider v2.0.0
[INFO] [stderr]    Compiling icu_properties v2.0.1
[INFO] [stderr]    Compiling icu_normalizer v2.0.0
[INFO] [stderr]    Compiling tokio-tls v0.3.1
[INFO] [stderr]    Compiling idna_adapter v1.2.1
[INFO] [stderr]    Compiling idna v1.1.0
[INFO] [stderr]    Compiling futures-executor v0.3.31
[INFO] [stderr]    Compiling h2 v0.2.7
[INFO] [stderr]    Compiling futures v0.3.31
[INFO] [stderr]    Compiling jsonrpc-core v17.1.0
[INFO] [stderr]    Compiling soketto v0.4.2
[INFO] [stderr]    Compiling url v2.5.7
[INFO] [stderr]    Compiling async-native-tls v0.3.3
[INFO] [stderr]    Compiling impl-codec v0.4.2
[INFO] [stderr]    Compiling primitive-types v0.8.0
[INFO] [stderr]    Compiling ethereum-types v0.10.0
[INFO] [stderr]    Compiling ethabi v13.0.0
[INFO] [stderr]    Compiling hyper v0.13.10
[INFO] [stderr]    Compiling hyper-tls v0.4.3
[INFO] [stderr]    Compiling hyper-proxy v0.8.0
[INFO] [stderr]    Compiling cs_mwc-web3 v0.15.0 (/opt/rustwide/workdir)
[INFO] [stdout] warning: unused import: `BigEndianHash`
[INFO] [stdout]  --> src/types/uint.rs:1:26
[INFO] [stdout]   |
[INFO] [stdout] 1 | pub use ethereum_types::{BigEndianHash, Bloom as H2048, H128, H160, H256, H512, H520, H64, U128, U256, U64};
[INFO] [stdout]   |                          ^^^^^^^^^^^^^
[INFO] [stdout]   |
[INFO] [stdout]   = note: `#[warn(unused_imports)]` (part of `#[warn(unused)]`) on by default
[INFO] [stdout] 
[INFO] [stdout] 
[INFO] [stdout] warning: use of deprecated associated function `core::num::<impl u64>::max_value`: replaced by the `MAX` associated constant on this type
[INFO] [stdout]    --> src/contract/tokens.rs:250:65
[INFO] [stdout]     |
[INFO] [stdout] 229 | macro_rules! int_tokenizable {
[INFO] [stdout] ...
[INFO] [stdout] 250 |                     U256::from(self as u128) | U256([0, 0, u64::max_value(), u64::max_value()])
[INFO] [stdout]     |                                                                 ^^^^^^^^^
[INFO] [stdout] ...
[INFO] [stdout] 260 | int_tokenizable!(i8, Int);
[INFO] [stdout]     | ------------------------- in this macro invocation
[INFO] [stdout]     |
[INFO] [stdout]     = note: `#[warn(deprecated)]` on by default
[INFO] [stdout] 
[INFO] [stdout] 
[INFO] [stdout] warning: use of deprecated associated function `core::num::<impl u64>::max_value`: replaced by the `MAX` associated constant on this type
[INFO] [stdout]    --> src/contract/tokens.rs:250:83
[INFO] [stdout]     |
[INFO] [stdout] 229 | macro_rules! int_tokenizable {
[INFO] [stdout] ...
[INFO] [stdout] 250 |                     U256::from(self as u128) | U256([0, 0, u64::max_value(), u64::max_value()])
[INFO] [stdout]     |                                                                                   ^^^^^^^^^
[INFO] [stdout] ...
[INFO] [stdout] 260 | int_tokenizable!(i8, Int);
[INFO] [stdout]     | ------------------------- in this macro invocation
[INFO] [stdout] 
[INFO] [stdout] 
[INFO] [stdout] warning: use of deprecated associated function `core::num::<impl u64>::max_value`: replaced by the `MAX` associated constant on this type
[INFO] [stdout]    --> src/contract/tokens.rs:250:65
[INFO] [stdout]     |
[INFO] [stdout] 229 | macro_rules! int_tokenizable {
[INFO] [stdout] ...
[INFO] [stdout] 250 |                     U256::from(self as u128) | U256([0, 0, u64::max_value(), u64::max_value()])
[INFO] [stdout]     |                                                                 ^^^^^^^^^
[INFO] [stdout] ...
[INFO] [stdout] 261 | int_tokenizable!(i16, Int);
[INFO] [stdout]     | -------------------------- in this macro invocation
[INFO] [stdout] 
[INFO] [stdout] 
[INFO] [stdout] warning: use of deprecated associated function `core::num::<impl u64>::max_value`: replaced by the `MAX` associated constant on this type
[INFO] [stdout]    --> src/contract/tokens.rs:250:83
[INFO] [stdout]     |
[INFO] [stdout] 229 | macro_rules! int_tokenizable {
[INFO] [stdout] ...
[INFO] [stdout] 250 |                     U256::from(self as u128) | U256([0, 0, u64::max_value(), u64::max_value()])
[INFO] [stdout]     |                                                                                   ^^^^^^^^^
[INFO] [stdout] ...
[INFO] [stdout] 261 | int_tokenizable!(i16, Int);
[INFO] [stdout]     | -------------------------- in this macro invocation
[INFO] [stdout] 
[INFO] [stdout] 
[INFO] [stdout] warning: use of deprecated associated function `core::num::<impl u64>::max_value`: replaced by the `MAX` associated constant on this type
[INFO] [stdout]    --> src/contract/tokens.rs:250:65
[INFO] [stdout]     |
[INFO] [stdout] 229 | macro_rules! int_tokenizable {
[INFO] [stdout] ...
[INFO] [stdout] 250 |                     U256::from(self as u128) | U256([0, 0, u64::max_value(), u64::max_value()])
[INFO] [stdout]     |                                                                 ^^^^^^^^^
[INFO] [stdout] ...
[INFO] [stdout] 262 | int_tokenizable!(i32, Int);
[INFO] [stdout]     | -------------------------- in this macro invocation
[INFO] [stdout] 
[INFO] [stdout] 
[INFO] [stdout] warning: use of deprecated associated function `core::num::<impl u64>::max_value`: replaced by the `MAX` associated constant on this type
[INFO] [stdout]    --> src/contract/tokens.rs:250:83
[INFO] [stdout]     |
[INFO] [stdout] 229 | macro_rules! int_tokenizable {
[INFO] [stdout] ...
[INFO] [stdout] 250 |                     U256::from(self as u128) | U256([0, 0, u64::max_value(), u64::max_value()])
[INFO] [stdout]     |                                                                                   ^^^^^^^^^
[INFO] [stdout] ...
[INFO] [stdout] 262 | int_tokenizable!(i32, Int);
[INFO] [stdout]     | -------------------------- in this macro invocation
[INFO] [stdout] 
[INFO] [stdout] 
[INFO] [stdout] warning: use of deprecated associated function `core::num::<impl u64>::max_value`: replaced by the `MAX` associated constant on this type
[INFO] [stdout]    --> src/contract/tokens.rs:250:65
[INFO] [stdout]     |
[INFO] [stdout] 229 | macro_rules! int_tokenizable {
[INFO] [stdout] ...
[INFO] [stdout] 250 |                     U256::from(self as u128) | U256([0, 0, u64::max_value(), u64::max_value()])
[INFO] [stdout]     |                                                                 ^^^^^^^^^
[INFO] [stdout] ...
[INFO] [stdout] 263 | int_tokenizable!(i64, Int);
[INFO] [stdout]     | -------------------------- in this macro invocation
[INFO] [stdout] 
[INFO] [stdout] 
[INFO] [stdout] warning: use of deprecated associated function `core::num::<impl u64>::max_value`: replaced by the `MAX` associated constant on this type
[INFO] [stdout]    --> src/contract/tokens.rs:250:83
[INFO] [stdout]     |
[INFO] [stdout] 229 | macro_rules! int_tokenizable {
[INFO] [stdout] ...
[INFO] [stdout] 250 |                     U256::from(self as u128) | U256([0, 0, u64::max_value(), u64::max_value()])
[INFO] [stdout]     |                                                                                   ^^^^^^^^^
[INFO] [stdout] ...
[INFO] [stdout] 263 | int_tokenizable!(i64, Int);
[INFO] [stdout]     | -------------------------- in this macro invocation
[INFO] [stdout] 
[INFO] [stdout] 
[INFO] [stdout] warning: use of deprecated associated function `core::num::<impl u64>::max_value`: replaced by the `MAX` associated constant on this type
[INFO] [stdout]    --> src/contract/tokens.rs:250:65
[INFO] [stdout]     |
[INFO] [stdout] 229 | macro_rules! int_tokenizable {
[INFO] [stdout] ...
[INFO] [stdout] 250 |                     U256::from(self as u128) | U256([0, 0, u64::max_value(), u64::max_value()])
[INFO] [stdout]     |                                                                 ^^^^^^^^^
[INFO] [stdout] ...
[INFO] [stdout] 264 | int_tokenizable!(i128, Int);
[INFO] [stdout]     | --------------------------- in this macro invocation
[INFO] [stdout] 
[INFO] [stdout] 
[INFO] [stdout] warning: use of deprecated associated function `core::num::<impl u64>::max_value`: replaced by the `MAX` associated constant on this type
[INFO] [stdout]    --> src/contract/tokens.rs:250:83
[INFO] [stdout]     |
[INFO] [stdout] 229 | macro_rules! int_tokenizable {
[INFO] [stdout] ...
[INFO] [stdout] 250 |                     U256::from(self as u128) | U256([0, 0, u64::max_value(), u64::max_value()])
[INFO] [stdout]     |                                                                                   ^^^^^^^^^
[INFO] [stdout] ...
[INFO] [stdout] 264 | int_tokenizable!(i128, Int);
[INFO] [stdout]     | --------------------------- in this macro invocation
[INFO] [stdout] 
[INFO] [stdout] 
[INFO] [stdout] warning: use of deprecated associated function `core::num::<impl u64>::max_value`: replaced by the `MAX` associated constant on this type
[INFO] [stdout]    --> src/contract/tokens.rs:250:65
[INFO] [stdout]     |
[INFO] [stdout] 229 | macro_rules! int_tokenizable {
[INFO] [stdout] ...
[INFO] [stdout] 250 |                     U256::from(self as u128) | U256([0, 0, u64::max_value(), u64::max_value()])
[INFO] [stdout]     |                                                                 ^^^^^^^^^
[INFO] [stdout] ...
[INFO] [stdout] 265 | int_tokenizable!(u8, Uint);
[INFO] [stdout]     | -------------------------- in this macro invocation
[INFO] [stdout] 
[INFO] [stdout] 
[INFO] [stdout] warning: use of deprecated associated function `core::num::<impl u64>::max_value`: replaced by the `MAX` associated constant on this type
[INFO] [stdout]    --> src/contract/tokens.rs:250:83
[INFO] [stdout]     |
[INFO] [stdout] 229 | macro_rules! int_tokenizable {
[INFO] [stdout] ...
[INFO] [stdout] 250 |                     U256::from(self as u128) | U256([0, 0, u64::max_value(), u64::max_value()])
[INFO] [stdout]     |                                                                                   ^^^^^^^^^
[INFO] [stdout] ...
[INFO] [stdout] 265 | int_tokenizable!(u8, Uint);
[INFO] [stdout]     | -------------------------- in this macro invocation
[INFO] [stdout] 
[INFO] [stdout] 
[INFO] [stdout] warning: use of deprecated associated function `core::num::<impl u64>::max_value`: replaced by the `MAX` associated constant on this type
[INFO] [stdout]    --> src/contract/tokens.rs:250:65
[INFO] [stdout]     |
[INFO] [stdout] 229 | macro_rules! int_tokenizable {
[INFO] [stdout] ...
[INFO] [stdout] 250 |                     U256::from(self as u128) | U256([0, 0, u64::max_value(), u64::max_value()])
[INFO] [stdout]     |                                                                 ^^^^^^^^^
[INFO] [stdout] ...
[INFO] [stdout] 266 | int_tokenizable!(u16, Uint);
[INFO] [stdout]     | --------------------------- in this macro invocation
[INFO] [stdout] 
[INFO] [stdout] 
[INFO] [stdout] warning: use of deprecated associated function `core::num::<impl u64>::max_value`: replaced by the `MAX` associated constant on this type
[INFO] [stdout]    --> src/contract/tokens.rs:250:83
[INFO] [stdout]     |
[INFO] [stdout] 229 | macro_rules! int_tokenizable {
[INFO] [stdout] ...
[INFO] [stdout] 250 |                     U256::from(self as u128) | U256([0, 0, u64::max_value(), u64::max_value()])
[INFO] [stdout]     |                                                                                   ^^^^^^^^^
[INFO] [stdout] ...
[INFO] [stdout] 266 | int_tokenizable!(u16, Uint);
[INFO] [stdout]     | --------------------------- in this macro invocation
[INFO] [stdout] 
[INFO] [stdout] 
[INFO] [stdout] warning: use of deprecated associated function `core::num::<impl u64>::max_value`: replaced by the `MAX` associated constant on this type
[INFO] [stdout]    --> src/contract/tokens.rs:250:65
[INFO] [stdout]     |
[INFO] [stdout] 229 | macro_rules! int_tokenizable {
[INFO] [stdout] ...
[INFO] [stdout] 250 |                     U256::from(self as u128) | U256([0, 0, u64::max_value(), u64::max_value()])
[INFO] [stdout]     |                                                                 ^^^^^^^^^
[INFO] [stdout] ...
[INFO] [stdout] 267 | int_tokenizable!(u32, Uint);
[INFO] [stdout]     | --------------------------- in this macro invocation
[INFO] [stdout] 
[INFO] [stdout] 
[INFO] [stdout] warning: use of deprecated associated function `core::num::<impl u64>::max_value`: replaced by the `MAX` associated constant on this type
[INFO] [stdout]    --> src/contract/tokens.rs:250:83
[INFO] [stdout]     |
[INFO] [stdout] 229 | macro_rules! int_tokenizable {
[INFO] [stdout] ...
[INFO] [stdout] 250 |                     U256::from(self as u128) | U256([0, 0, u64::max_value(), u64::max_value()])
[INFO] [stdout]     |                                                                                   ^^^^^^^^^
[INFO] [stdout] ...
[INFO] [stdout] 267 | int_tokenizable!(u32, Uint);
[INFO] [stdout]     | --------------------------- in this macro invocation
[INFO] [stdout] 
[INFO] [stdout] 
[INFO] [stdout] warning: use of deprecated associated function `core::num::<impl u64>::max_value`: replaced by the `MAX` associated constant on this type
[INFO] [stdout]    --> src/contract/tokens.rs:250:65
[INFO] [stdout]     |
[INFO] [stdout] 229 | macro_rules! int_tokenizable {
[INFO] [stdout] ...
[INFO] [stdout] 250 |                     U256::from(self as u128) | U256([0, 0, u64::max_value(), u64::max_value()])
[INFO] [stdout]     |                                                                 ^^^^^^^^^
[INFO] [stdout] ...
[INFO] [stdout] 268 | int_tokenizable!(u64, Uint);
[INFO] [stdout]     | --------------------------- in this macro invocation
[INFO] [stdout] 
[INFO] [stdout] 
[INFO] [stdout] warning: use of deprecated associated function `core::num::<impl u64>::max_value`: replaced by the `MAX` associated constant on this type
[INFO] [stdout]    --> src/contract/tokens.rs:250:83
[INFO] [stdout]     |
[INFO] [stdout] 229 | macro_rules! int_tokenizable {
[INFO] [stdout] ...
[INFO] [stdout] 250 |                     U256::from(self as u128) | U256([0, 0, u64::max_value(), u64::max_value()])
[INFO] [stdout]     |                                                                                   ^^^^^^^^^
[INFO] [stdout] ...
[INFO] [stdout] 268 | int_tokenizable!(u64, Uint);
[INFO] [stdout]     | --------------------------- in this macro invocation
[INFO] [stdout] 
[INFO] [stdout] 
[INFO] [stdout] warning: use of deprecated associated function `core::num::<impl u64>::max_value`: replaced by the `MAX` associated constant on this type
[INFO] [stdout]    --> src/contract/tokens.rs:250:65
[INFO] [stdout]     |
[INFO] [stdout] 229 | macro_rules! int_tokenizable {
[INFO] [stdout] ...
[INFO] [stdout] 250 |                     U256::from(self as u128) | U256([0, 0, u64::max_value(), u64::max_value()])
[INFO] [stdout]     |                                                                 ^^^^^^^^^
[INFO] [stdout] ...
[INFO] [stdout] 269 | int_tokenizable!(u128, Uint);
[INFO] [stdout]     | ---------------------------- in this macro invocation
[INFO] [stdout] 
[INFO] [stdout] 
[INFO] [stdout] warning: use of deprecated associated function `core::num::<impl u64>::max_value`: replaced by the `MAX` associated constant on this type
[INFO] [stdout]    --> src/contract/tokens.rs:250:83
[INFO] [stdout]     |
[INFO] [stdout] 229 | macro_rules! int_tokenizable {
[INFO] [stdout] ...
[INFO] [stdout] 250 |                     U256::from(self as u128) | U256([0, 0, u64::max_value(), u64::max_value()])
[INFO] [stdout]     |                                                                                   ^^^^^^^^^
[INFO] [stdout] ...
[INFO] [stdout] 269 | int_tokenizable!(u128, Uint);
[INFO] [stdout]     | ---------------------------- in this macro invocation
[INFO] [stdout] 
[INFO] [stdout] 
[INFO] [stderr] warning: unused dependency `tokio-util`
[INFO] [stderr]    --> Cargo.toml:102:15
[INFO] [stderr]     |
[INFO] [stderr] 102 | [dependencies.tokio-util]
[INFO] [stderr]     |               ^^^^^^^^^^^
[INFO] [stderr]     |
[INFO] [stderr]     = note: `cargo::unused_dependencies` is set to `warn` by default
[INFO] [stderr] help: consider removing the dependency on `tokio-util`
[INFO] [stderr] warning: `cs_mwc-web3` (manifest) generated 1 warning
[INFO] [stderr]     Finished `release` profile [optimized] target(s) in 1m 40s
[INFO] [stderr] warning: the following packages contain code that will be rejected by a future version of Rust: ethereum-types v0.10.0, primitive-types v0.8.0
[INFO] [stderr] note: to see what the problems were, use the option `--future-incompat-report`, or run `cargo report future-incompatibilities --id 1`
[INFO] running `Command { std: "docker" "inspect" "858215bc96e0d512d02d954718f59582d55f5c48122addf1a43f4d36fa191248", kill_on_drop: false }`
[INFO] running `Command { std: "docker" "exec" "-e" "SOURCE_DIR=/opt/rustwide/workdir" "-e" "CARGO_HOME=/opt/rustwide/cargo-home" "-e" "RUSTUP_HOME=/opt/rustwide/rustup-home" "-e" "CARGO_TARGET_DIR=/opt/rustwide/target" "-e" "CARGO_INCREMENTAL=0" "-e" "RUST_BACKTRACE=full" "-e" "RUSTFLAGS=--cap-lints=warn" "-e" "RUSTDOCFLAGS=--cap-lints=warn" "-w" "/opt/rustwide/workdir" "--user" "0:0" "858215bc96e0d512d02d954718f59582d55f5c48122addf1a43f4d36fa191248" "/opt/rustwide/cargo-home/bin/cargo" "+1.100.0-beta.1" "test" "--frozen" "--no-run" "--message-format=json" "--release", kill_on_drop: false }`
[INFO] [stderr] warning: `package.homepage` is redundant with `package.repository`
[INFO] [stderr]    --> Cargo.toml:202:12
[INFO] [stderr]     |
[INFO] [stderr] 202 | homepage = "https://github.com/tomusdrw/rust-web3"
[INFO] [stderr]     |            ^^^^^^^^^^^^^^^^^^^^^^^^^^^^^^^^^^^^^^^
[INFO] [stderr] ...
[INFO] [stderr] 207 | repository = "https://github.com/tomusdrw/rust-web3"
[INFO] [stderr]     |              ---------------------------------------
[INFO] [stderr]     |
[INFO] [stderr]     = note: `cargo::redundant_homepage` is set to `warn` by default
[INFO] [stderr] help: consider removing `package.homepage`
[INFO] [stderr] warning: `cs_mwc-web3` (manifest) generated 1 warning
[INFO] [stderr]    Compiling wasm-bindgen-shared v0.2.103
[INFO] [stderr]    Compiling log v0.4.28
[INFO] [stderr]    Compiling bumpalo v3.19.0
[INFO] [stderr]    Compiling rustversion v1.0.22
[INFO] [stderr]    Compiling unicode-ident v1.0.19
[INFO] [stderr]    Compiling wasm-bindgen v0.2.103
[INFO] [stderr]    Compiling aho-corasick v1.1.3
[INFO] [stderr]    Compiling regex-syntax v0.8.6
[INFO] [stderr]    Compiling wasm-bindgen-test-macro v0.3.53
[INFO] [stderr]    Compiling atty v0.2.14
[INFO] [stderr]    Compiling humantime v2.3.0
[INFO] [stderr]    Compiling termcolor v1.4.1
[INFO] [stderr]    Compiling hex-literal v0.3.4
[INFO] [stdout] warning: unused import: `BigEndianHash`
[INFO] [stdout]  --> src/types/uint.rs:1:26
[INFO] [stdout]   |
[INFO] [stdout] 1 | pub use ethereum_types::{BigEndianHash, Bloom as H2048, H128, H160, H256, H512, H520, H64, U128, U256, U64};
[INFO] [stdout]   |                          ^^^^^^^^^^^^^
[INFO] [stdout]   |
[INFO] [stdout]   = note: `#[warn(unused_imports)]` (part of `#[warn(unused)]`) on by default
[INFO] [stdout] 
[INFO] [stdout] 
[INFO] [stdout] warning: use of deprecated associated function `core::num::<impl u64>::max_value`: replaced by the `MAX` associated constant on this type
[INFO] [stdout]    --> src/contract/tokens.rs:250:65
[INFO] [stdout]     |
[INFO] [stdout] 229 | macro_rules! int_tokenizable {
[INFO] [stdout] ...
[INFO] [stdout] 250 |                     U256::from(self as u128) | U256([0, 0, u64::max_value(), u64::max_value()])
[INFO] [stdout]     |                                                                 ^^^^^^^^^
[INFO] [stdout] ...
[INFO] [stdout] 260 | int_tokenizable!(i8, Int);
[INFO] [stdout]     | ------------------------- in this macro invocation
[INFO] [stdout]     |
[INFO] [stdout]     = note: `#[warn(deprecated)]` on by default
[INFO] [stdout] 
[INFO] [stdout] 
[INFO] [stdout] warning: use of deprecated associated function `core::num::<impl u64>::max_value`: replaced by the `MAX` associated constant on this type
[INFO] [stdout]    --> src/contract/tokens.rs:250:83
[INFO] [stdout]     |
[INFO] [stdout] 229 | macro_rules! int_tokenizable {
[INFO] [stdout] ...
[INFO] [stdout] 250 |                     U256::from(self as u128) | U256([0, 0, u64::max_value(), u64::max_value()])
[INFO] [stdout]     |                                                                                   ^^^^^^^^^
[INFO] [stdout] ...
[INFO] [stdout] 260 | int_tokenizable!(i8, Int);
[INFO] [stdout]     | ------------------------- in this macro invocation
[INFO] [stdout] 
[INFO] [stdout] 
[INFO] [stdout] warning: use of deprecated associated function `core::num::<impl u64>::max_value`: replaced by the `MAX` associated constant on this type
[INFO] [stdout]    --> src/contract/tokens.rs:250:65
[INFO] [stdout]     |
[INFO] [stdout] 229 | macro_rules! int_tokenizable {
[INFO] [stdout] ...
[INFO] [stdout] 250 |                     U256::from(self as u128) | U256([0, 0, u64::max_value(), u64::max_value()])
[INFO] [stdout]     |                                                                 ^^^^^^^^^
[INFO] [stdout] ...
[INFO] [stdout] 261 | int_tokenizable!(i16, Int);
[INFO] [stdout]     | -------------------------- in this macro invocation
[INFO] [stdout] 
[INFO] [stdout] 
[INFO] [stdout] warning: use of deprecated associated function `core::num::<impl u64>::max_value`: replaced by the `MAX` associated constant on this type
[INFO] [stdout]    --> src/contract/tokens.rs:250:83
[INFO] [stdout]     |
[INFO] [stdout] 229 | macro_rules! int_tokenizable {
[INFO] [stdout] ...
[INFO] [stdout] 250 |                     U256::from(self as u128) | U256([0, 0, u64::max_value(), u64::max_value()])
[INFO] [stdout]     |                                                                                   ^^^^^^^^^
[INFO] [stdout] ...
[INFO] [stdout] 261 | int_tokenizable!(i16, Int);
[INFO] [stdout]     | -------------------------- in this macro invocation
[INFO] [stdout] 
[INFO] [stdout] 
[INFO] [stdout] warning: use of deprecated associated function `core::num::<impl u64>::max_value`: replaced by the `MAX` associated constant on this type
[INFO] [stdout]    --> src/contract/tokens.rs:250:65
[INFO] [stdout]     |
[INFO] [stdout] 229 | macro_rules! int_tokenizable {
[INFO] [stdout] ...
[INFO] [stdout] 250 |                     U256::from(self as u128) | U256([0, 0, u64::max_value(), u64::max_value()])
[INFO] [stdout]     |                                                                 ^^^^^^^^^
[INFO] [stdout] ...
[INFO] [stdout] 262 | int_tokenizable!(i32, Int);
[INFO] [stdout]     | -------------------------- in this macro invocation
[INFO] [stdout] 
[INFO] [stdout] 
[INFO] [stdout] warning: use of deprecated associated function `core::num::<impl u64>::max_value`: replaced by the `MAX` associated constant on this type
[INFO] [stdout]    --> src/contract/tokens.rs:250:83
[INFO] [stdout]     |
[INFO] [stdout] 229 | macro_rules! int_tokenizable {
[INFO] [stdout] ...
[INFO] [stdout] 250 |                     U256::from(self as u128) | U256([0, 0, u64::max_value(), u64::max_value()])
[INFO] [stdout]     |                                                                                   ^^^^^^^^^
[INFO] [stdout] ...
[INFO] [stdout] 262 | int_tokenizable!(i32, Int);
[INFO] [stdout]     | -------------------------- in this macro invocation
[INFO] [stdout] 
[INFO] [stdout] 
[INFO] [stdout] warning: use of deprecated associated function `core::num::<impl u64>::max_value`: replaced by the `MAX` associated constant on this type
[INFO] [stdout]    --> src/contract/tokens.rs:250:65
[INFO] [stdout]     |
[INFO] [stdout] 229 | macro_rules! int_tokenizable {
[INFO] [stdout] ...
[INFO] [stdout] 250 |                     U256::from(self as u128) | U256([0, 0, u64::max_value(), u64::max_value()])
[INFO] [stdout]     |                                                                 ^^^^^^^^^
[INFO] [stdout] ...
[INFO] [stdout] 263 | int_tokenizable!(i64, Int);
[INFO] [stdout]     | -------------------------- in this macro invocation
[INFO] [stdout] 
[INFO] [stdout] 
[INFO] [stdout] warning: use of deprecated associated function `core::num::<impl u64>::max_value`: replaced by the `MAX` associated constant on this type
[INFO] [stdout]    --> src/contract/tokens.rs:250:83
[INFO] [stdout]     |
[INFO] [stdout] 229 | macro_rules! int_tokenizable {
[INFO] [stdout] ...
[INFO] [stdout] 250 |                     U256::from(self as u128) | U256([0, 0, u64::max_value(), u64::max_value()])
[INFO] [stdout]     |                                                                                   ^^^^^^^^^
[INFO] [stdout] ...
[INFO] [stdout] 263 | int_tokenizable!(i64, Int);
[INFO] [stdout]     | -------------------------- in this macro invocation
[INFO] [stdout] 
[INFO] [stdout] 
[INFO] [stdout] warning: use of deprecated associated function `core::num::<impl u64>::max_value`: replaced by the `MAX` associated constant on this type
[INFO] [stdout]    --> src/contract/tokens.rs:250:65
[INFO] [stdout]     |
[INFO] [stdout] 229 | macro_rules! int_tokenizable {
[INFO] [stdout] ...
[INFO] [stdout] 250 |                     U256::from(self as u128) | U256([0, 0, u64::max_value(), u64::max_value()])
[INFO] [stdout]     |                                                                 ^^^^^^^^^
[INFO] [stdout] ...
[INFO] [stdout] 264 | int_tokenizable!(i128, Int);
[INFO] [stdout]     | --------------------------- in this macro invocation
[INFO] [stdout] 
[INFO] [stdout] 
[INFO] [stdout] warning: use of deprecated associated function `core::num::<impl u64>::max_value`: replaced by the `MAX` associated constant on this type
[INFO] [stdout]    --> src/contract/tokens.rs:250:83
[INFO] [stdout]     |
[INFO] [stdout] 229 | macro_rules! int_tokenizable {
[INFO] [stdout] ...
[INFO] [stdout] 250 |                     U256::from(self as u128) | U256([0, 0, u64::max_value(), u64::max_value()])
[INFO] [stdout]     |                                                                                   ^^^^^^^^^
[INFO] [stdout] ...
[INFO] [stdout] 264 | int_tokenizable!(i128, Int);
[INFO] [stdout]     | --------------------------- in this macro invocation
[INFO] [stdout] 
[INFO] [stdout] 
[INFO] [stdout] warning: use of deprecated associated function `core::num::<impl u64>::max_value`: replaced by the `MAX` associated constant on this type
[INFO] [stdout]    --> src/contract/tokens.rs:250:65
[INFO] [stdout]     |
[INFO] [stdout] 229 | macro_rules! int_tokenizable {
[INFO] [stdout] ...
[INFO] [stdout] 250 |                     U256::from(self as u128) | U256([0, 0, u64::max_value(), u64::max_value()])
[INFO] [stdout]     |                                                                 ^^^^^^^^^
[INFO] [stdout] ...
[INFO] [stdout] 265 | int_tokenizable!(u8, Uint);
[INFO] [stdout]     | -------------------------- in this macro invocation
[INFO] [stdout] 
[INFO] [stdout] 
[INFO] [stdout] warning: use of deprecated associated function `core::num::<impl u64>::max_value`: replaced by the `MAX` associated constant on this type
[INFO] [stdout]    --> src/contract/tokens.rs:250:83
[INFO] [stdout]     |
[INFO] [stdout] 229 | macro_rules! int_tokenizable {
[INFO] [stdout] ...
[INFO] [stdout] 250 |                     U256::from(self as u128) | U256([0, 0, u64::max_value(), u64::max_value()])
[INFO] [stdout]     |                                                                                   ^^^^^^^^^
[INFO] [stdout] ...
[INFO] [stdout] 265 | int_tokenizable!(u8, Uint);
[INFO] [stdout]     | -------------------------- in this macro invocation
[INFO] [stdout] 
[INFO] [stdout] 
[INFO] [stdout] warning: use of deprecated associated function `core::num::<impl u64>::max_value`: replaced by the `MAX` associated constant on this type
[INFO] [stdout]    --> src/contract/tokens.rs:250:65
[INFO] [stdout]     |
[INFO] [stdout] 229 | macro_rules! int_tokenizable {
[INFO] [stdout] ...
[INFO] [stdout] 250 |                     U256::from(self as u128) | U256([0, 0, u64::max_value(), u64::max_value()])
[INFO] [stdout]     |                                                                 ^^^^^^^^^
[INFO] [stdout] ...
[INFO] [stdout] 266 | int_tokenizable!(u16, Uint);
[INFO] [stdout]     | --------------------------- in this macro invocation
[INFO] [stdout] 
[INFO] [stdout] 
[INFO] [stdout] warning: use of deprecated associated function `core::num::<impl u64>::max_value`: replaced by the `MAX` associated constant on this type
[INFO] [stdout]    --> src/contract/tokens.rs:250:83
[INFO] [stdout]     |
[INFO] [stdout] 229 | macro_rules! int_tokenizable {
[INFO] [stdout] ...
[INFO] [stdout] 250 |                     U256::from(self as u128) | U256([0, 0, u64::max_value(), u64::max_value()])
[INFO] [stdout]     |                                                                                   ^^^^^^^^^
[INFO] [stdout] ...
[INFO] [stdout] 266 | int_tokenizable!(u16, Uint);
[INFO] [stdout]     | --------------------------- in this macro invocation
[INFO] [stdout] 
[INFO] [stdout] 
[INFO] [stdout] warning: use of deprecated associated function `core::num::<impl u64>::max_value`: replaced by the `MAX` associated constant on this type
[INFO] [stdout]    --> src/contract/tokens.rs:250:65
[INFO] [stdout]     |
[INFO] [stdout] 229 | macro_rules! int_tokenizable {
[INFO] [stdout] ...
[INFO] [stdout] 250 |                     U256::from(self as u128) | U256([0, 0, u64::max_value(), u64::max_value()])
[INFO] [stdout]     |                                                                 ^^^^^^^^^
[INFO] [stdout] ...
[INFO] [stdout] 267 | int_tokenizable!(u32, Uint);
[INFO] [stdout]     | --------------------------- in this macro invocation
[INFO] [stdout] 
[INFO] [stdout] 
[INFO] [stdout] warning: use of deprecated associated function `core::num::<impl u64>::max_value`: replaced by the `MAX` associated constant on this type
[INFO] [stdout]    --> src/contract/tokens.rs:250:83
[INFO] [stdout]     |
[INFO] [stdout] 229 | macro_rules! int_tokenizable {
[INFO] [stdout] ...
[INFO] [stdout] 250 |                     U256::from(self as u128) | U256([0, 0, u64::max_value(), u64::max_value()])
[INFO] [stdout]     |                                                                                   ^^^^^^^^^
[INFO] [stdout] ...
[INFO] [stdout] 267 | int_tokenizable!(u32, Uint);
[INFO] [stdout]     | --------------------------- in this macro invocation
[INFO] [stdout] 
[INFO] [stdout] 
[INFO] [stdout] warning: use of deprecated associated function `core::num::<impl u64>::max_value`: replaced by the `MAX` associated constant on this type
[INFO] [stdout]    --> src/contract/tokens.rs:250:65
[INFO] [stdout]     |
[INFO] [stdout] 229 | macro_rules! int_tokenizable {
[INFO] [stdout] ...
[INFO] [stdout] 250 |                     U256::from(self as u128) | U256([0, 0, u64::max_value(), u64::max_value()])
[INFO] [stdout]     |                                                                 ^^^^^^^^^
[INFO] [stdout] ...
[INFO] [stdout] 268 | int_tokenizable!(u64, Uint);
[INFO] [stdout]     | --------------------------- in this macro invocation
[INFO] [stdout] 
[INFO] [stdout] 
[INFO] [stdout] warning: use of deprecated associated function `core::num::<impl u64>::max_value`: replaced by the `MAX` associated constant on this type
[INFO] [stdout]    --> src/contract/tokens.rs:250:83
[INFO] [stdout]     |
[INFO] [stdout] 229 | macro_rules! int_tokenizable {
[INFO] [stdout] ...
[INFO] [stdout] 250 |                     U256::from(self as u128) | U256([0, 0, u64::max_value(), u64::max_value()])
[INFO] [stdout]     |                                                                                   ^^^^^^^^^
[INFO] [stdout] ...
[INFO] [stdout] 268 | int_tokenizable!(u64, Uint);
[INFO] [stdout]     | --------------------------- in this macro invocation
[INFO] [stdout] 
[INFO] [stdout] 
[INFO] [stdout] warning: use of deprecated associated function `core::num::<impl u64>::max_value`: replaced by the `MAX` associated constant on this type
[INFO] [stdout]    --> src/contract/tokens.rs:250:65
[INFO] [stdout]     |
[INFO] [stdout] 229 | macro_rules! int_tokenizable {
[INFO] [stdout] ...
[INFO] [stdout] 250 |                     U256::from(self as u128) | U256([0, 0, u64::max_value(), u64::max_value()])
[INFO] [stdout]     |                                                                 ^^^^^^^^^
[INFO] [stdout] ...
[INFO] [stdout] 269 | int_tokenizable!(u128, Uint);
[INFO] [stdout]     | ---------------------------- in this macro invocation
[INFO] [stdout] 
[INFO] [stdout] 
[INFO] [stdout] warning: use of deprecated associated function `core::num::<impl u64>::max_value`: replaced by the `MAX` associated constant on this type
[INFO] [stdout]    --> src/contract/tokens.rs:250:83
[INFO] [stdout]     |
[INFO] [stdout] 229 | macro_rules! int_tokenizable {
[INFO] [stdout] ...
[INFO] [stdout] 250 |                     U256::from(self as u128) | U256([0, 0, u64::max_value(), u64::max_value()])
[INFO] [stdout]     |                                                                                   ^^^^^^^^^
[INFO] [stdout] ...
[INFO] [stdout] 269 | int_tokenizable!(u128, Uint);
[INFO] [stdout]     | ---------------------------- in this macro invocation
[INFO] [stdout] 
[INFO] [stdout] 
[INFO] [stderr]    Compiling wasm-bindgen-backend v0.2.103
[INFO] [stderr]    Compiling wasm-bindgen-macro-support v0.2.103
[INFO] [stderr]    Compiling regex-automata v0.4.10
[INFO] [stderr]    Compiling wasm-bindgen-macro v0.2.103
[INFO] [stderr]    Compiling js-sys v0.3.80
[INFO] [stderr]    Compiling regex v1.11.2
[INFO] [stderr]    Compiling env_logger v0.8.4
[INFO] [stderr]    Compiling wasm-bindgen-futures v0.4.53
[INFO] [stderr]    Compiling wasm-bindgen-test v0.3.53
[INFO] [stderr]    Compiling cs_mwc-web3 v0.15.0 (/opt/rustwide/workdir)
[INFO] [stdout] error[E0433]: cannot find module or crate `web3` in this scope
[INFO] [stdout]  --> examples/contract_log_filter.rs:3:5
[INFO] [stdout]   |
[INFO] [stdout] 3 | use web3::{
[INFO] [stdout]   |     ^^^^ use of unresolved module or unlinked crate `web3`
[INFO] [stdout]   |
[INFO] [stdout]   = help: if you wanted to use a crate named `web3`, use `cargo add web3` to add it to your `Cargo.toml`
[INFO] [stdout] 
[INFO] [stdout] 
[INFO] [stdout] error[E0433]: cannot find module or crate `web3` in this scope
[INFO] [stdout]  --> examples/pubsub.rs:1:5
[INFO] [stdout]   |
[INFO] [stdout] 1 | use web3::futures::{future, StreamExt};
[INFO] [stdout]   |     ^^^^ use of unresolved module or unlinked crate `web3`
[INFO] [stdout]   |
[INFO] [stdout]   = help: if you wanted to use a crate named `web3`, use `cargo add web3` to add it to your `Cargo.toml`
[INFO] [stdout] 
[INFO] [stdout] 
[INFO] [stdout] error[E0433]: cannot find module or crate `web3` in this scope
[INFO] [stdout]  --> examples/contract_storage.rs:4:5
[INFO] [stdout]   |
[INFO] [stdout] 4 | use web3::{
[INFO] [stdout]   |     ^^^^ use of unresolved module or unlinked crate `web3`
[INFO] [stdout]   |
[INFO] [stdout]   = help: if you wanted to use a crate named `web3`, use `cargo add web3` to add it to your `Cargo.toml`
[INFO] [stdout] 
[INFO] [stdout] 
[INFO] [stdout] error[E0433]: cannot find module or crate `web3` in this scope
[INFO] [stdout]  --> examples/contract_log_pubsub.rs:3:5
[INFO] [stdout]   |
[INFO] [stdout] 3 | use web3::{
[INFO] [stdout]   |     ^^^^ use of unresolved module or unlinked crate `web3`
[INFO] [stdout]   |
[INFO] [stdout]   = help: if you wanted to use a crate named `web3`, use `cargo add web3` to add it to your `Cargo.toml`
[INFO] [stdout] 
[INFO] [stdout] 
[INFO] [stdout] error[E0433]: cannot find module or crate `web3` in this scope
[INFO] [stdout]  --> examples/contract.rs:2:5
[INFO] [stdout]   |
[INFO] [stdout] 2 | use web3::{
[INFO] [stdout]   |     ^^^^ use of unresolved module or unlinked crate `web3`
[INFO] [stdout]   |
[INFO] [stdout]   = help: if you wanted to use a crate named `web3`, use `cargo add web3` to add it to your `Cargo.toml`
[INFO] [stdout] 
[INFO] [stdout] 
[INFO] [stdout] error[E0433]: cannot find module or crate `web3` in this scope
[INFO] [stdout]  --> examples/transport_either.rs:3:22
[INFO] [stdout]   |
[INFO] [stdout] 3 | pub type Transport = web3::transports::Either<web3::transports::WebSocket, web3::transports::Http>;
[INFO] [stdout]   |                      ^^^^ use of unresolved module or unlinked crate `web3`
[INFO] [stdout]   |
[INFO] [stdout]   = help: if you wanted to use a crate named `web3`, use `cargo add web3` to add it to your `Cargo.toml`
[INFO] [stdout] 
[INFO] [stdout] 
[INFO] [stdout] error[E0433]: cannot find module or crate `web3` in this scope
[INFO] [stdout]   --> examples/bench.rs:12:16
[INFO] [stdout]    |
[INFO] [stdout] 12 |     let http = web3::transports::Http::new("http://localhost:8545/")?;
[INFO] [stdout]    |                ^^^^ use of unresolved module or unlinked crate `web3`
[INFO] [stdout]    |
[INFO] [stdout]    = help: if you wanted to use a crate named `web3`, use `cargo add web3` to add it to your `Cargo.toml`
[INFO] [stdout] 
[INFO] [stdout] 
[INFO] [stdout] error[E0433]: cannot find module or crate `web3` in this scope
[INFO] [stdout]  --> examples/transport_either.rs:3:47
[INFO] [stdout]   |
[INFO] [stdout] 3 | pub type Transport = web3::transports::Either<web3::transports::WebSocket, web3::transports::Http>;
[INFO] [stdout]   |                                               ^^^^ use of unresolved module or unlinked crate `web3`
[INFO] [stdout]   |
[INFO] [stdout]   = help: if you wanted to use a crate named `web3`, use `cargo add web3` to add it to your `Cargo.toml`
[INFO] [stdout] 
[INFO] [stdout] 
[INFO] [stdout] error[E0433]: cannot find module or crate `web3` in this scope
[INFO] [stdout]  --> examples/pubsub.rs:5:14
[INFO] [stdout]   |
[INFO] [stdout] 5 |     let ws = web3::transports::WebSocket::new("ws://localhost:8546").await?;
[INFO] [stdout]   |              ^^^^ use of unresolved module or unlinked crate `web3`
[INFO] [stdout]   |
[INFO] [stdout]   = help: if you wanted to use a crate named `web3`, use `cargo add web3` to add it to your `Cargo.toml`
[INFO] [stdout] 
[INFO] [stdout] 
[INFO] [stdout] error[E0433]: cannot find module or crate `web3` in this scope
[INFO] [stdout]  --> examples/transport_batch.rs:4:16
[INFO] [stdout]   |
[INFO] [stdout] 4 |     let http = web3::transports::Http::new("http://localhost:8545")?;
[INFO] [stdout]   |                ^^^^ use of unresolved module or unlinked crate `web3`
[INFO] [stdout]   |
[INFO] [stdout]   = help: if you wanted to use a crate named `web3`, use `cargo add web3` to add it to your `Cargo.toml`
[INFO] [stdout] 
[INFO] [stdout] 
[INFO] [stdout] error[E0433]: cannot find module or crate `web3` in this scope
[INFO] [stdout]  --> examples/contract.rs:8:20
[INFO] [stdout]   |
[INFO] [stdout] 8 | async fn main() -> web3::contract::Result<()> {
[INFO] [stdout]   |                    ^^^^ use of unresolved module or unlinked crate `web3`
[INFO] [stdout]   |
[INFO] [stdout]   = help: if you wanted to use a crate named `web3`, use `cargo add web3` to add it to your `Cargo.toml`
[INFO] [stdout] 
[INFO] [stdout] 
[INFO] [stdout] error[E0433]: cannot find module or crate `web3` in this scope
[INFO] [stdout]   --> examples/contract_log_filter.rs:10:20
[INFO] [stdout]    |
[INFO] [stdout] 10 | async fn main() -> web3::contract::Result<()> {
[INFO] [stdout]    |                    ^^^^ use of unresolved module or unlinked crate `web3`
[INFO] [stdout]    |
[INFO] [stdout]    = help: if you wanted to use a crate named `web3`, use `cargo add web3` to add it to your `Cargo.toml`
[INFO] [stdout] 
[INFO] [stdout] 
[INFO] [stdout] error[E0433]: cannot find module or crate `web3` in this scope
[INFO] [stdout]  --> examples/pubsub.rs:6:16
[INFO] [stdout]   |
[INFO] [stdout] 6 |     let web3 = web3::Web3::new(ws.clone());
[INFO] [stdout]   |                ^^^^ use of unresolved module or unlinked crate `web3`
[INFO] [stdout]   |
[INFO] [stdout]   = help: if you wanted to use a crate named `web3`, use `cargo add web3` to add it to your `Cargo.toml`
[INFO] [stdout] 
[INFO] [stdout] 
[INFO] [stdout] warning: method call on a diverging inference variable
[INFO] [stdout]  --> examples/pubsub.rs:6:35
[INFO] [stdout]   |
[INFO] [stdout] 6 |     let web3 = web3::Web3::new(ws.clone());
[INFO] [stdout]   |                                   ^^^^^
[INFO] [stdout]   |
[INFO] [stdout]   = help: consider providing a type annotation
[INFO] [stdout]   = warning: this was previously accepted by the compiler but is being phased out; it will become a hard error in a future release!
[INFO] [stdout]   = note: for more information, see issue #156047 <https://github.com/rust-lang/rust/issues/156047>
[INFO] [stdout]   = note: `#[warn(method_call_on_diverging_infer_var)]` (part of `#[warn(future_incompatible)]`) on by default
[INFO] [stdout] 
[INFO] [stdout] 
[INFO] [stdout] warning: unreachable call
[INFO] [stdout]  --> examples/pubsub.rs:6:16
[INFO] [stdout]   |
[INFO] [stdout] 6 |     let web3 = web3::Web3::new(ws.clone());
[INFO] [stdout]   |                ^^^^^^^^^^^^^^^ ---------- any code following this expression is unreachable
[INFO] [stdout]   |                |
[INFO] [stdout]   |                unreachable call
[INFO] [stdout]   |
[INFO] [stdout]   = note: `#[warn(unreachable_code)]` (part of `#[warn(unused)]`) on by default
[INFO] [stdout] 
[INFO] [stdout] 
[INFO] [stdout] warning: method call on a diverging inference variable
[INFO] [stdout]  --> examples/pubsub.rs:9:47
[INFO] [stdout]   |
[INFO] [stdout] 9 |     println!("Got subscription id: {:?}", sub.id());
[INFO] [stdout]   |                                               ^^
[INFO] [stdout]   |
[INFO] [stdout]   = help: consider providing a type annotation
[INFO] [stdout]   = warning: this was previously accepted by the compiler but is being phased out; it will become a hard error in a future release!
[INFO] [stdout]   = note: for more information, see issue #156047 <https://github.com/rust-lang/rust/issues/156047>
[INFO] [stdout] 
[INFO] [stdout] 
[INFO] [stdout] error[E0433]: cannot find module or crate `web3` in this scope
[INFO] [stdout]  --> examples/transport_ws.rs:6:21
[INFO] [stdout]   |
[INFO] [stdout] 6 |     let transport = web3::transports::WebSocket::new("ws://localhost:8546").await?;
[INFO] [stdout]   |                     ^^^^ use of unresolved module or unlinked crate `web3`
[INFO] [stdout]   |
[INFO] [stdout]   = help: if you wanted to use a crate named `web3`, use `cargo add web3` to add it to your `Cargo.toml`
[INFO] [stdout] 
[INFO] [stdout] 
[INFO] [stdout] error[E0433]: cannot find module or crate `web3` in this scope
[INFO] [stdout]   --> examples/bench.rs:15:15
[INFO] [stdout]    |
[INFO] [stdout] 15 |     let ipc = web3::transports::WebSocket::new("./jsonrpc.ipc").await?;
[INFO] [stdout]    |               ^^^^ use of unresolved module or unlinked crate `web3`
[INFO] [stdout]    |
[INFO] [stdout]    = help: if you wanted to use a crate named `web3`, use `cargo add web3` to add it to your `Cargo.toml`
[INFO] [stdout] 
[INFO] [stdout] 
[INFO] [stdout] error[E0433]: cannot find module or crate `web3` in this scope
[INFO] [stdout]  --> examples/transport_batch.rs:5:16
[INFO] [stdout]   |
[INFO] [stdout] 5 |     let web3 = web3::Web3::new(web3::transports::Batch::new(http));
[INFO] [stdout]   |                ^^^^ use of unresolved module or unlinked crate `web3`
[INFO] [stdout]   |
[INFO] [stdout]   = help: if you wanted to use a crate named `web3`, use `cargo add web3` to add it to your `Cargo.toml`
[INFO] [stdout] 
[INFO] [stdout] 
[INFO] [stdout] error[E0433]: cannot find module or crate `web3` in this scope
[INFO] [stdout]  --> examples/transport_either.rs:3:76
[INFO] [stdout]   |
[INFO] [stdout] 3 | pub type Transport = web3::transports::Either<web3::transports::WebSocket, web3::transports::Http>;
[INFO] [stdout]   |                                                                            ^^^^ use of unresolved module or unlinked crate `web3`
[INFO] [stdout]   |
[INFO] [stdout]   = help: if you wanted to use a crate named `web3`, use `cargo add web3` to add it to your `Cargo.toml`
[INFO] [stdout] 
[INFO] [stdout] 
[INFO] [stdout] error[E0599]: no method named `id` found for type `!` in the current scope
[INFO] [stdout]  --> examples/pubsub.rs:9:47
[INFO] [stdout]   |
[INFO] [stdout] 9 |     println!("Got subscription id: {:?}", sub.id());
[INFO] [stdout]   |                                               ^^ method not found in `!`
[INFO] [stdout] 
[INFO] [stdout] 
[INFO] [stdout] error[E0433]: cannot find module or crate `web3` in this scope
[INFO] [stdout]   --> examples/contract.rs:10:16
[INFO] [stdout]    |
[INFO] [stdout] 10 |     let http = web3::transports::Http::new("http://localhost:8545")?;
[INFO] [stdout]    |                ^^^^ use of unresolved module or unlinked crate `web3`
[INFO] [stdout]    |
[INFO] [stdout]    = help: if you wanted to use a crate named `web3`, use `cargo add web3` to add it to your `Cargo.toml`
[INFO] [stdout] 
[INFO] [stdout] 
[INFO] [stdout] error[E0599]: `&mut !` is not an iterator
[INFO] [stdout]   --> examples/pubsub.rs:12:10
[INFO] [stdout]    |
[INFO] [stdout] 11 |     (&mut sub)
[INFO] [stdout] 12 |         .take(5)
[INFO] [stdout]    |          ^^^^ `&mut !` is not an iterator
[INFO] [stdout]    |
[INFO] [stdout]    = note: the following trait bounds were not satisfied:
[INFO] [stdout]            `!: Iterator`
[INFO] [stdout]            which is required by `&mut !: Iterator`
[INFO] [stdout]            `&mut !: Iterator`
[INFO] [stdout]            which is required by `&mut &mut !: Iterator`
[INFO] [stdout] 
[INFO] [stdout] 
[INFO] [stdout] error[E0433]: cannot find module or crate `web3` in this scope
[INFO] [stdout]  --> examples/transport_batch.rs:5:32
[INFO] [stdout]   |
[INFO] [stdout] 5 |     let web3 = web3::Web3::new(web3::transports::Batch::new(http));
[INFO] [stdout]   |                                ^^^^ use of unresolved module or unlinked crate `web3`
[INFO] [stdout]   |
[INFO] [stdout]   = help: if you wanted to use a crate named `web3`, use `cargo add web3` to add it to your `Cargo.toml`
[INFO] [stdout] 
[INFO] [stdout] 
[INFO] [stdout] error[E0599]: no method named `unsubscribe` found for type `!` in the current scope
[INFO] [stdout]   --> examples/pubsub.rs:19:9
[INFO] [stdout]    |
[INFO] [stdout] 19 |     sub.unsubscribe().await?;
[INFO] [stdout]    |         ^^^^^^^^^^^ method not found in `!`
[INFO] [stdout] 
[INFO] [stdout] 
[INFO] [stdout] error[E0433]: cannot find module or crate `web3` in this scope
[INFO] [stdout]  --> examples/transport_http.rs:6:21
[INFO] [stdout]   |
[INFO] [stdout] 6 |     let transport = web3::transports::Http::new("http://localhost:8545")?;
[INFO] [stdout]   |                     ^^^^ use of unresolved module or unlinked crate `web3`
[INFO] [stdout]   |
[INFO] [stdout]   = help: if you wanted to use a crate named `web3`, use `cargo add web3` to add it to your `Cargo.toml`
[INFO] [stdout] 
[INFO] [stdout] 
[INFO] [stdout] warning: unreachable call
[INFO] [stdout]   --> examples/pubsub.rs:19:9
[INFO] [stdout]    |
[INFO] [stdout] 19 |     sub.unsubscribe().await?;
[INFO] [stdout]    |     --- ^^^^^^^^^^^ unreachable call
[INFO] [stdout]    |     |
[INFO] [stdout]    |     any code following this expression is unreachable
[INFO] [stdout] 
[INFO] [stdout] 
[INFO] [stdout] error[E0433]: cannot find module or crate `web3` in this scope
[INFO] [stdout]  --> examples/pubsub.rs:4:20
[INFO] [stdout]   |
[INFO] [stdout] 4 | async fn main() -> web3::Result {
[INFO] [stdout]   |                    ^^^^ use of unresolved module or unlinked crate `web3`
[INFO] [stdout]   |
[INFO] [stdout]   = help: if you wanted to use a crate named `web3`, use `cargo add web3` to add it to your `Cargo.toml`
[INFO] [stdout] 
[INFO] [stdout] 
[INFO] [stdout] Some errors have detailed explanations: E0433, E0599.
[INFO] [stdout] 
[INFO] [stdout] For more information about an error, try `rustc --explain E0433`.
[INFO] [stdout] 
[INFO] [stdout] error[E0433]: cannot find module or crate `web3` in this scope
[INFO] [stdout]  --> examples/transport_batch.rs:2:20
[INFO] [stdout]   |
[INFO] [stdout] 2 | async fn main() -> web3::Result {
[INFO] [stdout]   |                    ^^^^ use of unresolved module or unlinked crate `web3`
[INFO] [stdout]   |
[INFO] [stdout]   = help: if you wanted to use a crate named `web3`, use `cargo add web3` to add it to your `Cargo.toml`
[INFO] [stdout] 
[INFO] [stdout] 
[INFO] [stdout] For more information about this error, try `rustc --explain E0433`.
[INFO] [stdout] 
[INFO] [stdout] error[E0433]: cannot find module or crate `web3` in this scope
[INFO] [stdout]   --> examples/contract.rs:11:16
[INFO] [stdout]    |
[INFO] [stdout] 11 |     let web3 = web3::Web3::new(http);
[INFO] [stdout]    |                ^^^^ use of unresolved module or unlinked crate `web3`
[INFO] [stdout]    |
[INFO] [stdout]    = help: if you wanted to use a crate named `web3`, use `cargo add web3` to add it to your `Cargo.toml`
[INFO] [stdout] 
[INFO] [stdout] 
[INFO] [stdout] error[E0433]: cannot find module or crate `web3` in this scope
[INFO] [stdout]  --> examples/transport_http.rs:7:16
[INFO] [stdout]   |
[INFO] [stdout] 7 |     let web3 = web3::Web3::new(transport);
[INFO] [stdout]   |                ^^^^ use of unresolved module or unlinked crate `web3`
[INFO] [stdout]   |
[INFO] [stdout]   = help: if you wanted to use a crate named `web3`, use `cargo add web3` to add it to your `Cargo.toml`
[INFO] [stdout] 
[INFO] [stdout] 
[INFO] [stdout] warning: method call on a diverging inference variable
[INFO] [stdout]   --> examples/transport_http.rs:12:14
[INFO] [stdout]    |
[INFO] [stdout] 12 |     accounts.push(hex!("00a329c0648769a73afac7f9381e08fb43dbea72").into());
[INFO] [stdout]    |              ^^^^
[INFO] [stdout]    |
[INFO] [stdout]    = help: consider providing a type annotation
[INFO] [stdout]    = warning: this was previously accepted by the compiler but is being phased out; it will become a hard error in a future release!
[INFO] [stdout]    = note: for more information, see issue #156047 <https://github.com/rust-lang/rust/issues/156047>
[INFO] [stdout]    = note: `#[warn(method_call_on_diverging_infer_var)]` (part of `#[warn(future_incompatible)]`) on by default
[INFO] [stdout] 
[INFO] [stdout] 
[INFO] [stderr] error: could not compile `cs_mwc-web3` (example "pubsub") due to 7 previous errors; 6 warnings emitted
[INFO] [stderr] warning: build failed, waiting for other jobs to finish...
[INFO] [stderr] error: could not compile `cs_mwc-web3` (example "transport_batch") due to 4 previous errors
[INFO] [stdout] error[E0433]: cannot find module or crate `web3` in this scope
[INFO] [stdout]   --> examples/contract_log_filter.rs:12:16
[INFO] [stdout]    |
[INFO] [stdout] 12 |     let web3 = web3::Web3::new(web3::transports::Http::new("http://localhost:8545")?);
[INFO] [stdout]    |                ^^^^ use of unresolved module or unlinked crate `web3`
[INFO] [stdout]    |
[INFO] [stdout]    = help: if you wanted to use a crate named `web3`, use `cargo add web3` to add it to your `Cargo.toml`
[INFO] [stdout] 
[INFO] [stdout] 
[INFO] [stdout] warning: method call on a diverging inference variable
[INFO] [stdout]   --> examples/contract.rs:31:27
[INFO] [stdout]    |
[INFO] [stdout] 31 |     let result = contract.query("balanceOf", (my_account,), None, Options::default(), None);
[INFO] [stdout]    |                           ^^^^^
[INFO] [stdout]    |
[INFO] [stdout]    = help: consider providing a type annotation
[INFO] [stdout]    = warning: this was previously accepted by the compiler but is being phased out; it will become a hard error in a future release!
[INFO] [stdout]    = note: for more information, see issue #156047 <https://github.com/rust-lang/rust/issues/156047>
[INFO] [stdout]    = note: `#[warn(method_call_on_diverging_infer_var)]` (part of `#[warn(future_incompatible)]`) on by default
[INFO] [stdout] 
[INFO] [stdout] 
[INFO] [stdout] error[E0433]: cannot find module or crate `web3` in this scope
[INFO] [stdout]  --> examples/transport_ws.rs:7:16
[INFO] [stdout]   |
[INFO] [stdout] 7 |     let web3 = web3::Web3::new(transport);
[INFO] [stdout]   |                ^^^^ use of unresolved module or unlinked crate `web3`
[INFO] [stdout]   |
[INFO] [stdout]   = help: if you wanted to use a crate named `web3`, use `cargo add web3` to add it to your `Cargo.toml`
[INFO] [stdout] 
[INFO] [stdout] 
[INFO] [stdout] error[E0599]: no method named `push` found for type `!` in the current scope
[INFO] [stdout]   --> examples/transport_http.rs:12:14
[INFO] [stdout]    |
[INFO] [stdout] 12 |     accounts.push(hex!("00a329c0648769a73afac7f9381e08fb43dbea72").into());
[INFO] [stdout]    |              ^^^^ method not found in `!`
[INFO] [stdout] 
[INFO] [stdout] 
[INFO] [stdout] warning: unreachable call
[INFO] [stdout]   --> examples/transport_http.rs:15:20
[INFO] [stdout]    |
[INFO] [stdout] 15 |     for account in accounts {
[INFO] [stdout]    |                    ^^^^^^^^
[INFO] [stdout]    |                    |
[INFO] [stdout]    |                    unreachable call
[INFO] [stdout]    |                    any code following this expression is unreachable
[INFO] [stdout]    |
[INFO] [stdout]    = note: `#[warn(unreachable_code)]` (part of `#[warn(unused)]`) on by default
[INFO] [stdout] 
[INFO] [stdout] 
[INFO] [stdout] warning: method call on a diverging inference variable
[INFO] [stdout]   --> examples/transport_ws.rs:12:14
[INFO] [stdout]    |
[INFO] [stdout] 12 |     accounts.push(hex!("00a329c0648769a73afac7f9381e08fb43dbea72").into());
[INFO] [stdout]    |              ^^^^
[INFO] [stdout]    |
[INFO] [stdout]    = help: consider providing a type annotation
[INFO] [stdout]    = warning: this was previously accepted by the compiler but is being phased out; it will become a hard error in a future release!
[INFO] [stdout]    = note: for more information, see issue #156047 <https://github.com/rust-lang/rust/issues/156047>
[INFO] [stdout]    = note: `#[warn(method_call_on_diverging_infer_var)]` (part of `#[warn(future_incompatible)]`) on by default
[INFO] [stdout] 
[INFO] [stdout] 
[INFO] [stdout] error[E0433]: cannot find module or crate `web3` in this scope
[INFO] [stdout]  --> examples/transport_http.rs:4:20
[INFO] [stdout]   |
[INFO] [stdout] 4 | async fn main() -> web3::Result<()> {
[INFO] [stdout]   |                    ^^^^ use of unresolved module or unlinked crate `web3`
[INFO] [stdout]   |
[INFO] [stdout]   = help: if you wanted to use a crate named `web3`, use `cargo add web3` to add it to your `Cargo.toml`
[INFO] [stdout] 
[INFO] [stdout] 
[INFO] [stdout] Some errors have detailed explanations: E0433, E0599.
[INFO] [stdout] 
[INFO] [stdout] For more information about an error, try `rustc --explain E0433`.
[INFO] [stdout] 
[INFO] [stderr] error: could not compile `cs_mwc-web3` (example "transport_http") due to 4 previous errors; 3 warnings emitted
[INFO] [stdout] error[E0433]: cannot find module or crate `web3` in this scope
[INFO] [stdout]   --> examples/bench.rs:27:16
[INFO] [stdout]    |
[INFO] [stdout] 27 |     let web3 = web3::Web3::new(transport);
[INFO] [stdout]    |                ^^^^ use of unresolved module or unlinked crate `web3`
[INFO] [stdout]    |
[INFO] [stdout]    = help: if you wanted to use a crate named `web3`, use `cargo add web3` to add it to your `Cargo.toml`
[INFO] [stdout] 
[INFO] [stdout] 
[INFO] [stdout] error[E0599]: no method named `query` found for type `!` in the current scope
[INFO] [stdout]   --> examples/contract.rs:31:27
[INFO] [stdout]    |
[INFO] [stdout] 31 |     let result = contract.query("balanceOf", (my_account,), None, Options::default(), None);
[INFO] [stdout]    |                           ^^^^^ method not found in `!`
[INFO] [stdout] 
[INFO] [stdout] 
[INFO] [stdout] error[E0433]: cannot find module or crate `web3` in this scope
[INFO] [stdout]  --> examples/transport_either.rs:8:21
[INFO] [stdout]   |
[INFO] [stdout] 8 |     let transport = web3::transports::Http::new("http://localhost:8545")?;
[INFO] [stdout]   |                     ^^^^ use of unresolved module or unlinked crate `web3`
[INFO] [stdout]   |
[INFO] [stdout]   = help: if you wanted to use a crate named `web3`, use `cargo add web3` to add it to your `Cargo.toml`
[INFO] [stdout] 
[INFO] [stdout] 
[INFO] [stdout] error[E0433]: cannot find module or crate `web3` in this scope
[INFO] [stdout]   --> examples/contract_storage.rs:10:20
[INFO] [stdout]    |
[INFO] [stdout] 10 | async fn main() -> web3::contract::Result<()> {
[INFO] [stdout]    |                    ^^^^ use of unresolved module or unlinked crate `web3`
[INFO] [stdout]    |
[INFO] [stdout]    = help: if you wanted to use a crate named `web3`, use `cargo add web3` to add it to your `Cargo.toml`
[INFO] [stdout] 
[INFO] [stdout] 
[INFO] [stdout] error[E0433]: cannot find module or crate `web3` in this scope
[INFO] [stdout]  --> examples/bench.rs:8:20
[INFO] [stdout]   |
[INFO] [stdout] 8 | async fn main() -> web3::Result {
[INFO] [stdout]   |                    ^^^^ use of unresolved module or unlinked crate `web3`
[INFO] [stdout]   |
[INFO] [stdout]   = help: if you wanted to use a crate named `web3`, use `cargo add web3` to add it to your `Cargo.toml`
[INFO] [stdout] 
[INFO] [stdout] 
[INFO] [stdout] error[E0433]: cannot find module or crate `web3` in this scope
[INFO] [stdout]   --> examples/contract_log_pubsub.rs:10:20
[INFO] [stdout]    |
[INFO] [stdout] 10 | async fn main() -> web3::contract::Result<()> {
[INFO] [stdout]    |                    ^^^^ use of unresolved module or unlinked crate `web3`
[INFO] [stdout]    |
[INFO] [stdout]    = help: if you wanted to use a crate named `web3`, use `cargo add web3` to add it to your `Cargo.toml`
[INFO] [stdout] 
[INFO] [stdout] 
[INFO] [stdout] error[E0599]: no method named `address` found for type `!` in the current scope
[INFO] [stdout]   --> examples/contract.rs:36:37
[INFO] [stdout]    |
[INFO] [stdout] 36 |     let contract_address = contract.address();
[INFO] [stdout]    |                                     ^^^^^^^ method not found in `!`
[INFO] [stdout] 
[INFO] [stdout] 
[INFO] [stdout] error[E0433]: cannot find module or crate `web3` in this scope
[INFO] [stdout]   --> examples/bench.rs:21:13
[INFO] [stdout]    |
[INFO] [stdout] 21 | fn bench<T: web3::Transport>(id: &str, transport: T, max: usize)
[INFO] [stdout]    |             ^^^^ use of unresolved module or unlinked crate `web3`
[INFO] [stdout]    |
[INFO] [stdout]    = help: if you wanted to use a crate named `web3`, use `cargo add web3` to add it to your `Cargo.toml`
[INFO] [stdout] 
[INFO] [stdout] 
[INFO] [stdout] For more information about this error, try `rustc --explain E0433`.
[INFO] [stdout] 
[INFO] [stdout] warning: unreachable call
[INFO] [stdout]   --> examples/contract.rs:36:37
[INFO] [stdout]    |
[INFO] [stdout] 36 |     let contract_address = contract.address();
[INFO] [stdout]    |                            -------- ^^^^^^^ unreachable call
[INFO] [stdout]    |                            |
[INFO] [stdout]    |                            any code following this expression is unreachable
[INFO] [stdout]    |
[INFO] [stdout]    = note: `#[warn(unreachable_code)]` (part of `#[warn(unused)]`) on by default
[INFO] [stdout] 
[INFO] [stdout] 
[INFO] [stdout] error[E0433]: cannot find module or crate `web3` in this scope
[INFO] [stdout]   --> examples/contract_log_filter.rs:12:32
[INFO] [stdout]    |
[INFO] [stdout] 12 |     let web3 = web3::Web3::new(web3::transports::Http::new("http://localhost:8545")?);
[INFO] [stdout]    |                                ^^^^ use of unresolved module or unlinked crate `web3`
[INFO] [stdout]    |
[INFO] [stdout]    = help: if you wanted to use a crate named `web3`, use `cargo add web3` to add it to your `Cargo.toml`
[INFO] [stdout] 
[INFO] [stdout] 
[INFO] [stdout] Some errors have detailed explanations: E0433, E0599.
[INFO] [stdout] 
[INFO] [stdout] For more information about an error, try `rustc --explain E0433`.
[INFO] [stdout] 
[INFO] [stderr] error: could not compile `cs_mwc-web3` (example "bench") due to 5 previous errors
[INFO] [stderr] error: could not compile `cs_mwc-web3` (example "contract") due to 6 previous errors; 3 warnings emitted
[INFO] [stdout] warning: method call on a diverging inference variable
[INFO] [stdout]   --> examples/contract_log_filter.rs:27:51
[INFO] [stdout]    |
[INFO] [stdout] 27 |     println!("contract deployed at: {}", contract.address());
[INFO] [stdout]    |                                                   ^^^^^^^
[INFO] [stdout]    |
[INFO] [stdout]    = help: consider providing a type annotation
[INFO] [stdout]    = warning: this was previously accepted by the compiler but is being phased out; it will become a hard error in a future release!
[INFO] [stdout]    = note: for more information, see issue #156047 <https://github.com/rust-lang/rust/issues/156047>
[INFO] [stdout]    = note: `#[warn(method_call_on_diverging_infer_var)]` (part of `#[warn(future_incompatible)]`) on by default
[INFO] [stdout] 
[INFO] [stdout] 
[INFO] [stdout] error[E0433]: cannot find module or crate `web3` in this scope
[INFO] [stdout]   --> examples/transport_either.rs:10:9
[INFO] [stdout]    |
[INFO] [stdout] 10 |     run(web3::transports::Either::Right(transport)).await
[INFO] [stdout]    |         ^^^^ use of unresolved module or unlinked crate `web3`
[INFO] [stdout]    |
[INFO] [stdout]    = help: if you wanted to use a crate named `web3`, use `cargo add web3` to add it to your `Cargo.toml`
[INFO] [stdout] 
[INFO] [stdout] 
[INFO] [stdout] error[E0433]: cannot find module or crate `web3` in this scope
[INFO] [stdout]   --> examples/contract_storage.rs:12:21
[INFO] [stdout]    |
[INFO] [stdout] 12 |     let transport = web3::transports::Http::new("http://localhost:8545")?;
[INFO] [stdout]    |                     ^^^^ use of unresolved module or unlinked crate `web3`
[INFO] [stdout]    |
[INFO] [stdout]    = help: if you wanted to use a crate named `web3`, use `cargo add web3` to add it to your `Cargo.toml`
[INFO] [stdout] 
[INFO] [stdout] 
[INFO] [stdout] error[E0433]: cannot find module or crate `web3` in this scope
[INFO] [stdout]   --> examples/contract_log_pubsub.rs:12:16
[INFO] [stdout]    |
[INFO] [stdout] 12 |     let web3 = web3::Web3::new(web3::transports::WebSocket::new("ws://localhost:8546").await?);
[INFO] [stdout]    |                ^^^^ use of unresolved module or unlinked crate `web3`
[INFO] [stdout]    |
[INFO] [stdout]    = help: if you wanted to use a crate named `web3`, use `cargo add web3` to add it to your `Cargo.toml`
[INFO] [stdout] 
[INFO] [stdout] 
[INFO] [stdout] error[E0599]: no method named `address` found for type `!` in the current scope
[INFO] [stdout]   --> examples/contract_log_filter.rs:27:51
[INFO] [stdout]    |
[INFO] [stdout] 27 |     println!("contract deployed at: {}", contract.address());
[INFO] [stdout]    |                                                   ^^^^^^^ method not found in `!`
[INFO] [stdout] 
[INFO] [stdout] 
[INFO] [stdout] error[E0599]: no method named `push` found for type `!` in the current scope
[INFO] [stdout]   --> examples/transport_ws.rs:12:14
[INFO] [stdout]    |
[INFO] [stdout] 12 |     accounts.push(hex!("00a329c0648769a73afac7f9381e08fb43dbea72").into());
[INFO] [stdout]    |              ^^^^ method not found in `!`
[INFO] [stdout] 
[INFO] [stdout] 
[INFO] [stdout] error[E0433]: cannot find module or crate `web3` in this scope
[INFO] [stdout]   --> examples/contract_storage.rs:13:16
[INFO] [stdout]    |
[INFO] [stdout] 13 |     let web3 = web3::Web3::new(transport);
[INFO] [stdout]    |                ^^^^ use of unresolved module or unlinked crate `web3`
[INFO] [stdout]    |
[INFO] [stdout]    = help: if you wanted to use a crate named `web3`, use `cargo add web3` to add it to your `Cargo.toml`
[INFO] [stdout] 
[INFO] [stdout] 
[INFO] [stdout] warning: unreachable call
[INFO] [stdout]   --> examples/transport_ws.rs:15:20
[INFO] [stdout]    |
[INFO] [stdout] 15 |     for account in accounts {
[INFO] [stdout]    |                    ^^^^^^^^
[INFO] [stdout]    |                    |
[INFO] [stdout]    |                    unreachable call
[INFO] [stdout]    |                    any code following this expression is unreachable
[INFO] [stdout]    |
[INFO] [stdout]    = note: `#[warn(unreachable_code)]` (part of `#[warn(unused)]`) on by default
[INFO] [stdout] 
[INFO] [stdout] 
[INFO] [stdout] error[E0433]: cannot find module or crate `web3` in this scope
[INFO] [stdout]   --> examples/contract_log_pubsub.rs:12:32
[INFO] [stdout]    |
[INFO] [stdout] 12 |     let web3 = web3::Web3::new(web3::transports::WebSocket::new("ws://localhost:8546").await?);
[INFO] [stdout]    |                                ^^^^ use of unresolved module or unlinked crate `web3`
[INFO] [stdout]    |
[INFO] [stdout]    = help: if you wanted to use a crate named `web3`, use `cargo add web3` to add it to your `Cargo.toml`
[INFO] [stdout] 
[INFO] [stdout] 
[INFO] [stdout] error[E0599]: no method named `address` found for type `!` in the current scope
[INFO] [stdout]   --> examples/contract_log_filter.rs:31:32
[INFO] [stdout]    |
[INFO] [stdout] 31 |         .address(vec![contract.address()])
[INFO] [stdout]    |                                ^^^^^^^ method not found in `!`
[INFO] [stdout] 
[INFO] [stdout] 
[INFO] [stdout] warning: unreachable call
[INFO] [stdout]   --> examples/contract_log_filter.rs:31:32
[INFO] [stdout]    |
[INFO] [stdout] 31 |         .address(vec![contract.address()])
[INFO] [stdout]    |                       -------- ^^^^^^^ unreachable call
[INFO] [stdout]    |                       |
[INFO] [stdout]    |                       any code following this expression is unreachable
[INFO] [stdout]    |
[INFO] [stdout]    = note: `#[warn(unreachable_code)]` (part of `#[warn(unused)]`) on by default
[INFO] [stdout] 
[INFO] [stdout] 
[INFO] [stdout] warning: method call on a diverging inference variable
[INFO] [stdout]   --> examples/contract_log_filter.rs:45:30
[INFO] [stdout]    |
[INFO] [stdout] 45 |     let logs_stream = filter.stream(time::Duration::from_secs(1));
[INFO] [stdout]    |                              ^^^^^^
[INFO] [stdout]    |
[INFO] [stdout]    = help: consider providing a type annotation
[INFO] [stdout]    = warning: this was previously accepted by the compiler but is being phased out; it will become a hard error in a future release!
[INFO] [stdout]    = note: for more information, see issue #156047 <https://github.com/rust-lang/rust/issues/156047>
[INFO] [stdout] 
[INFO] [stdout] 
[INFO] [stdout] warning: method call on a diverging inference variable
[INFO] [stdout]   --> examples/contract_storage.rs:31:42
[INFO] [stdout]    |
[INFO] [stdout] 31 |     println!("Deployed at: {}", contract.address());
[INFO] [stdout]    |                                          ^^^^^^^
[INFO] [stdout]    |
[INFO] [stdout]    = help: consider providing a type annotation
[INFO] [stdout]    = warning: this was previously accepted by the compiler but is being phased out; it will become a hard error in a future release!
[INFO] [stdout]    = note: for more information, see issue #156047 <https://github.com/rust-lang/rust/issues/156047>
[INFO] [stdout]    = note: `#[warn(method_call_on_diverging_infer_var)]` (part of `#[warn(future_incompatible)]`) on by default
[INFO] [stdout] 
[INFO] [stdout] 
[INFO] [stdout] error[E0433]: cannot find module or crate `web3` in this scope
[INFO] [stdout]  --> examples/transport_ws.rs:4:20
[INFO] [stdout]   |
[INFO] [stdout] 4 | async fn main() -> web3::Result<()> {
[INFO] [stdout]   |                    ^^^^ use of unresolved module or unlinked crate `web3`
[INFO] [stdout]   |
[INFO] [stdout]   = help: if you wanted to use a crate named `web3`, use `cargo add web3` to add it to your `Cargo.toml`
[INFO] [stdout] 
[INFO] [stdout] 
[INFO] [stdout] Some errors have detailed explanations: E0433, E0599.
[INFO] [stdout] 
[INFO] [stdout] For more information about an error, try `rustc --explain E0433`.
[INFO] [stdout] 
[INFO] [stdout] warning: method call on a diverging inference variable
[INFO] [stdout]   --> examples/contract_log_pubsub.rs:26:51
[INFO] [stdout]    |
[INFO] [stdout] 26 |     println!("contract deployed at: {}", contract.address());
[INFO] [stdout]    |                                                   ^^^^^^^
[INFO] [stdout]    |
[INFO] [stdout]    = help: consider providing a type annotation
[INFO] [stdout]    = warning: this was previously accepted by the compiler but is being phased out; it will become a hard error in a future release!
[INFO] [stdout]    = note: for more information, see issue #156047 <https://github.com/rust-lang/rust/issues/156047>
[INFO] [stdout]    = note: `#[warn(method_call_on_diverging_infer_var)]` (part of `#[warn(future_incompatible)]`) on by default
[INFO] [stdout] 
[INFO] [stdout] 
[INFO] [stdout] error[E0433]: cannot find module or crate `web3` in this scope
[INFO] [stdout]   --> examples/transport_either.rs:14:16
[INFO] [stdout]    |
[INFO] [stdout] 14 |     let web3 = web3::Web3::new(transport);
[INFO] [stdout]    |                ^^^^ use of unresolved module or unlinked crate `web3`
[INFO] [stdout]    |
[INFO] [stdout]    = help: if you wanted to use a crate named `web3`, use `cargo add web3` to add it to your `Cargo.toml`
[INFO] [stdout] 
[INFO] [stdout] 
[INFO] [stdout] warning: method call on a diverging inference variable
[INFO] [stdout]   --> examples/transport_either.rs:19:14
[INFO] [stdout]    |
[INFO] [stdout] 19 |     accounts.push(hex!("00a329c0648769a73afac7f9381e08fb43dbea72").into());
[INFO] [stdout]    |              ^^^^
[INFO] [stdout]    |
[INFO] [stdout]    = help: consider providing a type annotation
[INFO] [stdout]    = warning: this was previously accepted by the compiler but is being phased out; it will become a hard error in a future release!
[INFO] [stdout]    = note: for more information, see issue #156047 <https://github.com/rust-lang/rust/issues/156047>
[INFO] [stdout]    = note: `#[warn(method_call_on_diverging_infer_var)]` (part of `#[warn(future_incompatible)]`) on by default
[INFO] [stdout] 
[INFO] [stdout] 
[INFO] [stderr] error: could not compile `cs_mwc-web3` (example "transport_ws") due to 4 previous errors; 3 warnings emitted
[INFO] [stdout] error[E0599]: no method named `stream` found for type `!` in the current scope
[INFO] [stdout]   --> examples/contract_log_filter.rs:45:30
[INFO] [stdout]    |
[INFO] [stdout] 45 |     let logs_stream = filter.stream(time::Duration::from_secs(1));
[INFO] [stdout]    |                              ^^^^^^ method not found in `!`
[INFO] [stdout] 
[INFO] [stdout] 
[INFO] [stdout] error[E0599]: no method named `push` found for type `!` in the current scope
[INFO] [stdout]   --> examples/transport_either.rs:19:14
[INFO] [stdout]    |
[INFO] [stdout] 19 |     accounts.push(hex!("00a329c0648769a73afac7f9381e08fb43dbea72").into());
[INFO] [stdout]    |              ^^^^ method not found in `!`
[INFO] [stdout] 
[INFO] [stdout] 
[INFO] [stdout] warning: unreachable call
[INFO] [stdout]   --> examples/transport_either.rs:22:20
[INFO] [stdout]    |
[INFO] [stdout] 22 |     for account in accounts {
[INFO] [stdout]    |                    ^^^^^^^^
[INFO] [stdout]    |                    |
[INFO] [stdout]    |                    unreachable call
[INFO] [stdout]    |                    any code following this expression is unreachable
[INFO] [stdout]    |
[INFO] [stdout]    = note: `#[warn(unreachable_code)]` (part of `#[warn(unused)]`) on by default
[INFO] [stdout] 
[INFO] [stdout] 
[INFO] [stderr] error: could not compile `cs_mwc-web3` (example "transport_either") due to 9 previous errors; 3 warnings emitted
[INFO] [stdout] error[E0433]: cannot find module or crate `web3` in this scope
[INFO] [stdout]  --> examples/transport_either.rs:6:20
[INFO] [stdout]   |
[INFO] [stdout] 6 | async fn main() -> web3::Result {
[INFO] [stdout]   |                    ^^^^ use of unresolved module or unlinked crate `web3`
[INFO] [stdout]   |
[INFO] [stdout]   = help: if you wanted to use a crate named `web3`, use `cargo add web3` to add it to your `Cargo.toml`
[INFO] [stdout] 
[INFO] [stdout] 
[INFO] [stdout] error[E0433]: cannot find module or crate `web3` in this scope
[INFO] [stdout]   --> examples/transport_either.rs:13:39
[INFO] [stdout]    |
[INFO] [stdout] 13 | async fn run(transport: Transport) -> web3::Result {
[INFO] [stdout]    |                                       ^^^^ use of unresolved module or unlinked crate `web3`
[INFO] [stdout]    |
[INFO] [stdout]    = help: if you wanted to use a crate named `web3`, use `cargo add web3` to add it to your `Cargo.toml`
[INFO] [stdout] 
[INFO] [stdout] 
[INFO] [stdout] Some errors have detailed explanations: E0433, E0599.
[INFO] [stdout] 
[INFO] [stdout] For more information about an error, try `rustc --explain E0433`.
[INFO] [stdout] 
[INFO] [stdout] error[E0599]: no method named `call` found for type `!` in the current scope
[INFO] [stdout]   --> examples/contract_log_filter.rs:48:23
[INFO] [stdout]    |
[INFO] [stdout] 48 |     let tx = contract.call("hello", (), accounts[0], Options::default()).await?;
[INFO] [stdout]    |                       ^^^^ method not found in `!`
[INFO] [stdout] 
[INFO] [stdout] 
[INFO] [stdout] warning: unreachable expression
[INFO] [stdout]   --> examples/contract_log_filter.rs:48:28
[INFO] [stdout]    |
[INFO] [stdout] 48 |     let tx = contract.call("hello", (), accounts[0], Options::default()).await?;
[INFO] [stdout]    |              --------      ^^^^^^^ unreachable expression
[INFO] [stdout]    |              |
[INFO] [stdout]    |              any code following this expression is unreachable
[INFO] [stdout] 
[INFO] [stdout] 
[INFO] [stdout] Some errors have detailed explanations: E0433, E0599.
[INFO] [stdout] 
[INFO] [stdout] For more information about an error, try `rustc --explain E0433`.
[INFO] [stdout] 
[INFO] [stdout] error[E0599]: no method named `address` found for type `!` in the current scope
[INFO] [stdout]   --> examples/contract_storage.rs:31:42
[INFO] [stdout]    |
[INFO] [stdout] 31 |     println!("Deployed at: {}", contract.address());
[INFO] [stdout]    |                                          ^^^^^^^ method not found in `!`
[INFO] [stdout] 
[INFO] [stdout] 
[INFO] [stdout] error[E0599]: no method named `address` found for type `!` in the current scope
[INFO] [stdout]   --> examples/contract_log_pubsub.rs:26:51
[INFO] [stdout]    |
[INFO] [stdout] 26 |     println!("contract deployed at: {}", contract.address());
[INFO] [stdout]    |                                                   ^^^^^^^ method not found in `!`
[INFO] [stdout] 
[INFO] [stdout] 
[INFO] [stderr] error: could not compile `cs_mwc-web3` (example "contract_log_filter") due to 8 previous errors; 6 warnings emitted
[INFO] [stdout] error[E0599]: no method named `query` found for type `!` in the current scope
[INFO] [stdout]   --> examples/contract_storage.rs:34:27
[INFO] [stdout]    |
[INFO] [stdout] 34 |     let result = contract.query("get", (), None, Options::default(), None);
[INFO] [stdout]    |                           ^^^^^ method not found in `!`
[INFO] [stdout] 
[INFO] [stdout] 
[INFO] [stdout] warning: unreachable expression
[INFO] [stdout]   --> examples/contract_storage.rs:34:33
[INFO] [stdout]    |
[INFO] [stdout] 34 |     let result = contract.query("get", (), None, Options::default(), None);
[INFO] [stdout]    |                  --------       ^^^^^ unreachable expression
[INFO] [stdout]    |                  |
[INFO] [stdout]    |                  any code following this expression is unreachable
[INFO] [stdout]    |
[INFO] [stdout]    = note: `#[warn(unreachable_code)]` (part of `#[warn(unused)]`) on by default
[INFO] [stdout] 
[INFO] [stdout] 
[INFO] [stdout] error[E0599]: no method named `address` found for type `!` in the current scope
[INFO] [stdout]   --> examples/contract_log_pubsub.rs:30:32
[INFO] [stdout]    |
[INFO] [stdout] 30 |         .address(vec![contract.address()])
[INFO] [stdout]    |                                ^^^^^^^ method not found in `!`
[INFO] [stdout] 
[INFO] [stdout] 
[INFO] [stdout] warning: unreachable call
[INFO] [stdout]   --> examples/contract_log_pubsub.rs:30:32
[INFO] [stdout]    |
[INFO] [stdout] 30 |         .address(vec![contract.address()])
[INFO] [stdout]    |                       -------- ^^^^^^^ unreachable call
[INFO] [stdout]    |                       |
[INFO] [stdout]    |                       any code following this expression is unreachable
[INFO] [stdout]    |
[INFO] [stdout]    = note: `#[warn(unreachable_code)]` (part of `#[warn(unused)]`) on by default
[INFO] [stdout] 
[INFO] [stdout] 
[INFO] [stdout] error[E0599]: no method named `call` found for type `!` in the current scope
[INFO] [stdout]   --> examples/contract_storage.rs:39:23
[INFO] [stdout]    |
[INFO] [stdout] 39 |     let tx = contract.call("set", (42_u32,), accounts[0], Options::default()).await?;
[INFO] [stdout]    |                       ^^^^ method not found in `!`
[INFO] [stdout] 
[INFO] [stdout] 
[INFO] [stdout] warning: unreachable expression
[INFO] [stdout]   --> examples/contract_storage.rs:39:28
[INFO] [stdout]    |
[INFO] [stdout] 39 |     let tx = contract.call("set", (42_u32,), accounts[0], Options::default()).await?;
[INFO] [stdout]    |              --------      ^^^^^ unreachable expression
[INFO] [stdout]    |              |
[INFO] [stdout]    |              any code following this expression is unreachable
[INFO] [stdout] 
[INFO] [stdout] 
[INFO] [stdout] error[E0599]: no method named `call` found for type `!` in the current scope
[INFO] [stdout]   --> examples/contract_log_pubsub.rs:44:23
[INFO] [stdout]    |
[INFO] [stdout] 44 |     let tx = contract.call("hello", (), accounts[0], Options::default()).await?;
[INFO] [stdout]    |                       ^^^^ method not found in `!`
[INFO] [stdout] 
[INFO] [stdout] 
[INFO] [stdout] warning: unreachable expression
[INFO] [stdout]   --> examples/contract_log_pubsub.rs:44:28
[INFO] [stdout]    |
[INFO] [stdout] 44 |     let tx = contract.call("hello", (), accounts[0], Options::default()).await?;
[INFO] [stdout]    |              --------      ^^^^^^^ unreachable expression
[INFO] [stdout]    |              |
[INFO] [stdout]    |              any code following this expression is unreachable
[INFO] [stdout] 
[INFO] [stdout] 
[INFO] [stdout] warning: method call on a diverging inference variable
[INFO] [stdout]   --> examples/contract_log_pubsub.rs:47:9
[INFO] [stdout]    |
[INFO] [stdout] 47 |     sub.for_each(|log| {
[INFO] [stdout]    |         ^^^^^^^^
[INFO] [stdout]    |
[INFO] [stdout]    = help: consider providing a type annotation
[INFO] [stdout]    = warning: this was previously accepted by the compiler but is being phased out; it will become a hard error in a future release!
[INFO] [stdout]    = note: for more information, see issue #156047 <https://github.com/rust-lang/rust/issues/156047>
[INFO] [stdout] 
[INFO] [stdout] 
[INFO] [stdout] error[E0599]: `!` is not an iterator
[INFO] [stdout]   --> examples/contract_log_pubsub.rs:47:9
[INFO] [stdout]    |
[INFO] [stdout] 47 |     sub.for_each(|log| {
[INFO] [stdout]    |         ^^^^^^^^ `!` is not an iterator
[INFO] [stdout]    |
[INFO] [stdout]    = note: the following trait bounds were not satisfied:
[INFO] [stdout]            `!: Iterator`
[INFO] [stdout]            which is required by `&mut !: Iterator`
[INFO] [stdout] 
[INFO] [stdout] 
[INFO] [stdout] Some errors have detailed explanations: E0433, E0599.
[INFO] [stdout] 
[INFO] [stdout] For more information about an error, try `rustc --explain E0433`.
[INFO] [stdout] 
[INFO] [stdout] error[E0599]: no method named `query` found for type `!` in the current scope
[INFO] [stdout]   --> examples/contract_storage.rs:46:27
[INFO] [stdout]    |
[INFO] [stdout] 46 |     let result = contract.query("get", (), None, Options::default(), None);
[INFO] [stdout]    |                           ^^^^^ method not found in `!`
[INFO] [stdout] 
[INFO] [stdout] 
[INFO] [stdout] warning: unreachable expression
[INFO] [stdout]   --> examples/contract_storage.rs:46:33
[INFO] [stdout]    |
[INFO] [stdout] 46 |     let result = contract.query("get", (), None, Options::default(), None);
[INFO] [stdout]    |                  --------       ^^^^^ unreachable expression
[INFO] [stdout]    |                  |
[INFO] [stdout]    |                  any code following this expression is unreachable
[INFO] [stdout] 
[INFO] [stdout] 
[INFO] [stderr] error: could not compile `cs_mwc-web3` (example "contract_log_pubsub") due to 8 previous errors; 6 warnings emitted
[INFO] [stdout] Some errors have detailed explanations: E0433, E0599.
[INFO] [stdout] 
[INFO] [stdout] For more information about an error, try `rustc --explain E0433`.
[INFO] [stdout] 
[INFO] [stderr] error: could not compile `cs_mwc-web3` (example "contract_storage") due to 8 previous errors; 5 warnings emitted
[INFO] [stdout] warning: use of deprecated associated function `core::num::<impl u64>::max_value`: replaced by the `MAX` associated constant on this type
[INFO] [stdout]    --> src/contract/tokens.rs:250:65
[INFO] [stdout]     |
[INFO] [stdout] 229 | macro_rules! int_tokenizable {
[INFO] [stdout] ...
[INFO] [stdout] 250 |                     U256::from(self as u128) | U256([0, 0, u64::max_value(), u64::max_value()])
[INFO] [stdout]     |                                                                 ^^^^^^^^^
[INFO] [stdout] ...
[INFO] [stdout] 260 | int_tokenizable!(i8, Int);
[INFO] [stdout]     | ------------------------- in this macro invocation
[INFO] [stdout]     |
[INFO] [stdout]     = note: `#[warn(deprecated)]` on by default
[INFO] [stdout] 
[INFO] [stdout] 
[INFO] [stdout] warning: use of deprecated associated function `core::num::<impl u64>::max_value`: replaced by the `MAX` associated constant on this type
[INFO] [stdout]    --> src/contract/tokens.rs:250:83
[INFO] [stdout]     |
[INFO] [stdout] 229 | macro_rules! int_tokenizable {
[INFO] [stdout] ...
[INFO] [stdout] 250 |                     U256::from(self as u128) | U256([0, 0, u64::max_value(), u64::max_value()])
[INFO] [stdout]     |                                                                                   ^^^^^^^^^
[INFO] [stdout] ...
[INFO] [stdout] 260 | int_tokenizable!(i8, Int);
[INFO] [stdout]     | ------------------------- in this macro invocation
[INFO] [stdout] 
[INFO] [stdout] 
[INFO] [stdout] warning: use of deprecated associated function `core::num::<impl u64>::max_value`: replaced by the `MAX` associated constant on this type
[INFO] [stdout]    --> src/contract/tokens.rs:250:65
[INFO] [stdout]     |
[INFO] [stdout] 229 | macro_rules! int_tokenizable {
[INFO] [stdout] ...
[INFO] [stdout] 250 |                     U256::from(self as u128) | U256([0, 0, u64::max_value(), u64::max_value()])
[INFO] [stdout]     |                                                                 ^^^^^^^^^
[INFO] [stdout] ...
[INFO] [stdout] 261 | int_tokenizable!(i16, Int);
[INFO] [stdout]     | -------------------------- in this macro invocation
[INFO] [stdout] 
[INFO] [stdout] 
[INFO] [stdout] warning: use of deprecated associated function `core::num::<impl u64>::max_value`: replaced by the `MAX` associated constant on this type
[INFO] [stdout]    --> src/contract/tokens.rs:250:83
[INFO] [stdout]     |
[INFO] [stdout] 229 | macro_rules! int_tokenizable {
[INFO] [stdout] ...
[INFO] [stdout] 250 |                     U256::from(self as u128) | U256([0, 0, u64::max_value(), u64::max_value()])
[INFO] [stdout]     |                                                                                   ^^^^^^^^^
[INFO] [stdout] ...
[INFO] [stdout] 261 | int_tokenizable!(i16, Int);
[INFO] [stdout]     | -------------------------- in this macro invocation
[INFO] [stdout] 
[INFO] [stdout] 
[INFO] [stdout] warning: use of deprecated associated function `core::num::<impl u64>::max_value`: replaced by the `MAX` associated constant on this type
[INFO] [stdout]    --> src/contract/tokens.rs:250:65
[INFO] [stdout]     |
[INFO] [stdout] 229 | macro_rules! int_tokenizable {
[INFO] [stdout] ...
[INFO] [stdout] 250 |                     U256::from(self as u128) | U256([0, 0, u64::max_value(), u64::max_value()])
[INFO] [stdout]     |                                                                 ^^^^^^^^^
[INFO] [stdout] ...
[INFO] [stdout] 262 | int_tokenizable!(i32, Int);
[INFO] [stdout]     | -------------------------- in this macro invocation
[INFO] [stdout] 
[INFO] [stdout] 
[INFO] [stdout] warning: use of deprecated associated function `core::num::<impl u64>::max_value`: replaced by the `MAX` associated constant on this type
[INFO] [stdout]    --> src/contract/tokens.rs:250:83
[INFO] [stdout]     |
[INFO] [stdout] 229 | macro_rules! int_tokenizable {
[INFO] [stdout] ...
[INFO] [stdout] 250 |                     U256::from(self as u128) | U256([0, 0, u64::max_value(), u64::max_value()])
[INFO] [stdout]     |                                                                                   ^^^^^^^^^
[INFO] [stdout] ...
[INFO] [stdout] 262 | int_tokenizable!(i32, Int);
[INFO] [stdout]     | -------------------------- in this macro invocation
[INFO] [stdout] 
[INFO] [stdout] 
[INFO] [stdout] warning: use of deprecated associated function `core::num::<impl u64>::max_value`: replaced by the `MAX` associated constant on this type
[INFO] [stdout]    --> src/contract/tokens.rs:250:65
[INFO] [stdout]     |
[INFO] [stdout] 229 | macro_rules! int_tokenizable {
[INFO] [stdout] ...
[INFO] [stdout] 250 |                     U256::from(self as u128) | U256([0, 0, u64::max_value(), u64::max_value()])
[INFO] [stdout]     |                                                                 ^^^^^^^^^
[INFO] [stdout] ...
[INFO] [stdout] 263 | int_tokenizable!(i64, Int);
[INFO] [stdout]     | -------------------------- in this macro invocation
[INFO] [stdout] 
[INFO] [stdout] 
[INFO] [stdout] warning: use of deprecated associated function `core::num::<impl u64>::max_value`: replaced by the `MAX` associated constant on this type
[INFO] [stdout]    --> src/contract/tokens.rs:250:83
[INFO] [stdout]     |
[INFO] [stdout] 229 | macro_rules! int_tokenizable {
[INFO] [stdout] ...
[INFO] [stdout] 250 |                     U256::from(self as u128) | U256([0, 0, u64::max_value(), u64::max_value()])
[INFO] [stdout]     |                                                                                   ^^^^^^^^^
[INFO] [stdout] ...
[INFO] [stdout] 263 | int_tokenizable!(i64, Int);
[INFO] [stdout]     | -------------------------- in this macro invocation
[INFO] [stdout] 
[INFO] [stdout] 
[INFO] [stdout] warning: use of deprecated associated function `core::num::<impl u64>::max_value`: replaced by the `MAX` associated constant on this type
[INFO] [stdout]    --> src/contract/tokens.rs:250:65
[INFO] [stdout]     |
[INFO] [stdout] 229 | macro_rules! int_tokenizable {
[INFO] [stdout] ...
[INFO] [stdout] 250 |                     U256::from(self as u128) | U256([0, 0, u64::max_value(), u64::max_value()])
[INFO] [stdout]     |                                                                 ^^^^^^^^^
[INFO] [stdout] ...
[INFO] [stdout] 264 | int_tokenizable!(i128, Int);
[INFO] [stdout]     | --------------------------- in this macro invocation
[INFO] [stdout] 
[INFO] [stdout] 
[INFO] [stdout] warning: use of deprecated associated function `core::num::<impl u64>::max_value`: replaced by the `MAX` associated constant on this type
[INFO] [stdout]    --> src/contract/tokens.rs:250:83
[INFO] [stdout]     |
[INFO] [stdout] 229 | macro_rules! int_tokenizable {
[INFO] [stdout] ...
[INFO] [stdout] 250 |                     U256::from(self as u128) | U256([0, 0, u64::max_value(), u64::max_value()])
[INFO] [stdout]     |                                                                                   ^^^^^^^^^
[INFO] [stdout] ...
[INFO] [stdout] 264 | int_tokenizable!(i128, Int);
[INFO] [stdout]     | --------------------------- in this macro invocation
[INFO] [stdout] 
[INFO] [stdout] 
[INFO] [stdout] warning: use of deprecated associated function `core::num::<impl u64>::max_value`: replaced by the `MAX` associated constant on this type
[INFO] [stdout]    --> src/contract/tokens.rs:250:65
[INFO] [stdout]     |
[INFO] [stdout] 229 | macro_rules! int_tokenizable {
[INFO] [stdout] ...
[INFO] [stdout] 250 |                     U256::from(self as u128) | U256([0, 0, u64::max_value(), u64::max_value()])
[INFO] [stdout]     |                                                                 ^^^^^^^^^
[INFO] [stdout] ...
[INFO] [stdout] 265 | int_tokenizable!(u8, Uint);
[INFO] [stdout]     | -------------------------- in this macro invocation
[INFO] [stdout] 
[INFO] [stdout] 
[INFO] [stdout] warning: use of deprecated associated function `core::num::<impl u64>::max_value`: replaced by the `MAX` associated constant on this type
[INFO] [stdout]    --> src/contract/tokens.rs:250:83
[INFO] [stdout]     |
[INFO] [stdout] 229 | macro_rules! int_tokenizable {
[INFO] [stdout] ...
[INFO] [stdout] 250 |                     U256::from(self as u128) | U256([0, 0, u64::max_value(), u64::max_value()])
[INFO] [stdout]     |                                                                                   ^^^^^^^^^
[INFO] [stdout] ...
[INFO] [stdout] 265 | int_tokenizable!(u8, Uint);
[INFO] [stdout]     | -------------------------- in this macro invocation
[INFO] [stdout] 
[INFO] [stdout] 
[INFO] [stdout] warning: use of deprecated associated function `core::num::<impl u64>::max_value`: replaced by the `MAX` associated constant on this type
[INFO] [stdout]    --> src/contract/tokens.rs:250:65
[INFO] [stdout]     |
[INFO] [stdout] 229 | macro_rules! int_tokenizable {
[INFO] [stdout] ...
[INFO] [stdout] 250 |                     U256::from(self as u128) | U256([0, 0, u64::max_value(), u64::max_value()])
[INFO] [stdout]     |                                                                 ^^^^^^^^^
[INFO] [stdout] ...
[INFO] [stdout] 266 | int_tokenizable!(u16, Uint);
[INFO] [stdout]     | --------------------------- in this macro invocation
[INFO] [stdout] 
[INFO] [stdout] 
[INFO] [stdout] warning: use of deprecated associated function `core::num::<impl u64>::max_value`: replaced by the `MAX` associated constant on this type
[INFO] [stdout]    --> src/contract/tokens.rs:250:83
[INFO] [stdout]     |
[INFO] [stdout] 229 | macro_rules! int_tokenizable {
[INFO] [stdout] ...
[INFO] [stdout] 250 |                     U256::from(self as u128) | U256([0, 0, u64::max_value(), u64::max_value()])
[INFO] [stdout]     |                                                                                   ^^^^^^^^^
[INFO] [stdout] ...
[INFO] [stdout] 266 | int_tokenizable!(u16, Uint);
[INFO] [stdout]     | --------------------------- in this macro invocation
[INFO] [stdout] 
[INFO] [stdout] 
[INFO] [stdout] warning: use of deprecated associated function `core::num::<impl u64>::max_value`: replaced by the `MAX` associated constant on this type
[INFO] [stdout]    --> src/contract/tokens.rs:250:65
[INFO] [stdout]     |
[INFO] [stdout] 229 | macro_rules! int_tokenizable {
[INFO] [stdout] ...
[INFO] [stdout] 250 |                     U256::from(self as u128) | U256([0, 0, u64::max_value(), u64::max_value()])
[INFO] [stdout]     |                                                                 ^^^^^^^^^
[INFO] [stdout] ...
[INFO] [stdout] 267 | int_tokenizable!(u32, Uint);
[INFO] [stdout]     | --------------------------- in this macro invocation
[INFO] [stdout] 
[INFO] [stdout] 
[INFO] [stdout] warning: use of deprecated associated function `core::num::<impl u64>::max_value`: replaced by the `MAX` associated constant on this type
[INFO] [stdout]    --> src/contract/tokens.rs:250:83
[INFO] [stdout]     |
[INFO] [stdout] 229 | macro_rules! int_tokenizable {
[INFO] [stdout] ...
[INFO] [stdout] 250 |                     U256::from(self as u128) | U256([0, 0, u64::max_value(), u64::max_value()])
[INFO] [stdout]     |                                                                                   ^^^^^^^^^
[INFO] [stdout] ...
[INFO] [stdout] 267 | int_tokenizable!(u32, Uint);
[INFO] [stdout]     | --------------------------- in this macro invocation
[INFO] [stdout] 
[INFO] [stdout] 
[INFO] [stdout] warning: use of deprecated associated function `core::num::<impl u64>::max_value`: replaced by the `MAX` associated constant on this type
[INFO] [stdout]    --> src/contract/tokens.rs:250:65
[INFO] [stdout]     |
[INFO] [stdout] 229 | macro_rules! int_tokenizable {
[INFO] [stdout] ...
[INFO] [stdout] 250 |                     U256::from(self as u128) | U256([0, 0, u64::max_value(), u64::max_value()])
[INFO] [stdout]     |                                                                 ^^^^^^^^^
[INFO] [stdout] ...
[INFO] [stdout] 268 | int_tokenizable!(u64, Uint);
[INFO] [stdout]     | --------------------------- in this macro invocation
[INFO] [stdout] 
[INFO] [stdout] 
[INFO] [stdout] warning: use of deprecated associated function `core::num::<impl u64>::max_value`: replaced by the `MAX` associated constant on this type
[INFO] [stdout]    --> src/contract/tokens.rs:250:83
[INFO] [stdout]     |
[INFO] [stdout] 229 | macro_rules! int_tokenizable {
[INFO] [stdout] ...
[INFO] [stdout] 250 |                     U256::from(self as u128) | U256([0, 0, u64::max_value(), u64::max_value()])
[INFO] [stdout]     |                                                                                   ^^^^^^^^^
[INFO] [stdout] ...
[INFO] [stdout] 268 | int_tokenizable!(u64, Uint);
[INFO] [stdout]     | --------------------------- in this macro invocation
[INFO] [stdout] 
[INFO] [stdout] 
[INFO] [stdout] warning: use of deprecated associated function `core::num::<impl u64>::max_value`: replaced by the `MAX` associated constant on this type
[INFO] [stdout]    --> src/contract/tokens.rs:250:65
[INFO] [stdout]     |
[INFO] [stdout] 229 | macro_rules! int_tokenizable {
[INFO] [stdout] ...
[INFO] [stdout] 250 |                     U256::from(self as u128) | U256([0, 0, u64::max_value(), u64::max_value()])
[INFO] [stdout]     |                                                                 ^^^^^^^^^
[INFO] [stdout] ...
[INFO] [stdout] 269 | int_tokenizable!(u128, Uint);
[INFO] [stdout]     | ---------------------------- in this macro invocation
[INFO] [stdout] 
[INFO] [stdout] 
[INFO] [stdout] warning: use of deprecated associated function `core::num::<impl u64>::max_value`: replaced by the `MAX` associated constant on this type
[INFO] [stdout]    --> src/contract/tokens.rs:250:83
[INFO] [stdout]     |
[INFO] [stdout] 229 | macro_rules! int_tokenizable {
[INFO] [stdout] ...
[INFO] [stdout] 250 |                     U256::from(self as u128) | U256([0, 0, u64::max_value(), u64::max_value()])
[INFO] [stdout]     |                                                                                   ^^^^^^^^^
[INFO] [stdout] ...
[INFO] [stdout] 269 | int_tokenizable!(u128, Uint);
[INFO] [stdout]     | ---------------------------- in this macro invocation
[INFO] [stdout] 
[INFO] [stdout] 
[INFO] [stdout] warning: missing documentation for a module
[INFO] [stdout]    --> src/helpers.rs:102:1
[INFO] [stdout]     |
[INFO] [stdout] 102 | pub mod tests {
[INFO] [stdout]     | ^^^^^^^^^^^^^
[INFO] [stdout]     |
[INFO] [stdout] note: the lint level is defined here
[INFO] [stdout]    --> src/lib.rs:10:9
[INFO] [stdout]     |
[INFO] [stdout]  10 | #![warn(missing_docs)]
[INFO] [stdout]     |         ^^^^^^^^^^^^
[INFO] [stdout] 
[INFO] [stdout] 
[INFO] [stderr] warning: unused dependency `tokio-util`
[INFO] [stderr]    --> Cargo.toml:102:15
[INFO] [stderr]     |
[INFO] [stderr] 102 | [dependencies.tokio-util]
[INFO] [stderr]     |               ^^^^^^^^^^^
[INFO] [stderr]     |
[INFO] [stderr]     = note: `cargo::unused_dependencies` is set to `warn` by default
[INFO] [stderr] help: consider removing the dependency on `tokio-util`
[INFO] [stderr] warning: `cs_mwc-web3` (manifest) generated 1 warning
[INFO] running `Command { std: "docker" "inspect" "858215bc96e0d512d02d954718f59582d55f5c48122addf1a43f4d36fa191248", kill_on_drop: false }`
[INFO] running `Command { std: "docker" "rm" "-f" "858215bc96e0d512d02d954718f59582d55f5c48122addf1a43f4d36fa191248", kill_on_drop: false }`
[INFO] [stdout] 858215bc96e0d512d02d954718f59582d55f5c48122addf1a43f4d36fa191248
