[INFO] fetching crate crypto-wasi 0.1.1...
[INFO] testing crypto-wasi-0.1.1 against 1.100.0-beta.1+cargoflags=--release for beta-release-1.100-2
[INFO] extracting crate crypto-wasi 0.1.1 into /workspace/builds/worker-7-tc2/source
[INFO] removed /workspace/builds/worker-7-tc2/source/.cargo/config.toml
[INFO] started tweaking crates.io crate crypto-wasi 0.1.1
[INFO] finished tweaking crates.io crate crypto-wasi 0.1.1
[INFO] tweaked toml for crates.io crate crypto-wasi 0.1.1 written to /workspace/builds/worker-7-tc2/source/Cargo.toml
[INFO] validating manifest of crates.io crate crypto-wasi 0.1.1 on toolchain 1.100.0-beta.1
[INFO] running `Command { std: CARGO_HOME="/workspace/cargo-home" RUSTUP_HOME="/workspace/rustup-home" "/workspace/cargo-home/bin/cargo" "+1.100.0-beta.1" "metadata" "--manifest-path" "Cargo.toml" "--no-deps", kill_on_drop: false }`
[INFO] running `Command { std: CARGO_HOME="/workspace/cargo-home" RUSTUP_HOME="/workspace/rustup-home" "/workspace/cargo-home/bin/cargo" "+1.100.0-beta.1" "generate-lockfile" "--manifest-path" "Cargo.toml", kill_on_drop: false }`
[INFO] [stderr]     Updating crates.io index
[INFO] [stderr]      Locking 6 packages to highest compatible versions
[INFO] [stderr]       Adding base64 v0.21.7 (available: v0.23.1)
[INFO] [stderr]       Adding der v0.7.10 (available: v0.8.2)
[INFO] [stderr]       Adding pem v1.1.1 (available: v4.0.0)
[INFO] running `Command { std: CARGO_HOME="/workspace/cargo-home" RUSTUP_HOME="/workspace/rustup-home" "/workspace/cargo-home/bin/cargo" "+1.100.0-beta.1" "fetch" "--manifest-path" "Cargo.toml", kill_on_drop: false }`
[INFO] running `Command { std: "docker" "create" "-v" "/var/lib/crater-agent-workspace/builds/worker-7-tc2/source:/opt/rustwide/workdir:ro,Z" "-v" "/var/lib/crater-agent-workspace/builds/worker-7-tc2/target:/opt/rustwide/target:rw,Z" "-v" "/var/lib/crater-agent-workspace/cargo-home:/opt/rustwide/cargo-home:ro,Z" "-v" "/var/lib/crater-agent-workspace/rustup-home:/opt/rustwide/rustup-home:ro,Z" "-m" "1610612736" "--network" "none" "ghcr.io/rust-lang/crates-build-env/linux@sha256:77db811e55d90add9212f6832c23229e3de5f1c1f9905e8cb07319ea15df73ac" "sleep" "infinity", kill_on_drop: false }`
[INFO] [stdout] 417e32e81427f6173f227741182c6d6f158e339202a9f678a985407555419c50
[INFO] running `Command { std: "docker" "start" "417e32e81427f6173f227741182c6d6f158e339202a9f678a985407555419c50", kill_on_drop: false }`
[INFO] running `Command { std: "docker" "inspect" "417e32e81427f6173f227741182c6d6f158e339202a9f678a985407555419c50", kill_on_drop: false }`
[INFO] running `Command { std: "docker" "exec" "-e" "SOURCE_DIR=/opt/rustwide/workdir" "-e" "CARGO_HOME=/opt/rustwide/cargo-home" "-e" "RUSTUP_HOME=/opt/rustwide/rustup-home" "-e" "CARGO_TARGET_DIR=/opt/rustwide/target" "-w" "/opt/rustwide/workdir" "--user" "0:0" "417e32e81427f6173f227741182c6d6f158e339202a9f678a985407555419c50" "/opt/rustwide/cargo-home/bin/cargo" "+1.100.0-beta.1" "metadata" "--no-deps" "--format-version=1", kill_on_drop: false }`
[INFO] running `Command { std: "docker" "inspect" "417e32e81427f6173f227741182c6d6f158e339202a9f678a985407555419c50", kill_on_drop: false }`
[INFO] running `Command { std: "docker" "exec" "-e" "SOURCE_DIR=/opt/rustwide/workdir" "-e" "CARGO_HOME=/opt/rustwide/cargo-home" "-e" "RUSTUP_HOME=/opt/rustwide/rustup-home" "-e" "CARGO_TARGET_DIR=/opt/rustwide/target" "-e" "CARGO_INCREMENTAL=0" "-e" "RUST_BACKTRACE=full" "-e" "RUSTFLAGS=--cap-lints=warn" "-e" "RUSTDOCFLAGS=--cap-lints=warn" "-w" "/opt/rustwide/workdir" "--user" "0:0" "417e32e81427f6173f227741182c6d6f158e339202a9f678a985407555419c50" "/opt/rustwide/cargo-home/bin/cargo" "+1.100.0-beta.1" "build" "--frozen" "--message-format=json" "--release", kill_on_drop: false }`
[INFO] [stderr]    Compiling der v0.7.10
[INFO] [stderr]    Compiling pem v1.1.1
[INFO] [stderr]    Compiling crypto-wasi v0.1.1 (/opt/rustwide/workdir)
[INFO] [stdout] warning: unexpected `cfg` condition value: `std`
[INFO] [stdout]    --> src/raw.rs:365:7
[INFO] [stdout]     |
[INFO] [stdout] 365 | #[cfg(feature = "std")]
[INFO] [stdout]     |       ^^^^^^^^^^^^^^^ help: remove the condition
[INFO] [stdout]     |
[INFO] [stdout]     = note: no expected values for `feature`
[INFO] [stdout]     = help: consider adding `std` as a feature in `Cargo.toml`
[INFO] [stdout]     = note: see <https://doc.rust-lang.org/nightly/rustc/check-cfg/cargo-specifics.html> for more information about checking conditional configuration
[INFO] [stdout]     = note: `#[warn(unexpected_cfgs)]` on by default
[INFO] [stdout] 
[INFO] [stdout] 
[INFO] [stdout] warning: unexpected `cfg` condition value: `std`
[INFO] [stdout]    --> src/raw.rs:367:7
[INFO] [stdout]     |
[INFO] [stdout] 367 | #[cfg(feature = "std")]
[INFO] [stdout]     |       ^^^^^^^^^^^^^^^ help: remove the condition
[INFO] [stdout]     |
[INFO] [stdout]     = note: no expected values for `feature`
[INFO] [stdout]     = help: consider adding `std` as a feature in `Cargo.toml`
[INFO] [stdout]     = note: see <https://doc.rust-lang.org/nightly/rustc/check-cfg/cargo-specifics.html> for more information about checking conditional configuration
[INFO] [stdout] 
[INFO] [stdout] 
[INFO] [stderr]     Finished `release` profile [optimized] target(s) in 3.54s
[INFO] running `Command { std: "docker" "inspect" "417e32e81427f6173f227741182c6d6f158e339202a9f678a985407555419c50", kill_on_drop: false }`
[INFO] running `Command { std: "docker" "exec" "-e" "SOURCE_DIR=/opt/rustwide/workdir" "-e" "CARGO_HOME=/opt/rustwide/cargo-home" "-e" "RUSTUP_HOME=/opt/rustwide/rustup-home" "-e" "CARGO_TARGET_DIR=/opt/rustwide/target" "-e" "CARGO_INCREMENTAL=0" "-e" "RUST_BACKTRACE=full" "-e" "RUSTFLAGS=--cap-lints=warn" "-e" "RUSTDOCFLAGS=--cap-lints=warn" "-w" "/opt/rustwide/workdir" "--user" "0:0" "417e32e81427f6173f227741182c6d6f158e339202a9f678a985407555419c50" "/opt/rustwide/cargo-home/bin/cargo" "+1.100.0-beta.1" "test" "--frozen" "--no-run" "--message-format=json" "--release", kill_on_drop: false }`
[INFO] [stdout] warning: unexpected `cfg` condition value: `std`
[INFO] [stdout]    --> src/raw.rs:365:7
[INFO] [stdout]     |
[INFO] [stdout] 365 | #[cfg(feature = "std")]
[INFO] [stdout]     |       ^^^^^^^^^^^^^^^ help: remove the condition
[INFO] [stdout]     |
[INFO] [stdout]     = note: no expected values for `feature`
[INFO] [stdout]     = help: consider adding `std` as a feature in `Cargo.toml`
[INFO] [stdout]     = note: see <https://doc.rust-lang.org/nightly/rustc/check-cfg/cargo-specifics.html> for more information about checking conditional configuration
[INFO] [stdout]     = note: `#[warn(unexpected_cfgs)]` on by default
[INFO] [stdout] 
[INFO] [stdout] 
[INFO] [stdout] warning: unexpected `cfg` condition value: `std`
[INFO] [stdout]    --> src/raw.rs:367:7
[INFO] [stdout]     |
[INFO] [stdout] 367 | #[cfg(feature = "std")]
[INFO] [stdout]     |       ^^^^^^^^^^^^^^^ help: remove the condition
[INFO] [stdout]     |
[INFO] [stdout]     = note: no expected values for `feature`
[INFO] [stdout]     = help: consider adding `std` as a feature in `Cargo.toml`
[INFO] [stdout]     = note: see <https://doc.rust-lang.org/nightly/rustc/check-cfg/cargo-specifics.html> for more information about checking conditional configuration
[INFO] [stdout] 
[INFO] [stdout] 
[INFO] [stderr]    Compiling crypto-wasi v0.1.1 (/opt/rustwide/workdir)
[INFO] [stdout] warning: unexpected `cfg` condition value: `std`
[INFO] [stdout]    --> src/raw.rs:365:7
[INFO] [stdout]     |
[INFO] [stdout] 365 | #[cfg(feature = "std")]
[INFO] [stdout]     |       ^^^^^^^^^^^^^^^ help: remove the condition
[INFO] [stdout]     |
[INFO] [stdout]     = note: no expected values for `feature`
[INFO] [stdout]     = help: consider adding `std` as a feature in `Cargo.toml`
[INFO] [stdout]     = note: see <https://doc.rust-lang.org/nightly/rustc/check-cfg/cargo-specifics.html> for more information about checking conditional configuration
[INFO] [stdout]     = note: `#[warn(unexpected_cfgs)]` on by default
[INFO] [stdout] 
[INFO] [stdout] 
[INFO] [stdout] warning: unexpected `cfg` condition value: `std`
[INFO] [stdout]    --> src/raw.rs:367:7
[INFO] [stdout]     |
[INFO] [stdout] 367 | #[cfg(feature = "std")]
[INFO] [stdout]     |       ^^^^^^^^^^^^^^^ help: remove the condition
[INFO] [stdout]     |
[INFO] [stdout]     = note: no expected values for `feature`
[INFO] [stdout]     = help: consider adding `std` as a feature in `Cargo.toml`
[INFO] [stdout]     = note: see <https://doc.rust-lang.org/nightly/rustc/check-cfg/cargo-specifics.html> for more information about checking conditional configuration
[INFO] [stdout] 
[INFO] [stdout] 
[INFO] [stdout] error: linking with `cc` failed: exit status: 1
[INFO] [stdout]   |
[INFO] [stdout]   = note:  "cc" "-m64" "/opt/rustwide/target/release/build/crypto-wasi/f871f33d630fe671/out/rustcomt5K6/symbols.o" "<4 object files omitted>" "-Wl,--as-needed" "-Wl,-Bstatic" "<sysroot>/lib/rustlib/x86_64-unknown-linux-gnu/lib/{libtest-*,libgetopts-*,librustc_std_workspace_std-*}.rlib" "/opt/rustwide/target/release/build/crypto-wasi/dcdee6e942162d82/out/libcrypto_wasi-dcdee6e942162d82.rlib" "/opt/rustwide/target/release/build/pem/a41a843729240be1/out/libpem-a41a843729240be1.rlib" "/opt/rustwide/target/release/build/base64/8681e94812f2261e/out/libbase64-8681e94812f2261e.rlib" "/opt/rustwide/target/release/build/der/77c1dbb958eac4f2/out/libder-77c1dbb958eac4f2.rlib" "/opt/rustwide/target/release/build/const-oid/76ed8b8381031860/out/libconst_oid-76ed8b8381031860.rlib" "/opt/rustwide/target/release/build/base64/3f3a561c7d479591/out/libbase64-3f3a561c7d479591.rlib" "<sysroot>/lib/rustlib/x86_64-unknown-linux-gnu/lib/{libstd-*,libpanic_unwind-*,libobject-*,libmemchr-*,libaddr2line-*,libgimli-*,libcfg_if-*,librustc_demangle-*,libstd_detect-*,libhashbrown-*,librustc_std_workspace_alloc-*,libminiz_oxide-*,libadler2-*,libunwind-*,liblibc-*,librustc_std_workspace_core-*,liballoc-*,libcore-*,libcompiler_builtins-*}.rlib" "-Wl,-Bdynamic" "-lgcc_s" "-lutil" "-lrt" "-lpthread" "-lm" "-ldl" "-lc" "-L" "/opt/rustwide/target/release/build/crypto-wasi/f871f33d630fe671/out/rustcomt5K6/raw-dylibs" "-B<sysroot>/lib/rustlib/x86_64-unknown-linux-gnu/bin/gcc-ld" "-fuse-ld=lld" "-Wl,--eh-frame-hdr" "-Wl,-z,noexecstack" "-L" "<sysroot>/lib/rustlib/x86_64-unknown-linux-gnu/lib" "-o" "/opt/rustwide/target/release/build/crypto-wasi/f871f33d630fe671/out/test-f871f33d630fe671" "-Wl,--gc-sections" "-pie" "-Wl,-z,relro,-z,now" "-Wl,-O1" "-Wl,--strip-debug" "-nodefaultlibs"
[INFO] [stdout]   = note: some arguments are omitted. use `--verbose` to show all linker arguments
[INFO] [stdout]   = note: rust-lld: error: undefined symbol: options_set
[INFO] [stdout]           >>> referenced by crypto_wasi.689501c8301bb40d-cgu.1
[INFO] [stdout]           >>>               crypto_wasi-dcdee6e942162d82.crypto_wasi.689501c8301bb40d-cgu.1.rcgu.o:(crypto_wasi::raw::options_set) in archive /opt/rustwide/target/release/build/crypto-wasi/dcdee6e942162d82/out/libcrypto_wasi-dcdee6e942162d82.rlib
[INFO] [stdout]           
[INFO] [stdout]           rust-lld: error: undefined symbol: symmetric_state_squeeze_tag
[INFO] [stdout]           >>> referenced by crypto_wasi.689501c8301bb40d-cgu.2
[INFO] [stdout]           >>>               crypto_wasi-dcdee6e942162d82.crypto_wasi.689501c8301bb40d-cgu.2.rcgu.o:(<crypto_wasi::hash::Hmac>::digest) in archive /opt/rustwide/target/release/build/crypto-wasi/dcdee6e942162d82/out/libcrypto_wasi-dcdee6e942162d82.rlib
[INFO] [stdout]           
[INFO] [stdout]           rust-lld: error: undefined symbol: symmetric_tag_len
[INFO] [stdout]           >>> referenced by crypto_wasi.689501c8301bb40d-cgu.2
[INFO] [stdout]           >>>               crypto_wasi-dcdee6e942162d82.crypto_wasi.689501c8301bb40d-cgu.2.rcgu.o:(<crypto_wasi::hash::Hmac>::digest) in archive /opt/rustwide/target/release/build/crypto-wasi/dcdee6e942162d82/out/libcrypto_wasi-dcdee6e942162d82.rlib
[INFO] [stdout]           >>> referenced by crypto_wasi.689501c8301bb40d-cgu.1
[INFO] [stdout]           >>>               crypto_wasi-dcdee6e942162d82.crypto_wasi.689501c8301bb40d-cgu.1.rcgu.o:(crypto_wasi::raw::symmetric_tag_len) in archive /opt/rustwide/target/release/build/crypto-wasi/dcdee6e942162d82/out/libcrypto_wasi-dcdee6e942162d82.rlib
[INFO] [stdout]           >>> referenced by crypto_wasi.689501c8301bb40d-cgu.3
[INFO] [stdout]           >>>               crypto_wasi-dcdee6e942162d82.crypto_wasi.689501c8301bb40d-cgu.3.rcgu.o:(<crypto_wasi::cipher::Cipheriv>::fin) in archive /opt/rustwide/target/release/build/crypto-wasi/dcdee6e942162d82/out/libcrypto_wasi-dcdee6e942162d82.rlib
[INFO] [stdout]           
[INFO] [stdout]           rust-lld: error: undefined symbol: options_open
[INFO] [stdout]           >>> referenced by crypto_wasi.689501c8301bb40d-cgu.1
[INFO] [stdout]           >>>               crypto_wasi-dcdee6e942162d82.crypto_wasi.689501c8301bb40d-cgu.1.rcgu.o:(crypto_wasi::raw::options_open) in archive /opt/rustwide/target/release/build/crypto-wasi/dcdee6e942162d82/out/libcrypto_wasi-dcdee6e942162d82.rlib
[INFO] [stdout]           
[INFO] [stdout]           rust-lld: error: undefined symbol: symmetric_tag_pull
[INFO] [stdout]           >>> referenced by crypto_wasi.689501c8301bb40d-cgu.2
[INFO] [stdout]           >>>               crypto_wasi-dcdee6e942162d82.crypto_wasi.689501c8301bb40d-cgu.2.rcgu.o:(<crypto_wasi::hash::Hmac>::digest) in archive /opt/rustwide/target/release/build/crypto-wasi/dcdee6e942162d82/out/libcrypto_wasi-dcdee6e942162d82.rlib
[INFO] [stdout]           >>> referenced by crypto_wasi.689501c8301bb40d-cgu.1
[INFO] [stdout]           >>>               crypto_wasi-dcdee6e942162d82.crypto_wasi.689501c8301bb40d-cgu.1.rcgu.o:(crypto_wasi::raw::symmetric_tag_pull) in archive /opt/rustwide/target/release/build/crypto-wasi/dcdee6e942162d82/out/libcrypto_wasi-dcdee6e942162d82.rlib
[INFO] [stdout]           >>> referenced by crypto_wasi.689501c8301bb40d-cgu.3
[INFO] [stdout]           >>>               crypto_wasi-dcdee6e942162d82.crypto_wasi.689501c8301bb40d-cgu.3.rcgu.o:(<crypto_wasi::cipher::Cipheriv>::fin) in archive /opt/rustwide/target/release/build/crypto-wasi/dcdee6e942162d82/out/libcrypto_wasi-dcdee6e942162d82.rlib
[INFO] [stdout]           
[INFO] [stdout]           rust-lld: error: undefined symbol: symmetric_tag_close
[INFO] [stdout]           >>> referenced by crypto_wasi.689501c8301bb40d-cgu.2
[INFO] [stdout]           >>>               crypto_wasi-dcdee6e942162d82.crypto_wasi.689501c8301bb40d-cgu.2.rcgu.o:(<crypto_wasi::hash::Hmac>::digest) in archive /opt/rustwide/target/release/build/crypto-wasi/dcdee6e942162d82/out/libcrypto_wasi-dcdee6e942162d82.rlib
[INFO] [stdout]           >>> referenced by crypto_wasi.689501c8301bb40d-cgu.1
[INFO] [stdout]           >>>               crypto_wasi-dcdee6e942162d82.crypto_wasi.689501c8301bb40d-cgu.1.rcgu.o:(crypto_wasi::raw::symmetric_tag_close) in archive /opt/rustwide/target/release/build/crypto-wasi/dcdee6e942162d82/out/libcrypto_wasi-dcdee6e942162d82.rlib
[INFO] [stdout]           >>> referenced by crypto_wasi.689501c8301bb40d-cgu.3
[INFO] [stdout]           >>>               crypto_wasi-dcdee6e942162d82.crypto_wasi.689501c8301bb40d-cgu.3.rcgu.o:(<crypto_wasi::cipher::Cipheriv>::fin) in archive /opt/rustwide/target/release/build/crypto-wasi/dcdee6e942162d82/out/libcrypto_wasi-dcdee6e942162d82.rlib
[INFO] [stdout]           
[INFO] [stdout]           rust-lld: error: undefined symbol: symmetric_key_close
[INFO] [stdout]           >>> referenced by crypto_wasi.689501c8301bb40d-cgu.1
[INFO] [stdout]           >>>               crypto_wasi-dcdee6e942162d82.crypto_wasi.689501c8301bb40d-cgu.1.rcgu.o:(crypto_wasi::raw::symmetric_key_close) in archive /opt/rustwide/target/release/build/crypto-wasi/dcdee6e942162d82/out/libcrypto_wasi-dcdee6e942162d82.rlib
[INFO] [stdout]           
[INFO] [stdout]           rust-lld: error: undefined symbol: symmetric_key_import
[INFO] [stdout]           >>> referenced by crypto_wasi.689501c8301bb40d-cgu.1
[INFO] [stdout]           >>>               crypto_wasi-dcdee6e942162d82.crypto_wasi.689501c8301bb40d-cgu.1.rcgu.o:(crypto_wasi::raw::symmetric_key_import) in archive /opt/rustwide/target/release/build/crypto-wasi/dcdee6e942162d82/out/libcrypto_wasi-dcdee6e942162d82.rlib
[INFO] [stdout]           
[INFO] [stdout]           rust-lld: error: undefined symbol: symmetric_state_open
[INFO] [stdout]           >>> referenced by crypto_wasi.689501c8301bb40d-cgu.1
[INFO] [stdout]           >>>               crypto_wasi-dcdee6e942162d82.crypto_wasi.689501c8301bb40d-cgu.1.rcgu.o:(crypto_wasi::raw::symmetric_state_open) in archive /opt/rustwide/target/release/build/crypto-wasi/dcdee6e942162d82/out/libcrypto_wasi-dcdee6e942162d82.rlib
[INFO] [stdout]           >>> referenced by crypto_wasi.689501c8301bb40d-cgu.2
[INFO] [stdout]           >>>               crypto_wasi-dcdee6e942162d82.crypto_wasi.689501c8301bb40d-cgu.2.rcgu.o:(<crypto_wasi::hash::Hash>::create) in archive /opt/rustwide/target/release/build/crypto-wasi/dcdee6e942162d82/out/libcrypto_wasi-dcdee6e942162d82.rlib
[INFO] [stdout]           
[INFO] [stdout]           rust-lld: error: undefined symbol: symmetric_state_close
[INFO] [stdout]           >>> referenced by crypto_wasi.689501c8301bb40d-cgu.1
[INFO] [stdout]           >>>               crypto_wasi-dcdee6e942162d82.crypto_wasi.689501c8301bb40d-cgu.1.rcgu.o:(crypto_wasi::raw::symmetric_state_close) in archive /opt/rustwide/target/release/build/crypto-wasi/dcdee6e942162d82/out/libcrypto_wasi-dcdee6e942162d82.rlib
[INFO] [stdout]           >>> referenced by crypto_wasi.689501c8301bb40d-cgu.2
[INFO] [stdout]           >>>               crypto_wasi-dcdee6e942162d82.crypto_wasi.689501c8301bb40d-cgu.2.rcgu.o:(<crypto_wasi::hash::Hash as core::ops::drop::Drop>::drop) in archive /opt/rustwide/target/release/build/crypto-wasi/dcdee6e942162d82/out/libcrypto_wasi-dcdee6e942162d82.rlib
[INFO] [stdout]           >>> referenced by crypto_wasi.689501c8301bb40d-cgu.2
[INFO] [stdout]           >>>               crypto_wasi-dcdee6e942162d82.crypto_wasi.689501c8301bb40d-cgu.2.rcgu.o:(<crypto_wasi::hash::Hmac as core::ops::drop::Drop>::drop) in archive /opt/rustwide/target/release/build/crypto-wasi/dcdee6e942162d82/out/libcrypto_wasi-dcdee6e942162d82.rlib
[INFO] [stdout]           >>> referenced 2 more times
[INFO] [stdout]           
[INFO] [stdout]           rust-lld: error: undefined symbol: symmetric_state_absorb
[INFO] [stdout]           >>> referenced by crypto_wasi.689501c8301bb40d-cgu.1
[INFO] [stdout]           >>>               crypto_wasi-dcdee6e942162d82.crypto_wasi.689501c8301bb40d-cgu.1.rcgu.o:(crypto_wasi::raw::symmetric_state_absorb) in archive /opt/rustwide/target/release/build/crypto-wasi/dcdee6e942162d82/out/libcrypto_wasi-dcdee6e942162d82.rlib
[INFO] [stdout]           
[INFO] [stdout]           rust-lld: error: undefined symbol: symmetric_state_squeeze
[INFO] [stdout]           >>> referenced by crypto_wasi.689501c8301bb40d-cgu.1
[INFO] [stdout]           >>>               crypto_wasi-dcdee6e942162d82.crypto_wasi.689501c8301bb40d-cgu.1.rcgu.o:(crypto_wasi::raw::symmetric_state_squeeze) in archive /opt/rustwide/target/release/build/crypto-wasi/dcdee6e942162d82/out/libcrypto_wasi-dcdee6e942162d82.rlib
[INFO] [stdout]           >>> referenced by crypto_wasi.689501c8301bb40d-cgu.2
[INFO] [stdout]           >>>               crypto_wasi-dcdee6e942162d82.crypto_wasi.689501c8301bb40d-cgu.2.rcgu.o:(<crypto_wasi::hash::Hash>::digest) in archive /opt/rustwide/target/release/build/crypto-wasi/dcdee6e942162d82/out/libcrypto_wasi-dcdee6e942162d82.rlib
[INFO] [stdout]           
[INFO] [stdout]           rust-lld: error: undefined symbol: symmetric_state_squeeze_key
[INFO] [stdout]           >>> referenced by crypto_wasi.689501c8301bb40d-cgu.1
[INFO] [stdout]           >>>               crypto_wasi-dcdee6e942162d82.crypto_wasi.689501c8301bb40d-cgu.1.rcgu.o:(crypto_wasi::raw::symmetric_state_squeeze_key) in archive /opt/rustwide/target/release/build/crypto-wasi/dcdee6e942162d82/out/libcrypto_wasi-dcdee6e942162d82.rlib
[INFO] [stdout]           
[INFO] [stdout]           rust-lld: error: undefined symbol: symmetric_state_decrypt_detached
[INFO] [stdout]           >>> referenced by crypto_wasi.689501c8301bb40d-cgu.1
[INFO] [stdout]           >>>               crypto_wasi-dcdee6e942162d82.crypto_wasi.689501c8301bb40d-cgu.1.rcgu.o:(crypto_wasi::raw::symmetric_state_decrypt_detached) in archive /opt/rustwide/target/release/build/crypto-wasi/dcdee6e942162d82/out/libcrypto_wasi-dcdee6e942162d82.rlib
[INFO] [stdout]           >>> referenced by crypto_wasi.689501c8301bb40d-cgu.3
[INFO] [stdout]           >>>               crypto_wasi-dcdee6e942162d82.crypto_wasi.689501c8301bb40d-cgu.3.rcgu.o:(<crypto_wasi::cipher::Decipheriv>::fin) in archive /opt/rustwide/target/release/build/crypto-wasi/dcdee6e942162d82/out/libcrypto_wasi-dcdee6e942162d82.rlib
[INFO] [stdout]           
[INFO] [stdout]           rust-lld: error: undefined symbol: symmetric_state_encrypt_detached
[INFO] [stdout]           >>> referenced by crypto_wasi.689501c8301bb40d-cgu.1
[INFO] [stdout]           >>>               crypto_wasi-dcdee6e942162d82.crypto_wasi.689501c8301bb40d-cgu.1.rcgu.o:(crypto_wasi::raw::symmetric_state_encrypt_detached) in archive /opt/rustwide/target/release/build/crypto-wasi/dcdee6e942162d82/out/libcrypto_wasi-dcdee6e942162d82.rlib
[INFO] [stdout]           >>> referenced by crypto_wasi.689501c8301bb40d-cgu.3
[INFO] [stdout]           >>>               crypto_wasi-dcdee6e942162d82.crypto_wasi.689501c8301bb40d-cgu.3.rcgu.o:(<crypto_wasi::cipher::Cipheriv>::fin) in archive /opt/rustwide/target/release/build/crypto-wasi/dcdee6e942162d82/out/libcrypto_wasi-dcdee6e942162d82.rlib
[INFO] [stdout]           
[INFO] [stdout]           rust-lld: error: undefined symbol: symmetric_state_clone
[INFO] [stdout]           >>> referenced by crypto_wasi.689501c8301bb40d-cgu.2
[INFO] [stdout]           >>>               crypto_wasi-dcdee6e942162d82.crypto_wasi.689501c8301bb40d-cgu.2.rcgu.o:(<crypto_wasi::hash::Hash>::copy) in archive /opt/rustwide/target/release/build/crypto-wasi/dcdee6e942162d82/out/libcrypto_wasi-dcdee6e942162d82.rlib
[INFO] [stdout]           collect2: error: ld returned 1 exit status
[INFO] [stdout]           
[INFO] [stdout] 
[INFO] [stdout] 
[INFO] [stderr] error: could not compile `crypto-wasi` (test "test") due to 1 previous error
[INFO] running `Command { std: "docker" "inspect" "417e32e81427f6173f227741182c6d6f158e339202a9f678a985407555419c50", kill_on_drop: false }`
[INFO] running `Command { std: "docker" "rm" "-f" "417e32e81427f6173f227741182c6d6f158e339202a9f678a985407555419c50", kill_on_drop: false }`
[INFO] [stdout] 417e32e81427f6173f227741182c6d6f158e339202a9f678a985407555419c50
