[INFO] fetching crate crypto-bigint-syncless 0.7.0-rc.6...
[INFO] testing crypto-bigint-syncless-0.7.0-rc.6 against 1.99.0-beta.8+cargoflags=--release for beta-release-1.100-2
[INFO] extracting crate crypto-bigint-syncless 0.7.0-rc.6 into /workspace/builds/worker-1-tc1/source
[INFO] started tweaking crates.io crate crypto-bigint-syncless 0.7.0-rc.6
[INFO] removed 0 missing tests
[INFO] finished tweaking crates.io crate crypto-bigint-syncless 0.7.0-rc.6
[INFO] tweaked toml for crates.io crate crypto-bigint-syncless 0.7.0-rc.6 written to /workspace/builds/worker-1-tc1/source/Cargo.toml
[INFO] validating manifest of crates.io crate crypto-bigint-syncless 0.7.0-rc.6 on toolchain 1.99.0-beta.8
[INFO] running `Command { std: CARGO_HOME="/workspace/cargo-home" RUSTUP_HOME="/workspace/rustup-home" "/workspace/cargo-home/bin/cargo" "+1.99.0-beta.8" "metadata" "--manifest-path" "Cargo.toml" "--no-deps", kill_on_drop: false }`
[INFO] crate crates.io crate crypto-bigint-syncless 0.7.0-rc.6 already has a lockfile, it will not be regenerated
[INFO] running `Command { std: CARGO_HOME="/workspace/cargo-home" RUSTUP_HOME="/workspace/rustup-home" "/workspace/cargo-home/bin/cargo" "+1.99.0-beta.8" "fetch" "--manifest-path" "Cargo.toml", kill_on_drop: false }`
[INFO] [stderr]  Downloading crates ...
[INFO] [stderr]   Downloaded rlp v0.6.1
[INFO] [stderr]   Downloaded num-modular v0.6.1
[INFO] [stderr]   Downloaded serdect v0.4.1
[INFO] [stderr]   Downloaded hybrid-array v0.4.1
[INFO] [stderr]   Downloaded base16ct v0.3.0
[INFO] [stderr]   Downloaded hex-literal v1.0.0
[INFO] [stderr]   Downloaded der v0.8.0-rc.8
[INFO] running `Command { std: "docker" "create" "-v" "/var/lib/crater-agent-workspace/builds/worker-1-tc1/source:/opt/rustwide/workdir:ro,Z" "-v" "/var/lib/crater-agent-workspace/builds/worker-1-tc1/target:/opt/rustwide/target:rw,Z" "-v" "/var/lib/crater-agent-workspace/cargo-home:/opt/rustwide/cargo-home:ro,Z" "-v" "/var/lib/crater-agent-workspace/rustup-home:/opt/rustwide/rustup-home:ro,Z" "-m" "1610612736" "--network" "none" "ghcr.io/rust-lang/crates-build-env/linux@sha256:77db811e55d90add9212f6832c23229e3de5f1c1f9905e8cb07319ea15df73ac" "sleep" "infinity", kill_on_drop: false }`
[INFO] [stdout] fe5982509aea7ddc4446c600632546273599757795af22362111f1a8341df750
[INFO] running `Command { std: "docker" "start" "fe5982509aea7ddc4446c600632546273599757795af22362111f1a8341df750", kill_on_drop: false }`
[INFO] running `Command { std: "docker" "inspect" "fe5982509aea7ddc4446c600632546273599757795af22362111f1a8341df750", kill_on_drop: false }`
[INFO] running `Command { std: "docker" "exec" "-e" "SOURCE_DIR=/opt/rustwide/workdir" "-e" "CARGO_HOME=/opt/rustwide/cargo-home" "-e" "RUSTUP_HOME=/opt/rustwide/rustup-home" "-e" "CARGO_TARGET_DIR=/opt/rustwide/target" "-w" "/opt/rustwide/workdir" "--user" "0:0" "fe5982509aea7ddc4446c600632546273599757795af22362111f1a8341df750" "/opt/rustwide/cargo-home/bin/cargo" "+1.99.0-beta.8" "metadata" "--no-deps" "--format-version=1", kill_on_drop: false }`
[INFO] running `Command { std: "docker" "inspect" "fe5982509aea7ddc4446c600632546273599757795af22362111f1a8341df750", kill_on_drop: false }`
[INFO] running `Command { std: "docker" "exec" "-e" "SOURCE_DIR=/opt/rustwide/workdir" "-e" "CARGO_HOME=/opt/rustwide/cargo-home" "-e" "RUSTUP_HOME=/opt/rustwide/rustup-home" "-e" "CARGO_TARGET_DIR=/opt/rustwide/target" "-e" "CARGO_INCREMENTAL=0" "-e" "RUST_BACKTRACE=full" "-e" "RUSTFLAGS=--cap-lints=warn" "-e" "RUSTDOCFLAGS=--cap-lints=warn" "-w" "/opt/rustwide/workdir" "--user" "0:0" "fe5982509aea7ddc4446c600632546273599757795af22362111f1a8341df750" "/opt/rustwide/cargo-home/bin/cargo" "+1.99.0-beta.8" "build" "--frozen" "--message-format=json" "--release", kill_on_drop: false }`
[INFO] [stderr]    Compiling num-traits v0.2.19
[INFO] [stderr]    Compiling rand_core v0.9.3
[INFO] [stderr]    Compiling crypto-bigint-syncless v0.7.0-rc.6 (/opt/rustwide/workdir)
[INFO] [stdout] warning: unused import: `mem::ManuallyDrop`
[INFO] [stdout]  --> src/arky.rs:2:5
[INFO] [stdout]   |
[INFO] [stdout] 2 |     mem::ManuallyDrop,
[INFO] [stdout]   |     ^^^^^^^^^^^^^^^^^
[INFO] [stdout]   |
[INFO] [stdout]   = note: `#[warn(unused_imports)]` (part of `#[warn(unused)]`) on by default
[INFO] [stdout] 
[INFO] [stdout] 
[INFO] [stderr]     Finished `release` profile [optimized] target(s) in 22.75s
[INFO] running `Command { std: "docker" "inspect" "fe5982509aea7ddc4446c600632546273599757795af22362111f1a8341df750", kill_on_drop: false }`
[INFO] running `Command { std: "docker" "exec" "-e" "SOURCE_DIR=/opt/rustwide/workdir" "-e" "CARGO_HOME=/opt/rustwide/cargo-home" "-e" "RUSTUP_HOME=/opt/rustwide/rustup-home" "-e" "CARGO_TARGET_DIR=/opt/rustwide/target" "-e" "CARGO_INCREMENTAL=0" "-e" "RUST_BACKTRACE=full" "-e" "RUSTFLAGS=--cap-lints=warn" "-e" "RUSTDOCFLAGS=--cap-lints=warn" "-w" "/opt/rustwide/workdir" "--user" "0:0" "fe5982509aea7ddc4446c600632546273599757795af22362111f1a8341df750" "/opt/rustwide/cargo-home/bin/cargo" "+1.99.0-beta.8" "test" "--frozen" "--no-run" "--message-format=json" "--release", kill_on_drop: false }`
[INFO] [stderr]    Compiling libc v0.2.175
[INFO] [stderr]    Compiling proc-macro2 v1.0.101
[INFO] [stderr]    Compiling getrandom v0.3.3
[INFO] [stderr]    Compiling serde v1.0.219
[INFO] [stderr]    Compiling rustix v1.0.8
[INFO] [stderr]    Compiling zerocopy v0.8.26
[INFO] [stderr]    Compiling regex-syntax v0.8.6
[INFO] [stderr]    Compiling bitflags v2.9.4
[INFO] [stderr]    Compiling either v1.15.0
[INFO] [stderr]    Compiling serde_json v1.0.143
[INFO] [stderr]    Compiling linux-raw-sys v0.9.4
[INFO] [stderr]    Compiling half v2.6.0
[INFO] [stderr]    Compiling memchr v2.7.5
[INFO] [stderr]    Compiling crossbeam-epoch v0.9.18
[INFO] [stderr]    Compiling once_cell v1.21.3
[INFO] [stderr]    Compiling clap_builder v4.5.47
[INFO] [stderr]    Compiling num-integer v0.1.46
[INFO] [stderr]    Compiling bit-vec v0.8.0
[INFO] [stderr]    Compiling virtue v0.0.18
[INFO] [stderr]    Compiling plotters v0.3.7
[INFO] [stderr]    Compiling unty v0.0.4
[INFO] [stderr]    Compiling itertools v0.13.0
[INFO] [stderr]    Compiling ciborium-ll v0.2.2
[INFO] [stderr]    Compiling crossbeam-deque v0.8.6
[INFO] [stderr]    Compiling bit-set v0.8.0
[INFO] [stderr]    Compiling num-bigint v0.4.6
[INFO] [stderr]    Compiling unarray v0.1.4
[INFO] [stderr]    Compiling quote v1.0.40
[INFO] [stderr]    Compiling rayon-core v1.13.0
[INFO] [stderr]    Compiling hex-literal v1.0.0
[INFO] [stderr]    Compiling wait-timeout v0.2.1
[INFO] [stderr]    Compiling syn v2.0.106
[INFO] [stderr]    Compiling bincode_derive v2.0.1
[INFO] [stderr]    Compiling rand_core v0.9.3
[INFO] [stderr]    Compiling rand v0.9.2
[INFO] [stderr]    Compiling rand_xorshift v0.4.0
[INFO] [stderr]    Compiling crypto-bigint-syncless v0.7.0-rc.6 (/opt/rustwide/workdir)
[INFO] [stderr]    Compiling rayon v1.11.0
[INFO] [stdout] warning: unused import: `mem::ManuallyDrop`
[INFO] [stdout]  --> src/arky.rs:2:5
[INFO] [stdout]   |
[INFO] [stdout] 2 |     mem::ManuallyDrop,
[INFO] [stdout]   |     ^^^^^^^^^^^^^^^^^
[INFO] [stdout]   |
[INFO] [stdout]   = note: `#[warn(unused_imports)]` (part of `#[warn(unused)]`) on by default
[INFO] [stdout] 
[INFO] [stdout] 
[INFO] [stderr]    Compiling tempfile v3.21.0
[INFO] [stderr]    Compiling rusty-fork v0.3.0
[INFO] [stderr]    Compiling regex-automata v0.4.10
[INFO] [stderr]    Compiling ppv-lite86 v0.2.21
[INFO] [stderr]    Compiling criterion-plot v0.6.0
[INFO] [stderr]    Compiling num-modular v0.6.1
[INFO] [stderr]    Compiling rand_chacha v0.9.0
[INFO] [stderr]    Compiling proptest v1.7.0
[INFO] [stderr]    Compiling clap v4.5.47
[INFO] [stderr]    Compiling serde_derive v1.0.219
[INFO] [stderr]    Compiling regex v1.11.2
[INFO] [stderr]    Compiling ciborium v0.2.2
[INFO] [stderr]    Compiling bincode v2.0.1
[INFO] [stderr]    Compiling tinytemplate v1.2.1
[INFO] [stderr]    Compiling criterion v0.7.0
[INFO] [stdout] warning: unused import: `mem::ManuallyDrop`
[INFO] [stdout]  --> src/arky.rs:2:5
[INFO] [stdout]   |
[INFO] [stdout] 2 |     mem::ManuallyDrop,
[INFO] [stdout]   |     ^^^^^^^^^^^^^^^^^
[INFO] [stdout]   |
[INFO] [stdout]   = note: `#[warn(unused_imports)]` (part of `#[warn(unused)]`) on by default
[INFO] [stdout] 
[INFO] [stdout] 
[INFO] [stdout] error[E0432]: unresolved import `crypto_bigint`
[INFO] [stdout]  --> tests/common/mod.rs:6:5
[INFO] [stdout]   |
[INFO] [stdout] 6 | use crypto_bigint::{Encoding, Limb};
[INFO] [stdout]   |     ^^^^^^^^^^^^^ use of unresolved module or unlinked crate `crypto_bigint`
[INFO] [stdout]   |
[INFO] [stdout]   = help: if you wanted to use a crate named `crypto_bigint`, use `cargo add crypto_bigint` to add it to your `Cargo.toml`
[INFO] [stdout] 
[INFO] [stdout] 
[INFO] [stdout] error[E0433]: cannot find module or crate `crypto_bigint` in this scope
[INFO] [stdout]  --> tests/const_monty_form.rs:6:5
[INFO] [stdout]   |
[INFO] [stdout] 6 | use crypto_bigint::{U256, const_monty_params, modular::ConstMontyParams};
[INFO] [stdout]   |     ^^^^^^^^^^^^^ use of unresolved module or unlinked crate `crypto_bigint`
[INFO] [stdout]   |
[INFO] [stdout]   = help: if you wanted to use a crate named `crypto_bigint`, use `cargo add crypto_bigint` to add it to your `Cargo.toml`
[INFO] [stdout] 
[INFO] [stdout] 
[INFO] [stdout] error[E0432]: unresolved import `crypto_bigint`
[INFO] [stdout]  --> tests/const_monty_form.rs:6:5
[INFO] [stdout]   |
[INFO] [stdout] 6 | use crypto_bigint::{U256, const_monty_params, modular::ConstMontyParams};
[INFO] [stdout]   |     ^^^^^^^^^^^^^ use of unresolved module or unlinked crate `crypto_bigint`
[INFO] [stdout]   |
[INFO] [stdout]   = help: if you wanted to use a crate named `crypto_bigint`, use `cargo add crypto_bigint` to add it to your `Cargo.toml`
[INFO] [stdout] 
[INFO] [stdout] 
[INFO] [stdout] error[E0432]: unresolved import `crypto_bigint`
[INFO] [stdout]  --> tests/common/mod.rs:6:5
[INFO] [stdout]   |
[INFO] [stdout] 6 | use crypto_bigint::{Encoding, Limb};
[INFO] [stdout]   |     ^^^^^^^^^^^^^ use of unresolved module or unlinked crate `crypto_bigint`
[INFO] [stdout]   |
[INFO] [stdout]   = help: if you wanted to use a crate named `crypto_bigint`, use `cargo add crypto_bigint` to add it to your `Cargo.toml`
[INFO] [stdout] 
[INFO] [stdout] 
[INFO] [stdout] error[E0432]: unresolved import `crypto_bigint`
[INFO] [stdout]  --> tests/int.rs:6:5
[INFO] [stdout]   |
[INFO] [stdout] 6 | use crypto_bigint::{I256, Odd, U256};
[INFO] [stdout]   |     ^^^^^^^^^^^^^ use of unresolved module or unlinked crate `crypto_bigint`
[INFO] [stdout]   |
[INFO] [stdout]   = help: if you wanted to use a crate named `crypto_bigint`, use `cargo add crypto_bigint` to add it to your `Cargo.toml`
[INFO] [stdout] 
[INFO] [stdout] 
[INFO] [stdout] error[E0432]: unresolved import `crypto_bigint`
[INFO] [stdout]  --> tests/common/mod.rs:6:5
[INFO] [stdout]   |
[INFO] [stdout] 6 | use crypto_bigint::{Encoding, Limb};
[INFO] [stdout]   |     ^^^^^^^^^^^^^ use of unresolved module or unlinked crate `crypto_bigint`
[INFO] [stdout]   |
[INFO] [stdout]   = help: if you wanted to use a crate named `crypto_bigint`, use `cargo add crypto_bigint` to add it to your `Cargo.toml`
[INFO] [stdout] 
[INFO] [stdout] 
[INFO] [stdout] error[E0432]: unresolved import `crypto_bigint`
[INFO] [stdout]  --> tests/safegcd.rs:6:5
[INFO] [stdout]   |
[INFO] [stdout] 6 | use crypto_bigint::{Odd, U256};
[INFO] [stdout]   |     ^^^^^^^^^^^^^ use of unresolved module or unlinked crate `crypto_bigint`
[INFO] [stdout]   |
[INFO] [stdout]   = help: if you wanted to use a crate named `crypto_bigint`, use `cargo add crypto_bigint` to add it to your `Cargo.toml`
[INFO] [stdout] 
[INFO] [stdout] 
[INFO] [stdout] error[E0432]: unresolved import `crypto_bigint`
[INFO] [stdout]   --> tests/safegcd.rs:13:5
[INFO] [stdout]    |
[INFO] [stdout] 13 | use crypto_bigint::{BoxedUint, Resize};
[INFO] [stdout]    |     ^^^^^^^^^^^^^ use of unresolved module or unlinked crate `crypto_bigint`
[INFO] [stdout]    |
[INFO] [stdout]    = help: if you wanted to use a crate named `crypto_bigint`, use `cargo add crypto_bigint` to add it to your `Cargo.toml`
[INFO] [stdout] 
[INFO] [stdout] 
[INFO] [stdout] error[E0432]: unresolved import `crypto_bigint`
[INFO] [stdout]  --> tests/common/mod.rs:6:5
[INFO] [stdout]   |
[INFO] [stdout] 6 | use crypto_bigint::{Encoding, Limb};
[INFO] [stdout]   |     ^^^^^^^^^^^^^ use of unresolved module or unlinked crate `crypto_bigint`
[INFO] [stdout]   |
[INFO] [stdout]   = help: if you wanted to use a crate named `crypto_bigint`, use `cargo add crypto_bigint` to add it to your `Cargo.toml`
[INFO] [stdout] 
[INFO] [stdout] 
[INFO] [stdout] error[E0432]: unresolved import `crypto_bigint`
[INFO] [stdout]  --> tests/boxed_uint.rs:8:5
[INFO] [stdout]   |
[INFO] [stdout] 8 | use crypto_bigint::{BitOps, BoxedUint, CheckedAdd, Gcd, Integer, Limb, NonZero, Odd, Resize};
[INFO] [stdout]   |     ^^^^^^^^^^^^^ use of unresolved module or unlinked crate `crypto_bigint`
[INFO] [stdout]   |
[INFO] [stdout]   = help: if you wanted to use a crate named `crypto_bigint`, use `cargo add crypto_bigint` to add it to your `Cargo.toml`
[INFO] [stdout] 
[INFO] [stdout] 
[INFO] [stdout] error[E0433]: cannot find module or crate `crypto_bigint` in this scope
[INFO] [stdout]   --> tests/const_monty_form.rs:17:23
[INFO] [stdout]    |
[INFO] [stdout] 17 | type ConstMontyForm = crypto_bigint::modular::ConstMontyForm<Modulus, { U256::LIMBS }>;
[INFO] [stdout]    |                       ^^^^^^^^^^^^^ use of unresolved module or unlinked crate `crypto_bigint`
[INFO] [stdout]    |
[INFO] [stdout]    = help: if you wanted to use a crate named `crypto_bigint`, use `cargo add crypto_bigint` to add it to your `Cargo.toml`
[INFO] [stdout] 
[INFO] [stdout] 
[INFO] [stdout] error[E0432]: unresolved import `crypto_bigint`
[INFO] [stdout]  --> tests/common/mod.rs:6:5
[INFO] [stdout]   |
[INFO] [stdout] 6 | use crypto_bigint::{Encoding, Limb};
[INFO] [stdout]   |     ^^^^^^^^^^^^^ use of unresolved module or unlinked crate `crypto_bigint`
[INFO] [stdout]   |
[INFO] [stdout]   = help: if you wanted to use a crate named `crypto_bigint`, use `cargo add crypto_bigint` to add it to your `Cargo.toml`
[INFO] [stdout] 
[INFO] [stdout] 
[INFO] [stdout] error[E0433]: cannot find module or crate `crypto_bigint` in this scope
[INFO] [stdout]  --> tests/monty_form.rs:6:5
[INFO] [stdout]   |
[INFO] [stdout] 6 | use crypto_bigint::{
[INFO] [stdout]   |     ^^^^^^^^^^^^^ use of unresolved module or unlinked crate `crypto_bigint`
[INFO] [stdout]   |
[INFO] [stdout]   = help: if you wanted to use a crate named `crypto_bigint`, use `cargo add crypto_bigint` to add it to your `Cargo.toml`
[INFO] [stdout] 
[INFO] [stdout] 
[INFO] [stdout] error[E0432]: unresolved import `crypto_bigint`
[INFO] [stdout]  --> tests/monty_form.rs:6:5
[INFO] [stdout]   |
[INFO] [stdout] 6 | use crypto_bigint::{
[INFO] [stdout]   |     ^^^^^^^^^^^^^ use of unresolved module or unlinked crate `crypto_bigint`
[INFO] [stdout]   |
[INFO] [stdout]   = help: if you wanted to use a crate named `crypto_bigint`, use `cargo add crypto_bigint` to add it to your `Cargo.toml`
[INFO] [stdout] 
[INFO] [stdout] 
[INFO] [stdout] error[E0432]: unresolved import `crypto_bigint`
[INFO] [stdout]  --> tests/impl_modulus.rs:3:5
[INFO] [stdout]   |
[INFO] [stdout] 3 | use crypto_bigint::{U64, const_monty_params};
[INFO] [stdout]   |     ^^^^^^^^^^^^^ use of unresolved module or unlinked crate `crypto_bigint`
[INFO] [stdout]   |
[INFO] [stdout]   = help: if you wanted to use a crate named `crypto_bigint`, use `cargo add crypto_bigint` to add it to your `Cargo.toml`
[INFO] [stdout] 
[INFO] [stdout] 
[INFO] [stdout] Some errors have detailed explanations: E0432, E0433.
[INFO] [stdout] 
[INFO] [stdout] For more information about an error, try `rustc --explain E0432`.
[INFO] [stdout] 
[INFO] [stdout] For more information about this error, try `rustc --explain E0432`.
[INFO] [stdout] 
[INFO] [stderr] error: could not compile `crypto-bigint-syncless` (test "monty_form") due to 3 previous errors
[INFO] [stderr] warning: build failed, waiting for other jobs to finish...
[INFO] [stderr] error: could not compile `crypto-bigint-syncless` (test "impl_modulus") due to 1 previous error
[INFO] [stdout] error[E0425]: cannot find type `Modulus` in this scope
[INFO] [stdout]   --> tests/const_monty_form.rs:17:62
[INFO] [stdout]    |
[INFO] [stdout] 17 | type ConstMontyForm = crypto_bigint::modular::ConstMontyForm<Modulus, { U256::LIMBS }>;
[INFO] [stdout]    |                                                              ^^^^^^^ not found in this scope
[INFO] [stdout]    |
[INFO] [stdout] help: you might be missing a type parameter
[INFO] [stdout]    |
[INFO] [stdout] 17 | type ConstMontyForm<Modulus> = crypto_bigint::modular::ConstMontyForm<Modulus, { U256::LIMBS }>;
[INFO] [stdout]    |                    +++++++++
[INFO] [stdout] 
[INFO] [stdout] 
[INFO] [stdout] error[E0432]: unresolved import `crypto_bigint`
[INFO] [stdout]  --> tests/common/mod.rs:6:5
[INFO] [stdout]   |
[INFO] [stdout] 6 | use crypto_bigint::{Encoding, Limb};
[INFO] [stdout]   |     ^^^^^^^^^^^^^ use of unresolved module or unlinked crate `crypto_bigint`
[INFO] [stdout]   |
[INFO] [stdout]   = help: if you wanted to use a crate named `crypto_bigint`, use `cargo add crypto_bigint` to add it to your `Cargo.toml`
[INFO] [stdout] 
[INFO] [stdout] 
[INFO] [stdout] error[E0433]: cannot find module or crate `crypto_bigint` in this scope
[INFO] [stdout]  --> tests/uint.rs:6:5
[INFO] [stdout]   |
[INFO] [stdout] 6 | use crypto_bigint::{
[INFO] [stdout]   |     ^^^^^^^^^^^^^ use of unresolved module or unlinked crate `crypto_bigint`
[INFO] [stdout]   |
[INFO] [stdout]   = help: if you wanted to use a crate named `crypto_bigint`, use `cargo add crypto_bigint` to add it to your `Cargo.toml`
[INFO] [stdout] 
[INFO] [stdout] 
[INFO] [stdout] error[E0432]: unresolved import `crypto_bigint`
[INFO] [stdout]  --> tests/uint.rs:6:5
[INFO] [stdout]   |
[INFO] [stdout] 6 | use crypto_bigint::{
[INFO] [stdout]   |     ^^^^^^^^^^^^^ use of unresolved module or unlinked crate `crypto_bigint`
[INFO] [stdout]   |
[INFO] [stdout]   = help: if you wanted to use a crate named `crypto_bigint`, use `cargo add crypto_bigint` to add it to your `Cargo.toml`
[INFO] [stdout] 
[INFO] [stdout] 
[INFO] [stdout] error[E0432]: unresolved import `crypto_bigint`
[INFO] [stdout]  --> tests/common/mod.rs:6:5
[INFO] [stdout]   |
[INFO] [stdout] 6 | use crypto_bigint::{Encoding, Limb};
[INFO] [stdout]   |     ^^^^^^^^^^^^^ use of unresolved module or unlinked crate `crypto_bigint`
[INFO] [stdout]   |
[INFO] [stdout]   = help: if you wanted to use a crate named `crypto_bigint`, use `cargo add crypto_bigint` to add it to your `Cargo.toml`
[INFO] [stdout] 
[INFO] [stdout] 
[INFO] [stdout] error[E0433]: cannot find module or crate `crypto_bigint` in this scope
[INFO] [stdout]  --> tests/boxed_monty_form.rs:8:5
[INFO] [stdout]   |
[INFO] [stdout] 8 | use crypto_bigint::{
[INFO] [stdout]   |     ^^^^^^^^^^^^^ use of unresolved module or unlinked crate `crypto_bigint`
[INFO] [stdout]   |
[INFO] [stdout]   = help: if you wanted to use a crate named `crypto_bigint`, use `cargo add crypto_bigint` to add it to your `Cargo.toml`
[INFO] [stdout] 
[INFO] [stdout] 
[INFO] [stdout] error[E0432]: unresolved import `crypto_bigint`
[INFO] [stdout]  --> tests/boxed_monty_form.rs:8:5
[INFO] [stdout]   |
[INFO] [stdout] 8 | use crypto_bigint::{
[INFO] [stdout]   |     ^^^^^^^^^^^^^ use of unresolved module or unlinked crate `crypto_bigint`
[INFO] [stdout]   |
[INFO] [stdout]   = help: if you wanted to use a crate named `crypto_bigint`, use `cargo add crypto_bigint` to add it to your `Cargo.toml`
[INFO] [stdout] 
[INFO] [stdout] 
[INFO] [stdout] For more information about this error, try `rustc --explain E0432`.
[INFO] [stdout] 
[INFO] [stderr] error: could not compile `crypto-bigint-syncless` (test "int") due to 2 previous errors
[INFO] [stdout] error[E0433]: cannot find type `Modulus` in this scope
[INFO] [stdout]   --> tests/const_monty_form.rs:40:32
[INFO] [stdout]    |
[INFO] [stdout] 40 |         let n_bi = to_biguint(&Modulus::PARAMS.modulus());
[INFO] [stdout]    |                                ^^^^^^^ use of undeclared type `Modulus`
[INFO] [stdout] 
[INFO] [stdout] 
[INFO] [stdout] For more information about this error, try `rustc --explain E0432`.
[INFO] [stdout] 
[INFO] [stdout] Some errors have detailed explanations: E0425, E0432, E0433.
[INFO] [stdout] 
[INFO] [stdout] For more information about an error, try `rustc --explain E0425`.
[INFO] [stdout] 
[INFO] [stderr] error: could not compile `crypto-bigint-syncless` (test "safegcd") due to 3 previous errors
[INFO] [stderr] error: could not compile `crypto-bigint-syncless` (test "const_monty_form") due to 6 previous errors
[INFO] [stdout] For more information about this error, try `rustc --explain E0432`.
[INFO] [stdout] 
[INFO] [stderr] error: could not compile `crypto-bigint-syncless` (test "boxed_uint") due to 2 previous errors
[INFO] [stdout] Some errors have detailed explanations: E0432, E0433.
[INFO] [stdout] 
[INFO] [stdout] For more information about an error, try `rustc --explain E0432`.
[INFO] [stdout] 
[INFO] [stderr] error: could not compile `crypto-bigint-syncless` (test "boxed_monty_form") due to 3 previous errors
[INFO] [stdout] Some errors have detailed explanations: E0432, E0433.
[INFO] [stdout] 
[INFO] [stdout] For more information about an error, try `rustc --explain E0432`.
[INFO] [stdout] 
[INFO] [stderr] error: could not compile `crypto-bigint-syncless` (test "uint") due to 3 previous errors
[INFO] running `Command { std: "docker" "inspect" "fe5982509aea7ddc4446c600632546273599757795af22362111f1a8341df750", kill_on_drop: false }`
[INFO] running `Command { std: "docker" "rm" "-f" "fe5982509aea7ddc4446c600632546273599757795af22362111f1a8341df750", kill_on_drop: false }`
[INFO] [stdout] fe5982509aea7ddc4446c600632546273599757795af22362111f1a8341df750
