[INFO] fetching crate cryprot-net 0.2.5...
[INFO] testing cryprot-net-0.2.5 against 1.99.0-beta.8+cargoflags=--release for beta-release-1.100-2
[INFO] extracting crate cryprot-net 0.2.5 into /workspace/builds/worker-4-tc1/source
[INFO] started tweaking crates.io crate cryprot-net 0.2.5
[INFO] finished tweaking crates.io crate cryprot-net 0.2.5
[INFO] tweaked toml for crates.io crate cryprot-net 0.2.5 written to /workspace/builds/worker-4-tc1/source/Cargo.toml
[INFO] validating manifest of crates.io crate cryprot-net 0.2.5 on toolchain 1.99.0-beta.8
[INFO] running `Command { std: CARGO_HOME="/workspace/cargo-home" RUSTUP_HOME="/workspace/rustup-home" "/workspace/cargo-home/bin/cargo" "+1.99.0-beta.8" "metadata" "--manifest-path" "Cargo.toml" "--no-deps", kill_on_drop: false }`
[INFO] crate crates.io crate cryprot-net 0.2.5 already has a lockfile, it will not be regenerated
[INFO] running `Command { std: CARGO_HOME="/workspace/cargo-home" RUSTUP_HOME="/workspace/rustup-home" "/workspace/cargo-home/bin/cargo" "+1.99.0-beta.8" "fetch" "--manifest-path" "Cargo.toml", kill_on_drop: false }`
[INFO] [stderr]     Updating crates.io index
[INFO] [stderr]  Downloading crates ...
[INFO] [stderr]   Downloaded enum-ordinalize v4.3.2
[INFO] [stderr]   Downloaded pin-project-internal v1.1.11
[INFO] [stderr]   Downloaded pin-project v1.1.11
[INFO] [stderr]   Downloaded educe v0.5.11
[INFO] [stderr]   Downloaded tokio-serde v0.9.0
[INFO] [stderr]   Downloaded siphasher v1.0.2
[INFO] [stderr]   Downloaded cuckoofilter v0.5.0
[INFO] [stderr]   Downloaded crypto-common v0.2.1
[INFO] [stderr]   Downloaded hash_hasher v2.0.4
[INFO] [stderr]   Downloaded inout v0.2.2
[INFO] [stderr]   Downloaded block-buffer v0.12.0
[INFO] [stderr]   Downloaded cpubits v0.1.0
[INFO] [stderr]   Downloaded s2n-quic-tls-default v0.80.0
[INFO] [stderr]   Downloaded enum-ordinalize-derive v4.3.2
[INFO] [stderr]   Downloaded zeroize_derive v1.4.3
[INFO] [stderr]   Downloaded s2n-codec v0.80.0
[INFO] [stderr]   Downloaded s2n-quic-crypto v0.80.0
[INFO] [stderr]   Downloaded bytemuck_derive v1.10.2
[INFO] [stderr]   Downloaded digest v0.11.2
[INFO] [stderr]   Downloaded cmov v0.5.3
[INFO] [stderr]   Downloaded hex-literal v1.1.0
[INFO] [stderr]   Downloaded hybrid-array v0.4.12
[INFO] [stderr]   Downloaded cipher v0.5.1
[INFO] [stderr]   Downloaded s2n-quic-tls v0.80.0
[INFO] [stderr]   Downloaded s2n-quic-rustls v0.80.0
[INFO] [stderr]   Downloaded chacha20 v0.10.0
[INFO] [stderr]   Downloaded cryprot-core v0.3.4
[INFO] [stderr]   Downloaded s2n-quic v1.80.0
[INFO] [stderr]   Downloaded intrusive-collections v0.10.0
[INFO] [stderr]   Downloaded s2n-quic-platform v0.80.0
[INFO] [stderr]   Downloaded wide v1.4.0
[INFO] [stderr]   Downloaded cc v1.2.60
[INFO] [stderr]   Downloaded s2n-tls v0.3.36
[INFO] [stderr]   Downloaded rand v0.10.1
[INFO] [stderr]   Downloaded aes v0.9.0
[INFO] [stderr]   Downloaded s2n-quic-transport v0.80.0
[INFO] [stderr]   Downloaded rustls v0.23.38
[INFO] [stderr]   Downloaded s2n-tls-sys v0.3.36
[INFO] [stderr]   Downloaded s2n-quic-core v0.80.0
[INFO] running `Command { std: "docker" "create" "-v" "/var/lib/crater-agent-workspace/builds/worker-4-tc1/source:/opt/rustwide/workdir:ro,Z" "-v" "/var/lib/crater-agent-workspace/builds/worker-4-tc1/target:/opt/rustwide/target:rw,Z" "-v" "/var/lib/crater-agent-workspace/cargo-home:/opt/rustwide/cargo-home:ro,Z" "-v" "/var/lib/crater-agent-workspace/rustup-home:/opt/rustwide/rustup-home:ro,Z" "-m" "1610612736" "--network" "none" "ghcr.io/rust-lang/crates-build-env/linux@sha256:77db811e55d90add9212f6832c23229e3de5f1c1f9905e8cb07319ea15df73ac" "sleep" "infinity", kill_on_drop: false }`
[INFO] [stdout] 486158c197e8fcb46dd041ee29ebe95fc3a3a844eebd80f7b3c35598c6355af6
[INFO] running `Command { std: "docker" "start" "486158c197e8fcb46dd041ee29ebe95fc3a3a844eebd80f7b3c35598c6355af6", kill_on_drop: false }`
[INFO] running `Command { std: "docker" "inspect" "486158c197e8fcb46dd041ee29ebe95fc3a3a844eebd80f7b3c35598c6355af6", kill_on_drop: false }`
[INFO] running `Command { std: "docker" "exec" "-e" "SOURCE_DIR=/opt/rustwide/workdir" "-e" "CARGO_HOME=/opt/rustwide/cargo-home" "-e" "RUSTUP_HOME=/opt/rustwide/rustup-home" "-e" "CARGO_TARGET_DIR=/opt/rustwide/target" "-w" "/opt/rustwide/workdir" "--user" "0:0" "486158c197e8fcb46dd041ee29ebe95fc3a3a844eebd80f7b3c35598c6355af6" "/opt/rustwide/cargo-home/bin/cargo" "+1.99.0-beta.8" "metadata" "--no-deps" "--format-version=1", kill_on_drop: false }`
[INFO] running `Command { std: "docker" "inspect" "486158c197e8fcb46dd041ee29ebe95fc3a3a844eebd80f7b3c35598c6355af6", kill_on_drop: false }`
[INFO] running `Command { std: "docker" "exec" "-e" "SOURCE_DIR=/opt/rustwide/workdir" "-e" "CARGO_HOME=/opt/rustwide/cargo-home" "-e" "RUSTUP_HOME=/opt/rustwide/rustup-home" "-e" "CARGO_TARGET_DIR=/opt/rustwide/target" "-e" "CARGO_INCREMENTAL=0" "-e" "RUST_BACKTRACE=full" "-e" "RUSTFLAGS=--cap-lints=warn" "-e" "RUSTDOCFLAGS=--cap-lints=warn" "-w" "/opt/rustwide/workdir" "--user" "0:0" "486158c197e8fcb46dd041ee29ebe95fc3a3a844eebd80f7b3c35598c6355af6" "/opt/rustwide/cargo-home/bin/cargo" "+1.99.0-beta.8" "build" "--frozen" "--message-format=json" "--release", kill_on_drop: false }`
[INFO] [stderr]    Compiling quote v1.0.45
[INFO] [stderr]    Compiling libc v0.2.186
[INFO] [stderr]    Compiling shlex v1.3.0
[INFO] [stderr]    Compiling zerocopy v0.8.48
[INFO] [stderr]    Compiling bytes v1.11.1
[INFO] [stderr]    Compiling aws-lc-rs v1.16.3
[INFO] [stderr]    Compiling proc-macro2 v1.0.106
[INFO] [stderr]    Compiling num-traits v0.2.19
[INFO] [stderr]    Compiling futures-sink v0.3.32
[INFO] [stderr]    Compiling futures-core v0.3.32
[INFO] [stderr]    Compiling untrusted v0.7.1
[INFO] [stderr]    Compiling hex-literal v1.1.0
[INFO] [stderr]    Compiling memoffset v0.9.1
[INFO] [stderr]    Compiling serde_core v1.0.228
[INFO] [stderr]    Compiling s2n-tls v0.3.36
[INFO] [stderr]    Compiling rand_core v0.10.1
[INFO] [stderr]    Compiling serde v1.0.228
[INFO] [stderr]    Compiling futures-io v0.3.32
[INFO] [stderr]    Compiling memchr v2.8.0
[INFO] [stderr]    Compiling futures-task v0.3.32
[INFO] [stderr]    Compiling futures-channel v0.3.32
[INFO] [stderr]    Compiling getrandom v0.4.2
[INFO] [stderr]    Compiling s2n-quic-platform v0.80.0
[INFO] [stderr]    Compiling foldhash v0.2.0
[INFO] [stderr]    Compiling intrusive-collections v0.10.0
[INFO] [stderr]    Compiling chacha20 v0.10.0
[INFO] [stderr]    Compiling smallvec v1.15.1
[INFO] [stderr]    Compiling hashbrown v0.17.0
[INFO] [stderr]    Compiling siphasher v1.0.2
[INFO] [stderr]    Compiling hash_hasher v2.0.4
[INFO] [stderr]    Compiling syn v2.0.117
[INFO] [stderr]    Compiling num-integer v0.1.46
[INFO] [stderr]    Compiling num-rational v0.4.2
[INFO] [stderr]    Compiling getrandom v0.1.16
[INFO] [stderr]    Compiling errno v0.3.14
[INFO] [stderr]    Compiling mio v1.2.0
[INFO] [stderr]    Compiling socket2 v0.6.3
[INFO] [stderr]    Compiling rand v0.10.1
[INFO] [stderr]    Compiling rand_core v0.5.1
[INFO] [stderr]    Compiling jobserver v0.1.34
[INFO] [stderr]    Compiling cc v1.2.60
[INFO] [stderr]    Compiling cmake v0.1.58
[INFO] [stderr]    Compiling s2n-tls-sys v0.3.36
[INFO] [stderr]    Compiling aws-lc-sys v0.40.0
[INFO] [stderr]    Compiling zerocopy-derive v0.8.48
[INFO] [stderr]    Compiling zeroize_derive v1.4.3
[INFO] [stderr]    Compiling futures-macro v0.3.32
[INFO] [stderr]    Compiling tokio-macros v2.7.0
[INFO] [stderr]    Compiling serde_derive v1.0.228
[INFO] [stderr]    Compiling enum-ordinalize-derive v4.3.2
[INFO] [stderr]    Compiling pin-project-internal v1.1.11
[INFO] [stderr]    Compiling thiserror-impl v2.0.18
[INFO] [stderr]    Compiling tracing-attributes v0.1.31
[INFO] [stderr]    Compiling enum-ordinalize v4.3.2
[INFO] [stderr]    Compiling educe v0.5.11
[INFO] [stderr]    Compiling zeroize v1.8.2
[INFO] [stderr]    Compiling tokio v1.52.3
[INFO] [stderr]    Compiling futures-util v0.3.32
[INFO] [stderr]    Compiling tracing v0.1.44
[INFO] [stderr]    Compiling pin-project v1.1.11
[INFO] [stderr]    Compiling thiserror v2.0.18
[INFO] [stderr]    Compiling bincode v1.3.3
[INFO] [stderr]    Compiling tokio-serde v0.9.0
[INFO] [stderr]    Compiling futures v0.3.32
[INFO] [stderr]    Compiling s2n-codec v0.80.0
[INFO] [stderr]    Compiling ppv-lite86 v0.2.21
[INFO] [stderr]    Compiling tokio-util v0.7.18
[INFO] [stderr]    Compiling rand_chacha v0.2.2
[INFO] [stderr]    Compiling s2n-quic-core v0.80.0
[INFO] [stderr]    Compiling rand v0.7.3
[INFO] [stderr]    Compiling cuckoofilter v0.5.0
[INFO] [stderr]    Compiling s2n-quic-transport v0.80.0
[INFO] [stderr]    Compiling s2n-quic-crypto v0.80.0
[INFO] [stderr]    Compiling s2n-quic-tls v0.80.0
[INFO] [stderr]    Compiling s2n-quic-tls-default v0.80.0
[INFO] [stderr]    Compiling s2n-quic v1.80.0
[INFO] [stderr]    Compiling cryprot-net v0.2.5 (/opt/rustwide/workdir)
[INFO] [stderr]     Finished `release` profile [optimized] target(s) in 1m 37s
[INFO] running `Command { std: "docker" "inspect" "486158c197e8fcb46dd041ee29ebe95fc3a3a844eebd80f7b3c35598c6355af6", kill_on_drop: false }`
[INFO] running `Command { std: "docker" "exec" "-e" "SOURCE_DIR=/opt/rustwide/workdir" "-e" "CARGO_HOME=/opt/rustwide/cargo-home" "-e" "RUSTUP_HOME=/opt/rustwide/rustup-home" "-e" "CARGO_TARGET_DIR=/opt/rustwide/target" "-e" "CARGO_INCREMENTAL=0" "-e" "RUST_BACKTRACE=full" "-e" "RUSTFLAGS=--cap-lints=warn" "-e" "RUSTDOCFLAGS=--cap-lints=warn" "-w" "/opt/rustwide/workdir" "--user" "0:0" "486158c197e8fcb46dd041ee29ebe95fc3a3a844eebd80f7b3c35598c6355af6" "/opt/rustwide/cargo-home/bin/cargo" "+1.99.0-beta.8" "test" "--frozen" "--no-run" "--message-format=json" "--release", kill_on_drop: false }`
[INFO] [stderr]    Compiling num-traits v0.2.19
[INFO] [stderr]    Compiling bytemuck_derive v1.10.2
[INFO] [stderr]    Compiling typenum v1.20.0
[INFO] [stderr]    Compiling subtle v2.6.1
[INFO] [stderr]    Compiling serde v1.0.228
[INFO] [stderr]    Compiling regex-syntax v0.8.10
[INFO] [stderr]    Compiling tokio v1.52.3
[INFO] [stderr]    Compiling tracing-core v0.1.36
[INFO] [stderr]    Compiling zmij v1.0.21
[INFO] [stderr]    Compiling futures-executor v0.3.32
[INFO] [stderr]    Compiling crossbeam-epoch v0.9.18
[INFO] [stderr]    Compiling either v1.15.0
[INFO] [stderr]    Compiling serde_json v1.0.149
[INFO] [stderr]    Compiling cmov v0.5.3
[INFO] [stderr]    Compiling alloca v0.4.0
[INFO] [stderr]    Compiling blake3 v1.8.5
[INFO] [stderr]    Compiling half v2.7.1
[INFO] [stderr]    Compiling plotters-backend v0.3.7
[INFO] [stderr]    Compiling ciborium-io v0.2.2
[INFO] [stderr]    Compiling futures v0.3.32
[INFO] [stderr]    Compiling clap_builder v4.6.0
[INFO] [stderr]    Compiling itertools v0.13.0
[INFO] [stderr]    Compiling ctutils v0.4.2
[INFO] [stderr]    Compiling crossbeam-deque v0.8.6
[INFO] [stderr]    Compiling tracing v0.1.44
[INFO] [stderr]    Compiling ciborium-ll v0.2.2
[INFO] [stderr]    Compiling plotters-svg v0.3.7
[INFO] [stderr]    Compiling tracing-log v0.2.0
[INFO] [stderr]    Compiling rayon-core v1.13.0
[INFO] [stderr]    Compiling cryprot-core v0.3.4
[INFO] [stderr]    Compiling sharded-slab v0.1.7
[INFO] [stderr]    Compiling anyhow v1.0.102
[INFO] [stderr]    Compiling bincode v1.3.3
[INFO] [stderr]    Compiling arrayvec v0.7.6
[INFO] [stderr]    Compiling cpubits v0.1.0
[INFO] [stderr]    Compiling cast v0.3.0
[INFO] [stderr]    Compiling nu-ansi-term v0.50.3
[INFO] [stderr]    Compiling ciborium v0.2.2
[INFO] [stderr]    Compiling page_size v0.6.0
[INFO] [stderr]    Compiling oorandom v11.1.5
[INFO] [stderr]    Compiling anes v0.1.6
[INFO] [stderr]    Compiling rand_core v0.6.4
[INFO] [stderr]    Compiling num-integer v0.1.46
[INFO] [stderr]    Compiling plotters v0.3.7
[INFO] [stderr]    Compiling rayon v1.12.0
[INFO] [stderr]    Compiling bytemuck v1.25.0
[INFO] [stderr]    Compiling tokio-serde v0.9.0
[INFO] [stderr]    Compiling num-rational v0.4.2
[INFO] [stderr]    Compiling hybrid-array v0.4.12
[INFO] [stderr]    Compiling safe_arch v1.0.0
[INFO] [stderr]    Compiling s2n-quic-core v0.80.0
[INFO] [stderr]    Compiling regex-automata v0.4.14
[INFO] [stderr]    Compiling wide v1.4.0
[INFO] [stderr]    Compiling crypto-common v0.2.1
[INFO] [stderr]    Compiling block-buffer v0.12.0
[INFO] [stderr]    Compiling inout v0.2.2
[INFO] [stderr]    Compiling criterion-plot v0.8.2
[INFO] [stderr]    Compiling tinytemplate v1.2.1
[INFO] [stderr]    Compiling clap v4.6.1
[INFO] [stderr]    Compiling cipher v0.5.1
[INFO] [stderr]    Compiling digest v0.11.2
[INFO] [stderr]    Compiling aes v0.9.0
[INFO] [stderr]    Compiling matchers v0.2.0
[INFO] [stderr]    Compiling regex v1.12.3
[INFO] [stderr]    Compiling tracing-subscriber v0.3.23
[INFO] [stderr]    Compiling tokio-util v0.7.18
[INFO] [stderr]    Compiling criterion v0.8.2
[INFO] [stderr]    Compiling s2n-quic-crypto v0.80.0
[INFO] [stderr]    Compiling s2n-quic-platform v0.80.0
[INFO] [stderr]    Compiling s2n-quic-transport v0.80.0
[INFO] [stderr]    Compiling s2n-quic-tls v0.80.0
[INFO] [stderr]    Compiling s2n-quic-tls-default v0.80.0
[INFO] [stderr]    Compiling s2n-quic v1.80.0
[INFO] [stderr]    Compiling cryprot-net v0.2.5 (/opt/rustwide/workdir)
[INFO] [stdout] error[E0432]: unresolved import `crate::metrics`
[INFO] [stdout]   --> src/testing.rs:9:5
[INFO] [stdout]    |
[INFO] [stdout]  9 |     metrics::{CommLayerData, new_comm_layer},
[INFO] [stdout]    |     ^^^^^^^ could not find `metrics` in the crate root
[INFO] [stdout]    |
[INFO] [stdout] note: found an item that was configured out
[INFO] [stdout]   --> src/lib.rs:34:9
[INFO] [stdout]    |
[INFO] [stdout] 33 | #[cfg(feature = "metrics")]
[INFO] [stdout]    |       ------------------- the item is gated behind the `metrics` feature
[INFO] [stdout] 34 | pub mod metrics;
[INFO] [stdout]    |         ^^^^^^^
[INFO] [stdout] 
[INFO] [stdout] 
[INFO] [stdout] error[E0433]: cannot find module or crate `tracing_subscriber` in this scope
[INFO] [stdout]   --> src/testing.rs:61:5
[INFO] [stdout]    |
[INFO] [stdout] 61 | use tracing_subscriber::{
[INFO] [stdout]    |     ^^^^^^^^^^^^^^^^^^ use of unresolved module or unlinked crate `tracing_subscriber`
[INFO] [stdout]    |
[INFO] [stdout]    = help: if you wanted to use a crate named `tracing_subscriber`, use `cargo add tracing_subscriber` to add it to your `Cargo.toml`
[INFO] [stdout] 
[INFO] [stdout] 
[INFO] [stdout] error[E0432]: unresolved import `tracing_subscriber`
[INFO] [stdout]   --> src/testing.rs:61:5
[INFO] [stdout]    |
[INFO] [stdout] 61 | use tracing_subscriber::{
[INFO] [stdout]    |     ^^^^^^^^^^^^^^^^^^ use of unresolved module or unlinked crate `tracing_subscriber`
[INFO] [stdout]    |
[INFO] [stdout]    = help: if you wanted to use a crate named `tracing_subscriber`, use `cargo add tracing_subscriber` to add it to your `Cargo.toml`
[INFO] [stdout] 
[INFO] [stdout] 
[INFO] [stdout] warning: use of deprecated module `std::u8`: all constants in this module replaced by associated constants on the type
[INFO] [stdout]    --> src/lib.rs:570:14
[INFO] [stdout]     |
[INFO] [stdout] 570 |     use std::u8;
[INFO] [stdout]     |              ^^
[INFO] [stdout]     |
[INFO] [stdout]     = note: `#[warn(deprecated)]` on by default
[INFO] [stdout] 
[INFO] [stdout] 
[INFO] [stdout] warning: use of deprecated constant `std::u8::MAX`: replaced by the `MAX` associated constant on this type
[INFO] [stdout]    --> src/lib.rs:703:27
[INFO] [stdout]     |
[INFO] [stdout] 703 |         snd.send(vec![u8::MAX; 16]).await?;
[INFO] [stdout]     |                           ^^^
[INFO] [stdout] 
[INFO] [stdout] 
[INFO] [stdout] warning: use of deprecated constant `std::u8::MAX`: replaced by the `MAX` associated constant on this type
[INFO] [stdout]    --> src/lib.rs:705:29
[INFO] [stdout]     |
[INFO] [stdout] 705 |         assert_eq!(vec![u8::MAX; 16], ret);
[INFO] [stdout]     |                             ^^^
[INFO] [stdout] 
[INFO] [stdout] 
[INFO] [stdout] error[E0433]: cannot find module or crate `tracing_subscriber` in this scope
[INFO] [stdout]    --> src/testing.rs:110:5
[INFO] [stdout]     |
[INFO] [stdout] 110 |     tracing_subscriber::fmt()
[INFO] [stdout]     |     ^^^^^^^^^^^^^^^^^^ use of unresolved module or unlinked crate `tracing_subscriber`
[INFO] [stdout]     |
[INFO] [stdout]     = help: if you wanted to use a crate named `tracing_subscriber`, use `cargo add tracing_subscriber` to add it to your `Cargo.toml`
[INFO] [stdout] 
[INFO] [stdout] 
[INFO] [stdout] error[E0282]: type annotations needed
[INFO] [stdout]    --> src/lib.rs:702:31
[INFO] [stdout]     |
[INFO] [stdout] 702 |         let (_, mut recv) = c.stream().await?;
[INFO] [stdout]     |                               ^^^^^^ cannot infer type of the type parameter `T` declared on the method `stream`
[INFO] [stdout] 703 |         snd.send(vec![u8::MAX; 16]).await?;
[INFO] [stdout] 704 |         let ret: Vec<_> = recv.next().await.context("recv")??;
[INFO] [stdout]     |                           ----------------------------------- type must be known at this point
[INFO] [stdout]     |
[INFO] [stdout] help: consider specifying a concrete type for the type parameter `T`
[INFO] [stdout]     |
[INFO] [stdout] 702 |         let (_, mut recv) = c.stream::</* Type */>().await?;
[INFO] [stdout]     |                                     ++++++++++++++
[INFO] [stdout] 
[INFO] [stdout] 
[INFO] [stdout] error[E0283]: type annotations needed
[INFO] [stdout]    --> src/lib.rs:702:31
[INFO] [stdout]     |
[INFO] [stdout] 702 |         let (_, mut recv) = c.stream().await?;
[INFO] [stdout]     |                               ^^^^^^ cannot infer type of the type parameter `T` declared on the method `stream`
[INFO] [stdout] ...
[INFO] [stdout] 705 |         assert_eq!(vec![u8::MAX; 16], ret);
[INFO] [stdout]     |         ---------------------------------- type must be known at this point
[INFO] [stdout]     |
[INFO] [stdout]     = note: multiple `impl`s satisfying `u8: PartialEq<_>` found in the following crates: `core`, `serde_json`:
[INFO] [stdout]             - impl PartialEq for u8;
[INFO] [stdout]             - impl PartialEq<serde_json::Value> for u8;
[INFO] [stdout]     = note: required for `Vec<u8>` to implement `PartialEq<Vec<_>>`
[INFO] [stdout] help: consider specifying a concrete type for the type parameter `T`
[INFO] [stdout]     |
[INFO] [stdout] 702 |         let (_, mut recv) = c.stream::</* Type */>().await?;
[INFO] [stdout]     |                                     ++++++++++++++
[INFO] [stdout] 
[INFO] [stdout] 
[INFO] [stdout] Some errors have detailed explanations: E0282, E0283, E0432, E0433.
[INFO] [stdout] 
[INFO] [stdout] For more information about an error, try `rustc --explain E0282`.
[INFO] [stdout] 
[INFO] [stderr] error: could not compile `cryprot-net` (lib test) due to 6 previous errors; 3 warnings emitted
[INFO] running `Command { std: "docker" "inspect" "486158c197e8fcb46dd041ee29ebe95fc3a3a844eebd80f7b3c35598c6355af6", kill_on_drop: false }`
[INFO] running `Command { std: "docker" "rm" "-f" "486158c197e8fcb46dd041ee29ebe95fc3a3a844eebd80f7b3c35598c6355af6", kill_on_drop: false }`
[INFO] [stdout] 486158c197e8fcb46dd041ee29ebe95fc3a3a844eebd80f7b3c35598c6355af6
