[INFO] fetching crate crush-lang-python 0.5.0...
[INFO] testing crush-lang-python-0.5.0 against 1.100.0-beta.1+cargoflags=--release for beta-release-1.100-2
[INFO] extracting crate crush-lang-python 0.5.0 into /workspace/builds/worker-5-tc2/source
[INFO] started tweaking crates.io crate crush-lang-python 0.5.0
[INFO] removed 0 missing tests
[INFO] finished tweaking crates.io crate crush-lang-python 0.5.0
[INFO] tweaked toml for crates.io crate crush-lang-python 0.5.0 written to /workspace/builds/worker-5-tc2/source/Cargo.toml
[INFO] validating manifest of crates.io crate crush-lang-python 0.5.0 on toolchain 1.100.0-beta.1
[INFO] running `Command { std: CARGO_HOME="/workspace/cargo-home" RUSTUP_HOME="/workspace/rustup-home" "/workspace/cargo-home/bin/cargo" "+1.100.0-beta.1" "metadata" "--manifest-path" "Cargo.toml" "--no-deps", kill_on_drop: false }`
[INFO] crate crates.io crate crush-lang-python 0.5.0 already has a lockfile, it will not be regenerated
[INFO] running `Command { std: CARGO_HOME="/workspace/cargo-home" RUSTUP_HOME="/workspace/rustup-home" "/workspace/cargo-home/bin/cargo" "+1.100.0-beta.1" "fetch" "--manifest-path" "Cargo.toml", kill_on_drop: false }`
[INFO] running `Command { std: "docker" "create" "-v" "/var/lib/crater-agent-workspace/builds/worker-5-tc2/source:/opt/rustwide/workdir:ro,Z" "-v" "/var/lib/crater-agent-workspace/builds/worker-5-tc2/target:/opt/rustwide/target:rw,Z" "-v" "/var/lib/crater-agent-workspace/cargo-home:/opt/rustwide/cargo-home:ro,Z" "-v" "/var/lib/crater-agent-workspace/rustup-home:/opt/rustwide/rustup-home:ro,Z" "-m" "1610612736" "--network" "none" "ghcr.io/rust-lang/crates-build-env/linux@sha256:77db811e55d90add9212f6832c23229e3de5f1c1f9905e8cb07319ea15df73ac" "sleep" "infinity", kill_on_drop: false }`
[INFO] [stdout] 4610e3504ca3b63d1f260c335a97de0f2397bac45159d71653d7a1d2a6d33aa2
[INFO] running `Command { std: "docker" "start" "4610e3504ca3b63d1f260c335a97de0f2397bac45159d71653d7a1d2a6d33aa2", kill_on_drop: false }`
[INFO] running `Command { std: "docker" "inspect" "4610e3504ca3b63d1f260c335a97de0f2397bac45159d71653d7a1d2a6d33aa2", kill_on_drop: false }`
[INFO] running `Command { std: "docker" "exec" "-e" "SOURCE_DIR=/opt/rustwide/workdir" "-e" "CARGO_HOME=/opt/rustwide/cargo-home" "-e" "RUSTUP_HOME=/opt/rustwide/rustup-home" "-e" "CARGO_TARGET_DIR=/opt/rustwide/target" "-w" "/opt/rustwide/workdir" "--user" "0:0" "4610e3504ca3b63d1f260c335a97de0f2397bac45159d71653d7a1d2a6d33aa2" "/opt/rustwide/cargo-home/bin/cargo" "+1.100.0-beta.1" "metadata" "--no-deps" "--format-version=1", kill_on_drop: false }`
[INFO] running `Command { std: "docker" "inspect" "4610e3504ca3b63d1f260c335a97de0f2397bac45159d71653d7a1d2a6d33aa2", kill_on_drop: false }`
[INFO] running `Command { std: "docker" "exec" "-e" "SOURCE_DIR=/opt/rustwide/workdir" "-e" "CARGO_HOME=/opt/rustwide/cargo-home" "-e" "RUSTUP_HOME=/opt/rustwide/rustup-home" "-e" "CARGO_TARGET_DIR=/opt/rustwide/target" "-e" "CARGO_INCREMENTAL=0" "-e" "RUST_BACKTRACE=full" "-e" "RUSTFLAGS=--cap-lints=warn" "-e" "RUSTDOCFLAGS=--cap-lints=warn" "-w" "/opt/rustwide/workdir" "--user" "0:0" "4610e3504ca3b63d1f260c335a97de0f2397bac45159d71653d7a1d2a6d33aa2" "/opt/rustwide/cargo-home/bin/cargo" "+1.100.0-beta.1" "build" "--frozen" "--message-format=json" "--release", kill_on_drop: false }`
[INFO] [stderr]    Compiling quote v1.0.46
[INFO] [stderr]    Compiling zerocopy v0.8.54
[INFO] [stderr]    Compiling memchr v2.8.3
[INFO] [stderr]    Compiling zmij v1.0.23
[INFO] [stderr]    Compiling serde_core v1.0.228
[INFO] [stderr]    Compiling libc v0.2.186
[INFO] [stderr]    Compiling autocfg v1.5.1
[INFO] [stderr]    Compiling cfg-if v1.0.4
[INFO] [stderr]    Compiling anyhow v1.0.103
[INFO] [stderr]    Compiling siphasher v1.0.3
[INFO] [stderr]    Compiling ahash v0.8.12
[INFO] [stderr]    Compiling typenum v1.20.1
[INFO] [stderr]    Compiling serde_json v1.0.150
[INFO] [stderr]    Compiling regex-syntax v0.8.11
[INFO] [stderr]    Compiling libm v0.2.16
[INFO] [stderr]    Compiling either v1.16.0
[INFO] [stderr]    Compiling thiserror v1.0.69
[INFO] [stderr]    Compiling malachite-nz v0.4.22
[INFO] [stderr]    Compiling phf_shared v0.11.3
[INFO] [stderr]    Compiling itertools v0.11.0
[INFO] [stderr]    Compiling ryu v1.0.23
[INFO] [stderr]    Compiling equivalent v1.0.2
[INFO] [stderr]    Compiling crunchy v0.2.4
[INFO] [stderr]    Compiling unicode-width v0.2.2
[INFO] [stderr]    Compiling smallvec v1.15.2
[INFO] [stderr]    Compiling syn v2.0.119
[INFO] [stderr]    Compiling hashbrown v0.17.1
[INFO] [stderr]    Compiling num-traits v0.2.19
[INFO] [stderr]    Compiling getopts v0.2.24
[INFO] [stderr]    Compiling parking_lot_core v0.9.12
[INFO] [stderr]    Compiling generic-array v0.14.7
[INFO] [stderr]    Compiling aho-corasick v1.1.4
[INFO] [stderr]    Compiling log v0.4.33
[INFO] [stderr]    Compiling indexmap v2.14.0
[INFO] [stderr]    Compiling byteorder v1.5.0
[INFO] [stderr]    Compiling unicode-xid v0.2.6
[INFO] [stderr]    Compiling getrandom v0.2.17
[INFO] [stderr]    Compiling bitflags v2.13.0
[INFO] [stderr]    Compiling rand_core v0.6.4
[INFO] [stderr]    Compiling itoa v1.0.18
[INFO] [stderr]    Compiling block-buffer v0.10.4
[INFO] [stderr]    Compiling crypto-common v0.1.7
[INFO] [stderr]    Compiling rmp v0.8.15
[INFO] [stderr]    Compiling crush-vm v0.5.0
[INFO] [stderr]    Compiling find-msvc-tools v0.1.9
[INFO] [stderr]    Compiling digest v0.10.7
[INFO] [stderr]    Compiling tiny-keccak v2.0.2
[INFO] [stderr]    Compiling getrandom v0.4.3
[INFO] [stderr]    Compiling sha2 v0.10.9
[INFO] [stderr]    Compiling shlex v2.0.1
[INFO] [stderr]    Compiling tree-sitter-language v0.1.7
[INFO] [stderr]    Compiling paste v1.0.15
[INFO] [stderr]    Compiling cc v1.2.67
[INFO] [stderr]    Compiling parking_lot v0.12.5
[INFO] [stderr]    Compiling heck v0.5.0
[INFO] [stderr]    Compiling unic-common v0.9.0
[INFO] [stderr]    Compiling unic-char-range v0.9.0
[INFO] [stderr]    Compiling unic-char-property v0.9.0
[INFO] [stderr]    Compiling unic-ucd-version v0.9.0
[INFO] [stderr]    Compiling num-integer v0.1.46
[INFO] [stderr]    Compiling rustpython-parser-vendored v0.4.0
[INFO] [stderr]    Compiling crush-cast v0.5.0
[INFO] [stderr]    Compiling uuid v1.23.5
[INFO] [stderr]    Compiling phf v0.11.3
[INFO] [stderr]    Compiling static_assertions v1.1.0
[INFO] [stderr]    Compiling streaming-iterator v0.1.9
[INFO] [stderr]    Compiling unic-emoji-char v0.9.0
[INFO] [stderr]    Compiling unic-ucd-ident v0.9.0
[INFO] [stderr]    Compiling rustc-hash v1.1.0
[INFO] [stderr]    Compiling lalrpop-util v0.20.2
[INFO] [stderr]    Compiling regex-automata v0.4.15
[INFO] [stderr]    Compiling serde_path_to_error v0.1.20
[INFO] [stderr]    Compiling tree-sitter v0.25.10
[INFO] [stderr]    Compiling ppv-lite86 v0.2.21
[INFO] [stderr]    Compiling serde_derive v1.0.228
[INFO] [stderr]    Compiling thiserror-impl v1.0.69
[INFO] [stderr]    Compiling derive_more-impl v1.0.0
[INFO] [stderr]    Compiling is-macro v0.3.7
[INFO] [stderr]    Compiling rand_chacha v0.3.1
[INFO] [stderr]    Compiling rustpython-parser-core v0.4.0
[INFO] [stderr]    Compiling rand v0.8.7
[INFO] [stderr]    Compiling hashbrown v0.14.5
[INFO] [stderr]    Compiling phf_generator v0.11.3
[INFO] [stderr]    Compiling malachite-base v0.4.22
[INFO] [stderr]    Compiling phf_codegen v0.11.3
[INFO] [stderr]    Compiling unicode_names2_generator v1.3.0
[INFO] [stderr]    Compiling rustpython-parser v0.4.0
[INFO] [stderr]    Compiling regex v1.13.0
[INFO] [stderr]    Compiling derive_more v1.0.0
[INFO] [stderr]    Compiling unicode_names2 v1.3.0
[INFO] [stderr]    Compiling serde v1.0.228
[INFO] [stderr]    Compiling crush-errors v0.5.0
[INFO] [stderr]    Compiling rmp-serde v1.3.1
[INFO] [stderr]    Compiling crush-diagnostics v0.5.0
[INFO] [stderr]    Compiling caison v0.1.0
[INFO] [stderr]    Compiling cbor4ii v0.3.3
[INFO] [stderr]    Compiling casm v0.5.0
[INFO] [stderr]    Compiling crush-caison v0.5.0
[INFO] [stderr]    Compiling crush-walker-core v0.5.0
[INFO] [stderr]    Compiling malachite-q v0.4.22
[INFO] [stderr]    Compiling malachite v0.4.22
[INFO] [stderr]    Compiling malachite-bigint v0.2.3
[INFO] [stderr]    Compiling rustpython-ast v0.4.0
[INFO] [stderr]    Compiling crush-lang-python v0.5.0 (/opt/rustwide/workdir)
[INFO] [stderr]     Finished `release` profile [optimized] target(s) in 2m 25s
[INFO] running `Command { std: "docker" "inspect" "4610e3504ca3b63d1f260c335a97de0f2397bac45159d71653d7a1d2a6d33aa2", kill_on_drop: false }`
[INFO] running `Command { std: "docker" "exec" "-e" "SOURCE_DIR=/opt/rustwide/workdir" "-e" "CARGO_HOME=/opt/rustwide/cargo-home" "-e" "RUSTUP_HOME=/opt/rustwide/rustup-home" "-e" "CARGO_TARGET_DIR=/opt/rustwide/target" "-e" "CARGO_INCREMENTAL=0" "-e" "RUST_BACKTRACE=full" "-e" "RUSTFLAGS=--cap-lints=warn" "-e" "RUSTDOCFLAGS=--cap-lints=warn" "-w" "/opt/rustwide/workdir" "--user" "0:0" "4610e3504ca3b63d1f260c335a97de0f2397bac45159d71653d7a1d2a6d33aa2" "/opt/rustwide/cargo-home/bin/cargo" "+1.100.0-beta.1" "test" "--frozen" "--no-run" "--message-format=json" "--release", kill_on_drop: false }`
[INFO] [stderr]    Compiling crush-lang-python v0.5.0 (/opt/rustwide/workdir)
[INFO] [stdout] error[E0433]: cannot find module or crate `crush_vm` in this scope
[INFO] [stdout]   --> src/sdk.rs:18:9
[INFO] [stdout]    |
[INFO] [stdout] 18 |     use crush_vm::host::{HostCap, HostCapSpec, HostCaps};
[INFO] [stdout]    |         ^^^^^^^^ use of unresolved module or unlinked crate `crush_vm`
[INFO] [stdout]    |
[INFO] [stdout]    = help: if you wanted to use a crate named `crush_vm`, use `cargo add crush_vm` to add it to your `Cargo.toml`
[INFO] [stdout] 
[INFO] [stdout] 
[INFO] [stdout] error[E0433]: cannot find module or crate `crush_frontend` in this scope
[INFO] [stdout]   --> src/sdk.rs:10:24
[INFO] [stdout]    |
[INFO] [stdout] 10 |     let mut compiler = crush_frontend::compiler::Compiler::new();
[INFO] [stdout]    |                        ^^^^^^^^^^^^^^ use of unresolved module or unlinked crate `crush_frontend`
[INFO] [stdout]    |
[INFO] [stdout]    = help: if you wanted to use a crate named `crush_frontend`, use `cargo add crush_frontend` to add it to your `Cargo.toml`
[INFO] [stdout] 
[INFO] [stdout] 
[INFO] [stdout] error[E0433]: cannot find module or crate `crush_lang_sdk` in this scope
[INFO] [stdout]   --> src/sdk.rs:15:19
[INFO] [stdout]    |
[INFO] [stdout] 15 |     let vm_prog = crush_lang_sdk::compile::casm_to_vm(&casm)
[INFO] [stdout]    |                   ^^^^^^^^^^^^^^ use of unresolved module or unlinked crate `crush_lang_sdk`
[INFO] [stdout]    |
[INFO] [stdout]    = help: if you wanted to use a crate named `crush_lang_sdk`, use `cargo add crush_lang_sdk` to add it to your `Cargo.toml`
[INFO] [stdout] 
[INFO] [stdout] 
[INFO] [stdout] error[E0433]: cannot find module or crate `crush_vm` in this scope
[INFO] [stdout]   --> src/sdk.rs:26:31
[INFO] [stdout]    |
[INFO] [stdout] 26 |         fn call(&self, _: Vec<crush_vm::vm::Value>) -> Result<Option<crush_vm::vm::Value>, String> {
[INFO] [stdout]    |                               ^^^^^^^^ use of unresolved module or unlinked crate `crush_vm`
[INFO] [stdout]    |
[INFO] [stdout]    = help: if you wanted to use a crate named `crush_vm`, use `cargo add crush_vm` to add it to your `Cargo.toml`
[INFO] [stdout] 
[INFO] [stdout] 
[INFO] [stdout] error[E0433]: cannot find module or crate `crush_vm` in this scope
[INFO] [stdout]   --> src/sdk.rs:26:70
[INFO] [stdout]    |
[INFO] [stdout] 26 |         fn call(&self, _: Vec<crush_vm::vm::Value>) -> Result<Option<crush_vm::vm::Value>, String> {
[INFO] [stdout]    |                                                                      ^^^^^^^^ use of unresolved module or unlinked crate `crush_vm`
[INFO] [stdout]    |
[INFO] [stdout]    = help: if you wanted to use a crate named `crush_vm`, use `cargo add crush_vm` to add it to your `Cargo.toml`
[INFO] [stdout] 
[INFO] [stdout] 
[INFO] [stdout] error[E0433]: cannot find module or crate `crush_vm` in this scope
[INFO] [stdout]   --> src/sdk.rs:27:21
[INFO] [stdout]    |
[INFO] [stdout] 27 |             Ok(Some(crush_vm::vm::Value::Null))
[INFO] [stdout]    |                     ^^^^^^^^ use of unresolved module or unlinked crate `crush_vm`
[INFO] [stdout]    |
[INFO] [stdout]    = help: if you wanted to use a crate named `crush_vm`, use `cargo add crush_vm` to add it to your `Cargo.toml`
[INFO] [stdout] 
[INFO] [stdout] 
[INFO] [stdout] error[E0433]: cannot find module or crate `crush_vm` in this scope
[INFO] [stdout]   --> src/sdk.rs:42:18
[INFO] [stdout]    |
[INFO] [stdout] 42 |     let quotas = crush_vm::vm::Quotas { max_steps: 10_000_000, ..Default::default() };
[INFO] [stdout]    |                  ^^^^^^^^ use of unresolved module or unlinked crate `crush_vm`
[INFO] [stdout]    |
[INFO] [stdout]    = help: if you wanted to use a crate named `crush_vm`, use `cargo add crush_vm` to add it to your `Cargo.toml`
[INFO] [stdout] 
[INFO] [stdout] 
[INFO] [stdout] error[E0433]: cannot find module or crate `crush_vm` in this scope
[INFO] [stdout]   --> src/sdk.rs:43:18
[INFO] [stdout]    |
[INFO] [stdout] 43 |     let result = crush_vm::vm::run_with_caps(&vm_prog, &quotas, Some(&host_caps))
[INFO] [stdout]    |                  ^^^^^^^^ use of unresolved module or unlinked crate `crush_vm`
[INFO] [stdout]    |
[INFO] [stdout]    = help: if you wanted to use a crate named `crush_vm`, use `cargo add crush_vm` to add it to your `Cargo.toml`
[INFO] [stdout] 
[INFO] [stdout] 
[INFO] [stdout] error[E0433]: cannot find module or crate `crush_lang_sdk` in this scope
[INFO] [stdout]  --> tests/pipeline_test.rs:8:14
[INFO] [stdout]   |
[INFO] [stdout] 8 |     let vm = crush_lang_sdk::compile::casm_to_vm(&casm).expect("casm to vm");
[INFO] [stdout]   |              ^^^^^^^^^^^^^^ use of unresolved module or unlinked crate `crush_lang_sdk`
[INFO] [stdout]   |
[INFO] [stdout]   = help: if you wanted to use a crate named `crush_lang_sdk`, use `cargo add crush_lang_sdk` to add it to your `Cargo.toml`
[INFO] [stdout] 
[INFO] [stdout] 
[INFO] [stdout] For more information about this error, try `rustc --explain E0433`.
[INFO] [stdout] 
[INFO] [stderr] error: could not compile `crush-lang-python` (lib test) due to 8 previous errors
[INFO] [stderr] warning: build failed, waiting for other jobs to finish...
[INFO] [stdout] error[E0433]: cannot find module or crate `crush_vm` in this scope
[INFO] [stdout]  --> tests/pipeline_test.rs:9:18
[INFO] [stdout]   |
[INFO] [stdout] 9 |     let quotas = crush_vm::Quotas::default();
[INFO] [stdout]   |                  ^^^^^^^^ use of unresolved module or unlinked crate `crush_vm`
[INFO] [stdout]   |
[INFO] [stdout]   = help: if you wanted to use a crate named `crush_vm`, use `cargo add crush_vm` to add it to your `Cargo.toml`
[INFO] [stdout] 
[INFO] [stdout] 
[INFO] [stdout] error[E0433]: cannot find module or crate `crush_lang_sdk` in this scope
[INFO] [stdout]   --> tests/pipeline_test.rs:26:14
[INFO] [stdout]    |
[INFO] [stdout] 26 |     let vm = crush_lang_sdk::compile::casm_to_vm(&casm).expect("casm to vm");
[INFO] [stdout]    |              ^^^^^^^^^^^^^^ use of unresolved module or unlinked crate `crush_lang_sdk`
[INFO] [stdout]    |
[INFO] [stdout]    = help: if you wanted to use a crate named `crush_lang_sdk`, use `cargo add crush_lang_sdk` to add it to your `Cargo.toml`
[INFO] [stdout] 
[INFO] [stdout] 
[INFO] [stdout] error[E0433]: cannot find module or crate `crush_vm` in this scope
[INFO] [stdout]   --> tests/pipeline_test.rs:27:18
[INFO] [stdout]    |
[INFO] [stdout] 27 |     let quotas = crush_vm::Quotas::default();
[INFO] [stdout]    |                  ^^^^^^^^ use of unresolved module or unlinked crate `crush_vm`
[INFO] [stdout]    |
[INFO] [stdout]    = help: if you wanted to use a crate named `crush_vm`, use `cargo add crush_vm` to add it to your `Cargo.toml`
[INFO] [stdout] 
[INFO] [stdout] 
[INFO] [stdout] error[E0433]: cannot find module or crate `crush_lang_sdk` in this scope
[INFO] [stdout]   --> tests/pipeline_test.rs:42:14
[INFO] [stdout]    |
[INFO] [stdout] 42 |     let vm = crush_lang_sdk::compile::casm_to_vm(&casm).expect("casm to vm");
[INFO] [stdout]    |              ^^^^^^^^^^^^^^ use of unresolved module or unlinked crate `crush_lang_sdk`
[INFO] [stdout]    |
[INFO] [stdout]    = help: if you wanted to use a crate named `crush_lang_sdk`, use `cargo add crush_lang_sdk` to add it to your `Cargo.toml`
[INFO] [stdout] 
[INFO] [stdout] 
[INFO] [stdout] error[E0433]: cannot find module or crate `crush_vm` in this scope
[INFO] [stdout]   --> tests/pipeline_test.rs:43:18
[INFO] [stdout]    |
[INFO] [stdout] 43 |     let quotas = crush_vm::Quotas::default();
[INFO] [stdout]    |                  ^^^^^^^^ use of unresolved module or unlinked crate `crush_vm`
[INFO] [stdout]    |
[INFO] [stdout]    = help: if you wanted to use a crate named `crush_vm`, use `cargo add crush_vm` to add it to your `Cargo.toml`
[INFO] [stdout] 
[INFO] [stdout] 
[INFO] [stdout] error[E0433]: cannot find module or crate `crush_frontend` in this scope
[INFO] [stdout]  --> tests/pipeline_test.rs:7:16
[INFO] [stdout]   |
[INFO] [stdout] 7 |     let casm = crush_frontend::compile_cast(&cast).expect("cast to casm");
[INFO] [stdout]   |                ^^^^^^^^^^^^^^ use of unresolved module or unlinked crate `crush_frontend`
[INFO] [stdout]   |
[INFO] [stdout]   = help: if you wanted to use a crate named `crush_frontend`, use `cargo add crush_frontend` to add it to your `Cargo.toml`
[INFO] [stdout] 
[INFO] [stdout] 
[INFO] [stdout] error[E0433]: cannot find module or crate `crush_vm` in this scope
[INFO] [stdout]   --> tests/pipeline_test.rs:10:18
[INFO] [stdout]    |
[INFO] [stdout] 10 |     let result = crush_vm::run_with_caps(&vm, &quotas, None).expect("vm run");
[INFO] [stdout]    |                  ^^^^^^^^ use of unresolved module or unlinked crate `crush_vm`
[INFO] [stdout]    |
[INFO] [stdout]    = help: if you wanted to use a crate named `crush_vm`, use `cargo add crush_vm` to add it to your `Cargo.toml`
[INFO] [stdout] 
[INFO] [stdout] 
[INFO] [stdout] error[E0433]: cannot find module or crate `crush_frontend` in this scope
[INFO] [stdout]   --> tests/pipeline_test.rs:25:16
[INFO] [stdout]    |
[INFO] [stdout] 25 |     let casm = crush_frontend::compile_cast(&cast).expect("cast to casm");
[INFO] [stdout]    |                ^^^^^^^^^^^^^^ use of unresolved module or unlinked crate `crush_frontend`
[INFO] [stdout]    |
[INFO] [stdout]    = help: if you wanted to use a crate named `crush_frontend`, use `cargo add crush_frontend` to add it to your `Cargo.toml`
[INFO] [stdout] 
[INFO] [stdout] 
[INFO] [stdout] error[E0433]: cannot find module or crate `crush_vm` in this scope
[INFO] [stdout]   --> tests/pipeline_test.rs:28:18
[INFO] [stdout]    |
[INFO] [stdout] 28 |     let result = crush_vm::run_with_caps(&vm, &quotas, None).expect("vm run");
[INFO] [stdout]    |                  ^^^^^^^^ use of unresolved module or unlinked crate `crush_vm`
[INFO] [stdout]    |
[INFO] [stdout]    = help: if you wanted to use a crate named `crush_vm`, use `cargo add crush_vm` to add it to your `Cargo.toml`
[INFO] [stdout] 
[INFO] [stdout] 
[INFO] [stdout] error[E0433]: cannot find module or crate `crush_frontend` in this scope
[INFO] [stdout]   --> tests/pipeline_test.rs:41:16
[INFO] [stdout]    |
[INFO] [stdout] 41 |     let casm = crush_frontend::compile_cast(&cast).expect("cast to casm");
[INFO] [stdout]    |                ^^^^^^^^^^^^^^ use of unresolved module or unlinked crate `crush_frontend`
[INFO] [stdout]    |
[INFO] [stdout]    = help: if you wanted to use a crate named `crush_frontend`, use `cargo add crush_frontend` to add it to your `Cargo.toml`
[INFO] [stdout] 
[INFO] [stdout] 
[INFO] [stdout] error[E0433]: cannot find module or crate `crush_vm` in this scope
[INFO] [stdout]   --> tests/pipeline_test.rs:44:18
[INFO] [stdout]    |
[INFO] [stdout] 44 |     let result = crush_vm::run_with_caps(&vm, &quotas, None).expect("vm run");
[INFO] [stdout]    |                  ^^^^^^^^ use of unresolved module or unlinked crate `crush_vm`
[INFO] [stdout]    |
[INFO] [stdout]    = help: if you wanted to use a crate named `crush_vm`, use `cargo add crush_vm` to add it to your `Cargo.toml`
[INFO] [stdout] 
[INFO] [stdout] 
[INFO] [stdout] For more information about this error, try `rustc --explain E0433`.
[INFO] [stdout] 
[INFO] [stderr] error: could not compile `crush-lang-python` (test "pipeline_test") due to 12 previous errors
[INFO] running `Command { std: "docker" "inspect" "4610e3504ca3b63d1f260c335a97de0f2397bac45159d71653d7a1d2a6d33aa2", kill_on_drop: false }`
[INFO] running `Command { std: "docker" "rm" "-f" "4610e3504ca3b63d1f260c335a97de0f2397bac45159d71653d7a1d2a6d33aa2", kill_on_drop: false }`
[INFO] [stdout] 4610e3504ca3b63d1f260c335a97de0f2397bac45159d71653d7a1d2a6d33aa2
