[INFO] fetching crate crush-lang-js 0.5.0...
[INFO] testing crush-lang-js-0.5.0 against 1.99.0-beta.8+cargoflags=--release for beta-release-1.100-2
[INFO] extracting crate crush-lang-js 0.5.0 into /workspace/builds/worker-4-tc1/source
[INFO] started tweaking crates.io crate crush-lang-js 0.5.0
[INFO] removed 0 missing tests
[INFO] finished tweaking crates.io crate crush-lang-js 0.5.0
[INFO] tweaked toml for crates.io crate crush-lang-js 0.5.0 written to /workspace/builds/worker-4-tc1/source/Cargo.toml
[INFO] validating manifest of crates.io crate crush-lang-js 0.5.0 on toolchain 1.99.0-beta.8
[INFO] running `Command { std: CARGO_HOME="/workspace/cargo-home" RUSTUP_HOME="/workspace/rustup-home" "/workspace/cargo-home/bin/cargo" "+1.99.0-beta.8" "metadata" "--manifest-path" "Cargo.toml" "--no-deps", kill_on_drop: false }`
[INFO] crate crates.io crate crush-lang-js 0.5.0 already has a lockfile, it will not be regenerated
[INFO] running `Command { std: CARGO_HOME="/workspace/cargo-home" RUSTUP_HOME="/workspace/rustup-home" "/workspace/cargo-home/bin/cargo" "+1.99.0-beta.8" "fetch" "--manifest-path" "Cargo.toml", kill_on_drop: false }`
[INFO] [stderr]     Updating crates.io index
[INFO] [stderr]  Downloading crates ...
[INFO] [stderr]   Downloaded swc_visit v2.0.1
[INFO] [stderr]   Downloaded swc_common v23.0.2
[INFO] [stderr]   Downloaded swc_macros_common v1.0.1
[INFO] [stderr]   Downloaded string_enum v1.0.2
[INFO] [stderr]   Downloaded swc_ecma_ast v25.0.0
[INFO] [stderr]   Downloaded crush-caison v0.5.0
[INFO] [stderr]   Downloaded from_variant v3.0.0
[INFO] [stderr]   Downloaded boa_interner v0.21.1
[INFO] [stderr]   Downloaded swc_eq_ignore_macros v1.0.1
[INFO] [stderr]   Downloaded swc_atoms v9.0.3
[INFO] [stderr]   Downloaded better_scoped_tls v1.0.1
[INFO] [stderr]   Downloaded ast_node v5.0.0
[INFO] [stderr]   Downloaded cow-utils v0.1.3
[INFO] [stderr]   Downloaded casm v0.5.0
[INFO] [stderr]   Downloaded unicode-id-start v1.4.0
[INFO] [stderr]   Downloaded bytes-str v0.2.8
[INFO] [stderr]   Downloaded crush-errors v0.5.0
[INFO] [stderr]   Downloaded caison v0.1.0
[INFO] [stderr]   Downloaded smartstring v1.0.1
[INFO] [stderr]   Downloaded crush-diagnostics v0.5.0
[INFO] [stderr]   Downloaded triomphe v0.1.16
[INFO] [stderr]   Downloaded cbor4ii v0.3.3
[INFO] [stderr]   Downloaded boa_macros v0.21.1
[INFO] [stderr]   Downloaded boa_gc v0.21.1
[INFO] [stderr]   Downloaded hstr v3.0.6
[INFO] [stderr]   Downloaded boa_string v0.21.1
[INFO] [stderr]   Downloaded crush-walker-core v0.5.0
[INFO] [stderr]   Downloaded uuid v1.23.5
[INFO] [stderr]   Downloaded icu_properties v2.0.2
[INFO] [stderr]   Downloaded ryu-js v1.0.3
[INFO] [stderr]   Downloaded icu_normalizer v2.0.1
[INFO] [stderr]   Downloaded crush-cast v0.5.0
[INFO] [stderr]   Downloaded ar_archive_writer v0.5.2
[INFO] [stderr]   Downloaded boa_parser v0.21.1
[INFO] [stderr]   Downloaded boa_ast v0.21.1
[INFO] [stderr]   Downloaded swc_ecma_parser v41.1.2
[INFO] [stderr]   Downloaded crush-vm v0.5.0
[INFO] [stderr]   Downloaded regress v0.10.5
[INFO] running `Command { std: "docker" "create" "-v" "/var/lib/crater-agent-workspace/builds/worker-4-tc1/source:/opt/rustwide/workdir:ro,Z" "-v" "/var/lib/crater-agent-workspace/builds/worker-4-tc1/target:/opt/rustwide/target:rw,Z" "-v" "/var/lib/crater-agent-workspace/cargo-home:/opt/rustwide/cargo-home:ro,Z" "-v" "/var/lib/crater-agent-workspace/rustup-home:/opt/rustwide/rustup-home:ro,Z" "-m" "1610612736" "--network" "none" "ghcr.io/rust-lang/crates-build-env/linux@sha256:77db811e55d90add9212f6832c23229e3de5f1c1f9905e8cb07319ea15df73ac" "sleep" "infinity", kill_on_drop: false }`
[INFO] [stdout] c51d02f1ab3d3046d56fb8ef3a37365a78fc3be4a389b2fe469d365f5dcbb1d1
[INFO] running `Command { std: "docker" "start" "c51d02f1ab3d3046d56fb8ef3a37365a78fc3be4a389b2fe469d365f5dcbb1d1", kill_on_drop: false }`
[INFO] running `Command { std: "docker" "inspect" "c51d02f1ab3d3046d56fb8ef3a37365a78fc3be4a389b2fe469d365f5dcbb1d1", kill_on_drop: false }`
[INFO] running `Command { std: "docker" "exec" "-e" "SOURCE_DIR=/opt/rustwide/workdir" "-e" "CARGO_HOME=/opt/rustwide/cargo-home" "-e" "RUSTUP_HOME=/opt/rustwide/rustup-home" "-e" "CARGO_TARGET_DIR=/opt/rustwide/target" "-w" "/opt/rustwide/workdir" "--user" "0:0" "c51d02f1ab3d3046d56fb8ef3a37365a78fc3be4a389b2fe469d365f5dcbb1d1" "/opt/rustwide/cargo-home/bin/cargo" "+1.99.0-beta.8" "metadata" "--no-deps" "--format-version=1", kill_on_drop: false }`
[INFO] running `Command { std: "docker" "inspect" "c51d02f1ab3d3046d56fb8ef3a37365a78fc3be4a389b2fe469d365f5dcbb1d1", kill_on_drop: false }`
[INFO] running `Command { std: "docker" "exec" "-e" "SOURCE_DIR=/opt/rustwide/workdir" "-e" "CARGO_HOME=/opt/rustwide/cargo-home" "-e" "RUSTUP_HOME=/opt/rustwide/rustup-home" "-e" "CARGO_TARGET_DIR=/opt/rustwide/target" "-e" "CARGO_INCREMENTAL=0" "-e" "RUST_BACKTRACE=full" "-e" "RUSTFLAGS=--cap-lints=warn" "-e" "RUSTDOCFLAGS=--cap-lints=warn" "-w" "/opt/rustwide/workdir" "--user" "0:0" "c51d02f1ab3d3046d56fb8ef3a37365a78fc3be4a389b2fe469d365f5dcbb1d1" "/opt/rustwide/cargo-home/bin/cargo" "+1.99.0-beta.8" "build" "--frozen" "--message-format=json" "--release", kill_on_drop: false }`
[INFO] [stderr]    Compiling quote v1.0.46
[INFO] [stderr]    Compiling serde v1.0.228
[INFO] [stderr]    Compiling stable_deref_trait v1.2.1
[INFO] [stderr]    Compiling autocfg v1.5.1
[INFO] [stderr]    Compiling smallvec v1.15.2
[INFO] [stderr]    Compiling memchr v2.8.3
[INFO] [stderr]    Compiling writeable v0.6.3
[INFO] [stderr]    Compiling litemap v0.8.2
[INFO] [stderr]    Compiling zmij v1.0.23
[INFO] [stderr]    Compiling typenum v1.20.1
[INFO] [stderr]    Compiling zerocopy v0.8.54
[INFO] [stderr]    Compiling anyhow v1.0.103
[INFO] [stderr]    Compiling serde_json v1.0.150
[INFO] [stderr]    Compiling syn v2.0.119
[INFO] [stderr]    Compiling num-traits v0.2.19
[INFO] [stderr]    Compiling ahash v0.8.12
[INFO] [stderr]    Compiling object v0.37.3
[INFO] [stderr]    Compiling shlex v2.0.1
[INFO] [stderr]    Compiling regex-syntax v0.8.11
[INFO] [stderr]    Compiling cc v1.2.67
[INFO] [stderr]    Compiling aho-corasick v1.1.4
[INFO] [stderr]    Compiling generic-array v0.14.7
[INFO] [stderr]    Compiling bitflags v2.13.0
[INFO] [stderr]    Compiling block-buffer v0.10.4
[INFO] [stderr]    Compiling crypto-common v0.1.7
[INFO] [stderr]    Compiling digest v0.10.7
[INFO] [stderr]    Compiling rmp v0.8.15
[INFO] [stderr]    Compiling rand_core v0.6.4
[INFO] [stderr]    Compiling phf_shared v0.11.3
[INFO] [stderr]    Compiling rand v0.8.7
[INFO] [stderr]    Compiling sha2 v0.10.9
[INFO] [stderr]    Compiling parking_lot_core v0.9.12
[INFO] [stderr]    Compiling regex-automata v0.4.15
[INFO] [stderr]    Compiling rustc-hash v2.1.3
[INFO] [stderr]    Compiling crush-vm v0.5.0
[INFO] [stderr]    Compiling percent-encoding v2.3.2
[INFO] [stderr]    Compiling parking_lot v0.12.5
[INFO] [stderr]    Compiling form_urlencoded v1.2.2
[INFO] [stderr]    Compiling phf_generator v0.11.3
[INFO] [stderr]    Compiling synstructure v0.13.2
[INFO] [stderr]    Compiling swc_macros_common v1.0.1
[INFO] [stderr]    Compiling num-integer v0.1.46
[INFO] [stderr]    Compiling either v1.16.0
[INFO] [stderr]    Compiling bytes v1.12.1
[INFO] [stderr]    Compiling regex v1.13.0
[INFO] [stderr]    Compiling hashbrown v0.14.5
[INFO] [stderr]    Compiling serde_derive v1.0.228
[INFO] [stderr]    Compiling zerofrom-derive v0.1.7
[INFO] [stderr]    Compiling yoke-derive v0.8.2
[INFO] [stderr]    Compiling zerovec-derive v0.11.3
[INFO] [stderr]    Compiling zerofrom v0.1.8
[INFO] [stderr]    Compiling displaydoc v0.2.6
[INFO] [stderr]    Compiling thiserror-impl v1.0.69
[INFO] [stderr]    Compiling ar_archive_writer v0.5.2
[INFO] [stderr]    Compiling yoke v0.8.3
[INFO] [stderr]    Compiling tracing-attributes v0.1.31
[INFO] [stderr]    Compiling zerotrie v0.2.4
[INFO] [stderr]    Compiling zerovec v0.11.6
[INFO] [stderr]    Compiling thiserror v1.0.69
[INFO] [stderr]    Compiling better_scoped_tls v1.0.1
[INFO] [stderr]    Compiling psm v0.1.31
[INFO] [stderr]    Compiling swc_eq_ignore_macros v1.0.1
[INFO] [stderr]    Compiling phf_macros v0.11.3
[INFO] [stderr]    Compiling from_variant v3.0.0
[INFO] [stderr]    Compiling tracing v0.1.44
[INFO] [stderr]    Compiling ast_node v5.0.0
[INFO] [stderr]    Compiling swc_visit v2.0.1
[INFO] [stderr]    Compiling getrandom v0.4.3
[INFO] [stderr]    Compiling stacker v0.1.24
[INFO] [stderr]    Compiling smartstring v1.0.1
[INFO] [stderr]    Compiling crush-cast v0.5.0
[INFO] [stderr]    Compiling indexmap v2.14.0
[INFO] [stderr]    Compiling tinystr v0.8.3
[INFO] [stderr]    Compiling potential_utf v0.1.5
[INFO] [stderr]    Compiling icu_locale_core v2.2.0
[INFO] [stderr]    Compiling icu_collections v2.0.0
[INFO] [stderr]    Compiling is-macro v0.3.7
[INFO] [stderr]    Compiling uuid v1.23.5
[INFO] [stderr]    Compiling phf v0.11.3
[INFO] [stderr]    Compiling string_enum v1.0.2
[INFO] [stderr]    Compiling serde_path_to_error v0.1.20
[INFO] [stderr]    Compiling unicode-id-start v1.4.0
[INFO] [stderr]    Compiling rmp-serde v1.3.1
[INFO] [stderr]    Compiling triomphe v0.1.16
[INFO] [stderr]    Compiling crush-errors v0.5.0
[INFO] [stderr]    Compiling crush-diagnostics v0.5.0
[INFO] [stderr]    Compiling bytes-str v0.2.8
[INFO] [stderr]    Compiling caison v0.1.0
[INFO] [stderr]    Compiling hstr v3.0.6
[INFO] [stderr]    Compiling num-bigint v0.4.8
[INFO] [stderr]    Compiling cbor4ii v0.3.3
[INFO] [stderr]    Compiling casm v0.5.0
[INFO] [stderr]    Compiling icu_provider v2.2.0
[INFO] [stderr]    Compiling icu_normalizer v2.0.1
[INFO] [stderr]    Compiling icu_properties v2.0.2
[INFO] [stderr]    Compiling swc_atoms v9.0.3
[INFO] [stderr]    Compiling seq-macro v0.3.6
[INFO] [stderr]    Compiling idna_adapter v1.2.1
[INFO] [stderr]    Compiling idna v1.1.0
[INFO] [stderr]    Compiling url v2.5.8
[INFO] [stderr]    Compiling swc_common v23.0.2
[INFO] [stderr]    Compiling crush-caison v0.5.0
[INFO] [stderr]    Compiling swc_ecma_ast v25.0.0
[INFO] [stderr]    Compiling crush-walker-core v0.5.0
[INFO] [stderr]    Compiling swc_ecma_parser v41.1.2
[INFO] [stderr]    Compiling crush-lang-js v0.5.0 (/opt/rustwide/workdir)
[INFO] [stderr]     Finished `release` profile [optimized] target(s) in 4m 36s
[INFO] running `Command { std: "docker" "inspect" "c51d02f1ab3d3046d56fb8ef3a37365a78fc3be4a389b2fe469d365f5dcbb1d1", kill_on_drop: false }`
[INFO] running `Command { std: "docker" "exec" "-e" "SOURCE_DIR=/opt/rustwide/workdir" "-e" "CARGO_HOME=/opt/rustwide/cargo-home" "-e" "RUSTUP_HOME=/opt/rustwide/rustup-home" "-e" "CARGO_TARGET_DIR=/opt/rustwide/target" "-e" "CARGO_INCREMENTAL=0" "-e" "RUST_BACKTRACE=full" "-e" "RUSTFLAGS=--cap-lints=warn" "-e" "RUSTDOCFLAGS=--cap-lints=warn" "-w" "/opt/rustwide/workdir" "--user" "0:0" "c51d02f1ab3d3046d56fb8ef3a37365a78fc3be4a389b2fe469d365f5dcbb1d1" "/opt/rustwide/cargo-home/bin/cargo" "+1.99.0-beta.8" "test" "--frozen" "--no-run" "--message-format=json" "--release", kill_on_drop: false }`
[INFO] [stderr]    Compiling crush-lang-js v0.5.0 (/opt/rustwide/workdir)
[INFO] [stdout] error[E0433]: cannot find module or crate `crush_frontend` in this scope
[INFO] [stdout]   --> tests/length_test.rs:14:16
[INFO] [stdout]    |
[INFO] [stdout] 14 |     let casm = crush_frontend::compiler::Compiler::new().compile(cast).expect("cast to casm");
[INFO] [stdout]    |                ^^^^^^^^^^^^^^ use of unresolved module or unlinked crate `crush_frontend`
[INFO] [stdout]    |
[INFO] [stdout]    = help: if you wanted to use a crate named `crush_frontend`, use `cargo add crush_frontend` to add it to your `Cargo.toml`
[INFO] [stdout] 
[INFO] [stdout] 
[INFO] [stdout] error[E0433]: cannot find module or crate `crush_lang_sdk` in this scope
[INFO] [stdout]   --> tests/length_test.rs:15:14
[INFO] [stdout]    |
[INFO] [stdout] 15 |     let vm = crush_lang_sdk::compile::casm_to_vm(&casm).expect("casm to vm");
[INFO] [stdout]    |              ^^^^^^^^^^^^^^ use of unresolved module or unlinked crate `crush_lang_sdk`
[INFO] [stdout]    |
[INFO] [stdout] help: there is a crate or module with a similar name
[INFO] [stdout]    |
[INFO] [stdout] 15 -     let vm = crush_lang_sdk::compile::casm_to_vm(&casm).expect("casm to vm");
[INFO] [stdout] 15 +     let vm = crush_lang_js::compile::casm_to_vm(&casm).expect("casm to vm");
[INFO] [stdout]    |
[INFO] [stdout] 
[INFO] [stdout] 
[INFO] [stdout] error[E0433]: cannot find module or crate `crush_vm` in this scope
[INFO] [stdout]   --> tests/length_test.rs:16:18
[INFO] [stdout]    |
[INFO] [stdout] 16 |     let quotas = crush_vm::Quotas::default();
[INFO] [stdout]    |                  ^^^^^^^^ use of unresolved module or unlinked crate `crush_vm`
[INFO] [stdout]    |
[INFO] [stdout]    = help: if you wanted to use a crate named `crush_vm`, use `cargo add crush_vm` to add it to your `Cargo.toml`
[INFO] [stdout] 
[INFO] [stdout] 
[INFO] [stdout] error[E0433]: cannot find module or crate `crush_lang_sdk` in this scope
[INFO] [stdout]   --> tests/length_test.rs:17:16
[INFO] [stdout]    |
[INFO] [stdout] 17 |     let caps = crush_lang_sdk::HostCapsBuilder::new().stdlib(true).build();
[INFO] [stdout]    |                ^^^^^^^^^^^^^^ use of unresolved module or unlinked crate `crush_lang_sdk`
[INFO] [stdout]    |
[INFO] [stdout] help: there is a crate or module with a similar name
[INFO] [stdout]    |
[INFO] [stdout] 17 -     let caps = crush_lang_sdk::HostCapsBuilder::new().stdlib(true).build();
[INFO] [stdout] 17 +     let caps = crush_lang_js::HostCapsBuilder::new().stdlib(true).build();
[INFO] [stdout]    |
[INFO] [stdout] 
[INFO] [stdout] 
[INFO] [stdout] error[E0433]: cannot find module or crate `crush_vm` in this scope
[INFO] [stdout]   --> tests/length_test.rs:18:18
[INFO] [stdout]    |
[INFO] [stdout] 18 |     let result = crush_vm::run_with_caps(&vm, &quotas, Some(&caps)).expect("vm run");
[INFO] [stdout]    |                  ^^^^^^^^ use of unresolved module or unlinked crate `crush_vm`
[INFO] [stdout]    |
[INFO] [stdout]    = help: if you wanted to use a crate named `crush_vm`, use `cargo add crush_vm` to add it to your `Cargo.toml`
[INFO] [stdout] 
[INFO] [stdout] 
[INFO] [stderr] error: could not compile `crush-lang-js` (test "length_test") due to 5 previous errors
[INFO] [stdout] For more information about this error, try `rustc --explain E0433`.
[INFO] [stdout] 
[INFO] [stderr] warning: build failed, waiting for other jobs to finish...
[INFO] [stdout] error[E0433]: cannot find module or crate `crush_frontend` in this scope
[INFO] [stdout]   --> tests/node_corpus_test.rs:28:16
[INFO] [stdout]    |
[INFO] [stdout] 28 |     let casm = crush_frontend::compiler::Compiler::new()
[INFO] [stdout]    |                ^^^^^^^^^^^^^^ use of unresolved module or unlinked crate `crush_frontend`
[INFO] [stdout]    |
[INFO] [stdout]    = help: if you wanted to use a crate named `crush_frontend`, use `cargo add crush_frontend` to add it to your `Cargo.toml`
[INFO] [stdout] 
[INFO] [stdout] 
[INFO] [stdout] error[E0433]: cannot find module or crate `crush_lang_sdk` in this scope
[INFO] [stdout]   --> tests/node_corpus_test.rs:31:14
[INFO] [stdout]    |
[INFO] [stdout] 31 |     let vm = crush_lang_sdk::compile::casm_to_vm(&casm)?;
[INFO] [stdout]    |              ^^^^^^^^^^^^^^ use of unresolved module or unlinked crate `crush_lang_sdk`
[INFO] [stdout]    |
[INFO] [stdout] help: there is a crate or module with a similar name
[INFO] [stdout]    |
[INFO] [stdout] 31 -     let vm = crush_lang_sdk::compile::casm_to_vm(&casm)?;
[INFO] [stdout] 31 +     let vm = crush_lang_js::compile::casm_to_vm(&casm)?;
[INFO] [stdout]    |
[INFO] [stdout] 
[INFO] [stdout] 
[INFO] [stdout] error[E0433]: cannot find module or crate `crush_vm` in this scope
[INFO] [stdout]   --> src/sdk.rs:18:9
[INFO] [stdout]    |
[INFO] [stdout] 18 |     use crush_vm::host::{HostCap, HostCapSpec, HostCaps};
[INFO] [stdout]    |         ^^^^^^^^ use of unresolved module or unlinked crate `crush_vm`
[INFO] [stdout]    |
[INFO] [stdout]    = help: if you wanted to use a crate named `crush_vm`, use `cargo add crush_vm` to add it to your `Cargo.toml`
[INFO] [stdout] 
[INFO] [stdout] 
[INFO] [stdout] error[E0433]: cannot find module or crate `crush_vm` in this scope
[INFO] [stdout]   --> tests/node_corpus_test.rs:33:8
[INFO] [stdout]    |
[INFO] [stdout] 33 |     Ok(crush_vm::run_with_caps(&vm, &quotas, None)?.output)
[INFO] [stdout]    |        ^^^^^^^^ use of unresolved module or unlinked crate `crush_vm`
[INFO] [stdout]    |
[INFO] [stdout]    = help: if you wanted to use a crate named `crush_vm`, use `cargo add crush_vm` to add it to your `Cargo.toml`
[INFO] [stdout] 
[INFO] [stdout] 
[INFO] [stdout] error[E0433]: cannot find module or crate `crush_lang_sdk` in this scope
[INFO] [stdout]   --> tests/math_builtins_test.rs:24:14
[INFO] [stdout]    |
[INFO] [stdout] 24 |     let vm = crush_lang_sdk::compile::casm_to_vm(&casm).expect("casm to vm");
[INFO] [stdout]    |              ^^^^^^^^^^^^^^ use of unresolved module or unlinked crate `crush_lang_sdk`
[INFO] [stdout]    |
[INFO] [stdout] help: there is a crate or module with a similar name
[INFO] [stdout]    |
[INFO] [stdout] 24 -     let vm = crush_lang_sdk::compile::casm_to_vm(&casm).expect("casm to vm");
[INFO] [stdout] 24 +     let vm = crush_lang_js::compile::casm_to_vm(&casm).expect("casm to vm");
[INFO] [stdout]    |
[INFO] [stdout] 
[INFO] [stdout] 
[INFO] [stdout] error[E0433]: cannot find module or crate `crush_vm` in this scope
[INFO] [stdout]   --> tests/node_corpus_test.rs:32:18
[INFO] [stdout]    |
[INFO] [stdout] 32 |     let quotas = crush_vm::Quotas { max_steps: 10_000_000, ..Default::default() };
[INFO] [stdout]    |                  ^^^^^^^^ use of unresolved module or unlinked crate `crush_vm`
[INFO] [stdout]    |
[INFO] [stdout]    = help: if you wanted to use a crate named `crush_vm`, use `cargo add crush_vm` to add it to your `Cargo.toml`
[INFO] [stdout] 
[INFO] [stdout] 
[INFO] [stdout] For more information about this error, try `rustc --explain E0433`.
[INFO] [stdout] 
[INFO] [stdout] error[E0433]: cannot find module or crate `crush_frontend` in this scope
[INFO] [stdout]   --> src/sdk.rs:10:24
[INFO] [stdout]    |
[INFO] [stdout] 10 |     let mut compiler = crush_frontend::compiler::Compiler::new();
[INFO] [stdout]    |                        ^^^^^^^^^^^^^^ use of unresolved module or unlinked crate `crush_frontend`
[INFO] [stdout]    |
[INFO] [stdout]    = help: if you wanted to use a crate named `crush_frontend`, use `cargo add crush_frontend` to add it to your `Cargo.toml`
[INFO] [stdout] 
[INFO] [stdout] 
[INFO] [stderr] error: could not compile `crush-lang-js` (test "node_corpus_test") due to 4 previous errors
[INFO] [stdout] error[E0433]: cannot find module or crate `crush_vm` in this scope
[INFO] [stdout]   --> tests/math_builtins_test.rs:25:18
[INFO] [stdout]    |
[INFO] [stdout] 25 |     let quotas = crush_vm::Quotas::default();
[INFO] [stdout]    |                  ^^^^^^^^ use of unresolved module or unlinked crate `crush_vm`
[INFO] [stdout]    |
[INFO] [stdout]    = help: if you wanted to use a crate named `crush_vm`, use `cargo add crush_vm` to add it to your `Cargo.toml`
[INFO] [stdout] 
[INFO] [stdout] 
[INFO] [stdout] error[E0433]: cannot find module or crate `crush_lang_sdk` in this scope
[INFO] [stdout]   --> tests/math_builtins_test.rs:26:16
[INFO] [stdout]    |
[INFO] [stdout] 26 |     let caps = crush_lang_sdk::HostCapsBuilder::new().stdlib(true).build();
[INFO] [stdout]    |                ^^^^^^^^^^^^^^ use of unresolved module or unlinked crate `crush_lang_sdk`
[INFO] [stdout]    |
[INFO] [stdout] help: there is a crate or module with a similar name
[INFO] [stdout]    |
[INFO] [stdout] 26 -     let caps = crush_lang_sdk::HostCapsBuilder::new().stdlib(true).build();
[INFO] [stdout] 26 +     let caps = crush_lang_js::HostCapsBuilder::new().stdlib(true).build();
[INFO] [stdout]    |
[INFO] [stdout] 
[INFO] [stdout] 
[INFO] [stdout] error[E0433]: cannot find module or crate `crush_lang_sdk` in this scope
[INFO] [stdout]   --> src/sdk.rs:15:19
[INFO] [stdout]    |
[INFO] [stdout] 15 |     let vm_prog = crush_lang_sdk::compile::casm_to_vm(&casm)
[INFO] [stdout]    |                   ^^^^^^^^^^^^^^ use of unresolved module or unlinked crate `crush_lang_sdk`
[INFO] [stdout]    |
[INFO] [stdout]    = help: if you wanted to use a crate named `crush_lang_sdk`, use `cargo add crush_lang_sdk` to add it to your `Cargo.toml`
[INFO] [stdout] 
[INFO] [stdout] 
[INFO] [stdout] error[E0433]: cannot find module or crate `crush_vm` in this scope
[INFO] [stdout]   --> src/sdk.rs:26:31
[INFO] [stdout]    |
[INFO] [stdout] 26 |         fn call(&self, _: Vec<crush_vm::vm::Value>) -> Result<Option<crush_vm::vm::Value>, String> {
[INFO] [stdout]    |                               ^^^^^^^^ use of unresolved module or unlinked crate `crush_vm`
[INFO] [stdout]    |
[INFO] [stdout]    = help: if you wanted to use a crate named `crush_vm`, use `cargo add crush_vm` to add it to your `Cargo.toml`
[INFO] [stdout] 
[INFO] [stdout] 
[INFO] [stdout] error[E0433]: cannot find module or crate `crush_vm` in this scope
[INFO] [stdout]   --> src/sdk.rs:26:70
[INFO] [stdout]    |
[INFO] [stdout] 26 |         fn call(&self, _: Vec<crush_vm::vm::Value>) -> Result<Option<crush_vm::vm::Value>, String> {
[INFO] [stdout]    |                                                                      ^^^^^^^^ use of unresolved module or unlinked crate `crush_vm`
[INFO] [stdout]    |
[INFO] [stdout]    = help: if you wanted to use a crate named `crush_vm`, use `cargo add crush_vm` to add it to your `Cargo.toml`
[INFO] [stdout] 
[INFO] [stdout] 
[INFO] [stdout] error[E0433]: cannot find module or crate `crush_lang_sdk` in this scope
[INFO] [stdout]    --> tests/math_builtins_test.rs:139:14
[INFO] [stdout]     |
[INFO] [stdout] 139 |     let vm = crush_lang_sdk::compile::casm_to_vm(&casm).expect("CASM should assemble");
[INFO] [stdout]     |              ^^^^^^^^^^^^^^ use of unresolved module or unlinked crate `crush_lang_sdk`
[INFO] [stdout]     |
[INFO] [stdout] help: there is a crate or module with a similar name
[INFO] [stdout]     |
[INFO] [stdout] 139 -     let vm = crush_lang_sdk::compile::casm_to_vm(&casm).expect("CASM should assemble");
[INFO] [stdout] 139 +     let vm = crush_lang_js::compile::casm_to_vm(&casm).expect("CASM should assemble");
[INFO] [stdout]     |
[INFO] [stdout] 
[INFO] [stdout] 
[INFO] [stdout] error[E0433]: cannot find module or crate `crush_lang_sdk` in this scope
[INFO] [stdout]    --> tests/math_builtins_test.rs:140:16
[INFO] [stdout]     |
[INFO] [stdout] 140 |     let caps = crush_lang_sdk::HostCapsBuilder::new().stdlib(true).build();
[INFO] [stdout]     |                ^^^^^^^^^^^^^^ use of unresolved module or unlinked crate `crush_lang_sdk`
[INFO] [stdout]     |
[INFO] [stdout] help: there is a crate or module with a similar name
[INFO] [stdout]     |
[INFO] [stdout] 140 -     let caps = crush_lang_sdk::HostCapsBuilder::new().stdlib(true).build();
[INFO] [stdout] 140 +     let caps = crush_lang_js::HostCapsBuilder::new().stdlib(true).build();
[INFO] [stdout]     |
[INFO] [stdout] 
[INFO] [stdout] 
[INFO] [stdout] error[E0433]: cannot find module or crate `crush_vm` in this scope
[INFO] [stdout]   --> src/sdk.rs:27:21
[INFO] [stdout]    |
[INFO] [stdout] 27 |             Ok(Some(crush_vm::vm::Value::Null))
[INFO] [stdout]    |                     ^^^^^^^^ use of unresolved module or unlinked crate `crush_vm`
[INFO] [stdout]    |
[INFO] [stdout]    = help: if you wanted to use a crate named `crush_vm`, use `cargo add crush_vm` to add it to your `Cargo.toml`
[INFO] [stdout] 
[INFO] [stdout] 
[INFO] [stdout] error[E0433]: cannot find module or crate `crush_vm` in this scope
[INFO] [stdout]   --> src/sdk.rs:39:18
[INFO] [stdout]    |
[INFO] [stdout] 39 |     let quotas = crush_vm::vm::Quotas { max_steps: 10_000_000, ..Default::default() };
[INFO] [stdout]    |                  ^^^^^^^^ use of unresolved module or unlinked crate `crush_vm`
[INFO] [stdout]    |
[INFO] [stdout]    = help: if you wanted to use a crate named `crush_vm`, use `cargo add crush_vm` to add it to your `Cargo.toml`
[INFO] [stdout] 
[INFO] [stdout] 
[INFO] [stdout] error[E0433]: cannot find module or crate `crush_vm` in this scope
[INFO] [stdout]    --> tests/math_builtins_test.rs:141:48
[INFO] [stdout]     |
[INFO] [stdout] 141 |     let result = crush_vm::run_with_caps(&vm, &crush_vm::Quotas::default(), Some(&caps))
[INFO] [stdout]     |                                                ^^^^^^^^ use of unresolved module or unlinked crate `crush_vm`
[INFO] [stdout]     |
[INFO] [stdout]     = help: if you wanted to use a crate named `crush_vm`, use `cargo add crush_vm` to add it to your `Cargo.toml`
[INFO] [stdout] 
[INFO] [stdout] 
[INFO] [stdout] error[E0433]: cannot find module or crate `crush_vm` in this scope
[INFO] [stdout]   --> src/sdk.rs:40:18
[INFO] [stdout]    |
[INFO] [stdout] 40 |     let result = crush_vm::vm::run_with_caps(&vm_prog, &quotas, Some(&host_caps))
[INFO] [stdout]    |                  ^^^^^^^^ use of unresolved module or unlinked crate `crush_vm`
[INFO] [stdout]    |
[INFO] [stdout]    = help: if you wanted to use a crate named `crush_vm`, use `cargo add crush_vm` to add it to your `Cargo.toml`
[INFO] [stdout] 
[INFO] [stdout] 
[INFO] [stdout] error[E0433]: cannot find module or crate `crush_frontend` in this scope
[INFO] [stdout]   --> tests/math_builtins_test.rs:23:16
[INFO] [stdout]    |
[INFO] [stdout] 23 |     let casm = crush_frontend::compile_cast(&cast).expect("cast to casm");
[INFO] [stdout]    |                ^^^^^^^^^^^^^^ use of unresolved module or unlinked crate `crush_frontend`
[INFO] [stdout]    |
[INFO] [stdout]    = help: if you wanted to use a crate named `crush_frontend`, use `cargo add crush_frontend` to add it to your `Cargo.toml`
[INFO] [stdout] 
[INFO] [stdout] 
[INFO] [stdout] error[E0433]: cannot find module or crate `crush_vm` in this scope
[INFO] [stdout]   --> tests/math_builtins_test.rs:27:18
[INFO] [stdout]    |
[INFO] [stdout] 27 |     let result = crush_vm::run_with_caps(&vm, &quotas, Some(&caps)).expect("vm run");
[INFO] [stdout]    |                  ^^^^^^^^ use of unresolved module or unlinked crate `crush_vm`
[INFO] [stdout]    |
[INFO] [stdout]    = help: if you wanted to use a crate named `crush_vm`, use `cargo add crush_vm` to add it to your `Cargo.toml`
[INFO] [stdout] 
[INFO] [stdout] 
[INFO] [stdout] error[E0433]: cannot find module or crate `crush_frontend` in this scope
[INFO] [stdout]    --> tests/math_builtins_test.rs:138:16
[INFO] [stdout]     |
[INFO] [stdout] 138 |     let casm = crush_frontend::compile_cast(&cast).expect("CAST should compile");
[INFO] [stdout]     |                ^^^^^^^^^^^^^^ use of unresolved module or unlinked crate `crush_frontend`
[INFO] [stdout]     |
[INFO] [stdout]     = help: if you wanted to use a crate named `crush_frontend`, use `cargo add crush_frontend` to add it to your `Cargo.toml`
[INFO] [stdout] 
[INFO] [stdout] 
[INFO] [stdout] error[E0433]: cannot find module or crate `crush_vm` in this scope
[INFO] [stdout]    --> tests/math_builtins_test.rs:141:18
[INFO] [stdout]     |
[INFO] [stdout] 141 |     let result = crush_vm::run_with_caps(&vm, &crush_vm::Quotas::default(), Some(&caps))
[INFO] [stdout]     |                  ^^^^^^^^ use of unresolved module or unlinked crate `crush_vm`
[INFO] [stdout]     |
[INFO] [stdout]     = help: if you wanted to use a crate named `crush_vm`, use `cargo add crush_vm` to add it to your `Cargo.toml`
[INFO] [stdout] 
[INFO] [stdout] 
[INFO] [stdout] error[E0433]: cannot find module or crate `crush_frontend` in this scope
[INFO] [stdout]    --> src/sdk.rs:132:24
[INFO] [stdout]     |
[INFO] [stdout] 132 |     let mut compiler = crush_frontend::compiler::Compiler::new();
[INFO] [stdout]     |                        ^^^^^^^^^^^^^^ use of unresolved module or unlinked crate `crush_frontend`
[INFO] [stdout]     |
[INFO] [stdout]     = help: if you wanted to use a crate named `crush_frontend`, use `cargo add crush_frontend` to add it to your `Cargo.toml`
[INFO] [stdout] 
[INFO] [stdout] 
[INFO] [stdout] For more information about this error, try `rustc --explain E0433`.
[INFO] [stdout] 
[INFO] [stderr] error: could not compile `crush-lang-js` (test "math_builtins_test") due to 10 previous errors
[INFO] [stdout] error[E0433]: cannot find module or crate `crush_lang_python` in this scope
[INFO] [stdout]    --> src/sdk.rs:123:19
[INFO] [stdout]     |
[INFO] [stdout] 123 |     let py_cast = crush_lang_python::python_to_cast(py_src).unwrap();
[INFO] [stdout]     |                   ^^^^^^^^^^^^^^^^^ use of unresolved module or unlinked crate `crush_lang_python`
[INFO] [stdout]     |
[INFO] [stdout]     = help: if you wanted to use a crate named `crush_lang_python`, use `cargo add crush_lang_python` to add it to your `Cargo.toml`
[INFO] [stdout] 
[INFO] [stdout] 
[INFO] [stderr] error: could not compile `crush-lang-js` (lib test) due to 10 previous errors
[INFO] [stdout] For more information about this error, try `rustc --explain E0433`.
[INFO] [stdout] 
[INFO] running `Command { std: "docker" "inspect" "c51d02f1ab3d3046d56fb8ef3a37365a78fc3be4a389b2fe469d365f5dcbb1d1", kill_on_drop: false }`
[INFO] running `Command { std: "docker" "rm" "-f" "c51d02f1ab3d3046d56fb8ef3a37365a78fc3be4a389b2fe469d365f5dcbb1d1", kill_on_drop: false }`
[INFO] [stdout] c51d02f1ab3d3046d56fb8ef3a37365a78fc3be4a389b2fe469d365f5dcbb1d1
