[INFO] fetching crate crud_routers 0.1.0...
[INFO] testing crud_routers-0.1.0 against 1.99.0-beta.8+cargoflags=--release for beta-release-1.100-2
[INFO] extracting crate crud_routers 0.1.0 into /workspace/builds/worker-1-tc1/source
[INFO] started tweaking crates.io crate crud_routers 0.1.0
[INFO] removed 0 missing tests
[INFO] finished tweaking crates.io crate crud_routers 0.1.0
[INFO] tweaked toml for crates.io crate crud_routers 0.1.0 written to /workspace/builds/worker-1-tc1/source/Cargo.toml
[INFO] validating manifest of crates.io crate crud_routers 0.1.0 on toolchain 1.99.0-beta.8
[INFO] running `Command { std: CARGO_HOME="/workspace/cargo-home" RUSTUP_HOME="/workspace/rustup-home" "/workspace/cargo-home/bin/cargo" "+1.99.0-beta.8" "metadata" "--manifest-path" "Cargo.toml" "--no-deps", kill_on_drop: false }`
[INFO] running `Command { std: CARGO_HOME="/workspace/cargo-home" RUSTUP_HOME="/workspace/rustup-home" "/workspace/cargo-home/bin/cargo" "+1.99.0-beta.8" "generate-lockfile" "--manifest-path" "Cargo.toml", kill_on_drop: false }`
[INFO] [stderr]     Updating crates.io index
[INFO] [stderr]      Locking 327 packages to highest compatible versions
[INFO] [stderr]       Adding axum v0.7.9 (available: v0.8.9)
[INFO] [stderr]       Adding brotli-decompressor v6.0.1 (available: v6.1.0)
[INFO] [stderr]       Adding generic-array v0.14.7 (available: v0.14.9)
[INFO] [stderr]       Adding sea-orm v1.1.20 (available: v2.0.4)
[INFO] [stderr]       Adding utoipa v5.5.0 (available: v6.0.0)
[INFO] running `Command { std: CARGO_HOME="/workspace/cargo-home" RUSTUP_HOME="/workspace/rustup-home" "/workspace/cargo-home/bin/cargo" "+1.99.0-beta.8" "fetch" "--manifest-path" "Cargo.toml", kill_on_drop: false }`
[INFO] [stderr]  Downloading crates ...
[INFO] [stderr]   Downloaded utoipa v5.5.0
[INFO] [stderr]   Downloaded powerfmt v0.2.1
[INFO] [stderr]   Downloaded deranged v0.5.9
[INFO] [stderr]   Downloaded thiserror-impl v2.0.21
[INFO] [stderr]   Downloaded thiserror v2.0.21
[INFO] [stderr]   Downloaded crc v3.4.0
[INFO] [stderr]   Downloaded atoi v2.0.0
[INFO] [stderr]   Downloaded wasite v0.1.0
[INFO] [stderr]   Downloaded uuid v1.28.0
[INFO] [stderr]   Downloaded const-oid v0.9.6
[INFO] [stderr]   Downloaded borsh-derive v1.8.1
[INFO] [stderr]   Downloaded crc-catalog v2.5.0
[INFO] [stderr]   Downloaded libredox v0.1.25
[INFO] [stderr]   Downloaded hashlink v0.10.0
[INFO] [stderr]   Downloaded either v1.19.0
[INFO] [stderr]   Downloaded whoami v1.6.1
[INFO] [stderr]   Downloaded sqlx-macros v0.8.6
[INFO] [stderr]   Downloaded utoipa-gen v5.5.0
[INFO] [stderr]   Downloaded event-listener v5.4.2
[INFO] [stderr]   Downloaded toml_datetime v1.1.2+spec-1.1.0
[INFO] [stderr]   Downloaded plain v0.2.3
[INFO] [stderr]   Downloaded stringprep v0.1.5
[INFO] [stderr]   Downloaded etcetera v0.8.0
[INFO] [stderr]   Downloaded num-iter v0.1.46
[INFO] [stderr]   Downloaded toml_parser v1.1.5+spec-1.1.0
[INFO] [stderr]   Downloaded signature v2.2.0
[INFO] [stderr]   Downloaded sea-query-binder v0.7.0
[INFO] [stderr]   Downloaded dotenvy v0.15.7
[INFO] [stderr]   Downloaded inherent v1.0.14
[INFO] [stderr]   Downloaded redox_syscall v0.9.5
[INFO] [stderr]   Downloaded spki v0.7.3
[INFO] [stderr]   Downloaded pem-rfc7468 v0.7.0
[INFO] [stderr]   Downloaded sea-bae v0.2.2
[INFO] [stderr]   Downloaded sqlx-macros-core v0.8.6
[INFO] [stderr]   Downloaded pgvector v0.4.2
[INFO] [stderr]   Downloaded toml_edit v0.25.17+spec-1.1.0
[INFO] [stderr]   Downloaded sqlx-sqlite v0.8.6
[INFO] [stderr]   Downloaded futures-intrusive v0.5.0
[INFO] [stderr]   Downloaded unicode-properties v0.1.4
[INFO] [stderr]   Downloaded tinyvec v1.13.3
[INFO] [stderr]   Downloaded pkcs8 v0.10.2
[INFO] [stderr]   Downloaded pkcs1 v0.7.5
[INFO] [stderr]   Downloaded sea-orm-macros v1.1.20
[INFO] [stderr]   Downloaded mac_address v1.2.1
[INFO] [stderr]   Downloaded downcast-rs v2.0.2
[INFO] [stderr]   Downloaded dsl_auto_type v0.2.0
[INFO] [stderr]   Downloaded diesel_table_macro_syntax v0.3.0
[INFO] [stderr]   Downloaded sqlx-core v0.8.6
[INFO] [stderr]   Downloaded flume v0.11.1
[INFO] [stderr]   Downloaded sqlx-mysql v0.8.6
[INFO] [stderr]   Downloaded rsa v0.9.10
[INFO] [stderr]   Downloaded der v0.7.10
[INFO] [stderr]   Downloaded unicode-normalization v0.1.26
[INFO] [stderr]   Downloaded sqlx v0.8.6
[INFO] [stderr]   Downloaded bigdecimal v0.4.11
[INFO] [stderr]   Downloaded sqlx-postgres v0.8.6
[INFO] [stderr]   Downloaded hkdf v0.12.4
[INFO] [stderr]   Downloaded num-bigint-dig v0.8.6
[INFO] [stderr]   Downloaded diesel_derives v2.3.10
[INFO] [stderr]   Downloaded regex-lite v0.1.9
[INFO] [stderr]   Downloaded language-tags v0.3.2
[INFO] [stderr]   Downloaded impl-more v0.3.10
[INFO] [stderr]   Downloaded sea-query v0.32.7
[INFO] [stderr]   Downloaded bytestring v1.5.1
[INFO] [stderr]   Downloaded cookie v0.16.2
[INFO] [stderr]   Downloaded actix-router v0.5.4
[INFO] [stderr]   Downloaded actix-service v2.0.3
[INFO] [stderr]   Downloaded actix-rt v2.15.0
[INFO] [stderr]   Downloaded sha1 v0.11.0
[INFO] [stderr]   Downloaded actix-web v4.17.0
[INFO] [stderr]   Downloaded actix-utils v3.0.2
[INFO] [stderr]   Downloaded local-waker v0.1.4
[INFO] [stderr]   Downloaded actix-macros v0.2.5
[INFO] [stderr]   Downloaded local-channel v0.1.5
[INFO] [stderr]   Downloaded diesel v2.3.14
[INFO] [stderr]   Downloaded actix-web-codegen v4.4.0
[INFO] [stderr]   Downloaded actix-server v2.10.0
[INFO] [stderr]   Downloaded zstd-safe v8.2.0
[INFO] [stderr]   Downloaded actix-codec v0.5.4
[INFO] [stderr]   Downloaded zstd v0.14.3
[INFO] [stderr]   Downloaded rand v0.10.3
[INFO] [stderr]   Downloaded actix-http v3.19.0
[INFO] [stderr]   Downloaded zstd-sys v2.1.2+zstd.1.5.7
[INFO] [stderr]   Downloaded sea-orm v1.1.20
[INFO] [stderr]   Downloaded libsqlite3-sys v0.30.1
[INFO] running `Command { std: "docker" "create" "-v" "/var/lib/crater-agent-workspace/builds/worker-1-tc1/source:/opt/rustwide/workdir:ro,Z" "-v" "/var/lib/crater-agent-workspace/builds/worker-1-tc1/target:/opt/rustwide/target:rw,Z" "-v" "/var/lib/crater-agent-workspace/cargo-home:/opt/rustwide/cargo-home:ro,Z" "-v" "/var/lib/crater-agent-workspace/rustup-home:/opt/rustwide/rustup-home:ro,Z" "-m" "1610612736" "--network" "none" "ghcr.io/rust-lang/crates-build-env/linux@sha256:77db811e55d90add9212f6832c23229e3de5f1c1f9905e8cb07319ea15df73ac" "sleep" "infinity", kill_on_drop: false }`
[INFO] [stdout] 3727afdfc57cfc5ea68a7e73cb3001419bd7e22ef07259a999df8745147c32f1
[INFO] running `Command { std: "docker" "start" "3727afdfc57cfc5ea68a7e73cb3001419bd7e22ef07259a999df8745147c32f1", kill_on_drop: false }`
[INFO] running `Command { std: "docker" "inspect" "3727afdfc57cfc5ea68a7e73cb3001419bd7e22ef07259a999df8745147c32f1", kill_on_drop: false }`
[INFO] running `Command { std: "docker" "exec" "-e" "SOURCE_DIR=/opt/rustwide/workdir" "-e" "CARGO_HOME=/opt/rustwide/cargo-home" "-e" "RUSTUP_HOME=/opt/rustwide/rustup-home" "-e" "CARGO_TARGET_DIR=/opt/rustwide/target" "-w" "/opt/rustwide/workdir" "--user" "0:0" "3727afdfc57cfc5ea68a7e73cb3001419bd7e22ef07259a999df8745147c32f1" "/opt/rustwide/cargo-home/bin/cargo" "+1.99.0-beta.8" "metadata" "--no-deps" "--format-version=1", kill_on_drop: false }`
[INFO] running `Command { std: "docker" "inspect" "3727afdfc57cfc5ea68a7e73cb3001419bd7e22ef07259a999df8745147c32f1", kill_on_drop: false }`
[INFO] running `Command { std: "docker" "exec" "-e" "SOURCE_DIR=/opt/rustwide/workdir" "-e" "CARGO_HOME=/opt/rustwide/cargo-home" "-e" "RUSTUP_HOME=/opt/rustwide/rustup-home" "-e" "CARGO_TARGET_DIR=/opt/rustwide/target" "-e" "CARGO_INCREMENTAL=0" "-e" "RUST_BACKTRACE=full" "-e" "RUSTFLAGS=--cap-lints=warn" "-e" "RUSTDOCFLAGS=--cap-lints=warn" "-w" "/opt/rustwide/workdir" "--user" "0:0" "3727afdfc57cfc5ea68a7e73cb3001419bd7e22ef07259a999df8745147c32f1" "/opt/rustwide/cargo-home/bin/cargo" "+1.99.0-beta.8" "build" "--frozen" "--message-format=json" "--release", kill_on_drop: false }`
[INFO] [stderr]    Compiling libc v0.2.191
[INFO] [stderr]    Compiling serde_core v1.0.229
[INFO] [stderr]    Compiling zmij v1.0.23
[INFO] [stderr]    Compiling smallvec v1.16.3
[INFO] [stderr]    Compiling serde v1.0.229
[INFO] [stderr]    Compiling serde_json v1.0.154
[INFO] [stderr]    Compiling memchr v2.8.3
[INFO] [stderr]    Compiling syn v3.0.9
[INFO] [stderr]    Compiling parking_lot_core v0.9.12
[INFO] [stderr]    Compiling errno v0.3.14
[INFO] [stderr]    Compiling socket2 v0.6.5
[INFO] [stderr]    Compiling mio v1.2.4
[INFO] [stderr]    Compiling signal-hook-registry v1.4.8
[INFO] [stderr]    Compiling parking_lot v0.12.5
[INFO] [stderr]    Compiling tokio-macros v2.7.2
[INFO] [stderr]    Compiling serde_derive v1.0.229
[INFO] [stderr]    Compiling tokio v1.53.3
[INFO] [stderr]    Compiling crud_routers v0.1.0 (/opt/rustwide/workdir)
[INFO] [stdout] warning: method `get_prefix` is never used
[INFO] [stdout]    --> src/lib.rs:166:8
[INFO] [stdout]     |
[INFO] [stdout] 165 | impl<Server: Assignable, Repo: ReadDeleteRepository<Schema, PrimaryKeyType>, Schema, PrimaryKeyType, CreateSchema: Assignable, UpdateSchema: Assignable> CrudRouterBuilder<'_, Server, Repo, Assigned<Schema>, Assigned<PrimaryKeyType>, CreateSchema, UpdateSchema> {
[INFO] [stdout]     | -------------------------------------------------------------------------------------------------------------------------------------------------------------------------------------------------------------------------------------------------------------------- method in this implementation
[INFO] [stdout] 166 |     fn get_prefix(&self) -> &str{
[INFO] [stdout]     |        ^^^^^^^^^^
[INFO] [stdout]     |
[INFO] [stdout]     = note: `#[warn(dead_code)]` (part of `#[warn(unused)]`) on by default
[INFO] [stdout] 
[INFO] [stdout] 
[INFO] [stdout] warning: fields `skip` and `limit` are never read
[INFO] [stdout]    --> src/lib.rs:258:5
[INFO] [stdout]     |
[INFO] [stdout] 257 | pub struct Pagination{
[INFO] [stdout]     |            ---------- fields in this struct
[INFO] [stdout] 258 |     skip: Option<u64>,
[INFO] [stdout]     |     ^^^^
[INFO] [stdout] 259 |     limit: Option<u64>,
[INFO] [stdout]     |     ^^^^^
[INFO] [stdout] 
[INFO] [stdout] 
[INFO] [stderr]     Finished `release` profile [optimized] target(s) in 17.58s
[INFO] running `Command { std: "docker" "inspect" "3727afdfc57cfc5ea68a7e73cb3001419bd7e22ef07259a999df8745147c32f1", kill_on_drop: false }`
[INFO] running `Command { std: "docker" "exec" "-e" "SOURCE_DIR=/opt/rustwide/workdir" "-e" "CARGO_HOME=/opt/rustwide/cargo-home" "-e" "RUSTUP_HOME=/opt/rustwide/rustup-home" "-e" "CARGO_TARGET_DIR=/opt/rustwide/target" "-e" "CARGO_INCREMENTAL=0" "-e" "RUST_BACKTRACE=full" "-e" "RUSTFLAGS=--cap-lints=warn" "-e" "RUSTDOCFLAGS=--cap-lints=warn" "-w" "/opt/rustwide/workdir" "--user" "0:0" "3727afdfc57cfc5ea68a7e73cb3001419bd7e22ef07259a999df8745147c32f1" "/opt/rustwide/cargo-home/bin/cargo" "+1.99.0-beta.8" "test" "--frozen" "--no-run" "--message-format=json" "--release", kill_on_drop: false }`
[INFO] [stderr]    Compiling crud_routers v0.1.0 (/opt/rustwide/workdir)
[INFO] [stdout] warning: method `get_prefix` is never used
[INFO] [stdout]    --> src/lib.rs:166:8
[INFO] [stdout]     |
[INFO] [stdout] 165 | impl<Server: Assignable, Repo: ReadDeleteRepository<Schema, PrimaryKeyType>, Schema, PrimaryKeyType, CreateSchema: Assignable, UpdateSchema: Assignable> CrudRouterBuilder<'_, Server, Repo, Assigned<Schema>, Assigned<PrimaryKeyType>, CreateSchema, UpdateSchema> {
[INFO] [stdout]     | -------------------------------------------------------------------------------------------------------------------------------------------------------------------------------------------------------------------------------------------------------------------- method in this implementation
[INFO] [stdout] 166 |     fn get_prefix(&self) -> &str{
[INFO] [stdout]     |        ^^^^^^^^^^
[INFO] [stdout]     |
[INFO] [stdout]     = note: `#[warn(dead_code)]` (part of `#[warn(unused)]`) on by default
[INFO] [stdout] 
[INFO] [stdout] 
[INFO] [stdout] warning: fields `skip` and `limit` are never read
[INFO] [stdout]    --> src/lib.rs:258:5
[INFO] [stdout]     |
[INFO] [stdout] 257 | pub struct Pagination{
[INFO] [stdout]     |            ---------- fields in this struct
[INFO] [stdout] 258 |     skip: Option<u64>,
[INFO] [stdout]     |     ^^^^
[INFO] [stdout] 259 |     limit: Option<u64>,
[INFO] [stdout]     |     ^^^^^
[INFO] [stdout] 
[INFO] [stdout] 
[INFO] [stdout] error[E0433]: cannot find module or crate `utoipa` in this scope
[INFO] [stdout]  --> tests/openapi.rs:2:5
[INFO] [stdout]   |
[INFO] [stdout] 2 | use utoipa::openapi::{InfoBuilder, OpenApi, OpenApiBuilder};
[INFO] [stdout]   |     ^^^^^^ use of unresolved module or unlinked crate `utoipa`
[INFO] [stdout]   |
[INFO] [stdout]   = help: if you wanted to use a crate named `utoipa`, use `cargo add utoipa` to add it to your `Cargo.toml`
[INFO] [stdout] 
[INFO] [stdout] 
[INFO] [stdout] warning: unused variable: `prefix`
[INFO] [stdout]    --> src/lib.rs:295:24
[INFO] [stdout]     |
[INFO] [stdout] 295 |         fn get_id_path(prefix: &str) -> String {
[INFO] [stdout]     |                        ^^^^^^ help: if this is intentional, prefix it with an underscore: `_prefix`
[INFO] [stdout]     |
[INFO] [stdout]     = note: `#[warn(unused_variables)]` (part of `#[warn(unused)]`) on by default
[INFO] [stdout] 
[INFO] [stdout] 
[INFO] [stdout] warning: fields `skip` and `limit` are never read
[INFO] [stdout]    --> src/lib.rs:258:5
[INFO] [stdout]     |
[INFO] [stdout] 257 | pub struct Pagination{
[INFO] [stdout]     |            ---------- fields in this struct
[INFO] [stdout] 258 |     skip: Option<u64>,
[INFO] [stdout]     |     ^^^^
[INFO] [stdout] 259 |     limit: Option<u64>,
[INFO] [stdout]     |     ^^^^^
[INFO] [stdout]     |
[INFO] [stdout]     = note: `#[warn(dead_code)]` (part of `#[warn(unused)]`) on by default
[INFO] [stdout] 
[INFO] [stdout] 
[INFO] [stdout] error[E0432]: unresolved import `utoipa`
[INFO] [stdout]  --> tests/openapi.rs:3:5
[INFO] [stdout]   |
[INFO] [stdout] 3 | use utoipa::{ToSchema};
[INFO] [stdout]   |     ^^^^^^ use of unresolved module or unlinked crate `utoipa`
[INFO] [stdout]   |
[INFO] [stdout]   = help: if you wanted to use a crate named `utoipa`, use `cargo add utoipa` to add it to your `Cargo.toml`
[INFO] [stdout] 
[INFO] [stdout] 
[INFO] [stdout] error[E0599]: no method named `tag` found for struct `CrudRouterBuilder<'a, Server, Repo, Schema, PrimaryKeyType, CreateSchema, UpdateSchema>` in the current scope
[INFO] [stdout]   --> tests/openapi.rs:78:10
[INFO] [stdout]    |
[INFO] [stdout] 75 |       let b = CrudRouterBuilder::new::<TestServer>()
[INFO] [stdout]    |  _____________-
[INFO] [stdout] 76 | |         .repository::<Repo>()
[INFO] [stdout] 77 | |         .prefix("base/api")
[INFO] [stdout] 78 | |         .tag("table_name")
[INFO] [stdout]    | |         -^^^ private field, not a method
[INFO] [stdout]    | |_________|
[INFO] [stdout]    |
[INFO] [stdout]    |
[INFO] [stdout]    = note: the full name for the type has been written to '/opt/rustwide/target/release/deps/openapi-6f407bdf5bbf033b.long-type-18322875463833704355.txt'
[INFO] [stdout]    = note: consider using `--verbose` to print the full type name to the console
[INFO] [stdout] 
[INFO] [stdout] 
[INFO] [stdout] error[E0599]: no method named `tag` found for struct `CrudRouterBuilder<'a, Server, Repo, Schema, PrimaryKeyType, CreateSchema, UpdateSchema>` in the current scope
[INFO] [stdout]   --> tests/openapi.rs:96:10
[INFO] [stdout]    |
[INFO] [stdout] 93 |       let b = CrudRouterBuilder::new::<TestServer>()
[INFO] [stdout]    |  _____________-
[INFO] [stdout] 94 | |         .repository::<Repo>()
[INFO] [stdout] 95 | |         .prefix("base/api")
[INFO] [stdout] 96 | |         .tag("table_name")
[INFO] [stdout]    | |         -^^^ private field, not a method
[INFO] [stdout]    | |_________|
[INFO] [stdout]    |
[INFO] [stdout]    |
[INFO] [stdout]    = note: the full name for the type has been written to '/opt/rustwide/target/release/deps/openapi-6f407bdf5bbf033b.long-type-18322875463833704355.txt'
[INFO] [stdout]    = note: consider using `--verbose` to print the full type name to the console
[INFO] [stdout] 
[INFO] [stdout] 
[INFO] [stdout] warning: unused variable: `prefix`
[INFO] [stdout]   --> tests/openapi.rs:57:20
[INFO] [stdout]    |
[INFO] [stdout] 57 |     fn get_id_path(prefix: &str) -> String {
[INFO] [stdout]    |                    ^^^^^^ help: if this is intentional, prefix it with an underscore: `_prefix`
[INFO] [stdout]    |
[INFO] [stdout]    = note: `#[warn(unused_variables)]` (part of `#[warn(unused)]`) on by default
[INFO] [stdout] 
[INFO] [stdout] 
[INFO] [stdout] Some errors have detailed explanations: E0432, E0433, E0599.
[INFO] [stdout] 
[INFO] [stdout] For more information about an error, try `rustc --explain E0432`.
[INFO] [stdout] 
[INFO] [stderr] error: could not compile `crud_routers` (test "openapi") due to 4 previous errors; 1 warning emitted
[INFO] [stderr] warning: build failed, waiting for other jobs to finish...
[INFO] running `Command { std: "docker" "inspect" "3727afdfc57cfc5ea68a7e73cb3001419bd7e22ef07259a999df8745147c32f1", kill_on_drop: false }`
[INFO] running `Command { std: "docker" "rm" "-f" "3727afdfc57cfc5ea68a7e73cb3001419bd7e22ef07259a999df8745147c32f1", kill_on_drop: false }`
[INFO] [stdout] 3727afdfc57cfc5ea68a7e73cb3001419bd7e22ef07259a999df8745147c32f1
