[INFO] fetching crate crow-alacritty-terminal 0.2.0...
[INFO] testing crow-alacritty-terminal-0.2.0 against 1.99.0-beta.8+cargoflags=--release for beta-release-1.100-2
[INFO] extracting crate crow-alacritty-terminal 0.2.0 into /workspace/builds/worker-3-tc1/source
[INFO] started tweaking crates.io crate crow-alacritty-terminal 0.2.0
[INFO] removed 0 missing tests
[INFO] finished tweaking crates.io crate crow-alacritty-terminal 0.2.0
[INFO] tweaked toml for crates.io crate crow-alacritty-terminal 0.2.0 written to /workspace/builds/worker-3-tc1/source/Cargo.toml
[INFO] validating manifest of crates.io crate crow-alacritty-terminal 0.2.0 on toolchain 1.99.0-beta.8
[INFO] running `Command { std: CARGO_HOME="/workspace/cargo-home" RUSTUP_HOME="/workspace/rustup-home" "/workspace/cargo-home/bin/cargo" "+1.99.0-beta.8" "metadata" "--manifest-path" "Cargo.toml" "--no-deps", kill_on_drop: false }`
[INFO] crate crates.io crate crow-alacritty-terminal 0.2.0 already has a lockfile, it will not be regenerated
[INFO] running `Command { std: CARGO_HOME="/workspace/cargo-home" RUSTUP_HOME="/workspace/rustup-home" "/workspace/cargo-home/bin/cargo" "+1.99.0-beta.8" "fetch" "--manifest-path" "Cargo.toml", kill_on_drop: false }`
[INFO] [stderr]     Updating crates.io index
[INFO] [stderr]  Downloading crates ...
[INFO] [stderr]   Downloaded rustix-openpty v0.2.0
[INFO] [stderr]   Downloaded signal-hook v0.4.3
[INFO] [stderr]   Downloaded miow v0.6.1
[INFO] running `Command { std: "docker" "create" "-v" "/var/lib/crater-agent-workspace/builds/worker-3-tc1/source:/opt/rustwide/workdir:ro,Z" "-v" "/var/lib/crater-agent-workspace/builds/worker-3-tc1/target:/opt/rustwide/target:rw,Z" "-v" "/var/lib/crater-agent-workspace/cargo-home:/opt/rustwide/cargo-home:ro,Z" "-v" "/var/lib/crater-agent-workspace/rustup-home:/opt/rustwide/rustup-home:ro,Z" "-m" "1610612736" "--network" "none" "ghcr.io/rust-lang/crates-build-env/linux@sha256:77db811e55d90add9212f6832c23229e3de5f1c1f9905e8cb07319ea15df73ac" "sleep" "infinity", kill_on_drop: false }`
[INFO] [stdout] bfee2860f9ea6937199357a552c49ddec75e356460a93e5d0461215be7e0e164
[INFO] running `Command { std: "docker" "start" "bfee2860f9ea6937199357a552c49ddec75e356460a93e5d0461215be7e0e164", kill_on_drop: false }`
[INFO] running `Command { std: "docker" "inspect" "bfee2860f9ea6937199357a552c49ddec75e356460a93e5d0461215be7e0e164", kill_on_drop: false }`
[INFO] running `Command { std: "docker" "exec" "-e" "SOURCE_DIR=/opt/rustwide/workdir" "-e" "CARGO_HOME=/opt/rustwide/cargo-home" "-e" "RUSTUP_HOME=/opt/rustwide/rustup-home" "-e" "CARGO_TARGET_DIR=/opt/rustwide/target" "-w" "/opt/rustwide/workdir" "--user" "0:0" "bfee2860f9ea6937199357a552c49ddec75e356460a93e5d0461215be7e0e164" "/opt/rustwide/cargo-home/bin/cargo" "+1.99.0-beta.8" "metadata" "--no-deps" "--format-version=1", kill_on_drop: false }`
[INFO] running `Command { std: "docker" "inspect" "bfee2860f9ea6937199357a552c49ddec75e356460a93e5d0461215be7e0e164", kill_on_drop: false }`
[INFO] running `Command { std: "docker" "exec" "-e" "SOURCE_DIR=/opt/rustwide/workdir" "-e" "CARGO_HOME=/opt/rustwide/cargo-home" "-e" "RUSTUP_HOME=/opt/rustwide/rustup-home" "-e" "CARGO_TARGET_DIR=/opt/rustwide/target" "-e" "CARGO_INCREMENTAL=0" "-e" "RUST_BACKTRACE=full" "-e" "RUSTFLAGS=--cap-lints=warn" "-e" "RUSTDOCFLAGS=--cap-lints=warn" "-w" "/opt/rustwide/workdir" "--user" "0:0" "bfee2860f9ea6937199357a552c49ddec75e356460a93e5d0461215be7e0e164" "/opt/rustwide/cargo-home/bin/cargo" "+1.99.0-beta.8" "build" "--frozen" "--message-format=json" "--release", kill_on_drop: false }`
[INFO] [stderr]    Compiling proc-macro2 v1.0.101
[INFO] [stderr]    Compiling unicode-ident v1.0.19
[INFO] [stderr]    Compiling quote v1.0.41
[INFO] [stderr]    Compiling serde_core v1.0.228
[INFO] [stderr]    Compiling serde v1.0.228
[INFO] [stderr]    Compiling libc v0.2.176
[INFO] [stderr]    Compiling rustix v1.1.2
[INFO] [stderr]    Compiling cfg-if v1.0.3
[INFO] [stderr]    Compiling linux-raw-sys v0.11.0
[INFO] [stderr]    Compiling memchr v2.7.6
[INFO] [stderr]    Compiling smallvec v1.15.1
[INFO] [stderr]    Compiling signal-hook v0.4.3
[INFO] [stderr]    Compiling cursor-icon v1.2.0
[INFO] [stderr]    Compiling regex-syntax v0.8.6
[INFO] [stderr]    Compiling home v0.5.11
[INFO] [stderr]    Compiling aho-corasick v1.1.3
[INFO] [stderr]    Compiling syn v2.0.106
[INFO] [stderr]    Compiling parking_lot_core v0.9.12
[INFO] [stderr]    Compiling signal-hook-registry v1.4.6
[INFO] [stderr]    Compiling parking_lot v0.12.5
[INFO] [stderr]    Compiling regex-automata v0.4.11
[INFO] [stderr]    Compiling serde_derive v1.0.228
[INFO] [stderr]    Compiling bitflags v2.9.4
[INFO] [stderr]    Compiling vte v0.15.0
[INFO] [stderr]    Compiling polling v3.11.0
[INFO] [stderr]    Compiling rustix-openpty v0.2.0
[INFO] [stderr]    Compiling crow-alacritty-terminal v0.2.0 (/opt/rustwide/workdir)
[INFO] [stderr]     Finished `release` profile [optimized] target(s) in 31.98s
[INFO] running `Command { std: "docker" "inspect" "bfee2860f9ea6937199357a552c49ddec75e356460a93e5d0461215be7e0e164", kill_on_drop: false }`
[INFO] running `Command { std: "docker" "exec" "-e" "SOURCE_DIR=/opt/rustwide/workdir" "-e" "CARGO_HOME=/opt/rustwide/cargo-home" "-e" "RUSTUP_HOME=/opt/rustwide/rustup-home" "-e" "CARGO_TARGET_DIR=/opt/rustwide/target" "-e" "CARGO_INCREMENTAL=0" "-e" "RUST_BACKTRACE=full" "-e" "RUSTFLAGS=--cap-lints=warn" "-e" "RUSTDOCFLAGS=--cap-lints=warn" "-w" "/opt/rustwide/workdir" "--user" "0:0" "bfee2860f9ea6937199357a552c49ddec75e356460a93e5d0461215be7e0e164" "/opt/rustwide/cargo-home/bin/cargo" "+1.99.0-beta.8" "test" "--frozen" "--no-run" "--message-format=json" "--release", kill_on_drop: false }`
[INFO] [stderr]    Compiling serde_json v1.0.145
[INFO] [stderr]    Compiling itoa v1.0.15
[INFO] [stderr]    Compiling ryu v1.0.20
[INFO] [stderr]    Compiling crow-alacritty-terminal v0.2.0 (/opt/rustwide/workdir)
[INFO] [stdout] error[E0433]: cannot find module or crate `alacritty_terminal` in this scope
[INFO] [stdout]  --> tests/ref.rs:9:5
[INFO] [stdout]   |
[INFO] [stdout] 9 | use alacritty_terminal::event::{Event, EventListener};
[INFO] [stdout]   |     ^^^^^^^^^^^^^^^^^^ use of unresolved module or unlinked crate `alacritty_terminal`
[INFO] [stdout]   |
[INFO] [stdout] help: there is a crate or module with a similar name
[INFO] [stdout]   |
[INFO] [stdout] 9 | use crow_alacritty_terminal::event::{Event, EventListener};
[INFO] [stdout]   |     +++++
[INFO] [stdout] 
[INFO] [stdout] 
[INFO] [stdout] error[E0433]: cannot find module or crate `alacritty_terminal` in this scope
[INFO] [stdout]   --> tests/ref.rs:10:5
[INFO] [stdout]    |
[INFO] [stdout] 10 | use alacritty_terminal::grid::{Dimensions, Grid};
[INFO] [stdout]    |     ^^^^^^^^^^^^^^^^^^ use of unresolved module or unlinked crate `alacritty_terminal`
[INFO] [stdout]    |
[INFO] [stdout] help: there is a crate or module with a similar name
[INFO] [stdout]    |
[INFO] [stdout] 10 | use crow_alacritty_terminal::grid::{Dimensions, Grid};
[INFO] [stdout]    |     +++++
[INFO] [stdout] 
[INFO] [stdout] 
[INFO] [stdout] error[E0433]: cannot find module or crate `alacritty_terminal` in this scope
[INFO] [stdout]   --> tests/ref.rs:11:5
[INFO] [stdout]    |
[INFO] [stdout] 11 | use alacritty_terminal::index::{Column, Line};
[INFO] [stdout]    |     ^^^^^^^^^^^^^^^^^^ use of unresolved module or unlinked crate `alacritty_terminal`
[INFO] [stdout]    |
[INFO] [stdout] help: there is a crate or module with a similar name
[INFO] [stdout]    |
[INFO] [stdout] 11 | use crow_alacritty_terminal::index::{Column, Line};
[INFO] [stdout]    |     +++++
[INFO] [stdout] 
[INFO] [stdout] 
[INFO] [stdout] error[E0433]: cannot find module or crate `alacritty_terminal` in this scope
[INFO] [stdout]   --> tests/ref.rs:12:5
[INFO] [stdout]    |
[INFO] [stdout] 12 | use alacritty_terminal::term::cell::Cell;
[INFO] [stdout]    |     ^^^^^^^^^^^^^^^^^^ use of unresolved module or unlinked crate `alacritty_terminal`
[INFO] [stdout]    |
[INFO] [stdout] help: there is a crate or module with a similar name
[INFO] [stdout]    |
[INFO] [stdout] 12 | use crow_alacritty_terminal::term::cell::Cell;
[INFO] [stdout]    |     +++++
[INFO] [stdout] 
[INFO] [stdout] 
[INFO] [stdout] error[E0433]: cannot find module or crate `alacritty_terminal` in this scope
[INFO] [stdout]   --> tests/ref.rs:13:5
[INFO] [stdout]    |
[INFO] [stdout] 13 | use alacritty_terminal::term::test::TermSize;
[INFO] [stdout]    |     ^^^^^^^^^^^^^^^^^^ use of unresolved module or unlinked crate `alacritty_terminal`
[INFO] [stdout]    |
[INFO] [stdout] help: there is a crate or module with a similar name
[INFO] [stdout]    |
[INFO] [stdout] 13 | use crow_alacritty_terminal::term::test::TermSize;
[INFO] [stdout]    |     +++++
[INFO] [stdout] 
[INFO] [stdout] 
[INFO] [stdout] error[E0433]: cannot find module or crate `alacritty_terminal` in this scope
[INFO] [stdout]   --> tests/ref.rs:14:5
[INFO] [stdout]    |
[INFO] [stdout] 14 | use alacritty_terminal::term::{Config, Term};
[INFO] [stdout]    |     ^^^^^^^^^^^^^^^^^^ use of unresolved module or unlinked crate `alacritty_terminal`
[INFO] [stdout]    |
[INFO] [stdout] help: there is a crate or module with a similar name
[INFO] [stdout]    |
[INFO] [stdout] 14 | use crow_alacritty_terminal::term::{Config, Term};
[INFO] [stdout]    |     +++++
[INFO] [stdout] 
[INFO] [stdout] 
[INFO] [stdout] error[E0433]: cannot find module or crate `alacritty_terminal` in this scope
[INFO] [stdout]   --> tests/ref.rs:15:5
[INFO] [stdout]    |
[INFO] [stdout] 15 | use alacritty_terminal::vte::ansi;
[INFO] [stdout]    |     ^^^^^^^^^^^^^^^^^^ use of unresolved module or unlinked crate `alacritty_terminal`
[INFO] [stdout]    |
[INFO] [stdout] help: there is a crate or module with a similar name
[INFO] [stdout]    |
[INFO] [stdout] 15 | use crow_alacritty_terminal::vte::ansi;
[INFO] [stdout]    |     +++++
[INFO] [stdout] 
[INFO] [stdout] 
[INFO] [stdout] For more information about this error, try `rustc --explain E0433`.
[INFO] [stdout] 
[INFO] [stderr] error: could not compile `crow-alacritty-terminal` (test "ref") due to 7 previous errors
[INFO] [stderr] warning: build failed, waiting for other jobs to finish...
[INFO] running `Command { std: "docker" "inspect" "bfee2860f9ea6937199357a552c49ddec75e356460a93e5d0461215be7e0e164", kill_on_drop: false }`
[INFO] running `Command { std: "docker" "rm" "-f" "bfee2860f9ea6937199357a552c49ddec75e356460a93e5d0461215be7e0e164", kill_on_drop: false }`
[INFO] [stdout] bfee2860f9ea6937199357a552c49ddec75e356460a93e5d0461215be7e0e164
