[INFO] fetching crate crosswin 0.4.0...
[INFO] testing crosswin-0.4.0 against 1.100.0-beta.1+cargoflags=--release for beta-release-1.100-2
[INFO] extracting crate crosswin 0.4.0 into /workspace/builds/worker-3-tc2/source
[INFO] started tweaking crates.io crate crosswin 0.4.0
[INFO] removed 0 missing examples
[INFO] removed 0 missing tests
[INFO] finished tweaking crates.io crate crosswin 0.4.0
[INFO] tweaked toml for crates.io crate crosswin 0.4.0 written to /workspace/builds/worker-3-tc2/source/Cargo.toml
[INFO] validating manifest of crates.io crate crosswin 0.4.0 on toolchain 1.100.0-beta.1
[INFO] running `Command { std: CARGO_HOME="/workspace/cargo-home" RUSTUP_HOME="/workspace/rustup-home" "/workspace/cargo-home/bin/cargo" "+1.100.0-beta.1" "metadata" "--manifest-path" "Cargo.toml" "--no-deps", kill_on_drop: false }`
[INFO] crate crates.io crate crosswin 0.4.0 already has a lockfile, it will not be regenerated
[INFO] running `Command { std: CARGO_HOME="/workspace/cargo-home" RUSTUP_HOME="/workspace/rustup-home" "/workspace/cargo-home/bin/cargo" "+1.100.0-beta.1" "fetch" "--manifest-path" "Cargo.toml", kill_on_drop: false }`
[INFO] running `Command { std: "docker" "create" "-v" "/var/lib/crater-agent-workspace/builds/worker-3-tc2/source:/opt/rustwide/workdir:ro,Z" "-v" "/var/lib/crater-agent-workspace/builds/worker-3-tc2/target:/opt/rustwide/target:rw,Z" "-v" "/var/lib/crater-agent-workspace/cargo-home:/opt/rustwide/cargo-home:ro,Z" "-v" "/var/lib/crater-agent-workspace/rustup-home:/opt/rustwide/rustup-home:ro,Z" "-m" "1610612736" "--network" "none" "ghcr.io/rust-lang/crates-build-env/linux@sha256:77db811e55d90add9212f6832c23229e3de5f1c1f9905e8cb07319ea15df73ac" "sleep" "infinity", kill_on_drop: false }`
[INFO] [stdout] 261eb89a7bc7dcfa7f5defc7d467e0fd8ab72e9760239e5ff60c9a6f186379a4
[INFO] running `Command { std: "docker" "start" "261eb89a7bc7dcfa7f5defc7d467e0fd8ab72e9760239e5ff60c9a6f186379a4", kill_on_drop: false }`
[INFO] running `Command { std: "docker" "inspect" "261eb89a7bc7dcfa7f5defc7d467e0fd8ab72e9760239e5ff60c9a6f186379a4", kill_on_drop: false }`
[INFO] running `Command { std: "docker" "exec" "-e" "SOURCE_DIR=/opt/rustwide/workdir" "-e" "CARGO_HOME=/opt/rustwide/cargo-home" "-e" "RUSTUP_HOME=/opt/rustwide/rustup-home" "-e" "CARGO_TARGET_DIR=/opt/rustwide/target" "-w" "/opt/rustwide/workdir" "--user" "0:0" "261eb89a7bc7dcfa7f5defc7d467e0fd8ab72e9760239e5ff60c9a6f186379a4" "/opt/rustwide/cargo-home/bin/cargo" "+1.100.0-beta.1" "metadata" "--no-deps" "--format-version=1", kill_on_drop: false }`
[INFO] running `Command { std: "docker" "inspect" "261eb89a7bc7dcfa7f5defc7d467e0fd8ab72e9760239e5ff60c9a6f186379a4", kill_on_drop: false }`
[INFO] running `Command { std: "docker" "exec" "-e" "SOURCE_DIR=/opt/rustwide/workdir" "-e" "CARGO_HOME=/opt/rustwide/cargo-home" "-e" "RUSTUP_HOME=/opt/rustwide/rustup-home" "-e" "CARGO_TARGET_DIR=/opt/rustwide/target" "-e" "CARGO_INCREMENTAL=0" "-e" "RUST_BACKTRACE=full" "-e" "RUSTFLAGS=--cap-lints=warn" "-e" "RUSTDOCFLAGS=--cap-lints=warn" "-w" "/opt/rustwide/workdir" "--user" "0:0" "261eb89a7bc7dcfa7f5defc7d467e0fd8ab72e9760239e5ff60c9a6f186379a4" "/opt/rustwide/cargo-home/bin/cargo" "+1.100.0-beta.1" "build" "--frozen" "--message-format=json" "--release", kill_on_drop: false }`
[INFO] [stderr]    Compiling quote v1.0.44
[INFO] [stderr]    Compiling windows_x86_64_gnu v0.52.6
[INFO] [stderr]    Compiling libc v0.2.182
[INFO] [stderr]    Compiling widestring v0.5.1
[INFO] [stderr]    Compiling windows-targets v0.52.6
[INFO] [stderr]    Compiling windows-result v0.1.2
[INFO] [stderr]    Compiling syn v2.0.116
[INFO] [stderr]    Compiling num_cpus v1.17.0
[INFO] [stderr]    Compiling windows-interface v0.56.0
[INFO] [stderr]    Compiling windows-implement v0.56.0
[INFO] [stderr]    Compiling tokio-macros v2.6.0
[INFO] [stderr]    Compiling windows-core v0.56.0
[INFO] [stderr]    Compiling tokio v1.49.0
[INFO] [stderr]    Compiling windows v0.56.0
[INFO] [stderr]    Compiling crosswin v0.4.0 (/opt/rustwide/workdir)
[INFO] [stderr]     Finished `release` profile [optimized] target(s) in 22.98s
[INFO] running `Command { std: "docker" "inspect" "261eb89a7bc7dcfa7f5defc7d467e0fd8ab72e9760239e5ff60c9a6f186379a4", kill_on_drop: false }`
[INFO] running `Command { std: "docker" "exec" "-e" "SOURCE_DIR=/opt/rustwide/workdir" "-e" "CARGO_HOME=/opt/rustwide/cargo-home" "-e" "RUSTUP_HOME=/opt/rustwide/rustup-home" "-e" "CARGO_TARGET_DIR=/opt/rustwide/target" "-e" "CARGO_INCREMENTAL=0" "-e" "RUST_BACKTRACE=full" "-e" "RUSTFLAGS=--cap-lints=warn" "-e" "RUSTDOCFLAGS=--cap-lints=warn" "-w" "/opt/rustwide/workdir" "--user" "0:0" "261eb89a7bc7dcfa7f5defc7d467e0fd8ab72e9760239e5ff60c9a6f186379a4" "/opt/rustwide/cargo-home/bin/cargo" "+1.100.0-beta.1" "test" "--frozen" "--no-run" "--message-format=json" "--release", kill_on_drop: false }`
[INFO] [stderr]    Compiling crosswin v0.4.0 (/opt/rustwide/workdir)
[INFO] [stdout] error: linking with `cc` failed: exit status: 1
[INFO] [stdout]   |
[INFO] [stdout]   = note:  "cc" "-m64" "/opt/rustwide/target/release/build/crosswin/63d8dc9dac60ddb9/out/rustcNccwPH/symbols.o" "<4 object files omitted>" "-Wl,--as-needed" "-Wl,-Bstatic" "<sysroot>/lib/rustlib/x86_64-unknown-linux-gnu/lib/{libtest-*,libgetopts-*,librustc_std_workspace_std-*}.rlib" "/opt/rustwide/target/release/build/crosswin/f5663962884396a1/out/libcrosswin-f5663962884396a1.rlib" "/opt/rustwide/target/release/build/num_cpus/9415f1357b63605d/out/libnum_cpus-9415f1357b63605d.rlib" "/opt/rustwide/target/release/build/libc/9e965a40be780bf2/out/liblibc-9e965a40be780bf2.rlib" "/opt/rustwide/target/release/build/tokio/afcc190fda1a3852/out/libtokio-afcc190fda1a3852.rlib" "/opt/rustwide/target/release/build/pin-project-lite/a042d89c9815bfb5/out/libpin_project_lite-a042d89c9815bfb5.rlib" "/opt/rustwide/target/release/build/widestring/8b34178bfcc63397/out/libwidestring-8b34178bfcc63397.rlib" "/opt/rustwide/target/release/build/windows/dcb19336221bff81/out/libwindows-dcb19336221bff81.rlib" "/opt/rustwide/target/release/build/windows-core/1fa4b23d42cfed61/out/libwindows_core-1fa4b23d42cfed61.rlib" "/opt/rustwide/target/release/build/windows-result/b75ade87d2b58bc3/out/libwindows_result-b75ade87d2b58bc3.rlib" "/opt/rustwide/target/release/build/windows-targets/0f401e3ca27b07b6/out/libwindows_targets-0f401e3ca27b07b6.rlib" "<sysroot>/lib/rustlib/x86_64-unknown-linux-gnu/lib/{libstd-*,libpanic_unwind-*,libobject-*,libmemchr-*,libaddr2line-*,libgimli-*,libcfg_if-*,librustc_demangle-*,libstd_detect-*,libhashbrown-*,librustc_std_workspace_alloc-*,libminiz_oxide-*,libadler2-*,libunwind-*,liblibc-*,librustc_std_workspace_core-*,liballoc-*,libcore-*,libcompiler_builtins-*}.rlib" "-Wl,-Bdynamic" "-lgcc_s" "-lutil" "-lrt" "-lpthread" "-lm" "-ldl" "-lc" "-L" "/opt/rustwide/target/release/build/crosswin/63d8dc9dac60ddb9/out/rustcNccwPH/raw-dylibs" "-B<sysroot>/lib/rustlib/x86_64-unknown-linux-gnu/bin/gcc-ld" "-fuse-ld=lld" "-Wl,--eh-frame-hdr" "-Wl,-z,noexecstack" "-L" "/opt/rustwide/cargo-home/registry/src/index.crates.io-1949cf8c6b5b557f/windows_x86_64_gnu-0.52.6/lib" "-L" "<sysroot>/lib/rustlib/x86_64-unknown-linux-gnu/lib" "-o" "/opt/rustwide/target/release/build/crosswin/63d8dc9dac60ddb9/out/window_filter_tests-63d8dc9dac60ddb9" "-Wl,--gc-sections" "-pie" "-Wl,-z,relro,-z,now" "-Wl,-O1" "-Wl,--strip-debug" "-nodefaultlibs"
[INFO] [stdout]   = note: some arguments are omitted. use `--verbose` to show all linker arguments
[INFO] [stdout]   = note: rust-lld: error: undefined symbol: EnumWindows
[INFO] [stdout]           >>> referenced by window_filter_tests.fd4a5004077488a0-cgu.1
[INFO] [stdout]           >>>               /opt/rustwide/target/release/build/crosswin/63d8dc9dac60ddb9/out/window_filter_tests-63d8dc9dac60ddb9.window_filter_tests.fd4a5004077488a0-cgu.1.rcgu.o:(window_filter_tests::try_clone_real_window_succeeds::{closure#0})
[INFO] [stdout]           >>> referenced by window_filter_tests.fd4a5004077488a0-cgu.1
[INFO] [stdout]           >>>               /opt/rustwide/target/release/build/crosswin/63d8dc9dac60ddb9/out/window_filter_tests-63d8dc9dac60ddb9.window_filter_tests.fd4a5004077488a0-cgu.1.rcgu.o:(window_filter_tests::find_by_class_is_case_insensitive::{closure#0})
[INFO] [stdout]           >>> referenced by window_filter_tests.fd4a5004077488a0-cgu.1
[INFO] [stdout]           >>>               /opt/rustwide/target/release/build/crosswin/63d8dc9dac60ddb9/out/window_filter_tests-63d8dc9dac60ddb9.window_filter_tests.fd4a5004077488a0-cgu.1.rcgu.o:(crosswin::windows::window::find_windows_by_class::{closure#0})
[INFO] [stdout]           
[INFO] [stdout]           rust-lld: error: undefined symbol: IsWindow
[INFO] [stdout]           >>> referenced by crosswin.9b33270941d71e31-cgu.1
[INFO] [stdout]           >>>               crosswin-f5663962884396a1.crosswin.9b33270941d71e31-cgu.1.rcgu.o:(<crosswin::windows::window::Window>::is_valid) in archive /opt/rustwide/target/release/build/crosswin/f5663962884396a1/out/libcrosswin-f5663962884396a1.rlib
[INFO] [stdout]           >>> referenced by crosswin.9b33270941d71e31-cgu.1
[INFO] [stdout]           >>>               crosswin-f5663962884396a1.crosswin.9b33270941d71e31-cgu.1.rcgu.o:(<crosswin::windows::window::Window>::try_clone) in archive /opt/rustwide/target/release/build/crosswin/f5663962884396a1/out/libcrosswin-f5663962884396a1.rlib
[INFO] [stdout]           
[INFO] [stdout]           rust-lld: error: undefined symbol: GetWindowTextLengthW
[INFO] [stdout]           >>> referenced by crosswin.9b33270941d71e31-cgu.1
[INFO] [stdout]           >>>               crosswin-f5663962884396a1.crosswin.9b33270941d71e31-cgu.1.rcgu.o:(crosswin::windows::window::list_windows::{closure#0}::callback) in archive /opt/rustwide/target/release/build/crosswin/f5663962884396a1/out/libcrosswin-f5663962884396a1.rlib
[INFO] [stdout]           
[INFO] [stdout]           rust-lld: error: undefined symbol: GetWindowTextW
[INFO] [stdout]           >>> referenced by crosswin.9b33270941d71e31-cgu.1
[INFO] [stdout]           >>>               crosswin-f5663962884396a1.crosswin.9b33270941d71e31-cgu.1.rcgu.o:(crosswin::windows::window::list_windows::{closure#0}::callback) in archive /opt/rustwide/target/release/build/crosswin/f5663962884396a1/out/libcrosswin-f5663962884396a1.rlib
[INFO] [stdout]           
[INFO] [stdout]           rust-lld: error: undefined symbol: GetClassNameW
[INFO] [stdout]           >>> referenced by crosswin.9b33270941d71e31-cgu.1
[INFO] [stdout]           >>>               crosswin-f5663962884396a1.crosswin.9b33270941d71e31-cgu.1.rcgu.o:(crosswin::windows::window::list_windows::{closure#0}::callback) in archive /opt/rustwide/target/release/build/crosswin/f5663962884396a1/out/libcrosswin-f5663962884396a1.rlib
[INFO] [stdout]           
[INFO] [stdout]           rust-lld: error: undefined symbol: GetWindowRect
[INFO] [stdout]           >>> referenced by crosswin.9b33270941d71e31-cgu.1
[INFO] [stdout]           >>>               crosswin-f5663962884396a1.crosswin.9b33270941d71e31-cgu.1.rcgu.o:(crosswin::windows::window::list_windows::{closure#0}::callback) in archive /opt/rustwide/target/release/build/crosswin/f5663962884396a1/out/libcrosswin-f5663962884396a1.rlib
[INFO] [stdout]           
[INFO] [stdout]           rust-lld: error: undefined symbol: IsWindowVisible
[INFO] [stdout]           >>> referenced by crosswin.9b33270941d71e31-cgu.1
[INFO] [stdout]           >>>               crosswin-f5663962884396a1.crosswin.9b33270941d71e31-cgu.1.rcgu.o:(crosswin::windows::window::list_windows::{closure#0}::callback) in archive /opt/rustwide/target/release/build/crosswin/f5663962884396a1/out/libcrosswin-f5663962884396a1.rlib
[INFO] [stdout]           
[INFO] [stdout]           rust-lld: error: undefined symbol: GetWindowThreadProcessId
[INFO] [stdout]           >>> referenced by crosswin.9b33270941d71e31-cgu.1
[INFO] [stdout]           >>>               crosswin-f5663962884396a1.crosswin.9b33270941d71e31-cgu.1.rcgu.o:(crosswin::windows::window::list_windows::{closure#0}::callback) in archive /opt/rustwide/target/release/build/crosswin/f5663962884396a1/out/libcrosswin-f5663962884396a1.rlib
[INFO] [stdout]           
[INFO] [stdout]           rust-lld: error: undefined symbol: GetLastError
[INFO] [stdout]           >>> referenced by windows_result.a4531246881d5cd9-cgu.0
[INFO] [stdout]           >>>               windows_result-b75ade87d2b58bc3.windows_result.a4531246881d5cd9-cgu.0.rcgu.o:(<windows_result::error::Error>::from_win32) in archive /opt/rustwide/target/release/build/windows-result/b75ade87d2b58bc3/out/libwindows_result-b75ade87d2b58bc3.rlib
[INFO] [stdout]           collect2: error: ld returned 1 exit status
[INFO] [stdout]           
[INFO] [stdout] 
[INFO] [stdout] 
[INFO] [stdout] error: linking with `cc` failed: exit status: 1
[INFO] [stdout]   |
[INFO] [stdout]   = note:  "cc" "-m64" "/opt/rustwide/target/release/build/crosswin/d6cbd72a2d127e44/out/rustcXCZzz2/symbols.o" "<4 object files omitted>" "-Wl,--as-needed" "-Wl,-Bstatic" "/opt/rustwide/target/release/build/crosswin/f5663962884396a1/out/libcrosswin-f5663962884396a1.rlib" "/opt/rustwide/target/release/build/num_cpus/9415f1357b63605d/out/libnum_cpus-9415f1357b63605d.rlib" "/opt/rustwide/target/release/build/libc/9e965a40be780bf2/out/liblibc-9e965a40be780bf2.rlib" "/opt/rustwide/target/release/build/tokio/afcc190fda1a3852/out/libtokio-afcc190fda1a3852.rlib" "/opt/rustwide/target/release/build/pin-project-lite/a042d89c9815bfb5/out/libpin_project_lite-a042d89c9815bfb5.rlib" "/opt/rustwide/target/release/build/widestring/8b34178bfcc63397/out/libwidestring-8b34178bfcc63397.rlib" "/opt/rustwide/target/release/build/windows/dcb19336221bff81/out/libwindows-dcb19336221bff81.rlib" "/opt/rustwide/target/release/build/windows-core/1fa4b23d42cfed61/out/libwindows_core-1fa4b23d42cfed61.rlib" "/opt/rustwide/target/release/build/windows-result/b75ade87d2b58bc3/out/libwindows_result-b75ade87d2b58bc3.rlib" "/opt/rustwide/target/release/build/windows-targets/0f401e3ca27b07b6/out/libwindows_targets-0f401e3ca27b07b6.rlib" "<sysroot>/lib/rustlib/x86_64-unknown-linux-gnu/lib/{libstd-*,libpanic_unwind-*,libobject-*,libmemchr-*,libaddr2line-*,libgimli-*,libcfg_if-*,librustc_demangle-*,libstd_detect-*,libhashbrown-*,librustc_std_workspace_alloc-*,libminiz_oxide-*,libadler2-*,libunwind-*,liblibc-*,librustc_std_workspace_core-*,liballoc-*,libcore-*,libcompiler_builtins-*}.rlib" "-Wl,-Bdynamic" "-lgcc_s" "-lutil" "-lrt" "-lpthread" "-lm" "-ldl" "-lc" "-L" "/opt/rustwide/target/release/build/crosswin/d6cbd72a2d127e44/out/rustcXCZzz2/raw-dylibs" "-B<sysroot>/lib/rustlib/x86_64-unknown-linux-gnu/bin/gcc-ld" "-fuse-ld=lld" "-Wl,--eh-frame-hdr" "-Wl,-z,noexecstack" "-L" "/opt/rustwide/cargo-home/registry/src/index.crates.io-1949cf8c6b5b557f/windows_x86_64_gnu-0.52.6/lib" "-L" "<sysroot>/lib/rustlib/x86_64-unknown-linux-gnu/lib" "-o" "/opt/rustwide/target/release/build/crosswin/d6cbd72a2d127e44/out/list_windows" "-Wl,--gc-sections" "-pie" "-Wl,-z,relro,-z,now" "-Wl,-O1" "-Wl,--strip-debug" "-nodefaultlibs"
[INFO] [stdout]   = note: some arguments are omitted. use `--verbose` to show all linker arguments
[INFO] [stdout]   = note: rust-lld: error: undefined symbol: EnumWindows
[INFO] [stdout]           >>> referenced by list_windows.63debb26bb5ecdfe-cgu.0
[INFO] [stdout]           >>>               /opt/rustwide/target/release/build/crosswin/d6cbd72a2d127e44/out/list_windows.list_windows.63debb26bb5ecdfe-cgu.0.rcgu.o:(list_windows::main::{closure#0} (.llvm.9734745863381194431))
[INFO] [stdout]           >>> referenced by list_windows.63debb26bb5ecdfe-cgu.2
[INFO] [stdout]           >>>               /opt/rustwide/target/release/build/crosswin/d6cbd72a2d127e44/out/list_windows.list_windows.63debb26bb5ecdfe-cgu.2.rcgu.o:(<tokio::runtime::park::CachedParkThread>::block_on::<list_windows::main::{closure#0}>)
[INFO] [stdout]           
[INFO] [stdout]           rust-lld: error: undefined symbol: GetWindowTextLengthW
[INFO] [stdout]           >>> referenced by crosswin.9b33270941d71e31-cgu.1
[INFO] [stdout]           >>>               crosswin-f5663962884396a1.crosswin.9b33270941d71e31-cgu.1.rcgu.o:(crosswin::windows::window::list_windows::{closure#0}::callback) in archive /opt/rustwide/target/release/build/crosswin/f5663962884396a1/out/libcrosswin-f5663962884396a1.rlib
[INFO] [stdout]           
[INFO] [stdout]           rust-lld: error: undefined symbol: GetWindowTextW
[INFO] [stdout]           >>> referenced by crosswin.9b33270941d71e31-cgu.1
[INFO] [stdout]           >>>               crosswin-f5663962884396a1.crosswin.9b33270941d71e31-cgu.1.rcgu.o:(crosswin::windows::window::list_windows::{closure#0}::callback) in archive /opt/rustwide/target/release/build/crosswin/f5663962884396a1/out/libcrosswin-f5663962884396a1.rlib
[INFO] [stdout]           
[INFO] [stdout]           rust-lld: error: undefined symbol: GetClassNameW
[INFO] [stdout]           >>> referenced by crosswin.9b33270941d71e31-cgu.1
[INFO] [stdout]           >>>               crosswin-f5663962884396a1.crosswin.9b33270941d71e31-cgu.1.rcgu.o:(crosswin::windows::window::list_windows::{closure#0}::callback) in archive /opt/rustwide/target/release/build/crosswin/f5663962884396a1/out/libcrosswin-f5663962884396a1.rlib
[INFO] [stdout]           
[INFO] [stdout]           rust-lld: error: undefined symbol: GetWindowRect
[INFO] [stdout]           >>> referenced by crosswin.9b33270941d71e31-cgu.1
[INFO] [stdout]           >>>               crosswin-f5663962884396a1.crosswin.9b33270941d71e31-cgu.1.rcgu.o:(crosswin::windows::window::list_windows::{closure#0}::callback) in archive /opt/rustwide/target/release/build/crosswin/f5663962884396a1/out/libcrosswin-f5663962884396a1.rlib
[INFO] [stdout]           
[INFO] [stdout]           rust-lld: error: undefined symbol: IsWindowVisible
[INFO] [stdout]           >>> referenced by crosswin.9b33270941d71e31-cgu.1
[INFO] [stdout]           >>>               crosswin-f5663962884396a1.crosswin.9b33270941d71e31-cgu.1.rcgu.o:(crosswin::windows::window::list_windows::{closure#0}::callback) in archive /opt/rustwide/target/release/build/crosswin/f5663962884396a1/out/libcrosswin-f5663962884396a1.rlib
[INFO] [stdout]           
[INFO] [stdout]           rust-lld: error: undefined symbol: GetWindowThreadProcessId
[INFO] [stdout]           >>> referenced by crosswin.9b33270941d71e31-cgu.1
[INFO] [stdout]           >>>               crosswin-f5663962884396a1.crosswin.9b33270941d71e31-cgu.1.rcgu.o:(crosswin::windows::window::list_windows::{closure#0}::callback) in archive /opt/rustwide/target/release/build/crosswin/f5663962884396a1/out/libcrosswin-f5663962884396a1.rlib
[INFO] [stdout]           
[INFO] [stdout]           rust-lld: error: undefined symbol: GetLastError
[INFO] [stdout]           >>> referenced by windows_result.a4531246881d5cd9-cgu.0
[INFO] [stdout]           >>>               windows_result-b75ade87d2b58bc3.windows_result.a4531246881d5cd9-cgu.0.rcgu.o:(<windows_result::error::Error>::from_win32) in archive /opt/rustwide/target/release/build/windows-result/b75ade87d2b58bc3/out/libwindows_result-b75ade87d2b58bc3.rlib
[INFO] [stdout]           collect2: error: ld returned 1 exit status
[INFO] [stdout]           
[INFO] [stdout] 
[INFO] [stdout] 
[INFO] [stderr] error: could not compile `crosswin` (test "window_filter_tests") due to 1 previous error
[INFO] [stderr] warning: build failed, waiting for other jobs to finish...
[INFO] [stderr] error: could not compile `crosswin` (example "list_windows") due to 1 previous error
[INFO] [stdout] error: linking with `cc` failed: exit status: 1
[INFO] [stdout]   |
[INFO] [stdout]   = note:  "cc" "-m64" "/opt/rustwide/target/release/build/crosswin/b483db550b4325f3/out/rustcKdSR3g/symbols.o" "<5 object files omitted>" "-Wl,--as-needed" "-Wl,-Bstatic" "<sysroot>/lib/rustlib/x86_64-unknown-linux-gnu/lib/{libtest-*,libgetopts-*,librustc_std_workspace_std-*}.rlib" "/opt/rustwide/target/release/build/crosswin/f5663962884396a1/out/libcrosswin-f5663962884396a1.rlib" "/opt/rustwide/target/release/build/num_cpus/9415f1357b63605d/out/libnum_cpus-9415f1357b63605d.rlib" "/opt/rustwide/target/release/build/libc/9e965a40be780bf2/out/liblibc-9e965a40be780bf2.rlib" "/opt/rustwide/target/release/build/tokio/afcc190fda1a3852/out/libtokio-afcc190fda1a3852.rlib" "/opt/rustwide/target/release/build/pin-project-lite/a042d89c9815bfb5/out/libpin_project_lite-a042d89c9815bfb5.rlib" "/opt/rustwide/target/release/build/widestring/8b34178bfcc63397/out/libwidestring-8b34178bfcc63397.rlib" "/opt/rustwide/target/release/build/windows/dcb19336221bff81/out/libwindows-dcb19336221bff81.rlib" "/opt/rustwide/target/release/build/windows-core/1fa4b23d42cfed61/out/libwindows_core-1fa4b23d42cfed61.rlib" "/opt/rustwide/target/release/build/windows-result/b75ade87d2b58bc3/out/libwindows_result-b75ade87d2b58bc3.rlib" "/opt/rustwide/target/release/build/windows-targets/0f401e3ca27b07b6/out/libwindows_targets-0f401e3ca27b07b6.rlib" "<sysroot>/lib/rustlib/x86_64-unknown-linux-gnu/lib/{libstd-*,libpanic_unwind-*,libobject-*,libmemchr-*,libaddr2line-*,libgimli-*,libcfg_if-*,librustc_demangle-*,libstd_detect-*,libhashbrown-*,librustc_std_workspace_alloc-*,libminiz_oxide-*,libadler2-*,libunwind-*,liblibc-*,librustc_std_workspace_core-*,liballoc-*,libcore-*,libcompiler_builtins-*}.rlib" "-Wl,-Bdynamic" "-lgcc_s" "-lutil" "-lrt" "-lpthread" "-lm" "-ldl" "-lc" "-L" "/opt/rustwide/target/release/build/crosswin/b483db550b4325f3/out/rustcKdSR3g/raw-dylibs" "-B<sysroot>/lib/rustlib/x86_64-unknown-linux-gnu/bin/gcc-ld" "-fuse-ld=lld" "-Wl,--eh-frame-hdr" "-Wl,-z,noexecstack" "-L" "/opt/rustwide/cargo-home/registry/src/index.crates.io-1949cf8c6b5b557f/windows_x86_64_gnu-0.52.6/lib" "-L" "<sysroot>/lib/rustlib/x86_64-unknown-linux-gnu/lib" "-o" "/opt/rustwide/target/release/build/crosswin/b483db550b4325f3/out/processes_smoke-b483db550b4325f3" "-Wl,--gc-sections" "-pie" "-Wl,-z,relro,-z,now" "-Wl,-O1" "-Wl,--strip-debug" "-nodefaultlibs"
[INFO] [stdout]   = note: some arguments are omitted. use `--verbose` to show all linker arguments
[INFO] [stdout]   = note: rust-lld: error: undefined symbol: CreateToolhelp32Snapshot
[INFO] [stdout]           >>> referenced by crosswin.9b33270941d71e31-cgu.3
[INFO] [stdout]           >>>               crosswin-f5663962884396a1.crosswin.9b33270941d71e31-cgu.3.rcgu.o:(crosswin::processes::list::enumerate_processes_blocking) in archive /opt/rustwide/target/release/build/crosswin/f5663962884396a1/out/libcrosswin-f5663962884396a1.rlib
[INFO] [stdout]           
[INFO] [stdout]           rust-lld: error: undefined symbol: Process32FirstW
[INFO] [stdout]           >>> referenced by crosswin.9b33270941d71e31-cgu.3
[INFO] [stdout]           >>>               crosswin-f5663962884396a1.crosswin.9b33270941d71e31-cgu.3.rcgu.o:(crosswin::processes::list::enumerate_processes_blocking) in archive /opt/rustwide/target/release/build/crosswin/f5663962884396a1/out/libcrosswin-f5663962884396a1.rlib
[INFO] [stdout]           
[INFO] [stdout]           rust-lld: error: undefined symbol: Process32NextW
[INFO] [stdout]           >>> referenced by crosswin.9b33270941d71e31-cgu.3
[INFO] [stdout]           >>>               crosswin-f5663962884396a1.crosswin.9b33270941d71e31-cgu.3.rcgu.o:(crosswin::processes::list::enumerate_processes_blocking) in archive /opt/rustwide/target/release/build/crosswin/f5663962884396a1/out/libcrosswin-f5663962884396a1.rlib
[INFO] [stdout]           >>> referenced by crosswin.9b33270941d71e31-cgu.3
[INFO] [stdout]           >>>               crosswin-f5663962884396a1.crosswin.9b33270941d71e31-cgu.3.rcgu.o:(crosswin::processes::list::enumerate_processes_blocking) in archive /opt/rustwide/target/release/build/crosswin/f5663962884396a1/out/libcrosswin-f5663962884396a1.rlib
[INFO] [stdout]           
[INFO] [stdout]           rust-lld: error: undefined symbol: OpenProcess
[INFO] [stdout]           >>> referenced by crosswin.9b33270941d71e31-cgu.3
[INFO] [stdout]           >>>               crosswin-f5663962884396a1.crosswin.9b33270941d71e31-cgu.3.rcgu.o:(crosswin::processes::list::enumerate_processes_blocking) in archive /opt/rustwide/target/release/build/crosswin/f5663962884396a1/out/libcrosswin-f5663962884396a1.rlib
[INFO] [stdout]           
[INFO] [stdout]           rust-lld: error: undefined symbol: QueryFullProcessImageNameW
[INFO] [stdout]           >>> referenced by crosswin.9b33270941d71e31-cgu.3
[INFO] [stdout]           >>>               crosswin-f5663962884396a1.crosswin.9b33270941d71e31-cgu.3.rcgu.o:(crosswin::processes::list::enumerate_processes_blocking) in archive /opt/rustwide/target/release/build/crosswin/f5663962884396a1/out/libcrosswin-f5663962884396a1.rlib
[INFO] [stdout]           
[INFO] [stdout]           rust-lld: error: undefined symbol: GetProcessMemoryInfo
[INFO] [stdout]           >>> referenced by crosswin.9b33270941d71e31-cgu.3
[INFO] [stdout]           >>>               crosswin-f5663962884396a1.crosswin.9b33270941d71e31-cgu.3.rcgu.o:(crosswin::processes::list::enumerate_processes_blocking) in archive /opt/rustwide/target/release/build/crosswin/f5663962884396a1/out/libcrosswin-f5663962884396a1.rlib
[INFO] [stdout]           
[INFO] [stdout]           rust-lld: error: undefined symbol: GetProcessTimes
[INFO] [stdout]           >>> referenced by crosswin.9b33270941d71e31-cgu.3
[INFO] [stdout]           >>>               crosswin-f5663962884396a1.crosswin.9b33270941d71e31-cgu.3.rcgu.o:(crosswin::processes::list::enumerate_processes_blocking) in archive /opt/rustwide/target/release/build/crosswin/f5663962884396a1/out/libcrosswin-f5663962884396a1.rlib
[INFO] [stdout]           
[INFO] [stdout]           rust-lld: error: undefined symbol: GetPriorityClass
[INFO] [stdout]           >>> referenced by crosswin.9b33270941d71e31-cgu.3
[INFO] [stdout]           >>>               crosswin-f5663962884396a1.crosswin.9b33270941d71e31-cgu.3.rcgu.o:(crosswin::processes::list::enumerate_processes_blocking) in archive /opt/rustwide/target/release/build/crosswin/f5663962884396a1/out/libcrosswin-f5663962884396a1.rlib
[INFO] [stdout]           
[INFO] [stdout]           rust-lld: error: undefined symbol: CloseHandle
[INFO] [stdout]           >>> referenced by crosswin.9b33270941d71e31-cgu.3
[INFO] [stdout]           >>>               crosswin-f5663962884396a1.crosswin.9b33270941d71e31-cgu.3.rcgu.o:(crosswin::processes::list::enumerate_processes_blocking) in archive /opt/rustwide/target/release/build/crosswin/f5663962884396a1/out/libcrosswin-f5663962884396a1.rlib
[INFO] [stdout]           >>> referenced by crosswin.9b33270941d71e31-cgu.3
[INFO] [stdout]           >>>               crosswin-f5663962884396a1.crosswin.9b33270941d71e31-cgu.3.rcgu.o:(crosswin::processes::list::enumerate_processes_blocking) in archive /opt/rustwide/target/release/build/crosswin/f5663962884396a1/out/libcrosswin-f5663962884396a1.rlib
[INFO] [stdout]           >>> referenced by crosswin.9b33270941d71e31-cgu.3
[INFO] [stdout]           >>>               crosswin-f5663962884396a1.crosswin.9b33270941d71e31-cgu.3.rcgu.o:(crosswin::processes::list::enumerate_processes_blocking) in archive /opt/rustwide/target/release/build/crosswin/f5663962884396a1/out/libcrosswin-f5663962884396a1.rlib
[INFO] [stdout]           
[INFO] [stdout]           rust-lld: error: undefined symbol: GetProcessHeap
[INFO] [stdout]           >>> referenced by windows_result.a4531246881d5cd9-cgu.0
[INFO] [stdout]           >>>               windows_result-b75ade87d2b58bc3.windows_result.a4531246881d5cd9-cgu.0.rcgu.o:(core::ptr::drop_glue::<windows_result::strings::HeapString>) in archive /opt/rustwide/target/release/build/windows-result/b75ade87d2b58bc3/out/libwindows_result-b75ade87d2b58bc3.rlib
[INFO] [stdout]           >>> referenced by windows_result.a4531246881d5cd9-cgu.0
[INFO] [stdout]           >>>               windows_result-b75ade87d2b58bc3.windows_result.a4531246881d5cd9-cgu.0.rcgu.o:(<windows_result::hresult::HRESULT>::message) in archive /opt/rustwide/target/release/build/windows-result/b75ade87d2b58bc3/out/libwindows_result-b75ade87d2b58bc3.rlib
[INFO] [stdout]           
[INFO] [stdout]           rust-lld: error: undefined symbol: HeapFree
[INFO] [stdout]           >>> referenced by windows_result.a4531246881d5cd9-cgu.0
[INFO] [stdout]           >>>               windows_result-b75ade87d2b58bc3.windows_result.a4531246881d5cd9-cgu.0.rcgu.o:(core::ptr::drop_glue::<windows_result::strings::HeapString>) in archive /opt/rustwide/target/release/build/windows-result/b75ade87d2b58bc3/out/libwindows_result-b75ade87d2b58bc3.rlib
[INFO] [stdout]           >>> referenced by windows_result.a4531246881d5cd9-cgu.0
[INFO] [stdout]           >>>               windows_result-b75ade87d2b58bc3.windows_result.a4531246881d5cd9-cgu.0.rcgu.o:(<windows_result::hresult::HRESULT>::message) in archive /opt/rustwide/target/release/build/windows-result/b75ade87d2b58bc3/out/libwindows_result-b75ade87d2b58bc3.rlib
[INFO] [stdout]           
[INFO] [stdout]           rust-lld: error: undefined symbol: GetLastError
[INFO] [stdout]           >>> referenced by windows_result.a4531246881d5cd9-cgu.0
[INFO] [stdout]           >>>               windows_result-b75ade87d2b58bc3.windows_result.a4531246881d5cd9-cgu.0.rcgu.o:(<windows_result::error::Error>::from_win32) in archive /opt/rustwide/target/release/build/windows-result/b75ade87d2b58bc3/out/libwindows_result-b75ade87d2b58bc3.rlib
[INFO] [stdout]           
[INFO] [stdout]           rust-lld: error: undefined symbol: SysFreeString
[INFO] [stdout]           >>> referenced by windows_result.a4531246881d5cd9-cgu.0
[INFO] [stdout]           >>>               windows_result-b75ade87d2b58bc3.windows_result.a4531246881d5cd9-cgu.0.rcgu.o:(<windows_result::error::Error>::message) in archive /opt/rustwide/target/release/build/windows-result/b75ade87d2b58bc3/out/libwindows_result-b75ade87d2b58bc3.rlib
[INFO] [stdout]           >>> referenced by windows_result.a4531246881d5cd9-cgu.0
[INFO] [stdout]           >>>               windows_result-b75ade87d2b58bc3.windows_result.a4531246881d5cd9-cgu.0.rcgu.o:(<windows_result::error::Error>::message) in archive /opt/rustwide/target/release/build/windows-result/b75ade87d2b58bc3/out/libwindows_result-b75ade87d2b58bc3.rlib
[INFO] [stdout]           >>> referenced by windows_result.a4531246881d5cd9-cgu.0
[INFO] [stdout]           >>>               windows_result-b75ade87d2b58bc3.windows_result.a4531246881d5cd9-cgu.0.rcgu.o:(<windows_result::error::Error>::message) in archive /opt/rustwide/target/release/build/windows-result/b75ade87d2b58bc3/out/libwindows_result-b75ade87d2b58bc3.rlib
[INFO] [stdout]           >>> referenced 2 more times
[INFO] [stdout]           
[INFO] [stdout]           rust-lld: error: undefined symbol: SysStringLen
[INFO] [stdout]           >>> referenced by windows_result.a4531246881d5cd9-cgu.0
[INFO] [stdout]           >>>               windows_result-b75ade87d2b58bc3.windows_result.a4531246881d5cd9-cgu.0.rcgu.o:(<windows_result::error::Error>::message) in archive /opt/rustwide/target/release/build/windows-result/b75ade87d2b58bc3/out/libwindows_result-b75ade87d2b58bc3.rlib
[INFO] [stdout]           >>> referenced by windows_result.a4531246881d5cd9-cgu.0
[INFO] [stdout]           >>>               windows_result-b75ade87d2b58bc3.windows_result.a4531246881d5cd9-cgu.0.rcgu.o:(<windows_result::error::Error>::message) in archive /opt/rustwide/target/release/build/windows-result/b75ade87d2b58bc3/out/libwindows_result-b75ade87d2b58bc3.rlib
[INFO] [stdout]           >>> referenced by windows_result.a4531246881d5cd9-cgu.0
[INFO] [stdout]           >>>               windows_result-b75ade87d2b58bc3.windows_result.a4531246881d5cd9-cgu.0.rcgu.o:(<windows_result::error::Error>::message) in archive /opt/rustwide/target/release/build/windows-result/b75ade87d2b58bc3/out/libwindows_result-b75ade87d2b58bc3.rlib
[INFO] [stdout]           >>> referenced 1 more times
[INFO] [stdout]           
[INFO] [stdout]           rust-lld: error: undefined symbol: LoadLibraryExA
[INFO] [stdout]           >>> referenced by windows_result.a4531246881d5cd9-cgu.0
[INFO] [stdout]           >>>               windows_result-b75ade87d2b58bc3.windows_result.a4531246881d5cd9-cgu.0.rcgu.o:(<windows_result::hresult::HRESULT>::message) in archive /opt/rustwide/target/release/build/windows-result/b75ade87d2b58bc3/out/libwindows_result-b75ade87d2b58bc3.rlib
[INFO] [stdout]           
[INFO] [stdout]           rust-lld: error: undefined symbol: FormatMessageW
[INFO] [stdout]           >>> referenced by windows_result.a4531246881d5cd9-cgu.0
[INFO] [stdout]           >>>               windows_result-b75ade87d2b58bc3.windows_result.a4531246881d5cd9-cgu.0.rcgu.o:(<windows_result::hresult::HRESULT>::message) in archive /opt/rustwide/target/release/build/windows-result/b75ade87d2b58bc3/out/libwindows_result-b75ade87d2b58bc3.rlib
[INFO] [stdout]           collect2: error: ld returned 1 exit status
[INFO] [stdout]           
[INFO] [stdout] 
[INFO] [stdout] 
[INFO] [stderr] error: could not compile `crosswin` (test "processes_smoke") due to 1 previous error
[INFO] [stdout] error: linking with `cc` failed: exit status: 1
[INFO] [stdout]   |
[INFO] [stdout]   = note:  "cc" "-m64" "/opt/rustwide/target/release/build/crosswin/e5410e06be99f567/out/rustcPVvIKm/symbols.o" "<5 object files omitted>" "-Wl,--as-needed" "-Wl,-Bstatic" "/opt/rustwide/target/release/build/crosswin/f5663962884396a1/out/libcrosswin-f5663962884396a1.rlib" "/opt/rustwide/target/release/build/num_cpus/9415f1357b63605d/out/libnum_cpus-9415f1357b63605d.rlib" "/opt/rustwide/target/release/build/libc/9e965a40be780bf2/out/liblibc-9e965a40be780bf2.rlib" "/opt/rustwide/target/release/build/tokio/afcc190fda1a3852/out/libtokio-afcc190fda1a3852.rlib" "/opt/rustwide/target/release/build/pin-project-lite/a042d89c9815bfb5/out/libpin_project_lite-a042d89c9815bfb5.rlib" "/opt/rustwide/target/release/build/widestring/8b34178bfcc63397/out/libwidestring-8b34178bfcc63397.rlib" "/opt/rustwide/target/release/build/windows/dcb19336221bff81/out/libwindows-dcb19336221bff81.rlib" "/opt/rustwide/target/release/build/windows-core/1fa4b23d42cfed61/out/libwindows_core-1fa4b23d42cfed61.rlib" "/opt/rustwide/target/release/build/windows-result/b75ade87d2b58bc3/out/libwindows_result-b75ade87d2b58bc3.rlib" "/opt/rustwide/target/release/build/windows-targets/0f401e3ca27b07b6/out/libwindows_targets-0f401e3ca27b07b6.rlib" "<sysroot>/lib/rustlib/x86_64-unknown-linux-gnu/lib/{libstd-*,libpanic_unwind-*,libobject-*,libmemchr-*,libaddr2line-*,libgimli-*,libcfg_if-*,librustc_demangle-*,libstd_detect-*,libhashbrown-*,librustc_std_workspace_alloc-*,libminiz_oxide-*,libadler2-*,libunwind-*,liblibc-*,librustc_std_workspace_core-*,liballoc-*,libcore-*,libcompiler_builtins-*}.rlib" "-Wl,-Bdynamic" "-lgcc_s" "-lutil" "-lrt" "-lpthread" "-lm" "-ldl" "-lc" "-L" "/opt/rustwide/target/release/build/crosswin/e5410e06be99f567/out/rustcPVvIKm/raw-dylibs" "-B<sysroot>/lib/rustlib/x86_64-unknown-linux-gnu/bin/gcc-ld" "-fuse-ld=lld" "-Wl,--eh-frame-hdr" "-Wl,-z,noexecstack" "-L" "/opt/rustwide/cargo-home/registry/src/index.crates.io-1949cf8c6b5b557f/windows_x86_64_gnu-0.52.6/lib" "-L" "<sysroot>/lib/rustlib/x86_64-unknown-linux-gnu/lib" "-o" "/opt/rustwide/target/release/build/crosswin/e5410e06be99f567/out/list_processes" "-Wl,--gc-sections" "-pie" "-Wl,-z,relro,-z,now" "-Wl,-O1" "-Wl,--strip-debug" "-nodefaultlibs"
[INFO] [stdout]   = note: some arguments are omitted. use `--verbose` to show all linker arguments
[INFO] [stdout]   = note: rust-lld: error: undefined symbol: CreateToolhelp32Snapshot
[INFO] [stdout]           >>> referenced by crosswin.9b33270941d71e31-cgu.3
[INFO] [stdout]           >>>               crosswin-f5663962884396a1.crosswin.9b33270941d71e31-cgu.3.rcgu.o:(crosswin::processes::list::enumerate_processes_blocking) in archive /opt/rustwide/target/release/build/crosswin/f5663962884396a1/out/libcrosswin-f5663962884396a1.rlib
[INFO] [stdout]           
[INFO] [stdout]           rust-lld: error: undefined symbol: Process32FirstW
[INFO] [stdout]           >>> referenced by crosswin.9b33270941d71e31-cgu.3
[INFO] [stdout]           >>>               crosswin-f5663962884396a1.crosswin.9b33270941d71e31-cgu.3.rcgu.o:(crosswin::processes::list::enumerate_processes_blocking) in archive /opt/rustwide/target/release/build/crosswin/f5663962884396a1/out/libcrosswin-f5663962884396a1.rlib
[INFO] [stdout]           
[INFO] [stdout]           rust-lld: error: undefined symbol: Process32NextW
[INFO] [stdout]           >>> referenced by crosswin.9b33270941d71e31-cgu.3
[INFO] [stdout]           >>>               crosswin-f5663962884396a1.crosswin.9b33270941d71e31-cgu.3.rcgu.o:(crosswin::processes::list::enumerate_processes_blocking) in archive /opt/rustwide/target/release/build/crosswin/f5663962884396a1/out/libcrosswin-f5663962884396a1.rlib
[INFO] [stdout]           >>> referenced by crosswin.9b33270941d71e31-cgu.3
[INFO] [stdout]           >>>               crosswin-f5663962884396a1.crosswin.9b33270941d71e31-cgu.3.rcgu.o:(crosswin::processes::list::enumerate_processes_blocking) in archive /opt/rustwide/target/release/build/crosswin/f5663962884396a1/out/libcrosswin-f5663962884396a1.rlib
[INFO] [stdout]           
[INFO] [stdout]           rust-lld: error: undefined symbol: OpenProcess
[INFO] [stdout]           >>> referenced by crosswin.9b33270941d71e31-cgu.3
[INFO] [stdout]           >>>               crosswin-f5663962884396a1.crosswin.9b33270941d71e31-cgu.3.rcgu.o:(crosswin::processes::list::enumerate_processes_blocking) in archive /opt/rustwide/target/release/build/crosswin/f5663962884396a1/out/libcrosswin-f5663962884396a1.rlib
[INFO] [stdout]           
[INFO] [stdout]           rust-lld: error: undefined symbol: QueryFullProcessImageNameW
[INFO] [stdout]           >>> referenced by crosswin.9b33270941d71e31-cgu.3
[INFO] [stdout]           >>>               crosswin-f5663962884396a1.crosswin.9b33270941d71e31-cgu.3.rcgu.o:(crosswin::processes::list::enumerate_processes_blocking) in archive /opt/rustwide/target/release/build/crosswin/f5663962884396a1/out/libcrosswin-f5663962884396a1.rlib
[INFO] [stdout]           
[INFO] [stdout]           rust-lld: error: undefined symbol: GetProcessMemoryInfo
[INFO] [stdout]           >>> referenced by crosswin.9b33270941d71e31-cgu.3
[INFO] [stdout]           >>>               crosswin-f5663962884396a1.crosswin.9b33270941d71e31-cgu.3.rcgu.o:(crosswin::processes::list::enumerate_processes_blocking) in archive /opt/rustwide/target/release/build/crosswin/f5663962884396a1/out/libcrosswin-f5663962884396a1.rlib
[INFO] [stdout]           
[INFO] [stdout]           rust-lld: error: undefined symbol: GetProcessTimes
[INFO] [stdout]           >>> referenced by crosswin.9b33270941d71e31-cgu.3
[INFO] [stdout]           >>>               crosswin-f5663962884396a1.crosswin.9b33270941d71e31-cgu.3.rcgu.o:(crosswin::processes::list::enumerate_processes_blocking) in archive /opt/rustwide/target/release/build/crosswin/f5663962884396a1/out/libcrosswin-f5663962884396a1.rlib
[INFO] [stdout]           
[INFO] [stdout]           rust-lld: error: undefined symbol: GetPriorityClass
[INFO] [stdout]           >>> referenced by crosswin.9b33270941d71e31-cgu.3
[INFO] [stdout]           >>>               crosswin-f5663962884396a1.crosswin.9b33270941d71e31-cgu.3.rcgu.o:(crosswin::processes::list::enumerate_processes_blocking) in archive /opt/rustwide/target/release/build/crosswin/f5663962884396a1/out/libcrosswin-f5663962884396a1.rlib
[INFO] [stdout]           
[INFO] [stdout]           rust-lld: error: undefined symbol: CloseHandle
[INFO] [stdout]           >>> referenced by crosswin.9b33270941d71e31-cgu.3
[INFO] [stdout]           >>>               crosswin-f5663962884396a1.crosswin.9b33270941d71e31-cgu.3.rcgu.o:(crosswin::processes::list::enumerate_processes_blocking) in archive /opt/rustwide/target/release/build/crosswin/f5663962884396a1/out/libcrosswin-f5663962884396a1.rlib
[INFO] [stdout]           >>> referenced by crosswin.9b33270941d71e31-cgu.3
[INFO] [stdout]           >>>               crosswin-f5663962884396a1.crosswin.9b33270941d71e31-cgu.3.rcgu.o:(crosswin::processes::list::enumerate_processes_blocking) in archive /opt/rustwide/target/release/build/crosswin/f5663962884396a1/out/libcrosswin-f5663962884396a1.rlib
[INFO] [stdout]           >>> referenced by crosswin.9b33270941d71e31-cgu.3
[INFO] [stdout]           >>>               crosswin-f5663962884396a1.crosswin.9b33270941d71e31-cgu.3.rcgu.o:(crosswin::processes::list::enumerate_processes_blocking) in archive /opt/rustwide/target/release/build/crosswin/f5663962884396a1/out/libcrosswin-f5663962884396a1.rlib
[INFO] [stdout]           
[INFO] [stdout]           rust-lld: error: undefined symbol: GetProcessHeap
[INFO] [stdout]           >>> referenced by windows_result.a4531246881d5cd9-cgu.0
[INFO] [stdout]           >>>               windows_result-b75ade87d2b58bc3.windows_result.a4531246881d5cd9-cgu.0.rcgu.o:(core::ptr::drop_glue::<windows_result::strings::HeapString>) in archive /opt/rustwide/target/release/build/windows-result/b75ade87d2b58bc3/out/libwindows_result-b75ade87d2b58bc3.rlib
[INFO] [stdout]           >>> referenced by windows_result.a4531246881d5cd9-cgu.0
[INFO] [stdout]           >>>               windows_result-b75ade87d2b58bc3.windows_result.a4531246881d5cd9-cgu.0.rcgu.o:(<windows_result::hresult::HRESULT>::message) in archive /opt/rustwide/target/release/build/windows-result/b75ade87d2b58bc3/out/libwindows_result-b75ade87d2b58bc3.rlib
[INFO] [stdout]           
[INFO] [stdout]           rust-lld: error: undefined symbol: HeapFree
[INFO] [stdout]           >>> referenced by windows_result.a4531246881d5cd9-cgu.0
[INFO] [stdout]           >>>               windows_result-b75ade87d2b58bc3.windows_result.a4531246881d5cd9-cgu.0.rcgu.o:(core::ptr::drop_glue::<windows_result::strings::HeapString>) in archive /opt/rustwide/target/release/build/windows-result/b75ade87d2b58bc3/out/libwindows_result-b75ade87d2b58bc3.rlib
[INFO] [stdout]           >>> referenced by windows_result.a4531246881d5cd9-cgu.0
[INFO] [stdout]           >>>               windows_result-b75ade87d2b58bc3.windows_result.a4531246881d5cd9-cgu.0.rcgu.o:(<windows_result::hresult::HRESULT>::message) in archive /opt/rustwide/target/release/build/windows-result/b75ade87d2b58bc3/out/libwindows_result-b75ade87d2b58bc3.rlib
[INFO] [stdout]           
[INFO] [stdout]           rust-lld: error: undefined symbol: GetLastError
[INFO] [stdout]           >>> referenced by windows_result.a4531246881d5cd9-cgu.0
[INFO] [stdout]           >>>               windows_result-b75ade87d2b58bc3.windows_result.a4531246881d5cd9-cgu.0.rcgu.o:(<windows_result::error::Error>::from_win32) in archive /opt/rustwide/target/release/build/windows-result/b75ade87d2b58bc3/out/libwindows_result-b75ade87d2b58bc3.rlib
[INFO] [stdout]           
[INFO] [stdout]           rust-lld: error: undefined symbol: SysFreeString
[INFO] [stdout]           >>> referenced by windows_result.a4531246881d5cd9-cgu.0
[INFO] [stdout]           >>>               windows_result-b75ade87d2b58bc3.windows_result.a4531246881d5cd9-cgu.0.rcgu.o:(<windows_result::error::Error>::message) in archive /opt/rustwide/target/release/build/windows-result/b75ade87d2b58bc3/out/libwindows_result-b75ade87d2b58bc3.rlib
[INFO] [stdout]           >>> referenced by windows_result.a4531246881d5cd9-cgu.0
[INFO] [stdout]           >>>               windows_result-b75ade87d2b58bc3.windows_result.a4531246881d5cd9-cgu.0.rcgu.o:(<windows_result::error::Error>::message) in archive /opt/rustwide/target/release/build/windows-result/b75ade87d2b58bc3/out/libwindows_result-b75ade87d2b58bc3.rlib
[INFO] [stdout]           >>> referenced by windows_result.a4531246881d5cd9-cgu.0
[INFO] [stdout]           >>>               windows_result-b75ade87d2b58bc3.windows_result.a4531246881d5cd9-cgu.0.rcgu.o:(<windows_result::error::Error>::message) in archive /opt/rustwide/target/release/build/windows-result/b75ade87d2b58bc3/out/libwindows_result-b75ade87d2b58bc3.rlib
[INFO] [stdout]           >>> referenced 2 more times
[INFO] [stdout]           
[INFO] [stdout]           rust-lld: error: undefined symbol: SysStringLen
[INFO] [stdout]           >>> referenced by windows_result.a4531246881d5cd9-cgu.0
[INFO] [stdout]           >>>               windows_result-b75ade87d2b58bc3.windows_result.a4531246881d5cd9-cgu.0.rcgu.o:(<windows_result::error::Error>::message) in archive /opt/rustwide/target/release/build/windows-result/b75ade87d2b58bc3/out/libwindows_result-b75ade87d2b58bc3.rlib
[INFO] [stdout]           >>> referenced by windows_result.a4531246881d5cd9-cgu.0
[INFO] [stdout]           >>>               windows_result-b75ade87d2b58bc3.windows_result.a4531246881d5cd9-cgu.0.rcgu.o:(<windows_result::error::Error>::message) in archive /opt/rustwide/target/release/build/windows-result/b75ade87d2b58bc3/out/libwindows_result-b75ade87d2b58bc3.rlib
[INFO] [stdout]           >>> referenced by windows_result.a4531246881d5cd9-cgu.0
[INFO] [stdout]           >>>               windows_result-b75ade87d2b58bc3.windows_result.a4531246881d5cd9-cgu.0.rcgu.o:(<windows_result::error::Error>::message) in archive /opt/rustwide/target/release/build/windows-result/b75ade87d2b58bc3/out/libwindows_result-b75ade87d2b58bc3.rlib
[INFO] [stdout]           >>> referenced 1 more times
[INFO] [stdout]           
[INFO] [stdout]           rust-lld: error: undefined symbol: LoadLibraryExA
[INFO] [stdout]           >>> referenced by windows_result.a4531246881d5cd9-cgu.0
[INFO] [stdout]           >>>               windows_result-b75ade87d2b58bc3.windows_result.a4531246881d5cd9-cgu.0.rcgu.o:(<windows_result::hresult::HRESULT>::message) in archive /opt/rustwide/target/release/build/windows-result/b75ade87d2b58bc3/out/libwindows_result-b75ade87d2b58bc3.rlib
[INFO] [stdout]           
[INFO] [stdout]           rust-lld: error: undefined symbol: FormatMessageW
[INFO] [stdout]           >>> referenced by windows_result.a4531246881d5cd9-cgu.0
[INFO] [stdout]           >>>               windows_result-b75ade87d2b58bc3.windows_result.a4531246881d5cd9-cgu.0.rcgu.o:(<windows_result::hresult::HRESULT>::message) in archive /opt/rustwide/target/release/build/windows-result/b75ade87d2b58bc3/out/libwindows_result-b75ade87d2b58bc3.rlib
[INFO] [stdout]           collect2: error: ld returned 1 exit status
[INFO] [stdout]           
[INFO] [stdout] 
[INFO] [stdout] 
[INFO] [stderr] error: could not compile `crosswin` (example "list_processes") due to 1 previous error
[INFO] [stdout] error: linking with `cc` failed: exit status: 1
[INFO] [stdout]   |
[INFO] [stdout]   = note:  "cc" "-m64" "/opt/rustwide/target/release/build/crosswin/d949d3516141fb8a/out/rustc9OMzl9/symbols.o" "<5 object files omitted>" "-Wl,--as-needed" "-Wl,-Bstatic" "/opt/rustwide/target/release/build/crosswin/f5663962884396a1/out/libcrosswin-f5663962884396a1.rlib" "/opt/rustwide/target/release/build/num_cpus/9415f1357b63605d/out/libnum_cpus-9415f1357b63605d.rlib" "/opt/rustwide/target/release/build/libc/9e965a40be780bf2/out/liblibc-9e965a40be780bf2.rlib" "/opt/rustwide/target/release/build/tokio/afcc190fda1a3852/out/libtokio-afcc190fda1a3852.rlib" "/opt/rustwide/target/release/build/pin-project-lite/a042d89c9815bfb5/out/libpin_project_lite-a042d89c9815bfb5.rlib" "/opt/rustwide/target/release/build/widestring/8b34178bfcc63397/out/libwidestring-8b34178bfcc63397.rlib" "/opt/rustwide/target/release/build/windows/dcb19336221bff81/out/libwindows-dcb19336221bff81.rlib" "/opt/rustwide/target/release/build/windows-core/1fa4b23d42cfed61/out/libwindows_core-1fa4b23d42cfed61.rlib" "/opt/rustwide/target/release/build/windows-result/b75ade87d2b58bc3/out/libwindows_result-b75ade87d2b58bc3.rlib" "/opt/rustwide/target/release/build/windows-targets/0f401e3ca27b07b6/out/libwindows_targets-0f401e3ca27b07b6.rlib" "<sysroot>/lib/rustlib/x86_64-unknown-linux-gnu/lib/{libstd-*,libpanic_unwind-*,libobject-*,libmemchr-*,libaddr2line-*,libgimli-*,libcfg_if-*,librustc_demangle-*,libstd_detect-*,libhashbrown-*,librustc_std_workspace_alloc-*,libminiz_oxide-*,libadler2-*,libunwind-*,liblibc-*,librustc_std_workspace_core-*,liballoc-*,libcore-*,libcompiler_builtins-*}.rlib" "-Wl,-Bdynamic" "-lgcc_s" "-lutil" "-lrt" "-lpthread" "-lm" "-ldl" "-lc" "-L" "/opt/rustwide/target/release/build/crosswin/d949d3516141fb8a/out/rustc9OMzl9/raw-dylibs" "-B<sysroot>/lib/rustlib/x86_64-unknown-linux-gnu/bin/gcc-ld" "-fuse-ld=lld" "-Wl,--eh-frame-hdr" "-Wl,-z,noexecstack" "-L" "/opt/rustwide/cargo-home/registry/src/index.crates.io-1949cf8c6b5b557f/windows_x86_64_gnu-0.52.6/lib" "-L" "<sysroot>/lib/rustlib/x86_64-unknown-linux-gnu/lib" "-o" "/opt/rustwide/target/release/build/crosswin/d949d3516141fb8a/out/find_window" "-Wl,--gc-sections" "-pie" "-Wl,-z,relro,-z,now" "-Wl,-O1" "-Wl,--strip-debug" "-nodefaultlibs"
[INFO] [stdout]   = note: some arguments are omitted. use `--verbose` to show all linker arguments
[INFO] [stdout]   = note: rust-lld: error: undefined symbol: EnumWindows
[INFO] [stdout]           >>> referenced by find_window.8f17d51d4baa6eef-cgu.0
[INFO] [stdout]           >>>               /opt/rustwide/target/release/build/crosswin/d949d3516141fb8a/out/find_window.find_window.8f17d51d4baa6eef-cgu.0.rcgu.o:(find_window::main::{closure#0} (.llvm.14536712311124145063))
[INFO] [stdout]           >>> referenced by find_window.8f17d51d4baa6eef-cgu.2
[INFO] [stdout]           >>>               /opt/rustwide/target/release/build/crosswin/d949d3516141fb8a/out/find_window.find_window.8f17d51d4baa6eef-cgu.2.rcgu.o:(<tokio::runtime::park::CachedParkThread>::block_on::<find_window::main::{closure#0}>)
[INFO] [stdout]           
[INFO] [stdout]           rust-lld: error: undefined symbol: GetWindowTextLengthW
[INFO] [stdout]           >>> referenced by crosswin.9b33270941d71e31-cgu.1
[INFO] [stdout]           >>>               crosswin-f5663962884396a1.crosswin.9b33270941d71e31-cgu.1.rcgu.o:(crosswin::windows::window::list_windows::{closure#0}::callback) in archive /opt/rustwide/target/release/build/crosswin/f5663962884396a1/out/libcrosswin-f5663962884396a1.rlib
[INFO] [stdout]           
[INFO] [stdout]           rust-lld: error: undefined symbol: GetWindowTextW
[INFO] [stdout]           >>> referenced by crosswin.9b33270941d71e31-cgu.1
[INFO] [stdout]           >>>               crosswin-f5663962884396a1.crosswin.9b33270941d71e31-cgu.1.rcgu.o:(crosswin::windows::window::list_windows::{closure#0}::callback) in archive /opt/rustwide/target/release/build/crosswin/f5663962884396a1/out/libcrosswin-f5663962884396a1.rlib
[INFO] [stdout]           
[INFO] [stdout]           rust-lld: error: undefined symbol: GetClassNameW
[INFO] [stdout]           >>> referenced by crosswin.9b33270941d71e31-cgu.1
[INFO] [stdout]           >>>               crosswin-f5663962884396a1.crosswin.9b33270941d71e31-cgu.1.rcgu.o:(crosswin::windows::window::list_windows::{closure#0}::callback) in archive /opt/rustwide/target/release/build/crosswin/f5663962884396a1/out/libcrosswin-f5663962884396a1.rlib
[INFO] [stdout]           
[INFO] [stdout]           rust-lld: error: undefined symbol: GetWindowRect
[INFO] [stdout]           >>> referenced by crosswin.9b33270941d71e31-cgu.1
[INFO] [stdout]           >>>               crosswin-f5663962884396a1.crosswin.9b33270941d71e31-cgu.1.rcgu.o:(crosswin::windows::window::list_windows::{closure#0}::callback) in archive /opt/rustwide/target/release/build/crosswin/f5663962884396a1/out/libcrosswin-f5663962884396a1.rlib
[INFO] [stdout]           
[INFO] [stdout]           rust-lld: error: undefined symbol: IsWindowVisible
[INFO] [stdout]           >>> referenced by crosswin.9b33270941d71e31-cgu.1
[INFO] [stdout]           >>>               crosswin-f5663962884396a1.crosswin.9b33270941d71e31-cgu.1.rcgu.o:(crosswin::windows::window::list_windows::{closure#0}::callback) in archive /opt/rustwide/target/release/build/crosswin/f5663962884396a1/out/libcrosswin-f5663962884396a1.rlib
[INFO] [stdout]           
[INFO] [stdout]           rust-lld: error: undefined symbol: GetWindowThreadProcessId
[INFO] [stdout]           >>> referenced by crosswin.9b33270941d71e31-cgu.1
[INFO] [stdout]           >>>               crosswin-f5663962884396a1.crosswin.9b33270941d71e31-cgu.1.rcgu.o:(crosswin::windows::window::list_windows::{closure#0}::callback) in archive /opt/rustwide/target/release/build/crosswin/f5663962884396a1/out/libcrosswin-f5663962884396a1.rlib
[INFO] [stdout]           
[INFO] [stdout]           rust-lld: error: undefined symbol: GetLastError
[INFO] [stdout]           >>> referenced by windows_result.a4531246881d5cd9-cgu.0
[INFO] [stdout]           >>>               windows_result-b75ade87d2b58bc3.windows_result.a4531246881d5cd9-cgu.0.rcgu.o:(<windows_result::error::Error>::from_win32) in archive /opt/rustwide/target/release/build/windows-result/b75ade87d2b58bc3/out/libwindows_result-b75ade87d2b58bc3.rlib
[INFO] [stdout]           collect2: error: ld returned 1 exit status
[INFO] [stdout]           
[INFO] [stdout] 
[INFO] [stdout] 
[INFO] [stderr] error: could not compile `crosswin` (example "find_window") due to 1 previous error
[INFO] [stdout] error: linking with `cc` failed: exit status: 1
[INFO] [stdout]   |
[INFO] [stdout]   = note:  "cc" "-m64" "/opt/rustwide/target/release/build/crosswin/b63a334ee860bfbf/out/rustc1FqFTu/symbols.o" "<10 object files omitted>" "-Wl,--as-needed" "-Wl,-Bstatic" "<sysroot>/lib/rustlib/x86_64-unknown-linux-gnu/lib/{libtest-*,libgetopts-*,librustc_std_workspace_std-*}.rlib" "/opt/rustwide/target/release/build/crosswin/f5663962884396a1/out/libcrosswin-f5663962884396a1.rlib" "/opt/rustwide/target/release/build/num_cpus/9415f1357b63605d/out/libnum_cpus-9415f1357b63605d.rlib" "/opt/rustwide/target/release/build/libc/9e965a40be780bf2/out/liblibc-9e965a40be780bf2.rlib" "/opt/rustwide/target/release/build/tokio/afcc190fda1a3852/out/libtokio-afcc190fda1a3852.rlib" "/opt/rustwide/target/release/build/pin-project-lite/a042d89c9815bfb5/out/libpin_project_lite-a042d89c9815bfb5.rlib" "/opt/rustwide/target/release/build/widestring/8b34178bfcc63397/out/libwidestring-8b34178bfcc63397.rlib" "/opt/rustwide/target/release/build/windows/dcb19336221bff81/out/libwindows-dcb19336221bff81.rlib" "/opt/rustwide/target/release/build/windows-core/1fa4b23d42cfed61/out/libwindows_core-1fa4b23d42cfed61.rlib" "/opt/rustwide/target/release/build/windows-result/b75ade87d2b58bc3/out/libwindows_result-b75ade87d2b58bc3.rlib" "/opt/rustwide/target/release/build/windows-targets/0f401e3ca27b07b6/out/libwindows_targets-0f401e3ca27b07b6.rlib" "<sysroot>/lib/rustlib/x86_64-unknown-linux-gnu/lib/{libstd-*,libpanic_unwind-*,libobject-*,libmemchr-*,libaddr2line-*,libgimli-*,libcfg_if-*,librustc_demangle-*,libstd_detect-*,libhashbrown-*,librustc_std_workspace_alloc-*,libminiz_oxide-*,libadler2-*,libunwind-*,liblibc-*,librustc_std_workspace_core-*,liballoc-*,libcore-*,libcompiler_builtins-*}.rlib" "-Wl,-Bdynamic" "-lgcc_s" "-lutil" "-lrt" "-lpthread" "-lm" "-ldl" "-lc" "-L" "/opt/rustwide/target/release/build/crosswin/b63a334ee860bfbf/out/rustc1FqFTu/raw-dylibs" "-B<sysroot>/lib/rustlib/x86_64-unknown-linux-gnu/bin/gcc-ld" "-fuse-ld=lld" "-Wl,--eh-frame-hdr" "-Wl,-z,noexecstack" "-L" "/opt/rustwide/cargo-home/registry/src/index.crates.io-1949cf8c6b5b557f/windows_x86_64_gnu-0.52.6/lib" "-L" "<sysroot>/lib/rustlib/x86_64-unknown-linux-gnu/lib" "-o" "/opt/rustwide/target/release/build/crosswin/b63a334ee860bfbf/out/process_info_tests-b63a334ee860bfbf" "-Wl,--gc-sections" "-pie" "-Wl,-z,relro,-z,now" "-Wl,-O1" "-Wl,--strip-debug" "-nodefaultlibs"
[INFO] [stdout]   = note: some arguments are omitted. use `--verbose` to show all linker arguments
[INFO] [stdout]   = note: rust-lld: error: undefined symbol: OpenProcess
[INFO] [stdout]           >>> referenced by crosswin.9b33270941d71e31-cgu.2
[INFO] [stdout]           >>>               crosswin-f5663962884396a1.crosswin.9b33270941d71e31-cgu.2.rcgu.o:(<crosswin::processes::info::ProcessInfo>::is_alive) in archive /opt/rustwide/target/release/build/crosswin/f5663962884396a1/out/libcrosswin-f5663962884396a1.rlib
[INFO] [stdout]           >>> referenced by crosswin.9b33270941d71e31-cgu.3
[INFO] [stdout]           >>>               crosswin-f5663962884396a1.crosswin.9b33270941d71e31-cgu.3.rcgu.o:(crosswin::processes::list::enumerate_processes_blocking) in archive /opt/rustwide/target/release/build/crosswin/f5663962884396a1/out/libcrosswin-f5663962884396a1.rlib
[INFO] [stdout]           
[INFO] [stdout]           rust-lld: error: undefined symbol: GetExitCodeProcess
[INFO] [stdout]           >>> referenced by crosswin.9b33270941d71e31-cgu.2
[INFO] [stdout]           >>>               crosswin-f5663962884396a1.crosswin.9b33270941d71e31-cgu.2.rcgu.o:(<crosswin::processes::info::ProcessInfo>::is_alive) in archive /opt/rustwide/target/release/build/crosswin/f5663962884396a1/out/libcrosswin-f5663962884396a1.rlib
[INFO] [stdout]           
[INFO] [stdout]           rust-lld: error: undefined symbol: CloseHandle
[INFO] [stdout]           >>> referenced by crosswin.9b33270941d71e31-cgu.2
[INFO] [stdout]           >>>               crosswin-f5663962884396a1.crosswin.9b33270941d71e31-cgu.2.rcgu.o:(<crosswin::processes::info::ProcessInfo>::is_alive) in archive /opt/rustwide/target/release/build/crosswin/f5663962884396a1/out/libcrosswin-f5663962884396a1.rlib
[INFO] [stdout]           >>> referenced by crosswin.9b33270941d71e31-cgu.3
[INFO] [stdout]           >>>               crosswin-f5663962884396a1.crosswin.9b33270941d71e31-cgu.3.rcgu.o:(crosswin::processes::list::enumerate_processes_blocking) in archive /opt/rustwide/target/release/build/crosswin/f5663962884396a1/out/libcrosswin-f5663962884396a1.rlib
[INFO] [stdout]           >>> referenced by crosswin.9b33270941d71e31-cgu.3
[INFO] [stdout]           >>>               crosswin-f5663962884396a1.crosswin.9b33270941d71e31-cgu.3.rcgu.o:(crosswin::processes::list::enumerate_processes_blocking) in archive /opt/rustwide/target/release/build/crosswin/f5663962884396a1/out/libcrosswin-f5663962884396a1.rlib
[INFO] [stdout]           >>> referenced 1 more times
[INFO] [stdout]           
[INFO] [stdout]           rust-lld: error: undefined symbol: CreateToolhelp32Snapshot
[INFO] [stdout]           >>> referenced by crosswin.9b33270941d71e31-cgu.3
[INFO] [stdout]           >>>               crosswin-f5663962884396a1.crosswin.9b33270941d71e31-cgu.3.rcgu.o:(crosswin::processes::list::enumerate_processes_blocking) in archive /opt/rustwide/target/release/build/crosswin/f5663962884396a1/out/libcrosswin-f5663962884396a1.rlib
[INFO] [stdout]           
[INFO] [stdout]           rust-lld: error: undefined symbol: Process32FirstW
[INFO] [stdout]           >>> referenced by crosswin.9b33270941d71e31-cgu.3
[INFO] [stdout]           >>>               crosswin-f5663962884396a1.crosswin.9b33270941d71e31-cgu.3.rcgu.o:(crosswin::processes::list::enumerate_processes_blocking) in archive /opt/rustwide/target/release/build/crosswin/f5663962884396a1/out/libcrosswin-f5663962884396a1.rlib
[INFO] [stdout]           
[INFO] [stdout]           rust-lld: error: undefined symbol: Process32NextW
[INFO] [stdout]           >>> referenced by crosswin.9b33270941d71e31-cgu.3
[INFO] [stdout]           >>>               crosswin-f5663962884396a1.crosswin.9b33270941d71e31-cgu.3.rcgu.o:(crosswin::processes::list::enumerate_processes_blocking) in archive /opt/rustwide/target/release/build/crosswin/f5663962884396a1/out/libcrosswin-f5663962884396a1.rlib
[INFO] [stdout]           >>> referenced by crosswin.9b33270941d71e31-cgu.3
[INFO] [stdout]           >>>               crosswin-f5663962884396a1.crosswin.9b33270941d71e31-cgu.3.rcgu.o:(crosswin::processes::list::enumerate_processes_blocking) in archive /opt/rustwide/target/release/build/crosswin/f5663962884396a1/out/libcrosswin-f5663962884396a1.rlib
[INFO] [stdout]           
[INFO] [stdout]           rust-lld: error: undefined symbol: QueryFullProcessImageNameW
[INFO] [stdout]           >>> referenced by crosswin.9b33270941d71e31-cgu.3
[INFO] [stdout]           >>>               crosswin-f5663962884396a1.crosswin.9b33270941d71e31-cgu.3.rcgu.o:(crosswin::processes::list::enumerate_processes_blocking) in archive /opt/rustwide/target/release/build/crosswin/f5663962884396a1/out/libcrosswin-f5663962884396a1.rlib
[INFO] [stdout]           
[INFO] [stdout]           rust-lld: error: undefined symbol: GetProcessMemoryInfo
[INFO] [stdout]           >>> referenced by crosswin.9b33270941d71e31-cgu.3
[INFO] [stdout]           >>>               crosswin-f5663962884396a1.crosswin.9b33270941d71e31-cgu.3.rcgu.o:(crosswin::processes::list::enumerate_processes_blocking) in archive /opt/rustwide/target/release/build/crosswin/f5663962884396a1/out/libcrosswin-f5663962884396a1.rlib
[INFO] [stdout]           
[INFO] [stdout]           rust-lld: error: undefined symbol: GetProcessTimes
[INFO] [stdout]           >>> referenced by crosswin.9b33270941d71e31-cgu.3
[INFO] [stdout]           >>>               crosswin-f5663962884396a1.crosswin.9b33270941d71e31-cgu.3.rcgu.o:(crosswin::processes::list::enumerate_processes_blocking) in archive /opt/rustwide/target/release/build/crosswin/f5663962884396a1/out/libcrosswin-f5663962884396a1.rlib
[INFO] [stdout]           
[INFO] [stdout]           rust-lld: error: undefined symbol: GetPriorityClass
[INFO] [stdout]           >>> referenced by crosswin.9b33270941d71e31-cgu.3
[INFO] [stdout]           >>>               crosswin-f5663962884396a1.crosswin.9b33270941d71e31-cgu.3.rcgu.o:(crosswin::processes::list::enumerate_processes_blocking) in archive /opt/rustwide/target/release/build/crosswin/f5663962884396a1/out/libcrosswin-f5663962884396a1.rlib
[INFO] [stdout]           
[INFO] [stdout]           rust-lld: error: undefined symbol: GetProcessHeap
[INFO] [stdout]           >>> referenced by windows_result.a4531246881d5cd9-cgu.0
[INFO] [stdout]           >>>               windows_result-b75ade87d2b58bc3.windows_result.a4531246881d5cd9-cgu.0.rcgu.o:(core::ptr::drop_glue::<windows_result::strings::HeapString>) in archive /opt/rustwide/target/release/build/windows-result/b75ade87d2b58bc3/out/libwindows_result-b75ade87d2b58bc3.rlib
[INFO] [stdout]           >>> referenced by windows_result.a4531246881d5cd9-cgu.0
[INFO] [stdout]           >>>               windows_result-b75ade87d2b58bc3.windows_result.a4531246881d5cd9-cgu.0.rcgu.o:(<windows_result::hresult::HRESULT>::message) in archive /opt/rustwide/target/release/build/windows-result/b75ade87d2b58bc3/out/libwindows_result-b75ade87d2b58bc3.rlib
[INFO] [stdout]           
[INFO] [stdout]           rust-lld: error: undefined symbol: HeapFree
[INFO] [stdout]           >>> referenced by windows_result.a4531246881d5cd9-cgu.0
[INFO] [stdout]           >>>               windows_result-b75ade87d2b58bc3.windows_result.a4531246881d5cd9-cgu.0.rcgu.o:(core::ptr::drop_glue::<windows_result::strings::HeapString>) in archive /opt/rustwide/target/release/build/windows-result/b75ade87d2b58bc3/out/libwindows_result-b75ade87d2b58bc3.rlib
[INFO] [stdout]           >>> referenced by windows_result.a4531246881d5cd9-cgu.0
[INFO] [stdout]           >>>               windows_result-b75ade87d2b58bc3.windows_result.a4531246881d5cd9-cgu.0.rcgu.o:(<windows_result::hresult::HRESULT>::message) in archive /opt/rustwide/target/release/build/windows-result/b75ade87d2b58bc3/out/libwindows_result-b75ade87d2b58bc3.rlib
[INFO] [stdout]           
[INFO] [stdout]           rust-lld: error: undefined symbol: GetLastError
[INFO] [stdout]           >>> referenced by windows_result.a4531246881d5cd9-cgu.0
[INFO] [stdout]           >>>               windows_result-b75ade87d2b58bc3.windows_result.a4531246881d5cd9-cgu.0.rcgu.o:(<windows_result::error::Error>::from_win32) in archive /opt/rustwide/target/release/build/windows-result/b75ade87d2b58bc3/out/libwindows_result-b75ade87d2b58bc3.rlib
[INFO] [stdout]           
[INFO] [stdout]           rust-lld: error: undefined symbol: SysFreeString
[INFO] [stdout]           >>> referenced by windows_result.a4531246881d5cd9-cgu.0
[INFO] [stdout]           >>>               windows_result-b75ade87d2b58bc3.windows_result.a4531246881d5cd9-cgu.0.rcgu.o:(<windows_result::error::Error>::message) in archive /opt/rustwide/target/release/build/windows-result/b75ade87d2b58bc3/out/libwindows_result-b75ade87d2b58bc3.rlib
[INFO] [stdout]           >>> referenced by windows_result.a4531246881d5cd9-cgu.0
[INFO] [stdout]           >>>               windows_result-b75ade87d2b58bc3.windows_result.a4531246881d5cd9-cgu.0.rcgu.o:(<windows_result::error::Error>::message) in archive /opt/rustwide/target/release/build/windows-result/b75ade87d2b58bc3/out/libwindows_result-b75ade87d2b58bc3.rlib
[INFO] [stdout]           >>> referenced by windows_result.a4531246881d5cd9-cgu.0
[INFO] [stdout]           >>>               windows_result-b75ade87d2b58bc3.windows_result.a4531246881d5cd9-cgu.0.rcgu.o:(<windows_result::error::Error>::message) in archive /opt/rustwide/target/release/build/windows-result/b75ade87d2b58bc3/out/libwindows_result-b75ade87d2b58bc3.rlib
[INFO] [stdout]           >>> referenced 2 more times
[INFO] [stdout]           
[INFO] [stdout]           rust-lld: error: undefined symbol: SysStringLen
[INFO] [stdout]           >>> referenced by windows_result.a4531246881d5cd9-cgu.0
[INFO] [stdout]           >>>               windows_result-b75ade87d2b58bc3.windows_result.a4531246881d5cd9-cgu.0.rcgu.o:(<windows_result::error::Error>::message) in archive /opt/rustwide/target/release/build/windows-result/b75ade87d2b58bc3/out/libwindows_result-b75ade87d2b58bc3.rlib
[INFO] [stdout]           >>> referenced by windows_result.a4531246881d5cd9-cgu.0
[INFO] [stdout]           >>>               windows_result-b75ade87d2b58bc3.windows_result.a4531246881d5cd9-cgu.0.rcgu.o:(<windows_result::error::Error>::message) in archive /opt/rustwide/target/release/build/windows-result/b75ade87d2b58bc3/out/libwindows_result-b75ade87d2b58bc3.rlib
[INFO] [stdout]           >>> referenced by windows_result.a4531246881d5cd9-cgu.0
[INFO] [stdout]           >>>               windows_result-b75ade87d2b58bc3.windows_result.a4531246881d5cd9-cgu.0.rcgu.o:(<windows_result::error::Error>::message) in archive /opt/rustwide/target/release/build/windows-result/b75ade87d2b58bc3/out/libwindows_result-b75ade87d2b58bc3.rlib
[INFO] [stdout]           >>> referenced 1 more times
[INFO] [stdout]           
[INFO] [stdout]           rust-lld: error: undefined symbol: LoadLibraryExA
[INFO] [stdout]           >>> referenced by windows_result.a4531246881d5cd9-cgu.0
[INFO] [stdout]           >>>               windows_result-b75ade87d2b58bc3.windows_result.a4531246881d5cd9-cgu.0.rcgu.o:(<windows_result::hresult::HRESULT>::message) in archive /opt/rustwide/target/release/build/windows-result/b75ade87d2b58bc3/out/libwindows_result-b75ade87d2b58bc3.rlib
[INFO] [stdout]           
[INFO] [stdout]           rust-lld: error: undefined symbol: FormatMessageW
[INFO] [stdout]           >>> referenced by windows_result.a4531246881d5cd9-cgu.0
[INFO] [stdout]           >>>               windows_result-b75ade87d2b58bc3.windows_result.a4531246881d5cd9-cgu.0.rcgu.o:(<windows_result::hresult::HRESULT>::message) in archive /opt/rustwide/target/release/build/windows-result/b75ade87d2b58bc3/out/libwindows_result-b75ade87d2b58bc3.rlib
[INFO] [stdout]           collect2: error: ld returned 1 exit status
[INFO] [stdout]           
[INFO] [stdout] 
[INFO] [stdout] 
[INFO] [stderr] error: could not compile `crosswin` (test "process_info_tests") due to 1 previous error
[INFO] [stdout] error: linking with `cc` failed: exit status: 1
[INFO] [stdout]   |
[INFO] [stdout]   = note:  "cc" "-m64" "/opt/rustwide/target/release/build/crosswin/3fbf3d37b86a6bb8/out/rustcJC5QUI/symbols.o" "<10 object files omitted>" "-Wl,--as-needed" "-Wl,-Bstatic" "/opt/rustwide/target/release/build/num_cpus/9415f1357b63605d/out/libnum_cpus-9415f1357b63605d.rlib" "/opt/rustwide/target/release/build/libc/9e965a40be780bf2/out/liblibc-9e965a40be780bf2.rlib" "/opt/rustwide/target/release/build/tokio/afcc190fda1a3852/out/libtokio-afcc190fda1a3852.rlib" "/opt/rustwide/target/release/build/pin-project-lite/a042d89c9815bfb5/out/libpin_project_lite-a042d89c9815bfb5.rlib" "<sysroot>/lib/rustlib/x86_64-unknown-linux-gnu/lib/{libtest-*,libgetopts-*,librustc_std_workspace_std-*}.rlib" "/opt/rustwide/target/release/build/widestring/8b34178bfcc63397/out/libwidestring-8b34178bfcc63397.rlib" "/opt/rustwide/target/release/build/windows/dcb19336221bff81/out/libwindows-dcb19336221bff81.rlib" "/opt/rustwide/target/release/build/windows-core/1fa4b23d42cfed61/out/libwindows_core-1fa4b23d42cfed61.rlib" "/opt/rustwide/target/release/build/windows-result/b75ade87d2b58bc3/out/libwindows_result-b75ade87d2b58bc3.rlib" "/opt/rustwide/target/release/build/windows-targets/0f401e3ca27b07b6/out/libwindows_targets-0f401e3ca27b07b6.rlib" "<sysroot>/lib/rustlib/x86_64-unknown-linux-gnu/lib/{libstd-*,libpanic_unwind-*,libobject-*,libmemchr-*,libaddr2line-*,libgimli-*,libcfg_if-*,librustc_demangle-*,libstd_detect-*,libhashbrown-*,librustc_std_workspace_alloc-*,libminiz_oxide-*,libadler2-*,libunwind-*,liblibc-*,librustc_std_workspace_core-*,liballoc-*,libcore-*,libcompiler_builtins-*}.rlib" "-Wl,-Bdynamic" "-lgcc_s" "-lutil" "-lrt" "-lpthread" "-lm" "-ldl" "-lc" "-L" "/opt/rustwide/target/release/build/crosswin/3fbf3d37b86a6bb8/out/rustcJC5QUI/raw-dylibs" "-B<sysroot>/lib/rustlib/x86_64-unknown-linux-gnu/bin/gcc-ld" "-fuse-ld=lld" "-Wl,--eh-frame-hdr" "-Wl,-z,noexecstack" "-L" "/opt/rustwide/cargo-home/registry/src/index.crates.io-1949cf8c6b5b557f/windows_x86_64_gnu-0.52.6/lib" "-L" "<sysroot>/lib/rustlib/x86_64-unknown-linux-gnu/lib" "-o" "/opt/rustwide/target/release/build/crosswin/3fbf3d37b86a6bb8/out/crosswin-3fbf3d37b86a6bb8" "-Wl,--gc-sections" "-pie" "-Wl,-z,relro,-z,now" "-Wl,-O1" "-Wl,--strip-debug" "-nodefaultlibs"
[INFO] [stdout]   = note: some arguments are omitted. use `--verbose` to show all linker arguments
[INFO] [stdout]   = note: rust-lld: error: undefined symbol: CreateToolhelp32Snapshot
[INFO] [stdout]           >>> referenced by crosswin.5e1631a2b37051a6-cgu.3
[INFO] [stdout]           >>>               /opt/rustwide/target/release/build/crosswin/3fbf3d37b86a6bb8/out/crosswin-3fbf3d37b86a6bb8.crosswin.5e1631a2b37051a6-cgu.3.rcgu.o:(crosswin::windows::thread::enumerate_threads_blocking)
[INFO] [stdout]           
[INFO] [stdout]           rust-lld: error: undefined symbol: Thread32First
[INFO] [stdout]           >>> referenced by crosswin.5e1631a2b37051a6-cgu.3
[INFO] [stdout]           >>>               /opt/rustwide/target/release/build/crosswin/3fbf3d37b86a6bb8/out/crosswin-3fbf3d37b86a6bb8.crosswin.5e1631a2b37051a6-cgu.3.rcgu.o:(crosswin::windows::thread::enumerate_threads_blocking)
[INFO] [stdout]           
[INFO] [stdout]           rust-lld: error: undefined symbol: Thread32Next
[INFO] [stdout]           >>> referenced by crosswin.5e1631a2b37051a6-cgu.3
[INFO] [stdout]           >>>               /opt/rustwide/target/release/build/crosswin/3fbf3d37b86a6bb8/out/crosswin-3fbf3d37b86a6bb8.crosswin.5e1631a2b37051a6-cgu.3.rcgu.o:(crosswin::windows::thread::enumerate_threads_blocking)
[INFO] [stdout]           
[INFO] [stdout]           rust-lld: error: undefined symbol: CloseHandle
[INFO] [stdout]           >>> referenced by crosswin.5e1631a2b37051a6-cgu.3
[INFO] [stdout]           >>>               /opt/rustwide/target/release/build/crosswin/3fbf3d37b86a6bb8/out/crosswin-3fbf3d37b86a6bb8.crosswin.5e1631a2b37051a6-cgu.3.rcgu.o:(crosswin::windows::thread::enumerate_threads_blocking)
[INFO] [stdout]           >>> referenced by crosswin.5e1631a2b37051a6-cgu.6
[INFO] [stdout]           >>>               /opt/rustwide/target/release/build/crosswin/3fbf3d37b86a6bb8/out/crosswin-3fbf3d37b86a6bb8.crosswin.5e1631a2b37051a6-cgu.6.rcgu.o:(<crosswin::windows::handles::Handle as core::ops::drop::Drop>::drop)
[INFO] [stdout]           
[INFO] [stdout]           rust-lld: error: undefined symbol: GetProcessHeap
[INFO] [stdout]           >>> referenced by windows_result.a4531246881d5cd9-cgu.0
[INFO] [stdout]           >>>               windows_result-b75ade87d2b58bc3.windows_result.a4531246881d5cd9-cgu.0.rcgu.o:(core::ptr::drop_glue::<windows_result::strings::HeapString>) in archive /opt/rustwide/target/release/build/windows-result/b75ade87d2b58bc3/out/libwindows_result-b75ade87d2b58bc3.rlib
[INFO] [stdout]           >>> referenced by windows_result.a4531246881d5cd9-cgu.0
[INFO] [stdout]           >>>               windows_result-b75ade87d2b58bc3.windows_result.a4531246881d5cd9-cgu.0.rcgu.o:(<windows_result::hresult::HRESULT>::message) in archive /opt/rustwide/target/release/build/windows-result/b75ade87d2b58bc3/out/libwindows_result-b75ade87d2b58bc3.rlib
[INFO] [stdout]           
[INFO] [stdout]           rust-lld: error: undefined symbol: HeapFree
[INFO] [stdout]           >>> referenced by windows_result.a4531246881d5cd9-cgu.0
[INFO] [stdout]           >>>               windows_result-b75ade87d2b58bc3.windows_result.a4531246881d5cd9-cgu.0.rcgu.o:(core::ptr::drop_glue::<windows_result::strings::HeapString>) in archive /opt/rustwide/target/release/build/windows-result/b75ade87d2b58bc3/out/libwindows_result-b75ade87d2b58bc3.rlib
[INFO] [stdout]           >>> referenced by windows_result.a4531246881d5cd9-cgu.0
[INFO] [stdout]           >>>               windows_result-b75ade87d2b58bc3.windows_result.a4531246881d5cd9-cgu.0.rcgu.o:(<windows_result::hresult::HRESULT>::message) in archive /opt/rustwide/target/release/build/windows-result/b75ade87d2b58bc3/out/libwindows_result-b75ade87d2b58bc3.rlib
[INFO] [stdout]           
[INFO] [stdout]           rust-lld: error: undefined symbol: GetLastError
[INFO] [stdout]           >>> referenced by windows_result.a4531246881d5cd9-cgu.0
[INFO] [stdout]           >>>               windows_result-b75ade87d2b58bc3.windows_result.a4531246881d5cd9-cgu.0.rcgu.o:(<windows_result::error::Error>::from_win32) in archive /opt/rustwide/target/release/build/windows-result/b75ade87d2b58bc3/out/libwindows_result-b75ade87d2b58bc3.rlib
[INFO] [stdout]           
[INFO] [stdout]           rust-lld: error: undefined symbol: SysFreeString
[INFO] [stdout]           >>> referenced by windows_result.a4531246881d5cd9-cgu.0
[INFO] [stdout]           >>>               windows_result-b75ade87d2b58bc3.windows_result.a4531246881d5cd9-cgu.0.rcgu.o:(<windows_result::error::Error>::message) in archive /opt/rustwide/target/release/build/windows-result/b75ade87d2b58bc3/out/libwindows_result-b75ade87d2b58bc3.rlib
[INFO] [stdout]           >>> referenced by windows_result.a4531246881d5cd9-cgu.0
[INFO] [stdout]           >>>               windows_result-b75ade87d2b58bc3.windows_result.a4531246881d5cd9-cgu.0.rcgu.o:(<windows_result::error::Error>::message) in archive /opt/rustwide/target/release/build/windows-result/b75ade87d2b58bc3/out/libwindows_result-b75ade87d2b58bc3.rlib
[INFO] [stdout]           >>> referenced by windows_result.a4531246881d5cd9-cgu.0
[INFO] [stdout]           >>>               windows_result-b75ade87d2b58bc3.windows_result.a4531246881d5cd9-cgu.0.rcgu.o:(<windows_result::error::Error>::message) in archive /opt/rustwide/target/release/build/windows-result/b75ade87d2b58bc3/out/libwindows_result-b75ade87d2b58bc3.rlib
[INFO] [stdout]           >>> referenced 2 more times
[INFO] [stdout]           
[INFO] [stdout]           rust-lld: error: undefined symbol: SysStringLen
[INFO] [stdout]           >>> referenced by windows_result.a4531246881d5cd9-cgu.0
[INFO] [stdout]           >>>               windows_result-b75ade87d2b58bc3.windows_result.a4531246881d5cd9-cgu.0.rcgu.o:(<windows_result::error::Error>::message) in archive /opt/rustwide/target/release/build/windows-result/b75ade87d2b58bc3/out/libwindows_result-b75ade87d2b58bc3.rlib
[INFO] [stdout]           >>> referenced by windows_result.a4531246881d5cd9-cgu.0
[INFO] [stdout]           >>>               windows_result-b75ade87d2b58bc3.windows_result.a4531246881d5cd9-cgu.0.rcgu.o:(<windows_result::error::Error>::message) in archive /opt/rustwide/target/release/build/windows-result/b75ade87d2b58bc3/out/libwindows_result-b75ade87d2b58bc3.rlib
[INFO] [stdout]           >>> referenced by windows_result.a4531246881d5cd9-cgu.0
[INFO] [stdout]           >>>               windows_result-b75ade87d2b58bc3.windows_result.a4531246881d5cd9-cgu.0.rcgu.o:(<windows_result::error::Error>::message) in archive /opt/rustwide/target/release/build/windows-result/b75ade87d2b58bc3/out/libwindows_result-b75ade87d2b58bc3.rlib
[INFO] [stdout]           >>> referenced 1 more times
[INFO] [stdout]           
[INFO] [stdout]           rust-lld: error: undefined symbol: LoadLibraryExA
[INFO] [stdout]           >>> referenced by windows_result.a4531246881d5cd9-cgu.0
[INFO] [stdout]           >>>               windows_result-b75ade87d2b58bc3.windows_result.a4531246881d5cd9-cgu.0.rcgu.o:(<windows_result::hresult::HRESULT>::message) in archive /opt/rustwide/target/release/build/windows-result/b75ade87d2b58bc3/out/libwindows_result-b75ade87d2b58bc3.rlib
[INFO] [stdout]           
[INFO] [stdout]           rust-lld: error: undefined symbol: FormatMessageW
[INFO] [stdout]           >>> referenced by windows_result.a4531246881d5cd9-cgu.0
[INFO] [stdout]           >>>               windows_result-b75ade87d2b58bc3.windows_result.a4531246881d5cd9-cgu.0.rcgu.o:(<windows_result::hresult::HRESULT>::message) in archive /opt/rustwide/target/release/build/windows-result/b75ade87d2b58bc3/out/libwindows_result-b75ade87d2b58bc3.rlib
[INFO] [stdout]           collect2: error: ld returned 1 exit status
[INFO] [stdout]           
[INFO] [stdout] 
[INFO] [stdout] 
[INFO] [stdout] error: linking with `cc` failed: exit status: 1
[INFO] [stdout]   |
[INFO] [stdout]   = note:  "cc" "-m64" "/opt/rustwide/target/release/build/crosswin/4bcbd9573c7edd7f/out/rustcPtKAXF/symbols.o" "<7 object files omitted>" "-Wl,--as-needed" "-Wl,-Bstatic" "/opt/rustwide/target/release/build/crosswin/f5663962884396a1/out/libcrosswin-f5663962884396a1.rlib" "/opt/rustwide/target/release/build/num_cpus/9415f1357b63605d/out/libnum_cpus-9415f1357b63605d.rlib" "/opt/rustwide/target/release/build/libc/9e965a40be780bf2/out/liblibc-9e965a40be780bf2.rlib" "/opt/rustwide/target/release/build/tokio/afcc190fda1a3852/out/libtokio-afcc190fda1a3852.rlib" "/opt/rustwide/target/release/build/pin-project-lite/a042d89c9815bfb5/out/libpin_project_lite-a042d89c9815bfb5.rlib" "/opt/rustwide/target/release/build/widestring/8b34178bfcc63397/out/libwidestring-8b34178bfcc63397.rlib" "/opt/rustwide/target/release/build/windows/dcb19336221bff81/out/libwindows-dcb19336221bff81.rlib" "/opt/rustwide/target/release/build/windows-core/1fa4b23d42cfed61/out/libwindows_core-1fa4b23d42cfed61.rlib" "/opt/rustwide/target/release/build/windows-result/b75ade87d2b58bc3/out/libwindows_result-b75ade87d2b58bc3.rlib" "/opt/rustwide/target/release/build/windows-targets/0f401e3ca27b07b6/out/libwindows_targets-0f401e3ca27b07b6.rlib" "<sysroot>/lib/rustlib/x86_64-unknown-linux-gnu/lib/{libstd-*,libpanic_unwind-*,libobject-*,libmemchr-*,libaddr2line-*,libgimli-*,libcfg_if-*,librustc_demangle-*,libstd_detect-*,libhashbrown-*,librustc_std_workspace_alloc-*,libminiz_oxide-*,libadler2-*,libunwind-*,liblibc-*,librustc_std_workspace_core-*,liballoc-*,libcore-*,libcompiler_builtins-*}.rlib" "-Wl,-Bdynamic" "-lgcc_s" "-lutil" "-lrt" "-lpthread" "-lm" "-ldl" "-lc" "-L" "/opt/rustwide/target/release/build/crosswin/4bcbd9573c7edd7f/out/rustcPtKAXF/raw-dylibs" "-B<sysroot>/lib/rustlib/x86_64-unknown-linux-gnu/bin/gcc-ld" "-fuse-ld=lld" "-Wl,--eh-frame-hdr" "-Wl,-z,noexecstack" "-L" "/opt/rustwide/cargo-home/registry/src/index.crates.io-1949cf8c6b5b557f/windows_x86_64_gnu-0.52.6/lib" "-L" "<sysroot>/lib/rustlib/x86_64-unknown-linux-gnu/lib" "-o" "/opt/rustwide/target/release/build/crosswin/4bcbd9573c7edd7f/out/monitor_memory" "-Wl,--gc-sections" "-pie" "-Wl,-z,relro,-z,now" "-Wl,-O1" "-Wl,--strip-debug" "-nodefaultlibs"
[INFO] [stdout]   = note: some arguments are omitted. use `--verbose` to show all linker arguments
[INFO] [stdout]   = note: rust-lld: error: undefined symbol: CloseHandle
[INFO] [stdout]           >>> referenced by crosswin.9b33270941d71e31-cgu.2
[INFO] [stdout]           >>>               crosswin-f5663962884396a1.crosswin.9b33270941d71e31-cgu.2.rcgu.o:(<crosswin::windows::handles::Handle as core::ops::drop::Drop>::drop) in archive /opt/rustwide/target/release/build/crosswin/f5663962884396a1/out/libcrosswin-f5663962884396a1.rlib
[INFO] [stdout]           >>> referenced by crosswin.9b33270941d71e31-cgu.3
[INFO] [stdout]           >>>               crosswin-f5663962884396a1.crosswin.9b33270941d71e31-cgu.3.rcgu.o:(crosswin::processes::list::enumerate_processes_blocking) in archive /opt/rustwide/target/release/build/crosswin/f5663962884396a1/out/libcrosswin-f5663962884396a1.rlib
[INFO] [stdout]           >>> referenced by crosswin.9b33270941d71e31-cgu.3
[INFO] [stdout]           >>>               crosswin-f5663962884396a1.crosswin.9b33270941d71e31-cgu.3.rcgu.o:(crosswin::processes::list::enumerate_processes_blocking) in archive /opt/rustwide/target/release/build/crosswin/f5663962884396a1/out/libcrosswin-f5663962884396a1.rlib
[INFO] [stdout]           >>> referenced 1 more times
[INFO] [stdout]           
[INFO] [stdout]           rust-lld: error: undefined symbol: GetProcessMemoryInfo
[INFO] [stdout]           >>> referenced by crosswin.9b33270941d71e31-cgu.3
[INFO] [stdout]           >>>               crosswin-f5663962884396a1.crosswin.9b33270941d71e31-cgu.3.rcgu.o:(<crosswin::windows::process::Process>::get_memory_info) in archive /opt/rustwide/target/release/build/crosswin/f5663962884396a1/out/libcrosswin-f5663962884396a1.rlib
[INFO] [stdout]           >>> referenced by crosswin.9b33270941d71e31-cgu.3
[INFO] [stdout]           >>>               crosswin-f5663962884396a1.crosswin.9b33270941d71e31-cgu.3.rcgu.o:(crosswin::processes::list::enumerate_processes_blocking) in archive /opt/rustwide/target/release/build/crosswin/f5663962884396a1/out/libcrosswin-f5663962884396a1.rlib
[INFO] [stdout]           
[INFO] [stdout]           rust-lld: error: undefined symbol: OpenProcess
[INFO] [stdout]           >>> referenced by crosswin.9b33270941d71e31-cgu.3
[INFO] [stdout]           >>>               crosswin-f5663962884396a1.crosswin.9b33270941d71e31-cgu.3.rcgu.o:(<crosswin::windows::process::Process>::open) in archive /opt/rustwide/target/release/build/crosswin/f5663962884396a1/out/libcrosswin-f5663962884396a1.rlib
[INFO] [stdout]           >>> referenced by crosswin.9b33270941d71e31-cgu.3
[INFO] [stdout]           >>>               crosswin-f5663962884396a1.crosswin.9b33270941d71e31-cgu.3.rcgu.o:(crosswin::processes::list::enumerate_processes_blocking) in archive /opt/rustwide/target/release/build/crosswin/f5663962884396a1/out/libcrosswin-f5663962884396a1.rlib
[INFO] [stdout]           
[INFO] [stdout]           rust-lld: error: undefined symbol: CreateToolhelp32Snapshot
[INFO] [stdout]           >>> referenced by crosswin.9b33270941d71e31-cgu.3
[INFO] [stdout]           >>>               crosswin-f5663962884396a1.crosswin.9b33270941d71e31-cgu.3.rcgu.o:(crosswin::processes::list::enumerate_processes_blocking) in archive /opt/rustwide/target/release/build/crosswin/f5663962884396a1/out/libcrosswin-f5663962884396a1.rlib
[INFO] [stdout]           
[INFO] [stdout]           rust-lld: error: undefined symbol: Process32FirstW
[INFO] [stdout]           >>> referenced by crosswin.9b33270941d71e31-cgu.3
[INFO] [stdout]           >>>               crosswin-f5663962884396a1.crosswin.9b33270941d71e31-cgu.3.rcgu.o:(crosswin::processes::list::enumerate_processes_blocking) in archive /opt/rustwide/target/release/build/crosswin/f5663962884396a1/out/libcrosswin-f5663962884396a1.rlib
[INFO] [stdout]           
[INFO] [stdout]           rust-lld: error: undefined symbol: Process32NextW
[INFO] [stdout]           >>> referenced by crosswin.9b33270941d71e31-cgu.3
[INFO] [stdout]           >>>               crosswin-f5663962884396a1.crosswin.9b33270941d71e31-cgu.3.rcgu.o:(crosswin::processes::list::enumerate_processes_blocking) in archive /opt/rustwide/target/release/build/crosswin/f5663962884396a1/out/libcrosswin-f5663962884396a1.rlib
[INFO] [stdout]           >>> referenced by crosswin.9b33270941d71e31-cgu.3
[INFO] [stdout]           >>>               crosswin-f5663962884396a1.crosswin.9b33270941d71e31-cgu.3.rcgu.o:(crosswin::processes::list::enumerate_processes_blocking) in archive /opt/rustwide/target/release/build/crosswin/f5663962884396a1/out/libcrosswin-f5663962884396a1.rlib
[INFO] [stdout]           
[INFO] [stdout]           rust-lld: error: undefined symbol: QueryFullProcessImageNameW
[INFO] [stdout]           >>> referenced by crosswin.9b33270941d71e31-cgu.3
[INFO] [stdout]           >>>               crosswin-f5663962884396a1.crosswin.9b33270941d71e31-cgu.3.rcgu.o:(crosswin::processes::list::enumerate_processes_blocking) in archive /opt/rustwide/target/release/build/crosswin/f5663962884396a1/out/libcrosswin-f5663962884396a1.rlib
[INFO] [stdout]           
[INFO] [stdout]           rust-lld: error: undefined symbol: GetProcessTimes
[INFO] [stdout]           >>> referenced by crosswin.9b33270941d71e31-cgu.3
[INFO] [stdout]           >>>               crosswin-f5663962884396a1.crosswin.9b33270941d71e31-cgu.3.rcgu.o:(crosswin::processes::list::enumerate_processes_blocking) in archive /opt/rustwide/target/release/build/crosswin/f5663962884396a1/out/libcrosswin-f5663962884396a1.rlib
[INFO] [stdout]           
[INFO] [stdout]           rust-lld: error: undefined symbol: GetPriorityClass
[INFO] [stdout]           >>> referenced by crosswin.9b33270941d71e31-cgu.3
[INFO] [stdout]           >>>               crosswin-f5663962884396a1.crosswin.9b33270941d71e31-cgu.3.rcgu.o:(crosswin::processes::list::enumerate_processes_blocking) in archive /opt/rustwide/target/release/build/crosswin/f5663962884396a1/out/libcrosswin-f5663962884396a1.rlib
[INFO] [stdout]           
[INFO] [stdout]           rust-lld: error: undefined symbol: GetProcessHeap
[INFO] [stdout]           >>> referenced by windows_result.a4531246881d5cd9-cgu.0
[INFO] [stdout]           >>>               windows_result-b75ade87d2b58bc3.windows_result.a4531246881d5cd9-cgu.0.rcgu.o:(core::ptr::drop_glue::<windows_result::strings::HeapString>) in archive /opt/rustwide/target/release/build/windows-result/b75ade87d2b58bc3/out/libwindows_result-b75ade87d2b58bc3.rlib
[INFO] [stdout]           >>> referenced by windows_result.a4531246881d5cd9-cgu.0
[INFO] [stdout]           >>>               windows_result-b75ade87d2b58bc3.windows_result.a4531246881d5cd9-cgu.0.rcgu.o:(<windows_result::hresult::HRESULT>::message) in archive /opt/rustwide/target/release/build/windows-result/b75ade87d2b58bc3/out/libwindows_result-b75ade87d2b58bc3.rlib
[INFO] [stdout]           
[INFO] [stdout]           rust-lld: error: undefined symbol: HeapFree
[INFO] [stdout]           >>> referenced by windows_result.a4531246881d5cd9-cgu.0
[INFO] [stdout]           >>>               windows_result-b75ade87d2b58bc3.windows_result.a4531246881d5cd9-cgu.0.rcgu.o:(core::ptr::drop_glue::<windows_result::strings::HeapString>) in archive /opt/rustwide/target/release/build/windows-result/b75ade87d2b58bc3/out/libwindows_result-b75ade87d2b58bc3.rlib
[INFO] [stdout]           >>> referenced by windows_result.a4531246881d5cd9-cgu.0
[INFO] [stdout]           >>>               windows_result-b75ade87d2b58bc3.windows_result.a4531246881d5cd9-cgu.0.rcgu.o:(<windows_result::hresult::HRESULT>::message) in archive /opt/rustwide/target/release/build/windows-result/b75ade87d2b58bc3/out/libwindows_result-b75ade87d2b58bc3.rlib
[INFO] [stdout]           
[INFO] [stdout]           rust-lld: error: undefined symbol: GetLastError
[INFO] [stdout]           >>> referenced by windows_result.a4531246881d5cd9-cgu.0
[INFO] [stdout]           >>>               windows_result-b75ade87d2b58bc3.windows_result.a4531246881d5cd9-cgu.0.rcgu.o:(<windows_result::error::Error>::from_win32) in archive /opt/rustwide/target/release/build/windows-result/b75ade87d2b58bc3/out/libwindows_result-b75ade87d2b58bc3.rlib
[INFO] [stdout]           
[INFO] [stdout]           rust-lld: error: undefined symbol: SysFreeString
[INFO] [stdout]           >>> referenced by windows_result.a4531246881d5cd9-cgu.0
[INFO] [stdout]           >>>               windows_result-b75ade87d2b58bc3.windows_result.a4531246881d5cd9-cgu.0.rcgu.o:(<windows_result::error::Error>::message) in archive /opt/rustwide/target/release/build/windows-result/b75ade87d2b58bc3/out/libwindows_result-b75ade87d2b58bc3.rlib
[INFO] [stdout]           >>> referenced by windows_result.a4531246881d5cd9-cgu.0
[INFO] [stdout]           >>>               windows_result-b75ade87d2b58bc3.windows_result.a4531246881d5cd9-cgu.0.rcgu.o:(<windows_result::error::Error>::message) in archive /opt/rustwide/target/release/build/windows-result/b75ade87d2b58bc3/out/libwindows_result-b75ade87d2b58bc3.rlib
[INFO] [stdout]           >>> referenced by windows_result.a4531246881d5cd9-cgu.0
[INFO] [stdout]           >>>               windows_result-b75ade87d2b58bc3.windows_result.a4531246881d5cd9-cgu.0.rcgu.o:(<windows_result::error::Error>::message) in archive /opt/rustwide/target/release/build/windows-result/b75ade87d2b58bc3/out/libwindows_result-b75ade87d2b58bc3.rlib
[INFO] [stdout]           >>> referenced 2 more times
[INFO] [stdout]           
[INFO] [stdout]           rust-lld: error: undefined symbol: SysStringLen
[INFO] [stdout]           >>> referenced by windows_result.a4531246881d5cd9-cgu.0
[INFO] [stdout]           >>>               windows_result-b75ade87d2b58bc3.windows_result.a4531246881d5cd9-cgu.0.rcgu.o:(<windows_result::error::Error>::message) in archive /opt/rustwide/target/release/build/windows-result/b75ade87d2b58bc3/out/libwindows_result-b75ade87d2b58bc3.rlib
[INFO] [stdout]           >>> referenced by windows_result.a4531246881d5cd9-cgu.0
[INFO] [stdout]           >>>               windows_result-b75ade87d2b58bc3.windows_result.a4531246881d5cd9-cgu.0.rcgu.o:(<windows_result::error::Error>::message) in archive /opt/rustwide/target/release/build/windows-result/b75ade87d2b58bc3/out/libwindows_result-b75ade87d2b58bc3.rlib
[INFO] [stdout]           >>> referenced by windows_result.a4531246881d5cd9-cgu.0
[INFO] [stdout]           >>>               windows_result-b75ade87d2b58bc3.windows_result.a4531246881d5cd9-cgu.0.rcgu.o:(<windows_result::error::Error>::message) in archive /opt/rustwide/target/release/build/windows-result/b75ade87d2b58bc3/out/libwindows_result-b75ade87d2b58bc3.rlib
[INFO] [stdout]           >>> referenced 1 more times
[INFO] [stdout]           
[INFO] [stdout]           rust-lld: error: undefined symbol: LoadLibraryExA
[INFO] [stdout]           >>> referenced by windows_result.a4531246881d5cd9-cgu.0
[INFO] [stdout]           >>>               windows_result-b75ade87d2b58bc3.windows_result.a4531246881d5cd9-cgu.0.rcgu.o:(<windows_result::hresult::HRESULT>::message) in archive /opt/rustwide/target/release/build/windows-result/b75ade87d2b58bc3/out/libwindows_result-b75ade87d2b58bc3.rlib
[INFO] [stdout]           
[INFO] [stdout]           rust-lld: error: undefined symbol: FormatMessageW
[INFO] [stdout]           >>> referenced by windows_result.a4531246881d5cd9-cgu.0
[INFO] [stdout]           >>>               windows_result-b75ade87d2b58bc3.windows_result.a4531246881d5cd9-cgu.0.rcgu.o:(<windows_result::hresult::HRESULT>::message) in archive /opt/rustwide/target/release/build/windows-result/b75ade87d2b58bc3/out/libwindows_result-b75ade87d2b58bc3.rlib
[INFO] [stdout]           collect2: error: ld returned 1 exit status
[INFO] [stdout]           
[INFO] [stdout] 
[INFO] [stdout] 
[INFO] [stderr] error: could not compile `crosswin` (lib test) due to 1 previous error
[INFO] [stderr] error: could not compile `crosswin` (example "monitor_memory") due to 1 previous error
[INFO] running `Command { std: "docker" "inspect" "261eb89a7bc7dcfa7f5defc7d467e0fd8ab72e9760239e5ff60c9a6f186379a4", kill_on_drop: false }`
[INFO] running `Command { std: "docker" "rm" "-f" "261eb89a7bc7dcfa7f5defc7d467e0fd8ab72e9760239e5ff60c9a6f186379a4", kill_on_drop: false }`
[INFO] [stdout] 261eb89a7bc7dcfa7f5defc7d467e0fd8ab72e9760239e5ff60c9a6f186379a4
