[INFO] fetching crate crossbundle 0.2.3...
[INFO] testing crossbundle-0.2.3 against 1.99.0-beta.8+cargoflags=--release for beta-release-1.100-2
[INFO] extracting crate crossbundle 0.2.3 into /workspace/builds/worker-4-tc1/source
[INFO] started tweaking crates.io crate crossbundle 0.2.3
[INFO] finished tweaking crates.io crate crossbundle 0.2.3
[INFO] tweaked toml for crates.io crate crossbundle 0.2.3 written to /workspace/builds/worker-4-tc1/source/Cargo.toml
[INFO] validating manifest of crates.io crate crossbundle 0.2.3 on toolchain 1.99.0-beta.8
[INFO] running `Command { std: CARGO_HOME="/workspace/cargo-home" RUSTUP_HOME="/workspace/rustup-home" "/workspace/cargo-home/bin/cargo" "+1.99.0-beta.8" "metadata" "--manifest-path" "Cargo.toml" "--no-deps", kill_on_drop: false }`
[INFO] crate crates.io crate crossbundle 0.2.3 already has a lockfile, it will not be regenerated
[INFO] running `Command { std: CARGO_HOME="/workspace/cargo-home" RUSTUP_HOME="/workspace/rustup-home" "/workspace/cargo-home/bin/cargo" "+1.99.0-beta.8" "fetch" "--manifest-path" "Cargo.toml", kill_on_drop: false }`
[INFO] [stderr]     Updating crates.io index
[INFO] [stderr]  Downloading crates ...
[INFO] [stderr]   Downloaded ureq v2.5.0
[INFO] [stderr]   Downloaded chunked_transfer v1.4.0
[INFO] [stderr]   Downloaded pretty_env_logger v0.4.0
[INFO] [stderr]   Downloaded dunce v1.0.2
[INFO] [stderr]   Downloaded zip-extensions v0.6.1
[INFO] [stderr]   Downloaded serde_plain v1.0.0
[INFO] [stderr]   Downloaded fs_extra v1.2.0
[INFO] [stderr]   Downloaded which v4.3.0
[INFO] [stderr]   Downloaded crossbundle-tools v0.2.3
[INFO] [stderr]   Downloaded rust-embed-utils v7.2.0
[INFO] [stderr]   Downloaded fwdansi v1.1.0
[INFO] [stderr]   Downloaded crossbow-android v0.2.3
[INFO] [stderr]   Downloaded rust-embed-impl v6.2.0
[INFO] [stderr]   Downloaded globset v0.4.9
[INFO] [stderr]   Downloaded creator-simctl v0.1.1
[INFO] [stderr]   Downloaded anyhow v1.0.64
[INFO] [stderr]   Downloaded rust-embed v6.4.0
[INFO] [stderr]   Downloaded cargo-util v0.2.1
[INFO] [stderr]   Downloaded crypto-hash v0.3.4
[INFO] [stderr]   Downloaded commoncrypto v0.2.0
[INFO] [stderr]   Downloaded commoncrypto-sys v0.2.0
[INFO] [stderr]   Downloaded toml_edit v0.14.4
[INFO] [stderr]   Downloaded kstring v2.0.0
[INFO] [stderr]   Downloaded serde_ignored v0.1.5
[INFO] [stderr]   Downloaded rustc-workspace-hack v1.0.0
[INFO] [stderr]   Downloaded opener v0.5.0
[INFO] [stderr]   Downloaded rustfix v0.6.1
[INFO] [stderr]   Downloaded cargo v0.63.1
[INFO] [stderr]   Downloaded ignore v0.4.18
[INFO] [stderr]   Downloaded home v0.5.3
[INFO] [stderr]   Downloaded im-rc v15.1.0
[INFO] [stderr]   Downloaded git2-curl v0.15.0
[INFO] [stderr]   Downloaded crates-io v0.34.0
[INFO] [stderr]   Downloaded bytesize v1.1.0
[INFO] [stderr]   Downloaded plist v1.3.1
[INFO] [stderr]   Downloaded apple-bundle v0.1.4
[INFO] [stderr]   Downloaded yaserde_derive v0.8.0
[INFO] [stderr]   Downloaded yaserde v0.8.0
[INFO] [stderr]   Downloaded android-manifest v0.1.10
[INFO] [stderr]   Downloaded crossbow v0.2.3
[INFO] [stderr]   Downloaded android-tools v0.2.11
[INFO] [stderr]   Downloaded crossbow-ios v0.2.3
[INFO] [stderr]   Downloaded curl-sys v0.4.56+curl-7.83.1
[INFO] [stderr]   Downloaded libnghttp2-sys v0.1.7+1.45.0
[INFO] running `Command { std: "docker" "create" "-v" "/var/lib/crater-agent-workspace/builds/worker-4-tc1/source:/opt/rustwide/workdir:ro,Z" "-v" "/var/lib/crater-agent-workspace/builds/worker-4-tc1/target:/opt/rustwide/target:rw,Z" "-v" "/var/lib/crater-agent-workspace/cargo-home:/opt/rustwide/cargo-home:ro,Z" "-v" "/var/lib/crater-agent-workspace/rustup-home:/opt/rustwide/rustup-home:ro,Z" "-m" "1610612736" "--network" "none" "ghcr.io/rust-lang/crates-build-env/linux@sha256:77db811e55d90add9212f6832c23229e3de5f1c1f9905e8cb07319ea15df73ac" "sleep" "infinity", kill_on_drop: false }`
[INFO] [stdout] 077355117c6e3df611a8e57cafc947f78e3b3997ec8ee3eeacebbabb3d0697c2
[INFO] running `Command { std: "docker" "start" "077355117c6e3df611a8e57cafc947f78e3b3997ec8ee3eeacebbabb3d0697c2", kill_on_drop: false }`
[INFO] running `Command { std: "docker" "inspect" "077355117c6e3df611a8e57cafc947f78e3b3997ec8ee3eeacebbabb3d0697c2", kill_on_drop: false }`
[INFO] running `Command { std: "docker" "exec" "-e" "SOURCE_DIR=/opt/rustwide/workdir" "-e" "CARGO_HOME=/opt/rustwide/cargo-home" "-e" "RUSTUP_HOME=/opt/rustwide/rustup-home" "-e" "CARGO_TARGET_DIR=/opt/rustwide/target" "-w" "/opt/rustwide/workdir" "--user" "0:0" "077355117c6e3df611a8e57cafc947f78e3b3997ec8ee3eeacebbabb3d0697c2" "/opt/rustwide/cargo-home/bin/cargo" "+1.99.0-beta.8" "metadata" "--no-deps" "--format-version=1", kill_on_drop: false }`
[INFO] running `Command { std: "docker" "inspect" "077355117c6e3df611a8e57cafc947f78e3b3997ec8ee3eeacebbabb3d0697c2", kill_on_drop: false }`
[INFO] running `Command { std: "docker" "exec" "-e" "SOURCE_DIR=/opt/rustwide/workdir" "-e" "CARGO_HOME=/opt/rustwide/cargo-home" "-e" "RUSTUP_HOME=/opt/rustwide/rustup-home" "-e" "CARGO_TARGET_DIR=/opt/rustwide/target" "-e" "CARGO_INCREMENTAL=0" "-e" "RUST_BACKTRACE=full" "-e" "RUSTFLAGS=--cap-lints=warn" "-e" "RUSTDOCFLAGS=--cap-lints=warn" "-w" "/opt/rustwide/workdir" "--user" "0:0" "077355117c6e3df611a8e57cafc947f78e3b3997ec8ee3eeacebbabb3d0697c2" "/opt/rustwide/cargo-home/bin/cargo" "+1.99.0-beta.8" "build" "--frozen" "--message-format=json" "--release", kill_on_drop: false }`
[INFO] [stderr]    Compiling libc v0.2.132
[INFO] [stderr]    Compiling proc-macro2 v1.0.43
[INFO] [stderr]    Compiling quote v1.0.21
[INFO] [stderr]    Compiling unicode-ident v1.0.3
[INFO] [stderr]    Compiling syn v1.0.99
[INFO] [stderr]    Compiling typenum v1.15.0
[INFO] [stderr]    Compiling serde_derive v1.0.144
[INFO] [stderr]    Compiling serde v1.0.144
[INFO] [stderr]    Compiling once_cell v1.14.0
[INFO] [stderr]    Compiling generic-array v0.14.6
[INFO] [stderr]    Compiling regex-syntax v0.6.27
[INFO] [stderr]    Compiling aho-corasick v0.7.19
[INFO] [stderr]    Compiling itoa v1.0.3
[INFO] [stderr]    Compiling indexmap v1.9.1
[INFO] [stderr]    Compiling regex-automata v0.1.10
[INFO] [stderr]    Compiling anyhow v1.0.64
[INFO] [stderr]    Compiling miniz_oxide v0.5.4
[INFO] [stderr]    Compiling unicode-normalization v0.1.21
[INFO] [stderr]    Compiling serde_json v1.0.85
[INFO] [stderr]    Compiling heck v0.4.0
[INFO] [stderr]    Compiling bstr v0.2.17
[INFO] [stderr]    Compiling crc32fast v1.3.2
[INFO] [stderr]    Compiling either v1.8.0
[INFO] [stderr]    Compiling curl v0.4.44
[INFO] [stderr]    Compiling termcolor v1.1.3
[INFO] [stderr]    Compiling atty v0.2.14
[INFO] [stderr]    Compiling openssl v0.10.41
[INFO] [stderr]    Compiling opaque-debug v0.3.0
[INFO] [stderr]    Compiling ryu v1.0.11
[INFO] [stderr]    Compiling same-file v1.0.6
[INFO] [stderr]    Compiling cpufeatures v0.2.5
[INFO] [stderr]    Compiling walkdir v2.3.2
[INFO] [stderr]    Compiling socket2 v0.4.7
[INFO] [stderr]    Compiling jobserver v0.1.24
[INFO] [stderr]    Compiling filetime v0.2.17
[INFO] [stderr]    Compiling idna v0.3.0
[INFO] [stderr]    Compiling num-traits v0.2.15
[INFO] [stderr]    Compiling crossbeam-utils v0.8.11
[INFO] [stderr]    Compiling cc v1.0.73
[INFO] [stderr]    Compiling url v2.3.1
[INFO] [stderr]    Compiling base64 v0.13.0
[INFO] [stderr]    Compiling proc-macro-error-attr v1.0.4
[INFO] [stderr]    Compiling vte_generate_state_changes v0.1.1
[INFO] [stderr]    Compiling time v0.3.14
[INFO] [stderr]    Compiling bitmaps v2.1.0
[INFO] [stderr]    Compiling tar v0.4.38
[INFO] [stderr]    Compiling block-buffer v0.9.0
[INFO] [stderr]    Compiling digest v0.9.0
[INFO] [stderr]    Compiling regex v1.6.0
[INFO] [stderr]    Compiling sha2 v0.9.9
[INFO] [stderr]    Compiling im-rc v15.1.0
[INFO] [stderr]    Compiling hex v0.3.2
[INFO] [stderr]    Compiling fastrand v1.8.0
[INFO] [stderr]    Compiling libz-sys v1.1.8
[INFO] [stderr]    Compiling openssl-sys v0.9.75
[INFO] [stderr]    Compiling libnghttp2-sys v0.1.7+1.45.0
[INFO] [stderr]    Compiling curl-sys v0.4.56+curl-7.83.1
[INFO] [stderr]    Compiling libssh2-sys v0.2.23
[INFO] [stderr]    Compiling ring v0.16.20
[INFO] [stderr]    Compiling flate2 v1.0.24
[INFO] [stderr]    Compiling libgit2-sys v0.13.4+1.4.2
[INFO] [stderr]    Compiling bzip2-sys v0.1.11+1.0.8
[INFO] [stderr]    Compiling globset v0.4.9
[INFO] [stderr]    Compiling rand_core v0.6.3
[INFO] [stderr]    Compiling xml-rs v0.8.4
[INFO] [stderr]    Compiling remove_dir_all v0.5.3
[INFO] [stderr]    Compiling semver v1.0.13
[INFO] [stderr]    Compiling bytes v1.2.1
[INFO] [stderr]    Compiling os_str_bytes v6.3.0
[INFO] [stderr]    Compiling rust-embed-utils v7.2.0
[INFO] [stderr]    Compiling utf8parse v0.2.0
[INFO] [stderr]    Compiling arrayvec v0.5.2
[INFO] [stderr]    Compiling kstring v2.0.0
[INFO] [stderr]    Compiling clap_lex v0.2.4
[INFO] [stderr]    Compiling cargo v0.63.1
[INFO] [stderr]    Compiling rand_xoshiro v0.6.0
[INFO] [stderr]    Compiling tempfile v3.3.0
[INFO] [stderr]    Compiling bzip2 v0.4.3
[INFO] [stderr]    Compiling num-integer v0.1.45
[INFO] [stderr]    Compiling combine v4.6.6
[INFO] [stderr]    Compiling vte v0.10.1
[INFO] [stderr]    Compiling sized-chunks v0.6.5
[INFO] [stderr]    Compiling yaserde v0.8.0
[INFO] [stderr]    Compiling dirs-sys v0.3.7
[INFO] [stderr]    Compiling time v0.1.44
[INFO] [stderr]    Compiling itertools v0.10.3
[INFO] [stderr]    Compiling thread_local v1.1.4
[INFO] [stderr]    Compiling rustls v0.20.6
[INFO] [stderr]    Compiling textwrap v0.15.0
[INFO] [stderr]    Compiling strsim v0.10.0
[INFO] [stderr]    Compiling shell-escape v0.1.5
[INFO] [stderr]    Compiling ignore v0.4.18
[INFO] [stderr]    Compiling strip-ansi-escapes v0.1.1
[INFO] [stderr]    Compiling env_logger v0.9.0
[INFO] [stderr]    Compiling dirs v4.0.0
[INFO] [stderr]    Compiling num-rational v0.4.1
[INFO] [stderr]    Compiling png v0.17.6
[INFO] [stderr]    Compiling opener v0.5.0
[INFO] [stderr]    Compiling num_cpus v1.13.1
[INFO] [stderr]    Compiling which v4.3.0
[INFO] [stderr]    Compiling glob v0.3.0
[INFO] [stderr]    Compiling pathdiff v0.2.1
[INFO] [stderr]    Compiling proc-macro-error v1.0.4
[INFO] [stderr]    Compiling home v0.5.3
[INFO] [stderr]    Compiling rustc-workspace-hack v1.0.0
[INFO] [stderr]    Compiling unicode-xid v0.2.3
[INFO] [stderr]    Compiling jpeg-decoder v0.2.6
[INFO] [stderr]    Compiling bytemuck v1.12.1
[INFO] [stderr]    Compiling bytesize v1.1.0
[INFO] [stderr]    Compiling env_logger v0.7.1
[INFO] [stderr]    Compiling dunce v1.0.2
[INFO] [stderr]    Compiling chunked_transfer v1.4.0
[INFO] [stderr]    Compiling fs_extra v1.2.0
[INFO] [stderr]    Compiling colored v2.0.0
[INFO] [stderr]    Compiling image v0.24.3
[INFO] [stderr]    Compiling pretty_env_logger v0.4.0
[INFO] [stderr]    Compiling thiserror-impl v1.0.34
[INFO] [stderr]    Compiling displaydoc v0.2.3
[INFO] [stderr]    Compiling openssl-macros v0.1.0
[INFO] [stderr]    Compiling clap_derive v3.2.18
[INFO] [stderr]    Compiling rust-embed-impl v6.2.0
[INFO] [stderr]    Compiling yaserde_derive v0.8.0
[INFO] [stderr]    Compiling thiserror v1.0.34
[INFO] [stderr]    Compiling zip v0.5.13
[INFO] [stderr]    Compiling rust-embed v6.4.0
[INFO] [stderr]    Compiling crossbow-android v0.2.3
[INFO] [stderr]    Compiling android-tools v0.2.11
[INFO] [stderr]    Compiling zip-extensions v0.6.1
[INFO] [stderr]    Compiling clap v3.2.20
[INFO] [stderr]    Compiling webpki v0.22.0
[INFO] [stderr]    Compiling sct v0.7.0
[INFO] [stderr]    Compiling crypto-hash v0.3.4
[INFO] [stderr]    Compiling webpki-roots v0.22.4
[INFO] [stderr]    Compiling cargo-util v0.2.1
[INFO] [stderr]    Compiling ureq v2.5.0
[INFO] [stderr]    Compiling serde_plain v1.0.0
[INFO] [stderr]    Compiling plist v1.3.1
[INFO] [stderr]    Compiling android-manifest v0.1.10
[INFO] [stderr]    Compiling toml_edit v0.14.4
[INFO] [stderr]    Compiling serde_ignored v0.1.5
[INFO] [stderr]    Compiling apple-bundle v0.1.4
[INFO] [stderr]    Compiling os_info v3.5.0
[INFO] [stderr]    Compiling rustfix v0.6.1
[INFO] [stderr]    Compiling crates-io v0.34.0
[INFO] [stderr]    Compiling cargo-platform v0.1.2
[INFO] [stderr]    Compiling creator-simctl v0.1.1
[INFO] [stdout] error[E0659]: `DefaultDictionary` is ambiguous
[INFO] [stdout]   --> /opt/rustwide/cargo-home/registry/src/index.crates.io-1949cf8c6b5b557f/apple-bundle-0.1.4/src/info_plist/app_services.rs:12:12
[INFO] [stdout]    |
[INFO] [stdout] 12 | use super::DefaultDictionary;
[INFO] [stdout]    |            ^^^^^^^^^^^^^^^^^ ambiguous name
[INFO] [stdout]    |
[INFO] [stdout]    = note: ambiguous because of multiple glob imports of a name in the same module
[INFO] [stdout] note: `DefaultDictionary` could refer to the struct imported here
[INFO] [stdout]   --> /opt/rustwide/cargo-home/registry/src/index.crates.io-1949cf8c6b5b557f/apple-bundle-0.1.4/src/info_plist/mod.rs:44:13
[INFO] [stdout]    |
[INFO] [stdout] 44 |     pub use super::app_execution::*;
[INFO] [stdout]    |             ^^^^^^^^^^^^^^^^^^^^^^^
[INFO] [stdout]    = help: consider adding an explicit import of `DefaultDictionary` to disambiguate
[INFO] [stdout] note: `DefaultDictionary` could also refer to the struct imported here
[INFO] [stdout]   --> /opt/rustwide/cargo-home/registry/src/index.crates.io-1949cf8c6b5b557f/apple-bundle-0.1.4/src/info_plist/mod.rs:49:13
[INFO] [stdout]    |
[INFO] [stdout] 49 |     pub use super::protected_resources::*;
[INFO] [stdout]    |             ^^^^^^^^^^^^^^^^^^^^^^^^^^^^^
[INFO] [stdout]    = help: consider adding an explicit import of `DefaultDictionary` to disambiguate
[INFO] [stdout] 
[INFO] [stdout] 
[INFO] [stdout] error[E0659]: `DefaultDictionary` is ambiguous
[INFO] [stdout]   --> /opt/rustwide/cargo-home/registry/src/index.crates.io-1949cf8c6b5b557f/apple-bundle-0.1.4/src/info_plist/kernel_and_drivers.rs:5:12
[INFO] [stdout]    |
[INFO] [stdout]  5 | use super::DefaultDictionary;
[INFO] [stdout]    |            ^^^^^^^^^^^^^^^^^ ambiguous name
[INFO] [stdout]    |
[INFO] [stdout]    = note: ambiguous because of multiple glob imports of a name in the same module
[INFO] [stdout] note: `DefaultDictionary` could refer to the struct imported here
[INFO] [stdout]   --> /opt/rustwide/cargo-home/registry/src/index.crates.io-1949cf8c6b5b557f/apple-bundle-0.1.4/src/info_plist/mod.rs:44:13
[INFO] [stdout]    |
[INFO] [stdout] 44 |     pub use super::app_execution::*;
[INFO] [stdout]    |             ^^^^^^^^^^^^^^^^^^^^^^^
[INFO] [stdout]    = help: consider adding an explicit import of `DefaultDictionary` to disambiguate
[INFO] [stdout] note: `DefaultDictionary` could also refer to the struct imported here
[INFO] [stdout]   --> /opt/rustwide/cargo-home/registry/src/index.crates.io-1949cf8c6b5b557f/apple-bundle-0.1.4/src/info_plist/mod.rs:49:13
[INFO] [stdout]    |
[INFO] [stdout] 49 |     pub use super::protected_resources::*;
[INFO] [stdout]    |             ^^^^^^^^^^^^^^^^^^^^^^^^^^^^^
[INFO] [stdout]    = help: consider adding an explicit import of `DefaultDictionary` to disambiguate
[INFO] [stdout] 
[INFO] [stdout] 
[INFO] [stdout] error[E0659]: `DefaultDictionary` is ambiguous
[INFO] [stdout]    --> /opt/rustwide/cargo-home/registry/src/index.crates.io-1949cf8c6b5b557f/apple-bundle-0.1.4/src/info_plist/app_services.rs:681:40
[INFO] [stdout]     |
[INFO] [stdout] 681 |     pub privileged_executables: Option<DefaultDictionary>,
[INFO] [stdout]     |                                        ^^^^^^^^^^^^^^^^^ ambiguous name
[INFO] [stdout]     |
[INFO] [stdout]     = note: ambiguous because of multiple glob imports of a name in the same module
[INFO] [stdout] note: `DefaultDictionary` could refer to the struct imported here
[INFO] [stdout]    --> /opt/rustwide/cargo-home/registry/src/index.crates.io-1949cf8c6b5b557f/apple-bundle-0.1.4/src/info_plist/mod.rs:44:13
[INFO] [stdout]     |
[INFO] [stdout]  44 |     pub use super::app_execution::*;
[INFO] [stdout]     |             ^^^^^^^^^^^^^^^^^^^^^^^
[INFO] [stdout]     = help: consider adding an explicit import of `DefaultDictionary` to disambiguate
[INFO] [stdout] note: `DefaultDictionary` could also refer to the struct imported here
[INFO] [stdout]    --> /opt/rustwide/cargo-home/registry/src/index.crates.io-1949cf8c6b5b557f/apple-bundle-0.1.4/src/info_plist/mod.rs:49:13
[INFO] [stdout]     |
[INFO] [stdout]  49 |     pub use super::protected_resources::*;
[INFO] [stdout]     |             ^^^^^^^^^^^^^^^^^^^^^^^^^^^^^
[INFO] [stdout]     = help: consider adding an explicit import of `DefaultDictionary` to disambiguate
[INFO] [stdout] 
[INFO] [stdout] 
[INFO] [stdout] error[E0659]: `DefaultDictionary` is ambiguous
[INFO] [stdout]    --> /opt/rustwide/cargo-home/registry/src/index.crates.io-1949cf8c6b5b557f/apple-bundle-0.1.4/src/info_plist/app_services.rs:711:39
[INFO] [stdout]     |
[INFO] [stdout] 711 |     pub environment_variables: Option<DefaultDictionary>,
[INFO] [stdout]     |                                       ^^^^^^^^^^^^^^^^^ ambiguous name
[INFO] [stdout]     |
[INFO] [stdout]     = note: ambiguous because of multiple glob imports of a name in the same module
[INFO] [stdout] note: `DefaultDictionary` could refer to the struct imported here
[INFO] [stdout]    --> /opt/rustwide/cargo-home/registry/src/index.crates.io-1949cf8c6b5b557f/apple-bundle-0.1.4/src/info_plist/mod.rs:44:13
[INFO] [stdout]     |
[INFO] [stdout]  44 |     pub use super::app_execution::*;
[INFO] [stdout]     |             ^^^^^^^^^^^^^^^^^^^^^^^
[INFO] [stdout]     = help: consider adding an explicit import of `DefaultDictionary` to disambiguate
[INFO] [stdout] note: `DefaultDictionary` could also refer to the struct imported here
[INFO] [stdout]    --> /opt/rustwide/cargo-home/registry/src/index.crates.io-1949cf8c6b5b557f/apple-bundle-0.1.4/src/info_plist/mod.rs:49:13
[INFO] [stdout]     |
[INFO] [stdout]  49 |     pub use super::protected_resources::*;
[INFO] [stdout]     |             ^^^^^^^^^^^^^^^^^^^^^^^^^^^^^
[INFO] [stdout]     = help: consider adding an explicit import of `DefaultDictionary` to disambiguate
[INFO] [stdout] 
[INFO] [stdout] 
[INFO] [stdout] error[E0659]: `DefaultDictionary` is ambiguous
[INFO] [stdout]    --> /opt/rustwide/cargo-home/registry/src/index.crates.io-1949cf8c6b5b557f/apple-bundle-0.1.4/src/info_plist/kernel_and_drivers.rs:193:32
[INFO] [stdout]     |
[INFO] [stdout] 193 |     pub property_match: Option<DefaultDictionary>,
[INFO] [stdout]     |                                ^^^^^^^^^^^^^^^^^ ambiguous name
[INFO] [stdout]     |
[INFO] [stdout]     = note: ambiguous because of multiple glob imports of a name in the same module
[INFO] [stdout] note: `DefaultDictionary` could refer to the struct imported here
[INFO] [stdout]    --> /opt/rustwide/cargo-home/registry/src/index.crates.io-1949cf8c6b5b557f/apple-bundle-0.1.4/src/info_plist/mod.rs:44:13
[INFO] [stdout]     |
[INFO] [stdout]  44 |     pub use super::app_execution::*;
[INFO] [stdout]     |             ^^^^^^^^^^^^^^^^^^^^^^^
[INFO] [stdout]     = help: consider adding an explicit import of `DefaultDictionary` to disambiguate
[INFO] [stdout] note: `DefaultDictionary` could also refer to the struct imported here
[INFO] [stdout]    --> /opt/rustwide/cargo-home/registry/src/index.crates.io-1949cf8c6b5b557f/apple-bundle-0.1.4/src/info_plist/mod.rs:49:13
[INFO] [stdout]     |
[INFO] [stdout]  49 |     pub use super::protected_resources::*;
[INFO] [stdout]     |             ^^^^^^^^^^^^^^^^^^^^^^^^^^^^^
[INFO] [stdout]     = help: consider adding an explicit import of `DefaultDictionary` to disambiguate
[INFO] [stdout] 
[INFO] [stdout] 
[INFO] [stdout] error[E0659]: `DefaultDictionary` is ambiguous
[INFO] [stdout]    --> /opt/rustwide/cargo-home/registry/src/index.crates.io-1949cf8c6b5b557f/apple-bundle-0.1.4/src/info_plist/kernel_and_drivers.rs:254:30
[INFO] [stdout]     |
[INFO] [stdout] 254 |     pub parent_match: Option<DefaultDictionary>,
[INFO] [stdout]     |                              ^^^^^^^^^^^^^^^^^ ambiguous name
[INFO] [stdout]     |
[INFO] [stdout]     = note: ambiguous because of multiple glob imports of a name in the same module
[INFO] [stdout] note: `DefaultDictionary` could refer to the struct imported here
[INFO] [stdout]    --> /opt/rustwide/cargo-home/registry/src/index.crates.io-1949cf8c6b5b557f/apple-bundle-0.1.4/src/info_plist/mod.rs:44:13
[INFO] [stdout]     |
[INFO] [stdout]  44 |     pub use super::app_execution::*;
[INFO] [stdout]     |             ^^^^^^^^^^^^^^^^^^^^^^^
[INFO] [stdout]     = help: consider adding an explicit import of `DefaultDictionary` to disambiguate
[INFO] [stdout] note: `DefaultDictionary` could also refer to the struct imported here
[INFO] [stdout]    --> /opt/rustwide/cargo-home/registry/src/index.crates.io-1949cf8c6b5b557f/apple-bundle-0.1.4/src/info_plist/mod.rs:49:13
[INFO] [stdout]     |
[INFO] [stdout]  49 |     pub use super::protected_resources::*;
[INFO] [stdout]     |             ^^^^^^^^^^^^^^^^^^^^^^^^^^^^^
[INFO] [stdout]     = help: consider adding an explicit import of `DefaultDictionary` to disambiguate
[INFO] [stdout] 
[INFO] [stdout] 
[INFO] [stdout] error[E0659]: `DefaultDictionary` is ambiguous
[INFO] [stdout]    --> /opt/rustwide/cargo-home/registry/src/index.crates.io-1949cf8c6b5b557f/apple-bundle-0.1.4/src/info_plist/kernel_and_drivers.rs:332:34
[INFO] [stdout]     |
[INFO] [stdout] 332 |     pub bundle_libraries: Option<DefaultDictionary>,
[INFO] [stdout]     |                                  ^^^^^^^^^^^^^^^^^ ambiguous name
[INFO] [stdout]     |
[INFO] [stdout]     = note: ambiguous because of multiple glob imports of a name in the same module
[INFO] [stdout] note: `DefaultDictionary` could refer to the struct imported here
[INFO] [stdout]    --> /opt/rustwide/cargo-home/registry/src/index.crates.io-1949cf8c6b5b557f/apple-bundle-0.1.4/src/info_plist/mod.rs:44:13
[INFO] [stdout]     |
[INFO] [stdout]  44 |     pub use super::app_execution::*;
[INFO] [stdout]     |             ^^^^^^^^^^^^^^^^^^^^^^^
[INFO] [stdout]     = help: consider adding an explicit import of `DefaultDictionary` to disambiguate
[INFO] [stdout] note: `DefaultDictionary` could also refer to the struct imported here
[INFO] [stdout]    --> /opt/rustwide/cargo-home/registry/src/index.crates.io-1949cf8c6b5b557f/apple-bundle-0.1.4/src/info_plist/mod.rs:49:13
[INFO] [stdout]     |
[INFO] [stdout]  49 |     pub use super::protected_resources::*;
[INFO] [stdout]     |             ^^^^^^^^^^^^^^^^^^^^^^^^^^^^^
[INFO] [stdout]     = help: consider adding an explicit import of `DefaultDictionary` to disambiguate
[INFO] [stdout] 
[INFO] [stdout] 
[INFO] [stdout] For more information about this error, try `rustc --explain E0659`.
[INFO] [stdout] 
[INFO] [stderr] error: could not compile `apple-bundle` (lib) due to 7 previous errors
[INFO] [stderr] warning: build failed, waiting for other jobs to finish...
[INFO] running `Command { std: "docker" "inspect" "077355117c6e3df611a8e57cafc947f78e3b3997ec8ee3eeacebbabb3d0697c2", kill_on_drop: false }`
[INFO] running `Command { std: "docker" "rm" "-f" "077355117c6e3df611a8e57cafc947f78e3b3997ec8ee3eeacebbabb3d0697c2", kill_on_drop: false }`
[INFO] [stdout] 077355117c6e3df611a8e57cafc947f78e3b3997ec8ee3eeacebbabb3d0697c2
