[INFO] fetching crate crossbundle-tools 0.2.3...
[INFO] testing crossbundle-tools-0.2.3 against 1.100.0-beta.1+cargoflags=--release for beta-release-1.100-2
[INFO] extracting crate crossbundle-tools 0.2.3 into /workspace/builds/worker-1-tc2/source
[INFO] started tweaking crates.io crate crossbundle-tools 0.2.3
[INFO] finished tweaking crates.io crate crossbundle-tools 0.2.3
[INFO] tweaked toml for crates.io crate crossbundle-tools 0.2.3 written to /workspace/builds/worker-1-tc2/source/Cargo.toml
[INFO] validating manifest of crates.io crate crossbundle-tools 0.2.3 on toolchain 1.100.0-beta.1
[INFO] running `Command { std: CARGO_HOME="/workspace/cargo-home" RUSTUP_HOME="/workspace/rustup-home" "/workspace/cargo-home/bin/cargo" "+1.100.0-beta.1" "metadata" "--manifest-path" "Cargo.toml" "--no-deps", kill_on_drop: false }`
[INFO] running `Command { std: CARGO_HOME="/workspace/cargo-home" RUSTUP_HOME="/workspace/rustup-home" "/workspace/cargo-home/bin/cargo" "+1.100.0-beta.1" "generate-lockfile" "--manifest-path" "Cargo.toml", kill_on_drop: false }`
[INFO] [stderr]     Updating crates.io index
[INFO] [stderr]      Locking 270 packages to highest compatible versions
[INFO] [stderr]       Adding android-manifest v0.1.10 (available: v0.4.0)
[INFO] [stderr]       Adding apple-bundle v0.1.4 (available: v0.2.1)
[INFO] [stderr]       Adding cargo v0.63.1 (available: v0.100.0)
[INFO] [stderr]       Adding dirs v4.0.0 (available: v7.0.0)
[INFO] [stderr]       Adding generic-array v0.14.7 (available: v0.14.9)
[INFO] [stderr]       Adding image v0.24.9 (available: v0.25.10)
[INFO] [stderr]       Adding itertools v0.10.5 (available: v0.15.0)
[INFO] [stderr]       Adding thiserror v1.0.69 (available: v2.0.21)
[INFO] [stderr]       Adding wasi v0.10.0+wasi-snapshot-preview1 (available: v0.10.2+wasi-snapshot-preview1)
[INFO] [stderr]       Adding which v4.4.2 (available: v8.0.6)
[INFO] [stderr]       Adding zip v0.5.13 (available: v9.0.5)
[INFO] [stderr]       Adding zip-extensions v0.6.2 (available: v0.14.1)
[INFO] running `Command { std: CARGO_HOME="/workspace/cargo-home" RUSTUP_HOME="/workspace/rustup-home" "/workspace/cargo-home/bin/cargo" "+1.100.0-beta.1" "fetch" "--manifest-path" "Cargo.toml", kill_on_drop: false }`
[INFO] running `Command { std: "docker" "create" "-v" "/var/lib/crater-agent-workspace/builds/worker-1-tc2/source:/opt/rustwide/workdir:ro,Z" "-v" "/var/lib/crater-agent-workspace/builds/worker-1-tc2/target:/opt/rustwide/target:rw,Z" "-v" "/var/lib/crater-agent-workspace/cargo-home:/opt/rustwide/cargo-home:ro,Z" "-v" "/var/lib/crater-agent-workspace/rustup-home:/opt/rustwide/rustup-home:ro,Z" "-m" "1610612736" "--network" "none" "ghcr.io/rust-lang/crates-build-env/linux@sha256:77db811e55d90add9212f6832c23229e3de5f1c1f9905e8cb07319ea15df73ac" "sleep" "infinity", kill_on_drop: false }`
[INFO] [stdout] 1b5a74e458e2babebc86bfdc703456e3c37a9750ee4f73471302f485df812880
[INFO] running `Command { std: "docker" "start" "1b5a74e458e2babebc86bfdc703456e3c37a9750ee4f73471302f485df812880", kill_on_drop: false }`
[INFO] running `Command { std: "docker" "inspect" "1b5a74e458e2babebc86bfdc703456e3c37a9750ee4f73471302f485df812880", kill_on_drop: false }`
[INFO] running `Command { std: "docker" "exec" "-e" "SOURCE_DIR=/opt/rustwide/workdir" "-e" "CARGO_HOME=/opt/rustwide/cargo-home" "-e" "RUSTUP_HOME=/opt/rustwide/rustup-home" "-e" "CARGO_TARGET_DIR=/opt/rustwide/target" "-w" "/opt/rustwide/workdir" "--user" "0:0" "1b5a74e458e2babebc86bfdc703456e3c37a9750ee4f73471302f485df812880" "/opt/rustwide/cargo-home/bin/cargo" "+1.100.0-beta.1" "metadata" "--no-deps" "--format-version=1", kill_on_drop: false }`
[INFO] running `Command { std: "docker" "inspect" "1b5a74e458e2babebc86bfdc703456e3c37a9750ee4f73471302f485df812880", kill_on_drop: false }`
[INFO] running `Command { std: "docker" "exec" "-e" "SOURCE_DIR=/opt/rustwide/workdir" "-e" "CARGO_HOME=/opt/rustwide/cargo-home" "-e" "RUSTUP_HOME=/opt/rustwide/rustup-home" "-e" "CARGO_TARGET_DIR=/opt/rustwide/target" "-e" "CARGO_INCREMENTAL=0" "-e" "RUST_BACKTRACE=full" "-e" "RUSTFLAGS=--cap-lints=warn" "-e" "RUSTDOCFLAGS=--cap-lints=warn" "-w" "/opt/rustwide/workdir" "--user" "0:0" "1b5a74e458e2babebc86bfdc703456e3c37a9750ee4f73471302f485df812880" "/opt/rustwide/cargo-home/bin/cargo" "+1.100.0-beta.1" "build" "--frozen" "--message-format=json" "--release", kill_on_drop: false }`
[INFO] [stderr]    Compiling libc v0.2.191
[INFO] [stderr]    Compiling find-msvc-tools v0.1.14
[INFO] [stderr]    Compiling pkg-config v0.3.34
[INFO] [stderr]    Compiling vcpkg v0.2.15
[INFO] [stderr]    Compiling typenum v1.20.1
[INFO] [stderr]    Compiling cfg-if v1.0.5
[INFO] [stderr]    Compiling memchr v2.8.3
[INFO] [stderr]    Compiling serde_core v1.0.229
[INFO] [stderr]    Compiling stable_deref_trait v1.2.1
[INFO] [stderr]    Compiling log v0.4.34
[INFO] [stderr]    Compiling serde v1.0.229
[INFO] [stderr]    Compiling subtle v2.6.1
[INFO] [stderr]    Compiling litemap v0.8.3
[INFO] [stderr]    Compiling syn v3.0.9
[INFO] [stderr]    Compiling writeable v0.6.4
[INFO] [stderr]    Compiling icu_properties_data v2.3.0
[INFO] [stderr]    Compiling icu_normalizer_data v2.3.0
[INFO] [stderr]    Compiling simd-adler32 v0.3.10
[INFO] [stderr]    Compiling utf8_iter v1.0.4
[INFO] [stderr]    Compiling generic-array v0.14.7
[INFO] [stderr]    Compiling adler2 v2.0.1
[INFO] [stderr]    Compiling bitflags v2.13.2
[INFO] [stderr]    Compiling crc32fast v1.5.2
[INFO] [stderr]    Compiling syn v2.0.119
[INFO] [stderr]    Compiling smallvec v1.16.3
[INFO] [stderr]    Compiling miniz_oxide v0.9.1
[INFO] [stderr]    Compiling rand_core v0.6.4
[INFO] [stderr]    Compiling aho-corasick v1.1.5
[INFO] [stderr]    Compiling zmij v1.0.23
[INFO] [stderr]    Compiling crossbeam-utils v0.8.23
[INFO] [stderr]    Compiling anyhow v1.0.104
[INFO] [stderr]    Compiling crossbeam-epoch v0.9.21
[INFO] [stderr]    Compiling bitflags v1.3.2
[INFO] [stderr]    Compiling percent-encoding v2.3.2
[INFO] [stderr]    Compiling thiserror v1.0.69
[INFO] [stderr]    Compiling regex-syntax v0.8.11
[INFO] [stderr]    Compiling serde_json v1.0.154
[INFO] [stderr]    Compiling form_urlencoded v1.2.2
[INFO] [stderr]    Compiling bstr v1.13.1
[INFO] [stderr]    Compiling hybrid-array v0.4.15
[INFO] [stderr]    Compiling indexmap v1.9.3
[INFO] [stderr]    Compiling crossbeam-deque v0.8.8
[INFO] [stderr]    Compiling jobserver v0.1.35
[INFO] [stderr]    Compiling rustix v1.1.5
[INFO] [stderr]    Compiling cpufeatures v0.2.17
[INFO] [stderr]    Compiling cfg_aliases v0.2.2
[INFO] [stderr]    Compiling num-conv v0.2.2
[INFO] [stderr]    Compiling cc v1.8.0
[INFO] [stderr]    Compiling regex-automata v0.4.18
[INFO] [stderr]    Compiling either v1.19.0
[INFO] [stderr]    Compiling powerfmt v0.2.1
[INFO] [stderr]    Compiling crypto-common v0.1.7
[INFO] [stderr]    Compiling block-buffer v0.10.4
[INFO] [stderr]    Compiling getrandom v0.4.3
[INFO] [stderr]    Compiling synstructure v0.14.0
[INFO] [stderr]    Compiling digest v0.10.7
[INFO] [stderr]    Compiling openssl-probe v0.1.6
[INFO] [stderr]    Compiling time-core v0.1.9
[INFO] [stderr]    Compiling zstd-safe v5.0.2+zstd.1.5.2
[INFO] [stderr]    Compiling same-file v1.0.6
[INFO] [stderr]    Compiling sha2 v0.10.9
[INFO] [stderr]    Compiling deranged v0.5.9
[INFO] [stderr]    Compiling curl v0.4.51
[INFO] [stderr]    Compiling walkdir v2.5.0
[INFO] [stderr]    Compiling crypto-common v0.2.2
[INFO] [stderr]    Compiling block-buffer v0.12.1
[INFO] [stderr]    Compiling inout v0.1.4
[INFO] [stderr]    Compiling socket2 v0.6.5
[INFO] [stderr]    Compiling nix v0.31.3
[INFO] [stderr]    Compiling filetime v0.2.29
[INFO] [stderr]    Compiling linux-raw-sys v0.12.1
[INFO] [stderr]    Compiling syn v1.0.109
[INFO] [stderr]    Compiling base64ct v1.8.3
[INFO] [stderr]    Compiling rustix v0.38.44
[INFO] [stderr]    Compiling hashbrown v0.12.3
[INFO] [stderr]    Compiling const-oid v0.10.2
[INFO] [stderr]    Compiling portable-atomic v1.15.0
[INFO] [stderr]    Compiling zerofrom-derive v0.1.8
[INFO] [stderr]    Compiling displaydoc v0.2.7
[INFO] [stderr]    Compiling yoke-derive v0.8.4
[INFO] [stderr]    Compiling zerovec-derive v0.11.6
[INFO] [stderr]    Compiling serde_derive v1.0.229
[INFO] [stderr]    Compiling zerofrom v0.1.8
[INFO] [stderr]    Compiling libz-sys v1.1.30
[INFO] [stderr]    Compiling openssl-sys v0.9.117
[INFO] [stderr]    Compiling libnghttp2-sys v0.1.13+1.68.1
[INFO] [stderr]    Compiling libssh2-sys v0.2.23
[INFO] [stderr]    Compiling curl-sys v0.4.91+curl-8.22.0
[INFO] [stderr]    Compiling zstd-sys v2.1.2+zstd.1.5.7
[INFO] [stderr]    Compiling bzip2-sys v0.1.13+1.0.8
[INFO] [stderr]    Compiling flate2 v1.1.10
[INFO] [stderr]    Compiling libgit2-sys v0.13.5+1.4.5
[INFO] [stderr]    Compiling thiserror-impl v1.0.69
[INFO] [stderr]    Compiling yoke v0.8.3
[INFO] [stderr]    Compiling time v0.3.55
[INFO] [stderr]    Compiling bzip2 v0.4.4
[INFO] [stderr]    Compiling zerotrie v0.2.5
[INFO] [stderr]    Compiling zerovec v0.11.8
[INFO] [stderr]    Compiling digest v0.11.3
[INFO] [stderr]    Compiling password-hash v0.4.2
[INFO] [stderr]    Compiling tar v0.4.46
[INFO] [stderr]    Compiling cipher v0.4.4
[INFO] [stderr]    Compiling tinystr v0.8.4
[INFO] [stderr]    Compiling potential_utf v0.1.6
[INFO] [stderr]    Compiling icu_collections v2.3.0
[INFO] [stderr]    Compiling hmac v0.12.1
[INFO] [stderr]    Compiling icu_locale_core v2.3.0
[INFO] [stderr]    Compiling atty v0.2.14
[INFO] [stderr]    Compiling bitmaps v2.1.0
[INFO] [stderr]    Compiling num-traits v0.2.19
[INFO] [stderr]    Compiling vte_generate_state_changes v0.1.2
[INFO] [stderr]    Compiling im-rc v15.1.0
[INFO] [stderr]    Compiling globset v0.4.20
[INFO] [stderr]    Compiling os_str_bytes v6.6.1
[INFO] [stderr]    Compiling cpufeatures v0.3.1
[INFO] [stderr]    Compiling equivalent v1.0.3
[INFO] [stderr]    Compiling arrayvec v0.5.2
[INFO] [stderr]    Compiling hashbrown v0.17.1
[INFO] [stderr]    Compiling home v0.5.12
[INFO] [stderr]    Compiling linux-raw-sys v0.4.15
[INFO] [stderr]    Compiling static_assertions v1.1.0
[INFO] [stderr]    Compiling termcolor v1.4.1
[INFO] [stderr]    Compiling fastrand v2.5.0
[INFO] [stderr]    Compiling vte v0.10.1
[INFO] [stderr]    Compiling rust-embed-utils v7.8.1
[INFO] [stderr]    Compiling indexmap v2.14.2
[INFO] [stderr]    Compiling kstring v2.0.5
[INFO] [stderr]    Compiling sized-chunks v0.6.5
[INFO] [stderr]    Compiling clap_lex v0.2.4
[INFO] [stderr]    Compiling rust-embed-impl v6.8.1
[INFO] [stderr]    Compiling combine v4.6.9
[INFO] [stderr]    Compiling tracing v0.1.44
[INFO] [stderr]    Compiling sha2 v0.11.1
[INFO] [stderr]    Compiling icu_provider v2.3.1
[INFO] [stderr]    Compiling serde_plain v1.0.2
[INFO] [stderr]    Compiling regex v1.13.1
[INFO] [stderr]    Compiling tempfile v3.27.0
[INFO] [stderr]    Compiling icu_normalizer v2.3.0
[INFO] [stderr]    Compiling icu_properties v2.3.0
[INFO] [stderr]    Compiling cargo v0.63.1
[INFO] [stderr]    Compiling pbkdf2 v0.11.0
[INFO] [stderr]    Compiling idna_adapter v1.2.2
[INFO] [stderr]    Compiling aes v0.8.4
[INFO] [stderr]    Compiling idna v1.1.0
[INFO] [stderr]    Compiling ignore v0.4.33
[INFO] [stderr]    Compiling sha1 v0.10.7
[INFO] [stderr]    Compiling itertools v0.10.5
[INFO] [stderr]    Compiling url v2.5.8
[INFO] [stderr]    Compiling dirs-sys v0.3.7
[INFO] [stderr]    Compiling rand_xoshiro v0.6.0
[INFO] [stderr]    Compiling quick-xml v0.42.0
[INFO] [stderr]    Compiling miniz_oxide v0.8.9
[INFO] [stderr]    Compiling fdeflate v0.3.7
[INFO] [stderr]    Compiling constant_time_eq v0.1.5
[INFO] [stderr]    Compiling heck v0.4.1
[INFO] [stderr]    Compiling xml-rs v0.8.29
[INFO] [stderr]    Compiling base64 v0.23.1
[INFO] [stderr]    Compiling humantime v2.4.0
[INFO] [stderr]    Compiling strsim v0.10.0
[INFO] [stderr]    Compiling shell-escape v0.1.5
[INFO] [stderr]    Compiling textwrap v0.16.4
[INFO] [stderr]    Compiling yaserde v0.8.0
[INFO] [stderr]    Compiling plist v1.10.1
[INFO] [stderr]    Compiling cargo-util v0.2.32
[INFO] [stderr]    Compiling env_logger v0.9.3
[INFO] [stderr]    Compiling clap v3.2.25
[INFO] [stderr]    Compiling png v0.17.16
[INFO] [stderr]    Compiling crates-io v0.34.0
[INFO] [stderr]    Compiling dirs v4.0.0
[INFO] [stderr]    Compiling toml_edit v0.14.4
[INFO] [stderr]    Compiling os_info v3.15.0
[INFO] [stderr]    Compiling rust-embed v6.8.1
[INFO] [stderr]    Compiling which v4.4.2
[INFO] [stderr]    Compiling yaserde_derive v0.8.0
[INFO] [stderr]    Compiling opener v0.5.2
[INFO] [stderr]    Compiling strip-ansi-escapes v0.1.1
[INFO] [stderr]    Compiling cargo-platform v0.1.9
[INFO] [stderr]    Compiling rustfix v0.6.1
[INFO] [stderr]    Compiling semver v1.0.28
[INFO] [stderr]    Compiling serde_ignored v0.1.14
[INFO] [stderr]    Compiling num_cpus v1.17.0
[INFO] [stderr]    Compiling time v0.1.45
[INFO] [stderr]    Compiling lazycell v1.3.0
[INFO] [stderr]    Compiling jpeg-decoder v0.3.2
[INFO] [stderr]    Compiling bytemuck v1.25.2
[INFO] [stderr]    Compiling unicode-xid v0.2.6
[INFO] [stderr]    Compiling glob v0.3.4
[INFO] [stderr]    Compiling bytesize v1.3.3
[INFO] [stderr]    Compiling rustc-workspace-hack v1.0.0
[INFO] [stderr]    Compiling unicode-width v0.1.14
[INFO] [stderr]    Compiling color_quant v1.1.0
[INFO] [stderr]    Compiling pathdiff v0.2.3
[INFO] [stderr]    Compiling zip v0.5.13
[INFO] [stderr]    Compiling android-manifest v0.1.10
[INFO] [stderr]    Compiling android-tools v0.2.11
[INFO] [stderr]    Compiling crossbow-android v0.2.3
[INFO] [stderr]    Compiling apple-bundle v0.1.4
[INFO] [stderr]    Compiling creator-simctl v0.1.1
[INFO] [stderr]    Compiling image v0.24.9
[INFO] [stderr]    Compiling dunce v1.0.5
[INFO] [stderr]    Compiling fs_extra v1.3.0
[INFO] [stdout] error[E0659]: `DefaultDictionary` is ambiguous
[INFO] [stdout]   --> /opt/rustwide/cargo-home/registry/src/index.crates.io-1949cf8c6b5b557f/apple-bundle-0.1.4/src/info_plist/app_services.rs:12:12
[INFO] [stdout]    |
[INFO] [stdout] 12 | use super::DefaultDictionary;
[INFO] [stdout]    |            ^^^^^^^^^^^^^^^^^ ambiguous name
[INFO] [stdout]    |
[INFO] [stdout]    = note: ambiguous because of multiple glob imports of a name in the same module
[INFO] [stdout] note: `DefaultDictionary` could refer to the struct imported here
[INFO] [stdout]   --> /opt/rustwide/cargo-home/registry/src/index.crates.io-1949cf8c6b5b557f/apple-bundle-0.1.4/src/info_plist/mod.rs:44:13
[INFO] [stdout]    |
[INFO] [stdout] 44 |     pub use super::app_execution::*;
[INFO] [stdout]    |             ^^^^^^^^^^^^^^^^^^^^^^^
[INFO] [stdout]    = help: consider adding an explicit import of `DefaultDictionary` to disambiguate
[INFO] [stdout] note: `DefaultDictionary` could also refer to the struct imported here
[INFO] [stdout]   --> /opt/rustwide/cargo-home/registry/src/index.crates.io-1949cf8c6b5b557f/apple-bundle-0.1.4/src/info_plist/mod.rs:49:13
[INFO] [stdout]    |
[INFO] [stdout] 49 |     pub use super::protected_resources::*;
[INFO] [stdout]    |             ^^^^^^^^^^^^^^^^^^^^^^^^^^^^^
[INFO] [stdout]    = help: consider adding an explicit import of `DefaultDictionary` to disambiguate
[INFO] [stdout] 
[INFO] [stdout] 
[INFO] [stdout] error[E0659]: `DefaultDictionary` is ambiguous
[INFO] [stdout]   --> /opt/rustwide/cargo-home/registry/src/index.crates.io-1949cf8c6b5b557f/apple-bundle-0.1.4/src/info_plist/kernel_and_drivers.rs:5:12
[INFO] [stdout]    |
[INFO] [stdout]  5 | use super::DefaultDictionary;
[INFO] [stdout]    |            ^^^^^^^^^^^^^^^^^ ambiguous name
[INFO] [stdout]    |
[INFO] [stdout]    = note: ambiguous because of multiple glob imports of a name in the same module
[INFO] [stdout] note: `DefaultDictionary` could refer to the struct imported here
[INFO] [stdout]   --> /opt/rustwide/cargo-home/registry/src/index.crates.io-1949cf8c6b5b557f/apple-bundle-0.1.4/src/info_plist/mod.rs:44:13
[INFO] [stdout]    |
[INFO] [stdout] 44 |     pub use super::app_execution::*;
[INFO] [stdout]    |             ^^^^^^^^^^^^^^^^^^^^^^^
[INFO] [stdout]    = help: consider adding an explicit import of `DefaultDictionary` to disambiguate
[INFO] [stdout] note: `DefaultDictionary` could also refer to the struct imported here
[INFO] [stdout]   --> /opt/rustwide/cargo-home/registry/src/index.crates.io-1949cf8c6b5b557f/apple-bundle-0.1.4/src/info_plist/mod.rs:49:13
[INFO] [stdout]    |
[INFO] [stdout] 49 |     pub use super::protected_resources::*;
[INFO] [stdout]    |             ^^^^^^^^^^^^^^^^^^^^^^^^^^^^^
[INFO] [stdout]    = help: consider adding an explicit import of `DefaultDictionary` to disambiguate
[INFO] [stdout] 
[INFO] [stdout] 
[INFO] [stdout] error[E0659]: `DefaultDictionary` is ambiguous
[INFO] [stdout]    --> /opt/rustwide/cargo-home/registry/src/index.crates.io-1949cf8c6b5b557f/apple-bundle-0.1.4/src/info_plist/app_services.rs:681:40
[INFO] [stdout]     |
[INFO] [stdout] 681 |     pub privileged_executables: Option<DefaultDictionary>,
[INFO] [stdout]     |                                        ^^^^^^^^^^^^^^^^^ ambiguous name
[INFO] [stdout]     |
[INFO] [stdout]     = note: ambiguous because of multiple glob imports of a name in the same module
[INFO] [stdout] note: `DefaultDictionary` could refer to the struct imported here
[INFO] [stdout]    --> /opt/rustwide/cargo-home/registry/src/index.crates.io-1949cf8c6b5b557f/apple-bundle-0.1.4/src/info_plist/mod.rs:44:13
[INFO] [stdout]     |
[INFO] [stdout]  44 |     pub use super::app_execution::*;
[INFO] [stdout]     |             ^^^^^^^^^^^^^^^^^^^^^^^
[INFO] [stdout]     = help: consider adding an explicit import of `DefaultDictionary` to disambiguate
[INFO] [stdout] note: `DefaultDictionary` could also refer to the struct imported here
[INFO] [stdout]    --> /opt/rustwide/cargo-home/registry/src/index.crates.io-1949cf8c6b5b557f/apple-bundle-0.1.4/src/info_plist/mod.rs:49:13
[INFO] [stdout]     |
[INFO] [stdout]  49 |     pub use super::protected_resources::*;
[INFO] [stdout]     |             ^^^^^^^^^^^^^^^^^^^^^^^^^^^^^
[INFO] [stdout]     = help: consider adding an explicit import of `DefaultDictionary` to disambiguate
[INFO] [stdout] 
[INFO] [stdout] 
[INFO] [stdout] error[E0659]: `DefaultDictionary` is ambiguous
[INFO] [stdout]    --> /opt/rustwide/cargo-home/registry/src/index.crates.io-1949cf8c6b5b557f/apple-bundle-0.1.4/src/info_plist/app_services.rs:711:39
[INFO] [stdout]     |
[INFO] [stdout] 711 |     pub environment_variables: Option<DefaultDictionary>,
[INFO] [stdout]     |                                       ^^^^^^^^^^^^^^^^^ ambiguous name
[INFO] [stdout]     |
[INFO] [stdout]     = note: ambiguous because of multiple glob imports of a name in the same module
[INFO] [stdout] note: `DefaultDictionary` could refer to the struct imported here
[INFO] [stdout]    --> /opt/rustwide/cargo-home/registry/src/index.crates.io-1949cf8c6b5b557f/apple-bundle-0.1.4/src/info_plist/mod.rs:44:13
[INFO] [stdout]     |
[INFO] [stdout]  44 |     pub use super::app_execution::*;
[INFO] [stdout]     |             ^^^^^^^^^^^^^^^^^^^^^^^
[INFO] [stdout]     = help: consider adding an explicit import of `DefaultDictionary` to disambiguate
[INFO] [stdout] note: `DefaultDictionary` could also refer to the struct imported here
[INFO] [stdout]    --> /opt/rustwide/cargo-home/registry/src/index.crates.io-1949cf8c6b5b557f/apple-bundle-0.1.4/src/info_plist/mod.rs:49:13
[INFO] [stdout]     |
[INFO] [stdout]  49 |     pub use super::protected_resources::*;
[INFO] [stdout]     |             ^^^^^^^^^^^^^^^^^^^^^^^^^^^^^
[INFO] [stdout]     = help: consider adding an explicit import of `DefaultDictionary` to disambiguate
[INFO] [stdout] 
[INFO] [stdout] 
[INFO] [stdout] error[E0659]: `DefaultDictionary` is ambiguous
[INFO] [stdout]    --> /opt/rustwide/cargo-home/registry/src/index.crates.io-1949cf8c6b5b557f/apple-bundle-0.1.4/src/info_plist/kernel_and_drivers.rs:193:32
[INFO] [stdout]     |
[INFO] [stdout] 193 |     pub property_match: Option<DefaultDictionary>,
[INFO] [stdout]     |                                ^^^^^^^^^^^^^^^^^ ambiguous name
[INFO] [stdout]     |
[INFO] [stdout]     = note: ambiguous because of multiple glob imports of a name in the same module
[INFO] [stdout] note: `DefaultDictionary` could refer to the struct imported here
[INFO] [stdout]    --> /opt/rustwide/cargo-home/registry/src/index.crates.io-1949cf8c6b5b557f/apple-bundle-0.1.4/src/info_plist/mod.rs:44:13
[INFO] [stdout]     |
[INFO] [stdout]  44 |     pub use super::app_execution::*;
[INFO] [stdout]     |             ^^^^^^^^^^^^^^^^^^^^^^^
[INFO] [stdout]     = help: consider adding an explicit import of `DefaultDictionary` to disambiguate
[INFO] [stdout] note: `DefaultDictionary` could also refer to the struct imported here
[INFO] [stdout]    --> /opt/rustwide/cargo-home/registry/src/index.crates.io-1949cf8c6b5b557f/apple-bundle-0.1.4/src/info_plist/mod.rs:49:13
[INFO] [stdout]     |
[INFO] [stdout]  49 |     pub use super::protected_resources::*;
[INFO] [stdout]     |             ^^^^^^^^^^^^^^^^^^^^^^^^^^^^^
[INFO] [stdout]     = help: consider adding an explicit import of `DefaultDictionary` to disambiguate
[INFO] [stdout] 
[INFO] [stdout] 
[INFO] [stdout] error[E0659]: `DefaultDictionary` is ambiguous
[INFO] [stdout]    --> /opt/rustwide/cargo-home/registry/src/index.crates.io-1949cf8c6b5b557f/apple-bundle-0.1.4/src/info_plist/kernel_and_drivers.rs:254:30
[INFO] [stdout]     |
[INFO] [stdout] 254 |     pub parent_match: Option<DefaultDictionary>,
[INFO] [stdout]     |                              ^^^^^^^^^^^^^^^^^ ambiguous name
[INFO] [stdout]     |
[INFO] [stdout]     = note: ambiguous because of multiple glob imports of a name in the same module
[INFO] [stdout] note: `DefaultDictionary` could refer to the struct imported here
[INFO] [stdout]    --> /opt/rustwide/cargo-home/registry/src/index.crates.io-1949cf8c6b5b557f/apple-bundle-0.1.4/src/info_plist/mod.rs:44:13
[INFO] [stdout]     |
[INFO] [stdout]  44 |     pub use super::app_execution::*;
[INFO] [stdout]     |             ^^^^^^^^^^^^^^^^^^^^^^^
[INFO] [stdout]     = help: consider adding an explicit import of `DefaultDictionary` to disambiguate
[INFO] [stdout] note: `DefaultDictionary` could also refer to the struct imported here
[INFO] [stdout]    --> /opt/rustwide/cargo-home/registry/src/index.crates.io-1949cf8c6b5b557f/apple-bundle-0.1.4/src/info_plist/mod.rs:49:13
[INFO] [stdout]     |
[INFO] [stdout]  49 |     pub use super::protected_resources::*;
[INFO] [stdout]     |             ^^^^^^^^^^^^^^^^^^^^^^^^^^^^^
[INFO] [stdout]     = help: consider adding an explicit import of `DefaultDictionary` to disambiguate
[INFO] [stdout] 
[INFO] [stdout] 
[INFO] [stdout] error[E0659]: `DefaultDictionary` is ambiguous
[INFO] [stdout]    --> /opt/rustwide/cargo-home/registry/src/index.crates.io-1949cf8c6b5b557f/apple-bundle-0.1.4/src/info_plist/kernel_and_drivers.rs:332:34
[INFO] [stdout]     |
[INFO] [stdout] 332 |     pub bundle_libraries: Option<DefaultDictionary>,
[INFO] [stdout]     |                                  ^^^^^^^^^^^^^^^^^ ambiguous name
[INFO] [stdout]     |
[INFO] [stdout]     = note: ambiguous because of multiple glob imports of a name in the same module
[INFO] [stdout] note: `DefaultDictionary` could refer to the struct imported here
[INFO] [stdout]    --> /opt/rustwide/cargo-home/registry/src/index.crates.io-1949cf8c6b5b557f/apple-bundle-0.1.4/src/info_plist/mod.rs:44:13
[INFO] [stdout]     |
[INFO] [stdout]  44 |     pub use super::app_execution::*;
[INFO] [stdout]     |             ^^^^^^^^^^^^^^^^^^^^^^^
[INFO] [stdout]     = help: consider adding an explicit import of `DefaultDictionary` to disambiguate
[INFO] [stdout] note: `DefaultDictionary` could also refer to the struct imported here
[INFO] [stdout]    --> /opt/rustwide/cargo-home/registry/src/index.crates.io-1949cf8c6b5b557f/apple-bundle-0.1.4/src/info_plist/mod.rs:49:13
[INFO] [stdout]     |
[INFO] [stdout]  49 |     pub use super::protected_resources::*;
[INFO] [stdout]     |             ^^^^^^^^^^^^^^^^^^^^^^^^^^^^^
[INFO] [stdout]     = help: consider adding an explicit import of `DefaultDictionary` to disambiguate
[INFO] [stdout] 
[INFO] [stdout] 
[INFO] [stdout] For more information about this error, try `rustc --explain E0659`.
[INFO] [stdout] 
[INFO] [stderr] error: could not compile `apple-bundle` (lib) due to 7 previous errors
[INFO] [stderr] warning: build failed, waiting for other jobs to finish...
[INFO] running `Command { std: "docker" "inspect" "1b5a74e458e2babebc86bfdc703456e3c37a9750ee4f73471302f485df812880", kill_on_drop: false }`
[INFO] running `Command { std: "docker" "rm" "-f" "1b5a74e458e2babebc86bfdc703456e3c37a9750ee4f73471302f485df812880", kill_on_drop: false }`
[INFO] [stdout] 1b5a74e458e2babebc86bfdc703456e3c37a9750ee4f73471302f485df812880
