[INFO] fetching crate cross-locks 0.1.3...
[INFO] testing cross-locks-0.1.3 against 1.100.0-beta.1+cargoflags=--release for beta-release-1.100-2
[INFO] extracting crate cross-locks 0.1.3 into /workspace/builds/worker-5-tc2/source
[INFO] started tweaking crates.io crate cross-locks 0.1.3
[INFO] removed 0 missing tests
[INFO] finished tweaking crates.io crate cross-locks 0.1.3
[INFO] tweaked toml for crates.io crate cross-locks 0.1.3 written to /workspace/builds/worker-5-tc2/source/Cargo.toml
[INFO] validating manifest of crates.io crate cross-locks 0.1.3 on toolchain 1.100.0-beta.1
[INFO] running `Command { std: CARGO_HOME="/workspace/cargo-home" RUSTUP_HOME="/workspace/rustup-home" "/workspace/cargo-home/bin/cargo" "+1.100.0-beta.1" "metadata" "--manifest-path" "Cargo.toml" "--no-deps", kill_on_drop: false }`
[INFO] crate crates.io crate cross-locks 0.1.3 already has a lockfile, it will not be regenerated
[INFO] running `Command { std: CARGO_HOME="/workspace/cargo-home" RUSTUP_HOME="/workspace/rustup-home" "/workspace/cargo-home/bin/cargo" "+1.100.0-beta.1" "fetch" "--manifest-path" "Cargo.toml", kill_on_drop: false }`
[INFO] running `Command { std: "docker" "create" "-v" "/var/lib/crater-agent-workspace/builds/worker-5-tc2/source:/opt/rustwide/workdir:ro,Z" "-v" "/var/lib/crater-agent-workspace/builds/worker-5-tc2/target:/opt/rustwide/target:rw,Z" "-v" "/var/lib/crater-agent-workspace/cargo-home:/opt/rustwide/cargo-home:ro,Z" "-v" "/var/lib/crater-agent-workspace/rustup-home:/opt/rustwide/rustup-home:ro,Z" "-m" "1610612736" "--network" "none" "ghcr.io/rust-lang/crates-build-env/linux@sha256:77db811e55d90add9212f6832c23229e3de5f1c1f9905e8cb07319ea15df73ac" "sleep" "infinity", kill_on_drop: false }`
[INFO] [stdout] f9ee4a4bc4f1781dfdc72ab713301345b6d634bd4c3649720ce3d880b54648f3
[INFO] running `Command { std: "docker" "start" "f9ee4a4bc4f1781dfdc72ab713301345b6d634bd4c3649720ce3d880b54648f3", kill_on_drop: false }`
[INFO] running `Command { std: "docker" "inspect" "f9ee4a4bc4f1781dfdc72ab713301345b6d634bd4c3649720ce3d880b54648f3", kill_on_drop: false }`
[INFO] running `Command { std: "docker" "exec" "-e" "SOURCE_DIR=/opt/rustwide/workdir" "-e" "CARGO_HOME=/opt/rustwide/cargo-home" "-e" "RUSTUP_HOME=/opt/rustwide/rustup-home" "-e" "CARGO_TARGET_DIR=/opt/rustwide/target" "-w" "/opt/rustwide/workdir" "--user" "0:0" "f9ee4a4bc4f1781dfdc72ab713301345b6d634bd4c3649720ce3d880b54648f3" "/opt/rustwide/cargo-home/bin/cargo" "+1.100.0-beta.1" "metadata" "--no-deps" "--format-version=1", kill_on_drop: false }`
[INFO] running `Command { std: "docker" "inspect" "f9ee4a4bc4f1781dfdc72ab713301345b6d634bd4c3649720ce3d880b54648f3", kill_on_drop: false }`
[INFO] running `Command { std: "docker" "exec" "-e" "SOURCE_DIR=/opt/rustwide/workdir" "-e" "CARGO_HOME=/opt/rustwide/cargo-home" "-e" "RUSTUP_HOME=/opt/rustwide/rustup-home" "-e" "CARGO_TARGET_DIR=/opt/rustwide/target" "-e" "CARGO_INCREMENTAL=0" "-e" "RUST_BACKTRACE=full" "-e" "RUSTFLAGS=--cap-lints=warn" "-e" "RUSTDOCFLAGS=--cap-lints=warn" "-w" "/opt/rustwide/workdir" "--user" "0:0" "f9ee4a4bc4f1781dfdc72ab713301345b6d634bd4c3649720ce3d880b54648f3" "/opt/rustwide/cargo-home/bin/cargo" "+1.100.0-beta.1" "build" "--frozen" "--message-format=json" "--release", kill_on_drop: false }`
[INFO] [stderr]    Compiling syn v2.0.101
[INFO] [stderr]    Compiling thiserror-impl v2.0.12
[INFO] [stderr]    Compiling async-trait v0.1.88
[INFO] [stderr]    Compiling thiserror v2.0.12
[INFO] [stderr]    Compiling cross-locks v0.1.3 (/opt/rustwide/workdir)
[INFO] [stdout] error[E0432]: unresolved import `tokio`
[INFO] [stdout]   --> src/lib.rs:90:13
[INFO] [stdout]    |
[INFO] [stdout] 90 |         use tokio::task_local;
[INFO] [stdout]    |             ^^^^^ use of unresolved module or unlinked crate `tokio`
[INFO] [stdout]    |
[INFO] [stdout]    = help: if you wanted to use a crate named `tokio`, use `cargo add tokio` to add it to your `Cargo.toml`
[INFO] [stdout] 
[INFO] [stdout] 
[INFO] [stdout] error[E0425]: cannot find value `DEPTH` in this scope
[INFO] [stdout]   --> src/lib.rs:96:12
[INFO] [stdout]    |
[INFO] [stdout] 96 |         if DEPTH.try_with(|c| c.get()).unwrap_or(0) > 0 {
[INFO] [stdout]    |            ^^^^^ not found in this scope
[INFO] [stdout] 
[INFO] [stdout] 
[INFO] [stdout] error[E0425]: cannot find value `DEPTH` in this scope
[INFO] [stdout]    --> src/lib.rs:101:9
[INFO] [stdout]     |
[INFO] [stdout] 101 |         DEPTH
[INFO] [stdout]     |         ^^^^^ not found in this scope
[INFO] [stdout] 
[INFO] [stdout] 
[INFO] [stdout] error[E0425]: cannot find value `DEPTH` in this scope
[INFO] [stdout]    --> src/lib.rs:105:21
[INFO] [stdout]     |
[INFO] [stdout] 105 |                     DEPTH.with(|c| c.set(c.get() + 1));
[INFO] [stdout]     |                     ^^^^^ not found in this scope
[INFO] [stdout] 
[INFO] [stdout] 
[INFO] [stdout] error[E0425]: cannot find value `DEPTH` in this scope
[INFO] [stdout]    --> src/lib.rs:107:21
[INFO] [stdout]     |
[INFO] [stdout] 107 |                     DEPTH.with(|c| c.set(c.get() - 1));
[INFO] [stdout]     |                     ^^^^^ not found in this scope
[INFO] [stdout] 
[INFO] [stdout] 
[INFO] [stdout] Some errors have detailed explanations: E0425, E0432.
[INFO] [stdout] 
[INFO] [stdout] For more information about an error, try `rustc --explain E0425`.
[INFO] [stdout] 
[INFO] [stderr] error: could not compile `cross-locks` (lib) due to 5 previous errors
[INFO] [stderr] warning: unused dependency `cfg-if`
[INFO] [stderr]  --> Cargo.toml:4:15
[INFO] [stderr]   |
[INFO] [stderr] 4 | [dependencies.cfg-if]
[INFO] [stderr]   |               ^^^^^^^
[INFO] [stderr]   |
[INFO] [stderr]   = note: `cargo::unused_dependencies` is set to `warn` by default
[INFO] [stderr] help: consider removing the dependency on `cfg-if`
[INFO] [stderr] warning: `cross-locks` (manifest) generated 1 warning
[INFO] running `Command { std: "docker" "inspect" "f9ee4a4bc4f1781dfdc72ab713301345b6d634bd4c3649720ce3d880b54648f3", kill_on_drop: false }`
[INFO] running `Command { std: "docker" "rm" "-f" "f9ee4a4bc4f1781dfdc72ab713301345b6d634bd4c3649720ce3d880b54648f3", kill_on_drop: false }`
[INFO] [stdout] f9ee4a4bc4f1781dfdc72ab713301345b6d634bd4c3649720ce3d880b54648f3
