[INFO] fetching crate cronet 0.2.0...
[INFO] testing cronet-0.2.0 against 1.99.0-beta.8+cargoflags=--release for beta-release-1.100-2
[INFO] extracting crate cronet 0.2.0 into /workspace/builds/worker-0-tc1/source
[INFO] started tweaking crates.io crate cronet 0.2.0
[INFO] removed 0 missing examples
[INFO] finished tweaking crates.io crate cronet 0.2.0
[INFO] tweaked toml for crates.io crate cronet 0.2.0 written to /workspace/builds/worker-0-tc1/source/Cargo.toml
[INFO] validating manifest of crates.io crate cronet 0.2.0 on toolchain 1.99.0-beta.8
[INFO] running `Command { std: CARGO_HOME="/workspace/cargo-home" RUSTUP_HOME="/workspace/rustup-home" "/workspace/cargo-home/bin/cargo" "+1.99.0-beta.8" "metadata" "--manifest-path" "Cargo.toml" "--no-deps", kill_on_drop: false }`
[INFO] crate crates.io crate cronet 0.2.0 already has a lockfile, it will not be regenerated
[INFO] running `Command { std: CARGO_HOME="/workspace/cargo-home" RUSTUP_HOME="/workspace/rustup-home" "/workspace/cargo-home/bin/cargo" "+1.99.0-beta.8" "fetch" "--manifest-path" "Cargo.toml", kill_on_drop: false }`
[INFO] [stderr]     Updating crates.io index
[INFO] [stderr]  Downloading crates ...
[INFO] [stderr]   Downloaded rcgen v0.13.2
[INFO] [stderr]   Downloaded cronet-sys v0.2.0
[INFO] [stderr]   Downloaded glob v0.3.4
[INFO] running `Command { std: "docker" "create" "-v" "/var/lib/crater-agent-workspace/builds/worker-0-tc1/source:/opt/rustwide/workdir:ro,Z" "-v" "/var/lib/crater-agent-workspace/builds/worker-0-tc1/target:/opt/rustwide/target:rw,Z" "-v" "/var/lib/crater-agent-workspace/cargo-home:/opt/rustwide/cargo-home:ro,Z" "-v" "/var/lib/crater-agent-workspace/rustup-home:/opt/rustwide/rustup-home:ro,Z" "-m" "1610612736" "--network" "none" "ghcr.io/rust-lang/crates-build-env/linux@sha256:77db811e55d90add9212f6832c23229e3de5f1c1f9905e8cb07319ea15df73ac" "sleep" "infinity", kill_on_drop: false }`
[INFO] [stdout] 5cb40c75f516df0e35782794e90742aeaa95afd64ec6216011cb43ba48c55d19
[INFO] running `Command { std: "docker" "start" "5cb40c75f516df0e35782794e90742aeaa95afd64ec6216011cb43ba48c55d19", kill_on_drop: false }`
[INFO] running `Command { std: "docker" "inspect" "5cb40c75f516df0e35782794e90742aeaa95afd64ec6216011cb43ba48c55d19", kill_on_drop: false }`
[INFO] running `Command { std: "docker" "exec" "-e" "SOURCE_DIR=/opt/rustwide/workdir" "-e" "CARGO_HOME=/opt/rustwide/cargo-home" "-e" "RUSTUP_HOME=/opt/rustwide/rustup-home" "-e" "CARGO_TARGET_DIR=/opt/rustwide/target" "-w" "/opt/rustwide/workdir" "--user" "0:0" "5cb40c75f516df0e35782794e90742aeaa95afd64ec6216011cb43ba48c55d19" "/opt/rustwide/cargo-home/bin/cargo" "+1.99.0-beta.8" "metadata" "--no-deps" "--format-version=1", kill_on_drop: false }`
[INFO] running `Command { std: "docker" "inspect" "5cb40c75f516df0e35782794e90742aeaa95afd64ec6216011cb43ba48c55d19", kill_on_drop: false }`
[INFO] running `Command { std: "docker" "exec" "-e" "SOURCE_DIR=/opt/rustwide/workdir" "-e" "CARGO_HOME=/opt/rustwide/cargo-home" "-e" "RUSTUP_HOME=/opt/rustwide/rustup-home" "-e" "CARGO_TARGET_DIR=/opt/rustwide/target" "-e" "CARGO_INCREMENTAL=0" "-e" "RUST_BACKTRACE=full" "-e" "RUSTFLAGS=--cap-lints=warn" "-e" "RUSTDOCFLAGS=--cap-lints=warn" "-w" "/opt/rustwide/workdir" "--user" "0:0" "5cb40c75f516df0e35782794e90742aeaa95afd64ec6216011cb43ba48c55d19" "/opt/rustwide/cargo-home/bin/cargo" "+1.99.0-beta.8" "build" "--frozen" "--message-format=json" "--release", kill_on_drop: false }`
[INFO] [stderr]    Compiling portable-atomic v1.14.0
[INFO] [stderr]    Compiling smallvec v1.15.2
[INFO] [stderr]    Compiling libc v0.2.189
[INFO] [stderr]    Compiling critical-section v1.2.0
[INFO] [stderr]    Compiling syn v2.0.119
[INFO] [stderr]    Compiling syn v3.0.3
[INFO] [stderr]    Compiling thiserror v2.0.19
[INFO] [stderr]    Compiling serde_core v1.0.229
[INFO] [stderr]    Compiling percent-encoding v2.3.2
[INFO] [stderr]    Compiling form_urlencoded v1.2.2
[INFO] [stderr]    Compiling chacha20 v0.10.1
[INFO] [stderr]    Compiling serde_json v1.0.151
[INFO] [stderr]    Compiling cronet-sys v0.2.0
[INFO] [stderr]    Compiling futures-core v0.3.33
[INFO] [stderr]    Compiling memchr v2.8.3
[INFO] [stderr]    Compiling once_cell v1.21.4
[INFO] [stderr]    Compiling data-encoding v2.11.0
[INFO] [stderr]    Compiling ipnet v2.12.0
[INFO] [stderr]    Compiling tracing-core v0.1.36
[INFO] [stderr]    Compiling getrandom v0.4.3
[INFO] [stderr]    Compiling rand v0.10.2
[INFO] [stderr]    Compiling tracing v0.1.44
[INFO] [stderr]    Compiling futures-channel v0.3.33
[INFO] [stderr]    Compiling fastrand v2.5.0
[INFO] [stderr]    Compiling thiserror-impl v2.0.19
[INFO] [stderr]    Compiling synstructure v0.13.2
[INFO] [stderr]    Compiling zerofrom-derive v0.1.7
[INFO] [stderr]    Compiling yoke-derive v0.8.2
[INFO] [stderr]    Compiling zerovec-derive v0.11.3
[INFO] [stderr]    Compiling displaydoc v0.2.6
[INFO] [stderr]    Compiling zerofrom v0.1.8
[INFO] [stderr]    Compiling yoke v0.8.3
[INFO] [stderr]    Compiling zerotrie v0.2.4
[INFO] [stderr]    Compiling zerovec v0.11.6
[INFO] [stderr]    Compiling tinystr v0.8.3
[INFO] [stderr]    Compiling potential_utf v0.1.5
[INFO] [stderr]    Compiling icu_collections v2.2.0
[INFO] [stderr]    Compiling icu_locale_core v2.2.0
[INFO] [stderr]    Compiling icu_provider v2.2.0
[INFO] [stderr]    Compiling icu_normalizer v2.2.0
[INFO] [stderr]    Compiling icu_properties v2.2.0
[INFO] [stderr]    Compiling idna_adapter v1.2.2
[INFO] [stderr]    Compiling idna v1.1.0
[INFO] [stderr]    Compiling url v2.5.8
[INFO] [stderr]    Compiling hickory-proto v0.26.1
[INFO] [stderr]    Compiling cronet v0.2.0 (/opt/rustwide/workdir)
[INFO] [stderr]     Finished `release` profile [optimized] target(s) in 1m 04s
[INFO] running `Command { std: "docker" "inspect" "5cb40c75f516df0e35782794e90742aeaa95afd64ec6216011cb43ba48c55d19", kill_on_drop: false }`
[INFO] running `Command { std: "docker" "exec" "-e" "SOURCE_DIR=/opt/rustwide/workdir" "-e" "CARGO_HOME=/opt/rustwide/cargo-home" "-e" "RUSTUP_HOME=/opt/rustwide/rustup-home" "-e" "CARGO_TARGET_DIR=/opt/rustwide/target" "-e" "CARGO_INCREMENTAL=0" "-e" "RUST_BACKTRACE=full" "-e" "RUSTFLAGS=--cap-lints=warn" "-e" "RUSTDOCFLAGS=--cap-lints=warn" "-w" "/opt/rustwide/workdir" "--user" "0:0" "5cb40c75f516df0e35782794e90742aeaa95afd64ec6216011cb43ba48c55d19" "/opt/rustwide/cargo-home/bin/cargo" "+1.99.0-beta.8" "test" "--frozen" "--no-run" "--message-format=json" "--release", kill_on_drop: false }`
[INFO] [stderr]    Compiling syn v2.0.119
[INFO] [stderr]    Compiling jobserver v0.1.35
[INFO] [stderr]    Compiling aws-lc-rs v1.17.3
[INFO] [stderr]    Compiling futures-core v0.3.33
[INFO] [stderr]    Compiling rustls v0.23.42
[INFO] [stderr]    Compiling time v0.3.36
[INFO] [stderr]    Compiling rand v0.10.2
[INFO] [stderr]    Compiling log v0.4.33
[INFO] [stderr]    Compiling futures-sink v0.3.33
[INFO] [stderr]    Compiling futures-channel v0.3.33
[INFO] [stderr]    Compiling pem v3.0.6
[INFO] [stderr]    Compiling http v1.4.2
[INFO] [stderr]    Compiling cc v1.4.0
[INFO] [stderr]    Compiling yasna v0.5.2
[INFO] [stderr]    Compiling cmake v0.1.58
[INFO] [stderr]    Compiling aws-lc-sys v0.43.0
[INFO] [stderr]    Compiling ring v0.17.14
[INFO] [stderr]    Compiling synstructure v0.13.2
[INFO] [stderr]    Compiling zerofrom-derive v0.1.7
[INFO] [stderr]    Compiling yoke-derive v0.8.2
[INFO] [stderr]    Compiling zerovec-derive v0.11.3
[INFO] [stderr]    Compiling displaydoc v0.2.6
[INFO] [stderr]    Compiling tokio-macros v2.7.1
[INFO] [stderr]    Compiling zerofrom v0.1.8
[INFO] [stderr]    Compiling yoke v0.8.3
[INFO] [stderr]    Compiling zerovec v0.11.6
[INFO] [stderr]    Compiling zerotrie v0.2.4
[INFO] [stderr]    Compiling tokio v1.53.1
[INFO] [stderr]    Compiling tinystr v0.8.3
[INFO] [stderr]    Compiling potential_utf v0.1.5
[INFO] [stderr]    Compiling icu_collections v2.2.0
[INFO] [stderr]    Compiling icu_locale_core v2.2.0
[INFO] [stderr]    Compiling icu_provider v2.2.0
[INFO] [stderr]    Compiling icu_normalizer v2.2.0
[INFO] [stderr]    Compiling icu_properties v2.2.0
[INFO] [stderr]    Compiling idna_adapter v1.2.2
[INFO] [stderr]    Compiling idna v1.1.0
[INFO] [stderr]    Compiling rcgen v0.13.2
[INFO] [stderr]    Compiling url v2.5.8
[INFO] [stderr]    Compiling hickory-proto v0.26.1
[INFO] [stderr]    Compiling tokio-util v0.7.19
[INFO] [stderr]    Compiling h2 v0.4.15
[INFO] [stderr]    Compiling cronet v0.2.0 (/opt/rustwide/workdir)
[INFO] [stderr]    Compiling rustls-webpki v0.103.13
[INFO] [stderr]    Compiling tokio-rustls v0.26.4
[INFO] [stdout] error: linking with `cc` failed: exit status: 1
[INFO] [stdout]   |
[INFO] [stdout]   = note:  "cc" "-m64" "/opt/rustwide/target/release/examples/rustcf040Eb/symbols.o" "<2 object files omitted>" "-Wl,--as-needed" "-Wl,-Bstatic" "/opt/rustwide/target/release/deps/{libcronet-2eb139c5c01718bb,libfastrand-b4ab186633b9c108,libserde_json-2265bbf7eeb475d2,libmemchr-b09fcc675b44dbcc,libitoa-1e9e3b22820c4a15,libzmij-586d023c1dba25b5,libserde_core-744c108abd97e5ca,libcronet_sys-835d7875102cddb3,libbase64-5ba8d8f2fe9c6ccd,libhickory_proto-87bed230d99dd017,librand-87d31d61810ca6aa,libgetrandom-f40778aff4caf996,liblibc-a0996e9cad7bedd7,libchacha20-f12019d447e21016,libcpufeatures-bd0e43b05e7934f4,libcfg_if-6d8dca19095bb388,librand_core-52b690f530b43640,libdata_encoding-5153750d3cf01a6a,liburl-3896818d24fc9218,libform_urlencoded-81ed62fdc615ac55,libpercent_encoding-ab8bca3f3e17a0eb,libipnet-a591a192ede44bc7,libtinyvec-b6634c1f218ec5d3,libtinyvec_macros-8d7f4b9d42c23ac6,libidna-398aa0a11db31f65,libidna_adapter-3a83b172d449b3e5,libicu_properties-1290a6afea3ffea7,libicu_properties_data-3b22ee4d54a8ef94,libicu_normalizer-a67f9ea3c34820cf,libsmallvec-70199632bb80d378,libicu_normalizer_data-ec18cea5227907fc,libicu_collections-f161c3b0f8e6ce69,libutf8_iter-050834cd1b25caa4,libpotential_utf-2a3d6402fa9b2f1a,libicu_provider-4e62499060b7aded,libicu_locale_core-f6d256d173c93659,libtinystr-919f72f81e1fa8e9,liblitemap-9027a9464d06b78c,libwriteable-93f874a44acb2524,libzerovec-7b72f765ec09a923,libzerotrie-4a7bd2286bae14aa,libyoke-272656667cec056b,libstable_deref_trait-1fabeba25560deaf,libzerofrom-68649b3022d124a8,libtracing-7b093fad61be879a,libpin_project_lite-9a89bb36c0c56875,libtracing_core-558e080bad316f3e,libonce_cell-052d78f48a86d409,libportable_atomic-c2a165f0e1b7d5a1,libthiserror-22419bcc3ae6353e,libfutures_channel-fae55b7e9d8e209c,libfutures_core-8a7474048d2d5963}.rlib" "<sysroot>/lib/rustlib/x86_64-unknown-linux-gnu/lib/{libstd-*,libpanic_unwind-*,libobject-*,libmemchr-*,libaddr2line-*,libgimli-*,libcfg_if-*,librustc_demangle-*,libstd_detect-*,libhashbrown-*,librustc_std_workspace_alloc-*,libminiz_oxide-*,libadler2-*,libunwind-*,liblibc-*,librustc_std_workspace_core-*,liballoc-*,libcore-*,libcompiler_builtins-*}.rlib" "-Wl,-Bdynamic" "-lgcc_s" "-lutil" "-lrt" "-lpthread" "-lm" "-ldl" "-lc" "-L" "/opt/rustwide/target/release/examples/rustcf040Eb/raw-dylibs" "-B<sysroot>/lib/rustlib/x86_64-unknown-linux-gnu/bin/gcc-ld" "-fuse-ld=lld" "-Wl,--eh-frame-hdr" "-Wl,-z,noexecstack" "-L" "/opt/rustwide/target/release/build/ring-3a781777d9c3589a/out" "-L" "/opt/rustwide/target/release/build/aws-lc-sys-1b69e405a4ed7515/out" "-L" "<sysroot>/lib/rustlib/x86_64-unknown-linux-gnu/lib" "-o" "/opt/rustwide/target/release/examples/version-2eaeae7a7b50c604" "-Wl,--gc-sections" "-pie" "-Wl,-z,relro,-z,now" "-Wl,-O1" "-Wl,--strip-debug" "-nodefaultlibs"
[INFO] [stdout]   = note: some arguments are omitted. use `--verbose` to show all linker arguments
[INFO] [stdout]   = note: rust-lld: error: undefined symbol: Cronet_Engine_GetDefaultUserAgent
[INFO] [stdout]           >>> referenced by cronet.bb26f079a2c752f7-cgu.09
[INFO] [stdout]           >>>               cronet-2eb139c5c01718bb.cronet.bb26f079a2c752f7-cgu.09.rcgu.o:(<cronet::engine::Engine>::default_user_agent) in archive /opt/rustwide/target/release/deps/libcronet-2eb139c5c01718bb.rlib
[INFO] [stdout]           
[INFO] [stdout]           rust-lld: error: undefined symbol: Cronet_Engine_Create
[INFO] [stdout]           >>> referenced by cronet.bb26f079a2c752f7-cgu.09
[INFO] [stdout]           >>>               cronet-2eb139c5c01718bb.cronet.bb26f079a2c752f7-cgu.09.rcgu.o:(<cronet::engine::Engine>::start) in archive /opt/rustwide/target/release/deps/libcronet-2eb139c5c01718bb.rlib
[INFO] [stdout]           
[INFO] [stdout]           rust-lld: error: undefined symbol: Cronet_Engine_StartWithParams
[INFO] [stdout]           >>> referenced by cronet.bb26f079a2c752f7-cgu.09
[INFO] [stdout]           >>>               cronet-2eb139c5c01718bb.cronet.bb26f079a2c752f7-cgu.09.rcgu.o:(<cronet::engine::Engine>::start) in archive /opt/rustwide/target/release/deps/libcronet-2eb139c5c01718bb.rlib
[INFO] [stdout]           
[INFO] [stdout]           rust-lld: error: undefined symbol: Cronet_Engine_Destroy
[INFO] [stdout]           >>> referenced by cronet.bb26f079a2c752f7-cgu.09
[INFO] [stdout]           >>>               cronet-2eb139c5c01718bb.cronet.bb26f079a2c752f7-cgu.09.rcgu.o:(<cronet::engine::Engine>::start) in archive /opt/rustwide/target/release/deps/libcronet-2eb139c5c01718bb.rlib
[INFO] [stdout]           >>> referenced by cronet.bb26f079a2c752f7-cgu.09
[INFO] [stdout]           >>>               cronet-2eb139c5c01718bb.cronet.bb26f079a2c752f7-cgu.09.rcgu.o:(<cronet::engine::Engine as core::ops::drop::Drop>::drop) in archive /opt/rustwide/target/release/deps/libcronet-2eb139c5c01718bb.rlib
[INFO] [stdout]           
[INFO] [stdout]           rust-lld: error: undefined symbol: Cronet_Engine_GetVersionString
[INFO] [stdout]           >>> referenced by cronet.bb26f079a2c752f7-cgu.09
[INFO] [stdout]           >>>               cronet-2eb139c5c01718bb.cronet.bb26f079a2c752f7-cgu.09.rcgu.o:(<cronet::engine::Engine>::version) in archive /opt/rustwide/target/release/deps/libcronet-2eb139c5c01718bb.rlib
[INFO] [stdout]           
[INFO] [stdout]           rust-lld: error: undefined symbol: Cronet_Engine_Shutdown
[INFO] [stdout]           >>> referenced by cronet.bb26f079a2c752f7-cgu.09
[INFO] [stdout]           >>>               cronet-2eb139c5c01718bb.cronet.bb26f079a2c752f7-cgu.09.rcgu.o:(<cronet::engine::Engine as core::ops::drop::Drop>::drop) in archive /opt/rustwide/target/release/deps/libcronet-2eb139c5c01718bb.rlib
[INFO] [stdout]           
[INFO] [stdout]           rust-lld: error: undefined symbol: Cronet_EngineParams_enable_quic_set
[INFO] [stdout]           >>> referenced by cronet.bb26f079a2c752f7-cgu.15
[INFO] [stdout]           >>>               cronet-2eb139c5c01718bb.cronet.bb26f079a2c752f7-cgu.15.rcgu.o:(<cronet::params::EngineParams>::enable_quic) in archive /opt/rustwide/target/release/deps/libcronet-2eb139c5c01718bb.rlib
[INFO] [stdout]           
[INFO] [stdout]           rust-lld: error: undefined symbol: Cronet_EngineParams_enable_http2_set
[INFO] [stdout]           >>> referenced by cronet.bb26f079a2c752f7-cgu.15
[INFO] [stdout]           >>>               cronet-2eb139c5c01718bb.cronet.bb26f079a2c752f7-cgu.15.rcgu.o:(<cronet::params::EngineParams>::enable_http2) in archive /opt/rustwide/target/release/deps/libcronet-2eb139c5c01718bb.rlib
[INFO] [stdout]           
[INFO] [stdout]           rust-lld: error: undefined symbol: Cronet_EngineParams_enable_brotli_set
[INFO] [stdout]           >>> referenced by cronet.bb26f079a2c752f7-cgu.15
[INFO] [stdout]           >>>               cronet-2eb139c5c01718bb.cronet.bb26f079a2c752f7-cgu.15.rcgu.o:(<cronet::params::EngineParams>::enable_brotli) in archive /opt/rustwide/target/release/deps/libcronet-2eb139c5c01718bb.rlib
[INFO] [stdout]           
[INFO] [stdout]           rust-lld: error: undefined symbol: Cronet_EngineParams_Create
[INFO] [stdout]           >>> referenced by cronet.bb26f079a2c752f7-cgu.15
[INFO] [stdout]           >>>               cronet-2eb139c5c01718bb.cronet.bb26f079a2c752f7-cgu.15.rcgu.o:(<cronet::params::EngineParams>::new) in archive /opt/rustwide/target/release/deps/libcronet-2eb139c5c01718bb.rlib
[INFO] [stdout]           
[INFO] [stdout]           rust-lld: error: undefined symbol: Cronet_EngineParams_Destroy
[INFO] [stdout]           >>> referenced by cronet.bb26f079a2c752f7-cgu.15
[INFO] [stdout]           >>>               cronet-2eb139c5c01718bb.cronet.bb26f079a2c752f7-cgu.15.rcgu.o:(<cronet::params::EngineParams as core::ops::drop::Drop>::drop) in archive /opt/rustwide/target/release/deps/libcronet-2eb139c5c01718bb.rlib
[INFO] [stdout]           collect2: error: ld returned 1 exit status
[INFO] [stdout]           
[INFO] [stdout] 
[INFO] [stdout] 
[INFO] [stderr] error: could not compile `cronet` (example "version") due to 1 previous error
[INFO] [stderr] warning: build failed, waiting for other jobs to finish...
[INFO] [stderr] error: could not compile `cronet` (example "get") due to 1 previous error
[INFO] [stdout] error: linking with `cc` failed: exit status: 1
[INFO] [stdout]   |
[INFO] [stdout]   = note:  "cc" "-m64" "/opt/rustwide/target/release/examples/rustcFq6Iv4/symbols.o" "<2 object files omitted>" "-Wl,--as-needed" "-Wl,-Bstatic" "/opt/rustwide/target/release/deps/{libcronet-2eb139c5c01718bb,libfastrand-b4ab186633b9c108,libserde_json-2265bbf7eeb475d2,libmemchr-b09fcc675b44dbcc,libitoa-1e9e3b22820c4a15,libzmij-586d023c1dba25b5,libserde_core-744c108abd97e5ca,libcronet_sys-835d7875102cddb3,libbase64-5ba8d8f2fe9c6ccd,libhickory_proto-87bed230d99dd017,librand-87d31d61810ca6aa,libgetrandom-f40778aff4caf996,liblibc-a0996e9cad7bedd7,libchacha20-f12019d447e21016,libcpufeatures-bd0e43b05e7934f4,libcfg_if-6d8dca19095bb388,librand_core-52b690f530b43640,libdata_encoding-5153750d3cf01a6a,liburl-3896818d24fc9218,libform_urlencoded-81ed62fdc615ac55,libpercent_encoding-ab8bca3f3e17a0eb,libipnet-a591a192ede44bc7,libtinyvec-b6634c1f218ec5d3,libtinyvec_macros-8d7f4b9d42c23ac6,libidna-398aa0a11db31f65,libidna_adapter-3a83b172d449b3e5,libicu_properties-1290a6afea3ffea7,libicu_properties_data-3b22ee4d54a8ef94,libicu_normalizer-a67f9ea3c34820cf,libsmallvec-70199632bb80d378,libicu_normalizer_data-ec18cea5227907fc,libicu_collections-f161c3b0f8e6ce69,libutf8_iter-050834cd1b25caa4,libpotential_utf-2a3d6402fa9b2f1a,libicu_provider-4e62499060b7aded,libicu_locale_core-f6d256d173c93659,libtinystr-919f72f81e1fa8e9,liblitemap-9027a9464d06b78c,libwriteable-93f874a44acb2524,libzerovec-7b72f765ec09a923,libzerotrie-4a7bd2286bae14aa,libyoke-272656667cec056b,libstable_deref_trait-1fabeba25560deaf,libzerofrom-68649b3022d124a8,libtracing-7b093fad61be879a,libpin_project_lite-9a89bb36c0c56875,libtracing_core-558e080bad316f3e,libonce_cell-052d78f48a86d409,libportable_atomic-c2a165f0e1b7d5a1,libthiserror-22419bcc3ae6353e,libfutures_channel-fae55b7e9d8e209c,libfutures_core-8a7474048d2d5963}.rlib" "<sysroot>/lib/rustlib/x86_64-unknown-linux-gnu/lib/{libstd-*,libpanic_unwind-*,libobject-*,libmemchr-*,libaddr2line-*,libgimli-*,libcfg_if-*,librustc_demangle-*,libstd_detect-*,libhashbrown-*,librustc_std_workspace_alloc-*,libminiz_oxide-*,libadler2-*,libunwind-*,liblibc-*,librustc_std_workspace_core-*,liballoc-*,libcore-*,libcompiler_builtins-*}.rlib" "-Wl,-Bdynamic" "-lgcc_s" "-lutil" "-lrt" "-lpthread" "-lm" "-ldl" "-lc" "-L" "/opt/rustwide/target/release/examples/rustcFq6Iv4/raw-dylibs" "-B<sysroot>/lib/rustlib/x86_64-unknown-linux-gnu/bin/gcc-ld" "-fuse-ld=lld" "-Wl,--eh-frame-hdr" "-Wl,-z,noexecstack" "-L" "/opt/rustwide/target/release/build/ring-3a781777d9c3589a/out" "-L" "/opt/rustwide/target/release/build/aws-lc-sys-1b69e405a4ed7515/out" "-L" "<sysroot>/lib/rustlib/x86_64-unknown-linux-gnu/lib" "-o" "/opt/rustwide/target/release/examples/get-47c996167d71cdb1" "-Wl,--gc-sections" "-pie" "-Wl,-z,relro,-z,now" "-Wl,-O1" "-Wl,--strip-debug" "-nodefaultlibs"
[INFO] [stdout]   = note: some arguments are omitted. use `--verbose` to show all linker arguments
[INFO] [stdout]   = note: rust-lld: error: undefined symbol: Cronet_Engine_Create
[INFO] [stdout]           >>> referenced by cronet.bb26f079a2c752f7-cgu.09
[INFO] [stdout]           >>>               cronet-2eb139c5c01718bb.cronet.bb26f079a2c752f7-cgu.09.rcgu.o:(<cronet::engine::Engine>::start) in archive /opt/rustwide/target/release/deps/libcronet-2eb139c5c01718bb.rlib
[INFO] [stdout]           
[INFO] [stdout]           rust-lld: error: undefined symbol: Cronet_Engine_StartWithParams
[INFO] [stdout]           >>> referenced by cronet.bb26f079a2c752f7-cgu.09
[INFO] [stdout]           >>>               cronet-2eb139c5c01718bb.cronet.bb26f079a2c752f7-cgu.09.rcgu.o:(<cronet::engine::Engine>::start) in archive /opt/rustwide/target/release/deps/libcronet-2eb139c5c01718bb.rlib
[INFO] [stdout]           
[INFO] [stdout]           rust-lld: error: undefined symbol: Cronet_Engine_Destroy
[INFO] [stdout]           >>> referenced by cronet.bb26f079a2c752f7-cgu.09
[INFO] [stdout]           >>>               cronet-2eb139c5c01718bb.cronet.bb26f079a2c752f7-cgu.09.rcgu.o:(<cronet::engine::Engine>::start) in archive /opt/rustwide/target/release/deps/libcronet-2eb139c5c01718bb.rlib
[INFO] [stdout]           >>> referenced by cronet.bb26f079a2c752f7-cgu.09
[INFO] [stdout]           >>>               cronet-2eb139c5c01718bb.cronet.bb26f079a2c752f7-cgu.09.rcgu.o:(<cronet::engine::Engine as core::ops::drop::Drop>::drop) in archive /opt/rustwide/target/release/deps/libcronet-2eb139c5c01718bb.rlib
[INFO] [stdout]           >>> referenced by cronet.bb26f079a2c752f7-cgu.11
[INFO] [stdout]           >>>               cronet-2eb139c5c01718bb.cronet.bb26f079a2c752f7-cgu.11.rcgu.o:(core::ptr::drop_glue::<cronet::engine::Engine>) in archive /opt/rustwide/target/release/deps/libcronet-2eb139c5c01718bb.rlib
[INFO] [stdout]           >>> referenced 1 more times
[INFO] [stdout]           
[INFO] [stdout]           rust-lld: error: undefined symbol: Cronet_Engine_Shutdown
[INFO] [stdout]           >>> referenced by cronet.bb26f079a2c752f7-cgu.09
[INFO] [stdout]           >>>               cronet-2eb139c5c01718bb.cronet.bb26f079a2c752f7-cgu.09.rcgu.o:(<cronet::engine::Engine as core::ops::drop::Drop>::drop) in archive /opt/rustwide/target/release/deps/libcronet-2eb139c5c01718bb.rlib
[INFO] [stdout]           >>> referenced by cronet.bb26f079a2c752f7-cgu.11
[INFO] [stdout]           >>>               cronet-2eb139c5c01718bb.cronet.bb26f079a2c752f7-cgu.11.rcgu.o:(core::ptr::drop_glue::<cronet::engine::Engine>) in archive /opt/rustwide/target/release/deps/libcronet-2eb139c5c01718bb.rlib
[INFO] [stdout]           >>> referenced by cronet.bb26f079a2c752f7-cgu.11
[INFO] [stdout]           >>>               cronet-2eb139c5c01718bb.cronet.bb26f079a2c752f7-cgu.11.rcgu.o:(<cronet::client::Client>::new) in archive /opt/rustwide/target/release/deps/libcronet-2eb139c5c01718bb.rlib
[INFO] [stdout]           
[INFO] [stdout]           rust-lld: error: undefined symbol: Cronet_UrlRequest_InitWithParams
[INFO] [stdout]           >>> referenced by cronet.bb26f079a2c752f7-cgu.08
[INFO] [stdout]           >>>               cronet-2eb139c5c01718bb.cronet.bb26f079a2c752f7-cgu.08.rcgu.o:(<cronet::request::UninitializedRequest>::initialize) in archive /opt/rustwide/target/release/deps/libcronet-2eb139c5c01718bb.rlib
[INFO] [stdout]           
[INFO] [stdout]           rust-lld: error: undefined symbol: Cronet_UrlRequest_Destroy
[INFO] [stdout]           >>> referenced by cronet.bb26f079a2c752f7-cgu.08
[INFO] [stdout]           >>>               cronet-2eb139c5c01718bb.cronet.bb26f079a2c752f7-cgu.08.rcgu.o:(<cronet::request::UninitializedRequest>::initialize) in archive /opt/rustwide/target/release/deps/libcronet-2eb139c5c01718bb.rlib
[INFO] [stdout]           >>> referenced by cronet.bb26f079a2c752f7-cgu.08
[INFO] [stdout]           >>>               cronet-2eb139c5c01718bb.cronet.bb26f079a2c752f7-cgu.08.rcgu.o:(<cronet::request::UninitializedRequest>::initialize) in archive /opt/rustwide/target/release/deps/libcronet-2eb139c5c01718bb.rlib
[INFO] [stdout]           >>> referenced by cronet.bb26f079a2c752f7-cgu.08
[INFO] [stdout]           >>>               cronet-2eb139c5c01718bb.cronet.bb26f079a2c752f7-cgu.08.rcgu.o:(<cronet::request::UninitializedRequest>::initialize) in archive /opt/rustwide/target/release/deps/libcronet-2eb139c5c01718bb.rlib
[INFO] [stdout]           >>> referenced 4 more times
[INFO] [stdout]           
[INFO] [stdout]           rust-lld: error: undefined symbol: Cronet_Buffer_Destroy
[INFO] [stdout]           >>> referenced by cronet.bb26f079a2c752f7-cgu.08
[INFO] [stdout]           >>>               cronet-2eb139c5c01718bb.cronet.bb26f079a2c752f7-cgu.08.rcgu.o:(<cronet::buffer::Buffer as core::ops::drop::Drop>::drop) in archive /opt/rustwide/target/release/deps/libcronet-2eb139c5c01718bb.rlib
[INFO] [stdout]           
[INFO] [stdout]           rust-lld: error: undefined symbol: Cronet_BufferCallback_GetClientContext
[INFO] [stdout]           >>> referenced by cronet.bb26f079a2c752f7-cgu.08
[INFO] [stdout]           >>>               cronet-2eb139c5c01718bb.cronet.bb26f079a2c752f7-cgu.08.rcgu.o:(<cronet::buffer::Buffer as core::ops::drop::Drop>::drop) in archive /opt/rustwide/target/release/deps/libcronet-2eb139c5c01718bb.rlib
[INFO] [stdout]           
[INFO] [stdout]           rust-lld: error: undefined symbol: Cronet_BufferCallback_SetClientContext
[INFO] [stdout]           >>> referenced by cronet.bb26f079a2c752f7-cgu.08
[INFO] [stdout]           >>>               cronet-2eb139c5c01718bb.cronet.bb26f079a2c752f7-cgu.08.rcgu.o:(<cronet::buffer::Buffer as core::ops::drop::Drop>::drop) in archive /opt/rustwide/target/release/deps/libcronet-2eb139c5c01718bb.rlib
[INFO] [stdout]           
[INFO] [stdout]           rust-lld: error: undefined symbol: Cronet_BufferCallback_Destroy
[INFO] [stdout]           >>> referenced by cronet.bb26f079a2c752f7-cgu.08
[INFO] [stdout]           >>>               cronet-2eb139c5c01718bb.cronet.bb26f079a2c752f7-cgu.08.rcgu.o:(<cronet::buffer::Buffer as core::ops::drop::Drop>::drop) in archive /opt/rustwide/target/release/deps/libcronet-2eb139c5c01718bb.rlib
[INFO] [stdout]           
[INFO] [stdout]           rust-lld: error: undefined symbol: Cronet_UrlRequest_IsDone
[INFO] [stdout]           >>> referenced by cronet.bb26f079a2c752f7-cgu.08
[INFO] [stdout]           >>>               cronet-2eb139c5c01718bb.cronet.bb26f079a2c752f7-cgu.08.rcgu.o:(<cronet::request::Request as core::ops::drop::Drop>::drop) in archive /opt/rustwide/target/release/deps/libcronet-2eb139c5c01718bb.rlib
[INFO] [stdout]           >>> referenced by cronet.bb26f079a2c752f7-cgu.11
[INFO] [stdout]           >>>               cronet-2eb139c5c01718bb.cronet.bb26f079a2c752f7-cgu.11.rcgu.o:(<cronet::client::Client>::execute) in archive /opt/rustwide/target/release/deps/libcronet-2eb139c5c01718bb.rlib
[INFO] [stdout]           >>> referenced by cronet.bb26f079a2c752f7-cgu.11
[INFO] [stdout]           >>>               cronet-2eb139c5c01718bb.cronet.bb26f079a2c752f7-cgu.11.rcgu.o:(<cronet::client::Client>::execute) in archive /opt/rustwide/target/release/deps/libcronet-2eb139c5c01718bb.rlib
[INFO] [stdout]           
[INFO] [stdout]           rust-lld: error: undefined symbol: Cronet_UrlRequest_Cancel
[INFO] [stdout]           >>> referenced by cronet.bb26f079a2c752f7-cgu.08
[INFO] [stdout]           >>>               cronet-2eb139c5c01718bb.cronet.bb26f079a2c752f7-cgu.08.rcgu.o:(<cronet::request::Request as core::ops::drop::Drop>::drop) in archive /opt/rustwide/target/release/deps/libcronet-2eb139c5c01718bb.rlib
[INFO] [stdout]           >>> referenced by cronet.bb26f079a2c752f7-cgu.11
[INFO] [stdout]           >>>               cronet-2eb139c5c01718bb.cronet.bb26f079a2c752f7-cgu.11.rcgu.o:(<cronet::client::Client>::execute) in archive /opt/rustwide/target/release/deps/libcronet-2eb139c5c01718bb.rlib
[INFO] [stdout]           >>> referenced by cronet.bb26f079a2c752f7-cgu.11
[INFO] [stdout]           >>>               cronet-2eb139c5c01718bb.cronet.bb26f079a2c752f7-cgu.11.rcgu.o:(<cronet::client::Client>::execute) in archive /opt/rustwide/target/release/deps/libcronet-2eb139c5c01718bb.rlib
[INFO] [stdout]           >>> referenced 3 more times
[INFO] [stdout]           
[INFO] [stdout]           rust-lld: error: undefined symbol: Cronet_Runnable_Destroy
[INFO] [stdout]           >>> referenced by cronet.bb26f079a2c752f7-cgu.07
[INFO] [stdout]           >>>               cronet-2eb139c5c01718bb.cronet.bb26f079a2c752f7-cgu.07.rcgu.o:(core::ptr::drop_glue::<std::sync::mpmc::error::SendTimeoutError<<cronet::executor::Executor>::dedicated_thread::Command>> (.llvm.15065617705688884641)) in archive /opt/rustwide/target/release/deps/libcronet-2eb139c5c01718bb.rlib
[INFO] [stdout]           >>> referenced by cronet.bb26f079a2c752f7-cgu.07
[INFO] [stdout]           >>>               cronet-2eb139c5c01718bb.cronet.bb26f079a2c752f7-cgu.07.rcgu.o:(core::ptr::drop_glue::<std::sync::mpmc::counter::Counter<std::sync::mpmc::list::Channel<<cronet::executor::Executor>::dedicated_thread::Command>>> (.llvm.15065617705688884641)) in archive /opt/rustwide/target/release/deps/libcronet-2eb139c5c01718bb.rlib
[INFO] [stdout]           >>> referenced by cronet.bb26f079a2c752f7-cgu.07
[INFO] [stdout]           >>>               cronet-2eb139c5c01718bb.cronet.bb26f079a2c752f7-cgu.07.rcgu.o:(<std::sync::mpmc::Sender<<cronet::executor::Executor>::dedicated_thread::Command> as core::ops::drop::Drop>::drop) in archive /opt/rustwide/target/release/deps/libcronet-2eb139c5c01718bb.rlib
[INFO] [stdout]           >>> referenced 18 more times
[INFO] [stdout]           
[INFO] [stdout]           rust-lld: error: undefined symbol: Cronet_UrlResponseInfo_url_chain_size
[INFO] [stdout]           >>> referenced by cronet.bb26f079a2c752f7-cgu.07
[INFO] [stdout]           >>>               cronet-2eb139c5c01718bb.cronet.bb26f079a2c752f7-cgu.07.rcgu.o:(<cronet::model::ResponseInfo>::copy_from) in archive /opt/rustwide/target/release/deps/libcronet-2eb139c5c01718bb.rlib
[INFO] [stdout]           
[INFO] [stdout]           rust-lld: error: undefined symbol: Cronet_UrlResponseInfo_url_chain_at
[INFO] [stdout]           >>> referenced by cronet.bb26f079a2c752f7-cgu.07
[INFO] [stdout]           >>>               cronet-2eb139c5c01718bb.cronet.bb26f079a2c752f7-cgu.07.rcgu.o:(<cronet::model::ResponseInfo>::copy_from) in archive /opt/rustwide/target/release/deps/libcronet-2eb139c5c01718bb.rlib
[INFO] [stdout]           
[INFO] [stdout]           rust-lld: error: undefined symbol: Cronet_UrlResponseInfo_all_headers_list_size
[INFO] [stdout]           >>> referenced by cronet.bb26f079a2c752f7-cgu.07
[INFO] [stdout]           >>>               cronet-2eb139c5c01718bb.cronet.bb26f079a2c752f7-cgu.07.rcgu.o:(<cronet::model::ResponseInfo>::copy_from) in archive /opt/rustwide/target/release/deps/libcronet-2eb139c5c01718bb.rlib
[INFO] [stdout]           
[INFO] [stdout]           rust-lld: error: undefined symbol: Cronet_UrlResponseInfo_all_headers_list_at
[INFO] [stdout]           >>> referenced by cronet.bb26f079a2c752f7-cgu.07
[INFO] [stdout]           >>>               cronet-2eb139c5c01718bb.cronet.bb26f079a2c752f7-cgu.07.rcgu.o:(<cronet::model::ResponseInfo>::copy_from) in archive /opt/rustwide/target/release/deps/libcronet-2eb139c5c01718bb.rlib
[INFO] [stdout]           >>> referenced by cronet.bb26f079a2c752f7-cgu.07
[INFO] [stdout]           >>>               cronet-2eb139c5c01718bb.cronet.bb26f079a2c752f7-cgu.07.rcgu.o:(<cronet::model::ResponseInfo>::copy_from) in archive /opt/rustwide/target/release/deps/libcronet-2eb139c5c01718bb.rlib
[INFO] [stdout]           
[INFO] [stdout]           rust-lld: error: undefined symbol: Cronet_HttpHeader_name_get
[INFO] [stdout]           >>> referenced by cronet.bb26f079a2c752f7-cgu.07
[INFO] [stdout]           >>>               cronet-2eb139c5c01718bb.cronet.bb26f079a2c752f7-cgu.07.rcgu.o:(<cronet::model::ResponseInfo>::copy_from) in archive /opt/rustwide/target/release/deps/libcronet-2eb139c5c01718bb.rlib
[INFO] [stdout]           
[INFO] [stdout]           rust-lld: error: undefined symbol: Cronet_HttpHeader_value_get
[INFO] [stdout]           >>> referenced by cronet.bb26f079a2c752f7-cgu.07
[INFO] [stdout]           >>>               cronet-2eb139c5c01718bb.cronet.bb26f079a2c752f7-cgu.07.rcgu.o:(<cronet::model::ResponseInfo>::copy_from) in archive /opt/rustwide/target/release/deps/libcronet-2eb139c5c01718bb.rlib
[INFO] [stdout]           
[INFO] [stdout]           rust-lld: error: undefined symbol: Cronet_UrlResponseInfo_url_get
[INFO] [stdout]           >>> referenced by cronet.bb26f079a2c752f7-cgu.07
[INFO] [stdout]           >>>               cronet-2eb139c5c01718bb.cronet.bb26f079a2c752f7-cgu.07.rcgu.o:(<cronet::model::ResponseInfo>::copy_from) in archive /opt/rustwide/target/release/deps/libcronet-2eb139c5c01718bb.rlib
[INFO] [stdout]           
[INFO] [stdout]           rust-lld: error: too many errors emitted, stopping now (use --error-limit=0 to see all errors)
[INFO] [stdout]           collect2: error: ld returned 1 exit status
[INFO] [stdout]           
[INFO] [stdout] 
[INFO] [stdout] 
[INFO] [stdout] error: linking with `cc` failed: exit status: 1
[INFO] [stdout]   |
[INFO] [stdout]   = note:  "cc" "-m64" "/opt/rustwide/target/release/examples/rustcCisUre/symbols.o" "<2 object files omitted>" "-Wl,--as-needed" "-Wl,-Bstatic" "/opt/rustwide/target/release/deps/{libcronet-2eb139c5c01718bb,libfastrand-b4ab186633b9c108,libserde_json-2265bbf7eeb475d2,libmemchr-b09fcc675b44dbcc,libitoa-1e9e3b22820c4a15,libzmij-586d023c1dba25b5,libserde_core-744c108abd97e5ca,libcronet_sys-835d7875102cddb3,libbase64-5ba8d8f2fe9c6ccd,libhickory_proto-87bed230d99dd017,librand-87d31d61810ca6aa,libgetrandom-f40778aff4caf996,liblibc-a0996e9cad7bedd7,libchacha20-f12019d447e21016,libcpufeatures-bd0e43b05e7934f4,libcfg_if-6d8dca19095bb388,librand_core-52b690f530b43640,libdata_encoding-5153750d3cf01a6a,liburl-3896818d24fc9218,libform_urlencoded-81ed62fdc615ac55,libpercent_encoding-ab8bca3f3e17a0eb,libipnet-a591a192ede44bc7,libtinyvec-b6634c1f218ec5d3,libtinyvec_macros-8d7f4b9d42c23ac6,libidna-398aa0a11db31f65,libidna_adapter-3a83b172d449b3e5,libicu_properties-1290a6afea3ffea7,libicu_properties_data-3b22ee4d54a8ef94,libicu_normalizer-a67f9ea3c34820cf,libsmallvec-70199632bb80d378,libicu_normalizer_data-ec18cea5227907fc,libicu_collections-f161c3b0f8e6ce69,libutf8_iter-050834cd1b25caa4,libpotential_utf-2a3d6402fa9b2f1a,libicu_provider-4e62499060b7aded,libicu_locale_core-f6d256d173c93659,libtinystr-919f72f81e1fa8e9,liblitemap-9027a9464d06b78c,libwriteable-93f874a44acb2524,libzerovec-7b72f765ec09a923,libzerotrie-4a7bd2286bae14aa,libyoke-272656667cec056b,libstable_deref_trait-1fabeba25560deaf,libzerofrom-68649b3022d124a8,libtracing-7b093fad61be879a,libpin_project_lite-9a89bb36c0c56875,libtracing_core-558e080bad316f3e,libonce_cell-052d78f48a86d409,libportable_atomic-c2a165f0e1b7d5a1,libthiserror-22419bcc3ae6353e,libfutures_channel-fae55b7e9d8e209c,libfutures_core-8a7474048d2d5963}.rlib" "<sysroot>/lib/rustlib/x86_64-unknown-linux-gnu/lib/{libstd-*,libpanic_unwind-*,libobject-*,libmemchr-*,libaddr2line-*,libgimli-*,libcfg_if-*,librustc_demangle-*,libstd_detect-*,libhashbrown-*,librustc_std_workspace_alloc-*,libminiz_oxide-*,libadler2-*,libunwind-*,liblibc-*,librustc_std_workspace_core-*,liballoc-*,libcore-*,libcompiler_builtins-*}.rlib" "-Wl,-Bdynamic" "-lgcc_s" "-lutil" "-lrt" "-lpthread" "-lm" "-ldl" "-lc" "-L" "/opt/rustwide/target/release/examples/rustcCisUre/raw-dylibs" "-B<sysroot>/lib/rustlib/x86_64-unknown-linux-gnu/bin/gcc-ld" "-fuse-ld=lld" "-Wl,--eh-frame-hdr" "-Wl,-z,noexecstack" "-L" "/opt/rustwide/target/release/build/ring-3a781777d9c3589a/out" "-L" "/opt/rustwide/target/release/build/aws-lc-sys-1b69e405a4ed7515/out" "-L" "<sysroot>/lib/rustlib/x86_64-unknown-linux-gnu/lib" "-o" "/opt/rustwide/target/release/examples/naive_connect-a5116fa8321b2538" "-Wl,--gc-sections" "-pie" "-Wl,-z,relro,-z,now" "-Wl,-O1" "-Wl,--strip-debug" "-nodefaultlibs"
[INFO] [stdout]   = note: some arguments are omitted. use `--verbose` to show all linker arguments
[INFO] [stdout]   = note: rust-lld: error: undefined symbol: bidirectional_stream_start
[INFO] [stdout]           >>> referenced by cronet.bb26f079a2c752f7-cgu.08
[INFO] [stdout]           >>>               cronet-2eb139c5c01718bb.cronet.bb26f079a2c752f7-cgu.08.rcgu.o:(<cronet::bidirectional::BidirectionalStream>::start) in archive /opt/rustwide/target/release/deps/libcronet-2eb139c5c01718bb.rlib
[INFO] [stdout]           
[INFO] [stdout]           rust-lld: error: undefined symbol: bidirectional_stream_destroy
[INFO] [stdout]           >>> referenced by cronet.bb26f079a2c752f7-cgu.08
[INFO] [stdout]           >>>               cronet-2eb139c5c01718bb.cronet.bb26f079a2c752f7-cgu.08.rcgu.o:(<cronet::bidirectional::BidirectionalStream as core::ops::drop::Drop>::drop) in archive /opt/rustwide/target/release/deps/libcronet-2eb139c5c01718bb.rlib
[INFO] [stdout]           
[INFO] [stdout]           rust-lld: error: undefined symbol: Cronet_Engine_GetStreamEngine
[INFO] [stdout]           >>> referenced by cronet.bb26f079a2c752f7-cgu.09
[INFO] [stdout]           >>>               cronet-2eb139c5c01718bb.cronet.bb26f079a2c752f7-cgu.09.rcgu.o:(<cronet::engine::Engine>::create_bidirectional_connection) in archive /opt/rustwide/target/release/deps/libcronet-2eb139c5c01718bb.rlib
[INFO] [stdout]           
[INFO] [stdout]           rust-lld: error: undefined symbol: bidirectional_stream_create
[INFO] [stdout]           >>> referenced by cronet.bb26f079a2c752f7-cgu.09
[INFO] [stdout]           >>>               cronet-2eb139c5c01718bb.cronet.bb26f079a2c752f7-cgu.09.rcgu.o:(<cronet::engine::Engine>::create_bidirectional_connection) in archive /opt/rustwide/target/release/deps/libcronet-2eb139c5c01718bb.rlib
[INFO] [stdout]           
[INFO] [stdout]           rust-lld: error: undefined symbol: Cronet_Engine_Create
[INFO] [stdout]           >>> referenced by cronet.bb26f079a2c752f7-cgu.09
[INFO] [stdout]           >>>               cronet-2eb139c5c01718bb.cronet.bb26f079a2c752f7-cgu.09.rcgu.o:(<cronet::engine::Engine>::start) in archive /opt/rustwide/target/release/deps/libcronet-2eb139c5c01718bb.rlib
[INFO] [stdout]           
[INFO] [stdout]           rust-lld: error: undefined symbol: Cronet_Engine_StartWithParams
[INFO] [stdout]           >>> referenced by cronet.bb26f079a2c752f7-cgu.09
[INFO] [stdout]           >>>               cronet-2eb139c5c01718bb.cronet.bb26f079a2c752f7-cgu.09.rcgu.o:(<cronet::engine::Engine>::start) in archive /opt/rustwide/target/release/deps/libcronet-2eb139c5c01718bb.rlib
[INFO] [stdout]           
[INFO] [stdout]           rust-lld: error: undefined symbol: Cronet_Engine_Destroy
[INFO] [stdout]           >>> referenced by cronet.bb26f079a2c752f7-cgu.09
[INFO] [stdout]           >>>               cronet-2eb139c5c01718bb.cronet.bb26f079a2c752f7-cgu.09.rcgu.o:(<cronet::engine::Engine>::start) in archive /opt/rustwide/target/release/deps/libcronet-2eb139c5c01718bb.rlib
[INFO] [stdout]           >>> referenced by cronet.bb26f079a2c752f7-cgu.09
[INFO] [stdout]           >>>               cronet-2eb139c5c01718bb.cronet.bb26f079a2c752f7-cgu.09.rcgu.o:(<cronet::engine::Engine as core::ops::drop::Drop>::drop) in archive /opt/rustwide/target/release/deps/libcronet-2eb139c5c01718bb.rlib
[INFO] [stdout]           
[INFO] [stdout]           rust-lld: error: undefined symbol: Cronet_Engine_Shutdown
[INFO] [stdout]           >>> referenced by cronet.bb26f079a2c752f7-cgu.09
[INFO] [stdout]           >>>               cronet-2eb139c5c01718bb.cronet.bb26f079a2c752f7-cgu.09.rcgu.o:(<cronet::engine::Engine as core::ops::drop::Drop>::drop) in archive /opt/rustwide/target/release/deps/libcronet-2eb139c5c01718bb.rlib
[INFO] [stdout]           
[INFO] [stdout]           rust-lld: error: undefined symbol: bidirectional_stream_read
[INFO] [stdout]           >>> referenced by cronet.bb26f079a2c752f7-cgu.06
[INFO] [stdout]           >>>               cronet-2eb139c5c01718bb.cronet.bb26f079a2c752f7-cgu.06.rcgu.o:(<cronet::bidirectional_conn::BidirectionalConnection>::read_shared) in archive /opt/rustwide/target/release/deps/libcronet-2eb139c5c01718bb.rlib
[INFO] [stdout]           
[INFO] [stdout]           rust-lld: error: undefined symbol: bidirectional_stream_cancel
[INFO] [stdout]           >>> referenced by cronet.bb26f079a2c752f7-cgu.06
[INFO] [stdout]           >>>               cronet-2eb139c5c01718bb.cronet.bb26f079a2c752f7-cgu.06.rcgu.o:(<cronet::bidirectional_conn::BidirectionalConnection>::read_shared) in archive /opt/rustwide/target/release/deps/libcronet-2eb139c5c01718bb.rlib
[INFO] [stdout]           >>> referenced by cronet.bb26f079a2c752f7-cgu.06
[INFO] [stdout]           >>>               cronet-2eb139c5c01718bb.cronet.bb26f079a2c752f7-cgu.06.rcgu.o:(<cronet::bidirectional_conn::BidirectionalConnection>::write_shared) in archive /opt/rustwide/target/release/deps/libcronet-2eb139c5c01718bb.rlib
[INFO] [stdout]           >>> referenced by cronet.bb26f079a2c752f7-cgu.06
[INFO] [stdout]           >>>               cronet-2eb139c5c01718bb.cronet.bb26f079a2c752f7-cgu.06.rcgu.o:(<cronet::bidirectional_conn::BidirectionalConnection>::wait_for_headers) in archive /opt/rustwide/target/release/deps/libcronet-2eb139c5c01718bb.rlib
[INFO] [stdout]           >>> referenced 1 more times
[INFO] [stdout]           
[INFO] [stdout]           rust-lld: error: undefined symbol: bidirectional_stream_write
[INFO] [stdout]           >>> referenced by cronet.bb26f079a2c752f7-cgu.06
[INFO] [stdout]           >>>               cronet-2eb139c5c01718bb.cronet.bb26f079a2c752f7-cgu.06.rcgu.o:(<cronet::bidirectional_conn::BidirectionalConnection>::write_shared) in archive /opt/rustwide/target/release/deps/libcronet-2eb139c5c01718bb.rlib
[INFO] [stdout]           
[INFO] [stdout]           rust-lld: error: undefined symbol: Cronet_EngineParams_enable_quic_set
[INFO] [stdout]           >>> referenced by cronet.bb26f079a2c752f7-cgu.15
[INFO] [stdout]           >>>               cronet-2eb139c5c01718bb.cronet.bb26f079a2c752f7-cgu.15.rcgu.o:(<cronet::params::EngineParams>::enable_quic) in archive /opt/rustwide/target/release/deps/libcronet-2eb139c5c01718bb.rlib
[INFO] [stdout]           
[INFO] [stdout]           rust-lld: error: undefined symbol: Cronet_EngineParams_enable_http2_set
[INFO] [stdout]           >>> referenced by cronet.bb26f079a2c752f7-cgu.15
[INFO] [stdout]           >>>               cronet-2eb139c5c01718bb.cronet.bb26f079a2c752f7-cgu.15.rcgu.o:(<cronet::params::EngineParams>::enable_http2) in archive /opt/rustwide/target/release/deps/libcronet-2eb139c5c01718bb.rlib
[INFO] [stdout]           
[INFO] [stdout]           rust-lld: error: undefined symbol: Cronet_EngineParams_experimental_options_get
[INFO] [stdout]           >>> referenced by cronet.bb26f079a2c752f7-cgu.15
[INFO] [stdout]           >>>               cronet-2eb139c5c01718bb.cronet.bb26f079a2c752f7-cgu.15.rcgu.o:(<cronet::params::EngineParams>::experimental_option) in archive /opt/rustwide/target/release/deps/libcronet-2eb139c5c01718bb.rlib
[INFO] [stdout]           
[INFO] [stdout]           rust-lld: error: undefined symbol: Cronet_EngineParams_experimental_options_set
[INFO] [stdout]           >>> referenced by cronet.bb26f079a2c752f7-cgu.15
[INFO] [stdout]           >>>               cronet-2eb139c5c01718bb.cronet.bb26f079a2c752f7-cgu.15.rcgu.o:(<cronet::params::EngineParams>::experimental_options) in archive /opt/rustwide/target/release/deps/libcronet-2eb139c5c01718bb.rlib
[INFO] [stdout]           
[INFO] [stdout]           rust-lld: error: undefined symbol: Cronet_EngineParams_Create
[INFO] [stdout]           >>> referenced by cronet.bb26f079a2c752f7-cgu.15
[INFO] [stdout]           >>>               cronet-2eb139c5c01718bb.cronet.bb26f079a2c752f7-cgu.15.rcgu.o:(<cronet::params::EngineParams>::new) in archive /opt/rustwide/target/release/deps/libcronet-2eb139c5c01718bb.rlib
[INFO] [stdout]           
[INFO] [stdout]           rust-lld: error: undefined symbol: Cronet_EngineParams_Destroy
[INFO] [stdout]           >>> referenced by cronet.bb26f079a2c752f7-cgu.15
[INFO] [stdout]           >>>               cronet-2eb139c5c01718bb.cronet.bb26f079a2c752f7-cgu.15.rcgu.o:(<cronet::params::EngineParams as core::ops::drop::Drop>::drop) in archive /opt/rustwide/target/release/deps/libcronet-2eb139c5c01718bb.rlib
[INFO] [stdout]           collect2: error: ld returned 1 exit status
[INFO] [stdout]           
[INFO] [stdout] 
[INFO] [stdout] 
[INFO] [stderr] error: could not compile `cronet` (example "naive_connect") due to 1 previous error
[INFO] [stdout] error: linking with `cc` failed: exit status: 1
[INFO] [stdout]   |
[INFO] [stdout]   = note:  "cc" "-m64" "/opt/rustwide/target/release/examples/rustcIigIBD/symbols.o" "<5 object files omitted>" "-Wl,--as-needed" "-Wl,-Bstatic" "/opt/rustwide/target/release/deps/{libcronet-2eb139c5c01718bb,libfastrand-b4ab186633b9c108,libserde_json-2265bbf7eeb475d2,libmemchr-b09fcc675b44dbcc,libitoa-1e9e3b22820c4a15,libzmij-586d023c1dba25b5,libserde_core-744c108abd97e5ca,libcronet_sys-835d7875102cddb3,libbase64-5ba8d8f2fe9c6ccd,libhickory_proto-87bed230d99dd017,librand-87d31d61810ca6aa,libgetrandom-f40778aff4caf996,liblibc-a0996e9cad7bedd7,libchacha20-f12019d447e21016,libcpufeatures-bd0e43b05e7934f4,libcfg_if-6d8dca19095bb388,librand_core-52b690f530b43640,libdata_encoding-5153750d3cf01a6a,liburl-3896818d24fc9218,libform_urlencoded-81ed62fdc615ac55,libpercent_encoding-ab8bca3f3e17a0eb,libipnet-a591a192ede44bc7,libtinyvec-b6634c1f218ec5d3,libtinyvec_macros-8d7f4b9d42c23ac6,libidna-398aa0a11db31f65,libidna_adapter-3a83b172d449b3e5,libicu_properties-1290a6afea3ffea7,libicu_properties_data-3b22ee4d54a8ef94,libicu_normalizer-a67f9ea3c34820cf,libsmallvec-70199632bb80d378,libicu_normalizer_data-ec18cea5227907fc,libicu_collections-f161c3b0f8e6ce69,libutf8_iter-050834cd1b25caa4,libpotential_utf-2a3d6402fa9b2f1a,libicu_provider-4e62499060b7aded,libicu_locale_core-f6d256d173c93659,libtinystr-919f72f81e1fa8e9,liblitemap-9027a9464d06b78c,libwriteable-93f874a44acb2524,libzerovec-7b72f765ec09a923,libzerotrie-4a7bd2286bae14aa,libyoke-272656667cec056b,libstable_deref_trait-1fabeba25560deaf,libzerofrom-68649b3022d124a8,libtracing-7b093fad61be879a,libpin_project_lite-9a89bb36c0c56875,libtracing_core-558e080bad316f3e,libonce_cell-052d78f48a86d409,libportable_atomic-c2a165f0e1b7d5a1,libthiserror-22419bcc3ae6353e,libfutures_channel-fae55b7e9d8e209c,libfutures_core-8a7474048d2d5963}.rlib" "<sysroot>/lib/rustlib/x86_64-unknown-linux-gnu/lib/{libstd-*,libpanic_unwind-*,libobject-*,libmemchr-*,libaddr2line-*,libgimli-*,libcfg_if-*,librustc_demangle-*,libstd_detect-*,libhashbrown-*,librustc_std_workspace_alloc-*,libminiz_oxide-*,libadler2-*,libunwind-*,liblibc-*,librustc_std_workspace_core-*,liballoc-*,libcore-*,libcompiler_builtins-*}.rlib" "-Wl,-Bdynamic" "-lgcc_s" "-lutil" "-lrt" "-lpthread" "-lm" "-ldl" "-lc" "-L" "/opt/rustwide/target/release/examples/rustcIigIBD/raw-dylibs" "-B<sysroot>/lib/rustlib/x86_64-unknown-linux-gnu/bin/gcc-ld" "-fuse-ld=lld" "-Wl,--eh-frame-hdr" "-Wl,-z,noexecstack" "-L" "/opt/rustwide/target/release/build/ring-3a781777d9c3589a/out" "-L" "/opt/rustwide/target/release/build/aws-lc-sys-1b69e405a4ed7515/out" "-L" "<sysroot>/lib/rustlib/x86_64-unknown-linux-gnu/lib" "-o" "/opt/rustwide/target/release/examples/native_smoke-7299dd9dd8973107" "-Wl,--gc-sections" "-pie" "-Wl,-z,relro,-z,now" "-Wl,-O1" "-Wl,--strip-debug" "-nodefaultlibs"
[INFO] [stdout]   = note: some arguments are omitted. use `--verbose` to show all linker arguments
[INFO] [stdout]   = note: rust-lld: error: undefined symbol: bidirectional_stream_cancel
[INFO] [stdout]           >>> referenced by cronet.bb26f079a2c752f7-cgu.06
[INFO] [stdout]           >>>               cronet-2eb139c5c01718bb.cronet.bb26f079a2c752f7-cgu.06.rcgu.o:(<cronet::bidirectional_conn::BidirectionalConnection>::wait_for_headers) in archive /opt/rustwide/target/release/deps/libcronet-2eb139c5c01718bb.rlib
[INFO] [stdout]           
[INFO] [stdout]           rust-lld: error: undefined symbol: Cronet_Runnable_Destroy
[INFO] [stdout]           >>> referenced by cronet.bb26f079a2c752f7-cgu.07
[INFO] [stdout]           >>>               cronet-2eb139c5c01718bb.cronet.bb26f079a2c752f7-cgu.07.rcgu.o:(core::ptr::drop_glue::<std::sync::mpmc::error::SendTimeoutError<<cronet::executor::Executor>::dedicated_thread::Command>> (.llvm.15065617705688884641)) in archive /opt/rustwide/target/release/deps/libcronet-2eb139c5c01718bb.rlib
[INFO] [stdout]           >>> referenced by cronet.bb26f079a2c752f7-cgu.07
[INFO] [stdout]           >>>               cronet-2eb139c5c01718bb.cronet.bb26f079a2c752f7-cgu.07.rcgu.o:(core::ptr::drop_glue::<std::sync::mpmc::counter::Counter<std::sync::mpmc::list::Channel<<cronet::executor::Executor>::dedicated_thread::Command>>> (.llvm.15065617705688884641)) in archive /opt/rustwide/target/release/deps/libcronet-2eb139c5c01718bb.rlib
[INFO] [stdout]           >>> referenced by cronet.bb26f079a2c752f7-cgu.07
[INFO] [stdout]           >>>               cronet-2eb139c5c01718bb.cronet.bb26f079a2c752f7-cgu.07.rcgu.o:(<std::sync::mpmc::Sender<<cronet::executor::Executor>::dedicated_thread::Command> as core::ops::drop::Drop>::drop) in archive /opt/rustwide/target/release/deps/libcronet-2eb139c5c01718bb.rlib
[INFO] [stdout]           >>> referenced 18 more times
[INFO] [stdout]           
[INFO] [stdout]           rust-lld: error: undefined symbol: Cronet_UrlResponseInfo_url_chain_size
[INFO] [stdout]           >>> referenced by cronet.bb26f079a2c752f7-cgu.07
[INFO] [stdout]           >>>               cronet-2eb139c5c01718bb.cronet.bb26f079a2c752f7-cgu.07.rcgu.o:(<cronet::model::ResponseInfo>::copy_from) in archive /opt/rustwide/target/release/deps/libcronet-2eb139c5c01718bb.rlib
[INFO] [stdout]           
[INFO] [stdout]           rust-lld: error: undefined symbol: Cronet_UrlResponseInfo_url_chain_at
[INFO] [stdout]           >>> referenced by cronet.bb26f079a2c752f7-cgu.07
[INFO] [stdout]           >>>               cronet-2eb139c5c01718bb.cronet.bb26f079a2c752f7-cgu.07.rcgu.o:(<cronet::model::ResponseInfo>::copy_from) in archive /opt/rustwide/target/release/deps/libcronet-2eb139c5c01718bb.rlib
[INFO] [stdout]           
[INFO] [stdout]           rust-lld: error: undefined symbol: Cronet_UrlResponseInfo_all_headers_list_size
[INFO] [stdout]           >>> referenced by cronet.bb26f079a2c752f7-cgu.07
[INFO] [stdout]           >>>               cronet-2eb139c5c01718bb.cronet.bb26f079a2c752f7-cgu.07.rcgu.o:(<cronet::model::ResponseInfo>::copy_from) in archive /opt/rustwide/target/release/deps/libcronet-2eb139c5c01718bb.rlib
[INFO] [stdout]           
[INFO] [stdout]           rust-lld: error: undefined symbol: Cronet_UrlResponseInfo_all_headers_list_at
[INFO] [stdout]           >>> referenced by cronet.bb26f079a2c752f7-cgu.07
[INFO] [stdout]           >>>               cronet-2eb139c5c01718bb.cronet.bb26f079a2c752f7-cgu.07.rcgu.o:(<cronet::model::ResponseInfo>::copy_from) in archive /opt/rustwide/target/release/deps/libcronet-2eb139c5c01718bb.rlib
[INFO] [stdout]           >>> referenced by cronet.bb26f079a2c752f7-cgu.07
[INFO] [stdout]           >>>               cronet-2eb139c5c01718bb.cronet.bb26f079a2c752f7-cgu.07.rcgu.o:(<cronet::model::ResponseInfo>::copy_from) in archive /opt/rustwide/target/release/deps/libcronet-2eb139c5c01718bb.rlib
[INFO] [stdout]           
[INFO] [stdout]           rust-lld: error: undefined symbol: Cronet_HttpHeader_name_get
[INFO] [stdout]           >>> referenced by cronet.bb26f079a2c752f7-cgu.07
[INFO] [stdout]           >>>               cronet-2eb139c5c01718bb.cronet.bb26f079a2c752f7-cgu.07.rcgu.o:(<cronet::model::ResponseInfo>::copy_from) in archive /opt/rustwide/target/release/deps/libcronet-2eb139c5c01718bb.rlib
[INFO] [stdout]           
[INFO] [stdout]           rust-lld: error: undefined symbol: Cronet_HttpHeader_value_get
[INFO] [stdout]           >>> referenced by cronet.bb26f079a2c752f7-cgu.07
[INFO] [stdout]           >>>               cronet-2eb139c5c01718bb.cronet.bb26f079a2c752f7-cgu.07.rcgu.o:(<cronet::model::ResponseInfo>::copy_from) in archive /opt/rustwide/target/release/deps/libcronet-2eb139c5c01718bb.rlib
[INFO] [stdout]           
[INFO] [stdout]           rust-lld: error: undefined symbol: Cronet_UrlResponseInfo_url_get
[INFO] [stdout]           >>> referenced by cronet.bb26f079a2c752f7-cgu.07
[INFO] [stdout]           >>>               cronet-2eb139c5c01718bb.cronet.bb26f079a2c752f7-cgu.07.rcgu.o:(<cronet::model::ResponseInfo>::copy_from) in archive /opt/rustwide/target/release/deps/libcronet-2eb139c5c01718bb.rlib
[INFO] [stdout]           
[INFO] [stdout]           rust-lld: error: undefined symbol: Cronet_UrlResponseInfo_http_status_code_get
[INFO] [stdout]           >>> referenced by cronet.bb26f079a2c752f7-cgu.07
[INFO] [stdout]           >>>               cronet-2eb139c5c01718bb.cronet.bb26f079a2c752f7-cgu.07.rcgu.o:(<cronet::model::ResponseInfo>::copy_from) in archive /opt/rustwide/target/release/deps/libcronet-2eb139c5c01718bb.rlib
[INFO] [stdout]           
[INFO] [stdout]           rust-lld: error: undefined symbol: Cronet_UrlResponseInfo_http_status_text_get
[INFO] [stdout]           >>> referenced by cronet.bb26f079a2c752f7-cgu.07
[INFO] [stdout]           >>>               cronet-2eb139c5c01718bb.cronet.bb26f079a2c752f7-cgu.07.rcgu.o:(<cronet::model::ResponseInfo>::copy_from) in archive /opt/rustwide/target/release/deps/libcronet-2eb139c5c01718bb.rlib
[INFO] [stdout]           
[INFO] [stdout]           rust-lld: error: undefined symbol: Cronet_UrlResponseInfo_was_cached_get
[INFO] [stdout]           >>> referenced by cronet.bb26f079a2c752f7-cgu.07
[INFO] [stdout]           >>>               cronet-2eb139c5c01718bb.cronet.bb26f079a2c752f7-cgu.07.rcgu.o:(<cronet::model::ResponseInfo>::copy_from) in archive /opt/rustwide/target/release/deps/libcronet-2eb139c5c01718bb.rlib
[INFO] [stdout]           
[INFO] [stdout]           rust-lld: error: undefined symbol: Cronet_UrlResponseInfo_negotiated_protocol_get
[INFO] [stdout]           >>> referenced by cronet.bb26f079a2c752f7-cgu.07
[INFO] [stdout]           >>>               cronet-2eb139c5c01718bb.cronet.bb26f079a2c752f7-cgu.07.rcgu.o:(<cronet::model::ResponseInfo>::copy_from) in archive /opt/rustwide/target/release/deps/libcronet-2eb139c5c01718bb.rlib
[INFO] [stdout]           
[INFO] [stdout]           rust-lld: error: undefined symbol: Cronet_UrlResponseInfo_proxy_server_get
[INFO] [stdout]           >>> referenced by cronet.bb26f079a2c752f7-cgu.07
[INFO] [stdout]           >>>               cronet-2eb139c5c01718bb.cronet.bb26f079a2c752f7-cgu.07.rcgu.o:(<cronet::model::ResponseInfo>::copy_from) in archive /opt/rustwide/target/release/deps/libcronet-2eb139c5c01718bb.rlib
[INFO] [stdout]           
[INFO] [stdout]           rust-lld: error: undefined symbol: Cronet_UrlResponseInfo_received_byte_count_get
[INFO] [stdout]           >>> referenced by cronet.bb26f079a2c752f7-cgu.07
[INFO] [stdout]           >>>               cronet-2eb139c5c01718bb.cronet.bb26f079a2c752f7-cgu.07.rcgu.o:(<cronet::model::ResponseInfo>::copy_from) in archive /opt/rustwide/target/release/deps/libcronet-2eb139c5c01718bb.rlib
[INFO] [stdout]           
[INFO] [stdout]           rust-lld: error: undefined symbol: Cronet_Error_error_code_get
[INFO] [stdout]           >>> referenced by cronet.bb26f079a2c752f7-cgu.07
[INFO] [stdout]           >>>               cronet-2eb139c5c01718bb.cronet.bb26f079a2c752f7-cgu.07.rcgu.o:(<cronet::model::NetworkError>::copy_from) in archive /opt/rustwide/target/release/deps/libcronet-2eb139c5c01718bb.rlib
[INFO] [stdout]           
[INFO] [stdout]           rust-lld: error: undefined symbol: Cronet_Error_message_get
[INFO] [stdout]           >>> referenced by cronet.bb26f079a2c752f7-cgu.07
[INFO] [stdout]           >>>               cronet-2eb139c5c01718bb.cronet.bb26f079a2c752f7-cgu.07.rcgu.o:(<cronet::model::NetworkError>::copy_from) in archive /opt/rustwide/target/release/deps/libcronet-2eb139c5c01718bb.rlib
[INFO] [stdout]           
[INFO] [stdout]           rust-lld: error: undefined symbol: Cronet_Error_internal_error_code_get
[INFO] [stdout]           >>> referenced by cronet.bb26f079a2c752f7-cgu.07
[INFO] [stdout]           >>>               cronet-2eb139c5c01718bb.cronet.bb26f079a2c752f7-cgu.07.rcgu.o:(<cronet::model::NetworkError>::copy_from) in archive /opt/rustwide/target/release/deps/libcronet-2eb139c5c01718bb.rlib
[INFO] [stdout]           
[INFO] [stdout]           rust-lld: error: undefined symbol: Cronet_Error_immediately_retryable_get
[INFO] [stdout]           >>> referenced by cronet.bb26f079a2c752f7-cgu.07
[INFO] [stdout]           >>>               cronet-2eb139c5c01718bb.cronet.bb26f079a2c752f7-cgu.07.rcgu.o:(<cronet::model::NetworkError>::copy_from) in archive /opt/rustwide/target/release/deps/libcronet-2eb139c5c01718bb.rlib
[INFO] [stdout]           
[INFO] [stdout]           rust-lld: error: undefined symbol: Cronet_Error_quic_detailed_error_code_get
[INFO] [stdout]           >>> referenced by cronet.bb26f079a2c752f7-cgu.07
[INFO] [stdout]           >>>               cronet-2eb139c5c01718bb.cronet.bb26f079a2c752f7-cgu.07.rcgu.o:(<cronet::model::NetworkError>::copy_from) in archive /opt/rustwide/target/release/deps/libcronet-2eb139c5c01718bb.rlib
[INFO] [stdout]           
[INFO] [stdout]           rust-lld: error: too many errors emitted, stopping now (use --error-limit=0 to see all errors)
[INFO] [stdout]           collect2: error: ld returned 1 exit status
[INFO] [stdout]           
[INFO] [stdout] 
[INFO] [stdout] 
[INFO] [stderr] error: could not compile `cronet` (example "native_smoke") due to 1 previous error
[INFO] [stdout] error: linking with `cc` failed: exit status: 1
[INFO] [stdout]   |
[INFO] [stdout]   = note:  "cc" "-m64" "/opt/rustwide/target/release/examples/rustcaKaSrj/symbols.o" "<17 object files omitted>" "-Wl,--as-needed" "-Wl,-Bstatic" "/opt/rustwide/target/release/deps/{libtokio_rustls-fb9c569678cf662a,librustls-f911bb70d1463e92,libsubtle-55d0ad28af99a64a,libwebpki-fd660bdfc3dc15d3,libaws_lc_rs-512e1a413652305f,libaws_lc_sys-bdfe6868a30d8c3f,liblog-2e1778f6a4320459,librcgen-f0f5d5f332a94a95,libring-4ad20c271ac04131,libgetrandom-ea2cd006fd5ab21b,libuntrusted-5ab0aa40ecba79ee,librustls_pki_types-ec29bfd160ddfb74,libzeroize-8127b282d78d45ca,libpem-0a14abfc0dd69cb9,libyasna-540750a1e74d52c5,libtime-46c7c131c4124a31,libtime_core-6e0d7409dd707a3b,libnum_conv-ea2b56a62748def3,libderanged-1f70f8b519309e42,libpowerfmt-36b72e9804a215c5,libh2-3b4e7357baf13675,libindexmap-fcf14a27033da9ca,libequivalent-26a0d6a3c1145f1b,libhashbrown-e584a62dc81c493d,libslab-fc33110460bc6c9a,libatomic_waker-3c8bacd3de7778a7,libfnv-98df728fc8020158,libhttp-95d27fa1de18b831,libtokio_util-6f62934d22b63460,libfutures_sink-0a1c2395a4ad775c,libtokio-15a9dc7be38ef630,libsocket2-150b3378961994f5,libmio-7a82b99cc60b3b64,libcronet-2eb139c5c01718bb,libfastrand-b4ab186633b9c108,libserde_json-2265bbf7eeb475d2,libmemchr-b09fcc675b44dbcc,libitoa-1e9e3b22820c4a15,libzmij-586d023c1dba25b5,libserde_core-744c108abd97e5ca,libcronet_sys-835d7875102cddb3,libbase64-5ba8d8f2fe9c6ccd,libhickory_proto-87bed230d99dd017,librand-87d31d61810ca6aa,libgetrandom-f40778aff4caf996,liblibc-a0996e9cad7bedd7,libchacha20-f12019d447e21016,libcpufeatures-bd0e43b05e7934f4,libcfg_if-6d8dca19095bb388,librand_core-52b690f530b43640,libdata_encoding-5153750d3cf01a6a,liburl-3896818d24fc9218,libform_urlencoded-81ed62fdc615ac55,libpercent_encoding-ab8bca3f3e17a0eb,libipnet-a591a192ede44bc7,libtinyvec-b6634c1f218ec5d3,libtinyvec_macros-8d7f4b9d42c23ac6,libidna-398aa0a11db31f65,libidna_adapter-3a83b172d449b3e5,libicu_properties-1290a6afea3ffea7,libicu_properties_data-3b22ee4d54a8ef94,libicu_normalizer-a67f9ea3c34820cf,libsmallvec-70199632bb80d378,libicu_normalizer_data-ec18cea5227907fc,libicu_collections-f161c3b0f8e6ce69,libutf8_iter-050834cd1b25caa4,libpotential_utf-2a3d6402fa9b2f1a,libicu_provider-4e62499060b7aded,libicu_locale_core-f6d256d173c93659,libtinystr-919f72f81e1fa8e9,liblitemap-9027a9464d06b78c,libwriteable-93f874a44acb2524,libzerovec-7b72f765ec09a923,libzerotrie-4a7bd2286bae14aa,libyoke-272656667cec056b,libstable_deref_trait-1fabeba25560deaf,libzerofrom-68649b3022d124a8,libtracing-7b093fad61be879a,libpin_project_lite-9a89bb36c0c56875,libtracing_core-558e080bad316f3e,libonce_cell-052d78f48a86d409,libportable_atomic-c2a165f0e1b7d5a1,libthiserror-22419bcc3ae6353e,libfutures_channel-fae55b7e9d8e209c,libfutures_core-8a7474048d2d5963,libbytes-654f8a7a557a4087}.rlib" "<sysroot>/lib/rustlib/x86_64-unknown-linux-gnu/lib/{libstd-*,libpanic_unwind-*,libobject-*,libmemchr-*,libaddr2line-*,libgimli-*,libcfg_if-*,librustc_demangle-*,libstd_detect-*,libhashbrown-*,librustc_std_workspace_alloc-*,libminiz_oxide-*,libadler2-*,libunwind-*,liblibc-*,librustc_std_workspace_core-*,liballoc-*,libcore-*,libcompiler_builtins-*}.rlib" "-Wl,-Bdynamic" "-lgcc_s" "-lutil" "-lrt" "-lpthread" "-lm" "-ldl" "-lc" "-L" "/opt/rustwide/target/release/examples/rustcaKaSrj/raw-dylibs" "-B<sysroot>/lib/rustlib/x86_64-unknown-linux-gnu/bin/gcc-ld" "-fuse-ld=lld" "-Wl,--eh-frame-hdr" "-Wl,-z,noexecstack" "-L" "/opt/rustwide/target/release/build/ring-3a781777d9c3589a/out" "-L" "/opt/rustwide/target/release/build/aws-lc-sys-1b69e405a4ed7515/out" "-L" "<sysroot>/lib/rustlib/x86_64-unknown-linux-gnu/lib" "-o" "/opt/rustwide/target/release/examples/native_naive_e2e-ab713b0fb831dfe8" "-Wl,--gc-sections" "-pie" "-Wl,-z,relro,-z,now" "-Wl,-O1" "-Wl,--strip-debug" "-nodefaultlibs"
[INFO] [stdout]   = note: some arguments are omitted. use `--verbose` to show all linker arguments
[INFO] [stdout]   = note: rust-lld: error: undefined symbol: bidirectional_stream_start
[INFO] [stdout]           >>> referenced by cronet.bb26f079a2c752f7-cgu.08
[INFO] [stdout]           >>>               cronet-2eb139c5c01718bb.cronet.bb26f079a2c752f7-cgu.08.rcgu.o:(<cronet::bidirectional::BidirectionalStream>::start) in archive /opt/rustwide/target/release/deps/libcronet-2eb139c5c01718bb.rlib
[INFO] [stdout]           
[INFO] [stdout]           rust-lld: error: undefined symbol: bidirectional_stream_destroy
[INFO] [stdout]           >>> referenced by cronet.bb26f079a2c752f7-cgu.08
[INFO] [stdout]           >>>               cronet-2eb139c5c01718bb.cronet.bb26f079a2c752f7-cgu.08.rcgu.o:(<cronet::bidirectional::BidirectionalStream as core::ops::drop::Drop>::drop) in archive /opt/rustwide/target/release/deps/libcronet-2eb139c5c01718bb.rlib
[INFO] [stdout]           
[INFO] [stdout]           rust-lld: error: undefined symbol: Cronet_Engine_GetStreamEngine
[INFO] [stdout]           >>> referenced by cronet.bb26f079a2c752f7-cgu.09
[INFO] [stdout]           >>>               cronet-2eb139c5c01718bb.cronet.bb26f079a2c752f7-cgu.09.rcgu.o:(<cronet::engine::Engine>::create_bidirectional_connection) in archive /opt/rustwide/target/release/deps/libcronet-2eb139c5c01718bb.rlib
[INFO] [stdout]           
[INFO] [stdout]           rust-lld: error: undefined symbol: bidirectional_stream_create
[INFO] [stdout]           >>> referenced by cronet.bb26f079a2c752f7-cgu.09
[INFO] [stdout]           >>>               cronet-2eb139c5c01718bb.cronet.bb26f079a2c752f7-cgu.09.rcgu.o:(<cronet::engine::Engine>::create_bidirectional_connection) in archive /opt/rustwide/target/release/deps/libcronet-2eb139c5c01718bb.rlib
[INFO] [stdout]           
[INFO] [stdout]           rust-lld: error: undefined symbol: Cronet_Engine_Create
[INFO] [stdout]           >>> referenced by cronet.bb26f079a2c752f7-cgu.09
[INFO] [stdout]           >>>               cronet-2eb139c5c01718bb.cronet.bb26f079a2c752f7-cgu.09.rcgu.o:(<cronet::engine::Engine>::start_with_network_hooks) in archive /opt/rustwide/target/release/deps/libcronet-2eb139c5c01718bb.rlib
[INFO] [stdout]           
[INFO] [stdout]           rust-lld: error: undefined symbol: Cronet_Engine_SetDialer
[INFO] [stdout]           >>> referenced by cronet.bb26f079a2c752f7-cgu.09
[INFO] [stdout]           >>>               cronet-2eb139c5c01718bb.cronet.bb26f079a2c752f7-cgu.09.rcgu.o:(<cronet::engine::Engine>::start_with_network_hooks) in archive /opt/rustwide/target/release/deps/libcronet-2eb139c5c01718bb.rlib
[INFO] [stdout]           
[INFO] [stdout]           rust-lld: error: undefined symbol: Cronet_Engine_SetUdpDialer
[INFO] [stdout]           >>> referenced by cronet.bb26f079a2c752f7-cgu.09
[INFO] [stdout]           >>>               cronet-2eb139c5c01718bb.cronet.bb26f079a2c752f7-cgu.09.rcgu.o:(<cronet::engine::Engine>::start_with_network_hooks) in archive /opt/rustwide/target/release/deps/libcronet-2eb139c5c01718bb.rlib
[INFO] [stdout]           
[INFO] [stdout]           rust-lld: error: undefined symbol: Cronet_CreateCertVerifierWithRootCerts
[INFO] [stdout]           >>> referenced by cronet.bb26f079a2c752f7-cgu.09
[INFO] [stdout]           >>>               cronet-2eb139c5c01718bb.cronet.bb26f079a2c752f7-cgu.09.rcgu.o:(<cronet::engine::Engine>::start_with_network_hooks) in archive /opt/rustwide/target/release/deps/libcronet-2eb139c5c01718bb.rlib
[INFO] [stdout]           
[INFO] [stdout]           rust-lld: error: undefined symbol: Cronet_Engine_SetMockCertVerifierForTesting
[INFO] [stdout]           >>> referenced by cronet.bb26f079a2c752f7-cgu.09
[INFO] [stdout]           >>>               cronet-2eb139c5c01718bb.cronet.bb26f079a2c752f7-cgu.09.rcgu.o:(<cronet::engine::Engine>::start_with_network_hooks) in archive /opt/rustwide/target/release/deps/libcronet-2eb139c5c01718bb.rlib
[INFO] [stdout]           
[INFO] [stdout]           rust-lld: error: undefined symbol: Cronet_Engine_StartWithParams
[INFO] [stdout]           >>> referenced by cronet.bb26f079a2c752f7-cgu.09
[INFO] [stdout]           >>>               cronet-2eb139c5c01718bb.cronet.bb26f079a2c752f7-cgu.09.rcgu.o:(<cronet::engine::Engine>::start_with_network_hooks) in archive /opt/rustwide/target/release/deps/libcronet-2eb139c5c01718bb.rlib
[INFO] [stdout]           
[INFO] [stdout]           rust-lld: error: undefined symbol: Cronet_Engine_Destroy
[INFO] [stdout]           >>> referenced by cronet.bb26f079a2c752f7-cgu.09
[INFO] [stdout]           >>>               cronet-2eb139c5c01718bb.cronet.bb26f079a2c752f7-cgu.09.rcgu.o:(<cronet::engine::Engine>::start_with_network_hooks) in archive /opt/rustwide/target/release/deps/libcronet-2eb139c5c01718bb.rlib
[INFO] [stdout]           >>> referenced by cronet.bb26f079a2c752f7-cgu.09
[INFO] [stdout]           >>>               cronet-2eb139c5c01718bb.cronet.bb26f079a2c752f7-cgu.09.rcgu.o:(<cronet::engine::Engine>::start_with_network_hooks) in archive /opt/rustwide/target/release/deps/libcronet-2eb139c5c01718bb.rlib
[INFO] [stdout]           >>> referenced by cronet.bb26f079a2c752f7-cgu.09
[INFO] [stdout]           >>>               cronet-2eb139c5c01718bb.cronet.bb26f079a2c752f7-cgu.09.rcgu.o:(<cronet::engine::Engine as core::ops::drop::Drop>::drop) in archive /opt/rustwide/target/release/deps/libcronet-2eb139c5c01718bb.rlib
[INFO] [stdout]           >>> referenced 1 more times
[INFO] [stdout]           
[INFO] [stdout]           rust-lld: error: undefined symbol: Cronet_Engine_Shutdown
[INFO] [stdout]           >>> referenced by cronet.bb26f079a2c752f7-cgu.09
[INFO] [stdout]           >>>               cronet-2eb139c5c01718bb.cronet.bb26f079a2c752f7-cgu.09.rcgu.o:(<cronet::engine::Engine as core::ops::drop::Drop>::drop) in archive /opt/rustwide/target/release/deps/libcronet-2eb139c5c01718bb.rlib
[INFO] [stdout]           >>> referenced by cronet.bb26f079a2c752f7-cgu.11
[INFO] [stdout]           >>>               cronet-2eb139c5c01718bb.cronet.bb26f079a2c752f7-cgu.11.rcgu.o:(<cronet::naive_client::NaiveClient>::shutdown) in archive /opt/rustwide/target/release/deps/libcronet-2eb139c5c01718bb.rlib
[INFO] [stdout]           
[INFO] [stdout]           rust-lld: error: undefined symbol: bidirectional_stream_read
[INFO] [stdout]           >>> referenced by cronet.bb26f079a2c752f7-cgu.06
[INFO] [stdout]           >>>               cronet-2eb139c5c01718bb.cronet.bb26f079a2c752f7-cgu.06.rcgu.o:(<cronet::bidirectional_conn::BidirectionalConnection>::read_shared) in archive /opt/rustwide/target/release/deps/libcronet-2eb139c5c01718bb.rlib
[INFO] [stdout]           
[INFO] [stdout]           rust-lld: error: undefined symbol: bidirectional_stream_cancel
[INFO] [stdout]           >>> referenced by cronet.bb26f079a2c752f7-cgu.06
[INFO] [stdout]           >>>               cronet-2eb139c5c01718bb.cronet.bb26f079a2c752f7-cgu.06.rcgu.o:(<cronet::bidirectional_conn::BidirectionalConnection>::read_shared) in archive /opt/rustwide/target/release/deps/libcronet-2eb139c5c01718bb.rlib
[INFO] [stdout]           >>> referenced by cronet.bb26f079a2c752f7-cgu.06
[INFO] [stdout]           >>>               cronet-2eb139c5c01718bb.cronet.bb26f079a2c752f7-cgu.06.rcgu.o:(<cronet::bidirectional_conn::BidirectionalConnection>::write_shared) in archive /opt/rustwide/target/release/deps/libcronet-2eb139c5c01718bb.rlib
[INFO] [stdout]           >>> referenced by cronet.bb26f079a2c752f7-cgu.06
[INFO] [stdout]           >>>               cronet-2eb139c5c01718bb.cronet.bb26f079a2c752f7-cgu.06.rcgu.o:(<cronet::bidirectional_conn::BidirectionalConnection>::wait_for_headers) in archive /opt/rustwide/target/release/deps/libcronet-2eb139c5c01718bb.rlib
[INFO] [stdout]           >>> referenced 1 more times
[INFO] [stdout]           
[INFO] [stdout]           rust-lld: error: undefined symbol: Cronet_EngineParams_Create
[INFO] [stdout]           >>> referenced by cronet.bb26f079a2c752f7-cgu.11
[INFO] [stdout]           >>>               cronet-2eb139c5c01718bb.cronet.bb26f079a2c752f7-cgu.11.rcgu.o:(<cronet::naive_client::NaiveClient>::start) in archive /opt/rustwide/target/release/deps/libcronet-2eb139c5c01718bb.rlib
[INFO] [stdout]           
[INFO] [stdout]           rust-lld: error: undefined symbol: Cronet_EngineParams_enable_check_result_set
[INFO] [stdout]           >>> referenced by cronet.bb26f079a2c752f7-cgu.11
[INFO] [stdout]           >>>               cronet-2eb139c5c01718bb.cronet.bb26f079a2c752f7-cgu.11.rcgu.o:(<cronet::naive_client::NaiveClient>::start) in archive /opt/rustwide/target/release/deps/libcronet-2eb139c5c01718bb.rlib
[INFO] [stdout]           
[INFO] [stdout]           rust-lld: error: undefined symbol: Cronet_EngineParams_enable_brotli_set
[INFO] [stdout]           >>> referenced by cronet.bb26f079a2c752f7-cgu.11
[INFO] [stdout]           >>>               cronet-2eb139c5c01718bb.cronet.bb26f079a2c752f7-cgu.11.rcgu.o:(<cronet::naive_client::NaiveClient>::start) in archive /opt/rustwide/target/release/deps/libcronet-2eb139c5c01718bb.rlib
[INFO] [stdout]           
[INFO] [stdout]           rust-lld: error: undefined symbol: Cronet_EngineParams_enable_quic_set
[INFO] [stdout]           >>> referenced by cronet.bb26f079a2c752f7-cgu.11
[INFO] [stdout]           >>>               cronet-2eb139c5c01718bb.cronet.bb26f079a2c752f7-cgu.11.rcgu.o:(<cronet::naive_client::NaiveClient>::start) in archive /opt/rustwide/target/release/deps/libcronet-2eb139c5c01718bb.rlib
[INFO] [stdout]           >>> referenced by cronet.bb26f079a2c752f7-cgu.11
[INFO] [stdout]           >>>               cronet-2eb139c5c01718bb.cronet.bb26f079a2c752f7-cgu.11.rcgu.o:(<cronet::naive_client::NaiveClient>::start) in archive /opt/rustwide/target/release/deps/libcronet-2eb139c5c01718bb.rlib
[INFO] [stdout]           
[INFO] [stdout]           rust-lld: error: undefined symbol: Cronet_EngineParams_enable_http2_set
[INFO] [stdout]           >>> referenced by cronet.bb26f079a2c752f7-cgu.11
[INFO] [stdout]           >>>               cronet-2eb139c5c01718bb.cronet.bb26f079a2c752f7-cgu.11.rcgu.o:(<cronet::naive_client::NaiveClient>::start) in archive /opt/rustwide/target/release/deps/libcronet-2eb139c5c01718bb.rlib
[INFO] [stdout]           
[INFO] [stdout]           rust-lld: error: undefined symbol: Cronet_EngineParams_Destroy
[INFO] [stdout]           >>> referenced by cronet.bb26f079a2c752f7-cgu.11
[INFO] [stdout]           >>>               cronet-2eb139c5c01718bb.cronet.bb26f079a2c752f7-cgu.11.rcgu.o:(<cronet::naive_client::NaiveClient>::start) in archive /opt/rustwide/target/release/deps/libcronet-2eb139c5c01718bb.rlib
[INFO] [stdout]           >>> referenced by cronet.bb26f079a2c752f7-cgu.11
[INFO] [stdout]           >>>               cronet-2eb139c5c01718bb.cronet.bb26f079a2c752f7-cgu.11.rcgu.o:(<cronet::naive_client::NaiveClient>::start) in archive /opt/rustwide/target/release/deps/libcronet-2eb139c5c01718bb.rlib
[INFO] [stdout]           >>> referenced by cronet.bb26f079a2c752f7-cgu.11
[INFO] [stdout]           >>>               cronet-2eb139c5c01718bb.cronet.bb26f079a2c752f7-cgu.11.rcgu.o:(<cronet::naive_client::NaiveClient>::start) in archive /opt/rustwide/target/release/deps/libcronet-2eb139c5c01718bb.rlib
[INFO] [stdout]           >>> referenced 1 more times
[INFO] [stdout]           
[INFO] [stdout]           rust-lld: error: too many errors emitted, stopping now (use --error-limit=0 to see all errors)
[INFO] [stdout]           collect2: error: ld returned 1 exit status
[INFO] [stdout]           
[INFO] [stdout] 
[INFO] [stdout] 
[INFO] [stderr] error: could not compile `cronet` (example "native_naive_e2e") due to 1 previous error
[INFO] running `Command { std: "docker" "inspect" "5cb40c75f516df0e35782794e90742aeaa95afd64ec6216011cb43ba48c55d19", kill_on_drop: false }`
[INFO] running `Command { std: "docker" "rm" "-f" "5cb40c75f516df0e35782794e90742aeaa95afd64ec6216011cb43ba48c55d19", kill_on_drop: false }`
[INFO] [stdout] 5cb40c75f516df0e35782794e90742aeaa95afd64ec6216011cb43ba48c55d19
