[INFO] fetching crate critpath-libdeflate 0.1.0...
[INFO] testing critpath-libdeflate-0.1.0 against 1.99.0-beta.8+cargoflags=--release for beta-release-1.100-2
[INFO] extracting crate critpath-libdeflate 0.1.0 into /workspace/builds/worker-0-tc1/source
[INFO] started tweaking crates.io crate critpath-libdeflate 0.1.0
[INFO] removed 0 missing examples
[INFO] finished tweaking crates.io crate critpath-libdeflate 0.1.0
[INFO] tweaked toml for crates.io crate critpath-libdeflate 0.1.0 written to /workspace/builds/worker-0-tc1/source/Cargo.toml
[INFO] validating manifest of crates.io crate critpath-libdeflate 0.1.0 on toolchain 1.99.0-beta.8
[INFO] running `Command { std: CARGO_HOME="/workspace/cargo-home" RUSTUP_HOME="/workspace/rustup-home" "/workspace/cargo-home/bin/cargo" "+1.99.0-beta.8" "metadata" "--manifest-path" "Cargo.toml" "--no-deps", kill_on_drop: false }`
[INFO] crate crates.io crate critpath-libdeflate 0.1.0 already has a lockfile, it will not be regenerated
[INFO] running `Command { std: CARGO_HOME="/workspace/cargo-home" RUSTUP_HOME="/workspace/rustup-home" "/workspace/cargo-home/bin/cargo" "+1.99.0-beta.8" "fetch" "--manifest-path" "Cargo.toml", kill_on_drop: false }`
[INFO] running `Command { std: "docker" "create" "-v" "/var/lib/crater-agent-workspace/builds/worker-0-tc1/source:/opt/rustwide/workdir:ro,Z" "-v" "/var/lib/crater-agent-workspace/builds/worker-0-tc1/target:/opt/rustwide/target:rw,Z" "-v" "/var/lib/crater-agent-workspace/cargo-home:/opt/rustwide/cargo-home:ro,Z" "-v" "/var/lib/crater-agent-workspace/rustup-home:/opt/rustwide/rustup-home:ro,Z" "-m" "1610612736" "--network" "none" "ghcr.io/rust-lang/crates-build-env/linux@sha256:77db811e55d90add9212f6832c23229e3de5f1c1f9905e8cb07319ea15df73ac" "sleep" "infinity", kill_on_drop: false }`
[INFO] [stdout] a487a3269bdf4d37d7d61c703b222cc91f56e85416c590d75d4da37dfb44ea6d
[INFO] running `Command { std: "docker" "start" "a487a3269bdf4d37d7d61c703b222cc91f56e85416c590d75d4da37dfb44ea6d", kill_on_drop: false }`
[INFO] running `Command { std: "docker" "inspect" "a487a3269bdf4d37d7d61c703b222cc91f56e85416c590d75d4da37dfb44ea6d", kill_on_drop: false }`
[INFO] running `Command { std: "docker" "exec" "-e" "SOURCE_DIR=/opt/rustwide/workdir" "-e" "CARGO_HOME=/opt/rustwide/cargo-home" "-e" "RUSTUP_HOME=/opt/rustwide/rustup-home" "-e" "CARGO_TARGET_DIR=/opt/rustwide/target" "-w" "/opt/rustwide/workdir" "--user" "0:0" "a487a3269bdf4d37d7d61c703b222cc91f56e85416c590d75d4da37dfb44ea6d" "/opt/rustwide/cargo-home/bin/cargo" "+1.99.0-beta.8" "metadata" "--no-deps" "--format-version=1", kill_on_drop: false }`
[INFO] running `Command { std: "docker" "inspect" "a487a3269bdf4d37d7d61c703b222cc91f56e85416c590d75d4da37dfb44ea6d", kill_on_drop: false }`
[INFO] running `Command { std: "docker" "exec" "-e" "SOURCE_DIR=/opt/rustwide/workdir" "-e" "CARGO_HOME=/opt/rustwide/cargo-home" "-e" "RUSTUP_HOME=/opt/rustwide/rustup-home" "-e" "CARGO_TARGET_DIR=/opt/rustwide/target" "-e" "CARGO_INCREMENTAL=0" "-e" "RUST_BACKTRACE=full" "-e" "RUSTFLAGS=--cap-lints=warn" "-e" "RUSTDOCFLAGS=--cap-lints=warn" "-w" "/opt/rustwide/workdir" "--user" "0:0" "a487a3269bdf4d37d7d61c703b222cc91f56e85416c590d75d4da37dfb44ea6d" "/opt/rustwide/cargo-home/bin/cargo" "+1.99.0-beta.8" "build" "--frozen" "--message-format=json" "--release", kill_on_drop: false }`
[INFO] [stderr]    Compiling cc v1.2.65
[INFO] [stderr]    Compiling critpath-libdeflate v0.1.0 (/opt/rustwide/workdir)
[INFO] [stderr] warning: critpath-libdeflate@0.1.0: In file included from <command-line>:
[INFO] [stderr] warning: critpath-libdeflate@0.1.0: /opt/rustwide/workdir/csrc/cpld_prefix.h:16:33: warning: '/*' within comment [-Wcomment]
[INFO] [stderr] warning: critpath-libdeflate@0.1.0:    16 |  * vendored libdeflate 1.25 (lib/*.c), only the external symbol NAMES change.
[INFO] [stderr] warning: critpath-libdeflate@0.1.0: In file included from /opt/rustwide/workdir/csrc/libdeflate/lib/lib_common.h:40,
[INFO] [stderr] warning: critpath-libdeflate@0.1.0:                  from /opt/rustwide/workdir/csrc/libdeflate/lib/deflate_decompress.c:45:
[INFO] [stderr] warning: critpath-libdeflate@0.1.0: /opt/rustwide/workdir/csrc/libdeflate/lib/decompress_template.h: In function 'deflate_decompress_default':
[INFO] [stderr] warning: critpath-libdeflate@0.1.0: /opt/rustwide/workdir/csrc/libdeflate/lib/deflate_decompress.c:246:37: warning: comparison of integer expressions of different signedness: 'long int' and 'long unsigned int' [-Wsign-compare]
[INFO] [stderr] warning: critpath-libdeflate@0.1.0:   246 |             likely(in_end - in_next >= sizeof(bitbuf_t))) {             \
[INFO] [stderr] warning: critpath-libdeflate@0.1.0:       |                                     ^~
[INFO] [stderr] warning: critpath-libdeflate@0.1.0: /opt/rustwide/workdir/csrc/libdeflate/lib/../common_defs.h:231:53: note: in definition of macro 'likely'
[INFO] [stderr] warning: critpath-libdeflate@0.1.0:   231 | #  define likely(expr)          __builtin_expect(!!(expr), 1)
[INFO] [stderr] warning: critpath-libdeflate@0.1.0:       |                                                     ^~~~
[INFO] [stderr] warning: critpath-libdeflate@0.1.0: /opt/rustwide/workdir/csrc/libdeflate/lib/decompress_template.h:128:9: note: in expansion of macro 'REFILL_BITS'
[INFO] [stderr] warning: critpath-libdeflate@0.1.0:   128 |         REFILL_BITS();
[INFO] [stderr] warning: critpath-libdeflate@0.1.0:       |         ^~~~~~~~~~~
[INFO] [stderr] warning: critpath-libdeflate@0.1.0: /opt/rustwide/workdir/csrc/libdeflate/lib/deflate_decompress.c:246:37: warning: comparison of integer expressions of different signedness: 'long int' and 'long unsigned int' [-Wsign-compare]
[INFO] [stderr] warning: critpath-libdeflate@0.1.0:   246 |             likely(in_end - in_next >= sizeof(bitbuf_t))) {             \
[INFO] [stderr] warning: critpath-libdeflate@0.1.0:       |                                     ^~
[INFO] [stderr] warning: critpath-libdeflate@0.1.0: /opt/rustwide/workdir/csrc/libdeflate/lib/../common_defs.h:231:53: note: in definition of macro 'likely'
[INFO] [stderr] warning: critpath-libdeflate@0.1.0:   231 | #  define likely(expr)          __builtin_expect(!!(expr), 1)
[INFO] [stderr] warning: critpath-libdeflate@0.1.0:       |                                                     ^~~~
[INFO] [stderr] warning: critpath-libdeflate@0.1.0: /opt/rustwide/workdir/csrc/libdeflate/lib/decompress_template.h:174:25: note: in expansion of macro 'REFILL_BITS'
[INFO] [stderr] warning: critpath-libdeflate@0.1.0:   174 |                         REFILL_BITS();
[INFO] [stderr] warning: critpath-libdeflate@0.1.0:       |                         ^~~~~~~~~~~
[INFO] [stderr] warning: critpath-libdeflate@0.1.0: /opt/rustwide/workdir/csrc/libdeflate/lib/deflate_decompress.c:246:37: warning: comparison of integer expressions of different signedness: 'long int' and 'long unsigned int' [-Wsign-compare]
[INFO] [stderr] warning: critpath-libdeflate@0.1.0:   246 |             likely(in_end - in_next >= sizeof(bitbuf_t))) {             \
[INFO] [stderr] warning: critpath-libdeflate@0.1.0:       |                                     ^~
[INFO] [stderr] warning: critpath-libdeflate@0.1.0: /opt/rustwide/workdir/csrc/libdeflate/lib/../common_defs.h:231:53: note: in definition of macro 'likely'
[INFO] [stderr] warning: critpath-libdeflate@0.1.0:   231 | #  define likely(expr)          __builtin_expect(!!(expr), 1)
[INFO] [stderr] warning: critpath-libdeflate@0.1.0:       |                                                     ^~~~
[INFO] [stderr] warning: critpath-libdeflate@0.1.0: /opt/rustwide/workdir/csrc/libdeflate/lib/decompress_template.h:188:41: note: in expansion of macro 'REFILL_BITS'
[INFO] [stderr] warning: critpath-libdeflate@0.1.0:   188 |                                         REFILL_BITS();
[INFO] [stderr] warning: critpath-libdeflate@0.1.0:       |                                         ^~~~~~~~~~~
[INFO] [stderr] warning: critpath-libdeflate@0.1.0: /opt/rustwide/workdir/csrc/libdeflate/lib/deflate_decompress.c:246:37: warning: comparison of integer expressions of different signedness: 'long int' and 'long unsigned int' [-Wsign-compare]
[INFO] [stderr] warning: critpath-libdeflate@0.1.0:   246 |             likely(in_end - in_next >= sizeof(bitbuf_t))) {             \
[INFO] [stderr] warning: critpath-libdeflate@0.1.0:       |                                     ^~
[INFO] [stderr] warning: critpath-libdeflate@0.1.0: /opt/rustwide/workdir/csrc/libdeflate/lib/../common_defs.h:231:53: note: in definition of macro 'likely'
[INFO] [stderr] warning: critpath-libdeflate@0.1.0:   231 | #  define likely(expr)          __builtin_expect(!!(expr), 1)
[INFO] [stderr] warning: critpath-libdeflate@0.1.0:       |                                                     ^~~~
[INFO] [stderr] warning: critpath-libdeflate@0.1.0: /opt/rustwide/workdir/csrc/libdeflate/lib/decompress_template.h:209:33: note: in expansion of macro 'REFILL_BITS'
[INFO] [stderr] warning: critpath-libdeflate@0.1.0:   209 |                                 REFILL_BITS();
[INFO] [stderr] warning: critpath-libdeflate@0.1.0:       |                                 ^~~~~~~~~~~
[INFO] [stderr] warning: critpath-libdeflate@0.1.0: /opt/rustwide/workdir/csrc/libdeflate/lib/deflate_decompress.c:246:37: warning: comparison of integer expressions of different signedness: 'long int' and 'long unsigned int' [-Wsign-compare]
[INFO] [stderr] warning: critpath-libdeflate@0.1.0:   246 |             likely(in_end - in_next >= sizeof(bitbuf_t))) {             \
[INFO] [stderr] warning: critpath-libdeflate@0.1.0:       |                                     ^~
[INFO] [stderr] warning: critpath-libdeflate@0.1.0: /opt/rustwide/workdir/csrc/libdeflate/lib/../common_defs.h:231:53: note: in definition of macro 'likely'
[INFO] [stderr] warning: critpath-libdeflate@0.1.0:   231 | #  define likely(expr)          __builtin_expect(!!(expr), 1)
[INFO] [stderr] warning: critpath-libdeflate@0.1.0:       |                                                     ^~~~
[INFO] [stderr] warning: critpath-libdeflate@0.1.0: /opt/rustwide/workdir/csrc/libdeflate/lib/decompress_template.h:733:17: note: in expansion of macro 'REFILL_BITS'
[INFO] [stderr] warning: critpath-libdeflate@0.1.0:   733 |                 REFILL_BITS();
[INFO] [stderr] warning: critpath-libdeflate@0.1.0:       |                 ^~~~~~~~~~~
[INFO] [stderr] warning: critpath-libdeflate@0.1.0: /opt/rustwide/workdir/csrc/libdeflate/lib/deflate_decompress.c:246:37: warning: comparison of integer expressions of different signedness: 'long int' and 'long unsigned int' [-Wsign-compare]
[INFO] [stderr] warning: critpath-libdeflate@0.1.0:   246 |             likely(in_end - in_next >= sizeof(bitbuf_t))) {             \
[INFO] [stderr] warning: critpath-libdeflate@0.1.0:       |                                     ^~
[INFO] [stderr] warning: critpath-libdeflate@0.1.0: /opt/rustwide/workdir/csrc/libdeflate/lib/../common_defs.h:231:53: note: in definition of macro 'likely'
[INFO] [stderr] warning: critpath-libdeflate@0.1.0:   231 | #  define likely(expr)          __builtin_expect(!!(expr), 1)
[INFO] [stderr] warning: critpath-libdeflate@0.1.0:       |                                                     ^~~~
[INFO] [stderr] warning: critpath-libdeflate@0.1.0: /opt/rustwide/workdir/csrc/libdeflate/lib/decompress_template.h:759:25: note: in expansion of macro 'REFILL_BITS'
[INFO] [stderr] warning: critpath-libdeflate@0.1.0:   759 |                         REFILL_BITS();
[INFO] [stderr] warning: critpath-libdeflate@0.1.0:       |                         ^~~~~~~~~~~
[INFO] [stderr] warning: critpath-libdeflate@0.1.0: /opt/rustwide/workdir/csrc/libdeflate/lib/deflate_decompress.c:246:37: warning: comparison of integer expressions of different signedness: 'long int' and 'long unsigned int' [-Wsign-compare]
[INFO] [stderr] warning: critpath-libdeflate@0.1.0:   246 |             likely(in_end - in_next >= sizeof(bitbuf_t))) {             \
[INFO] [stderr] warning: critpath-libdeflate@0.1.0:       |                                     ^~
[INFO] [stderr] warning: critpath-libdeflate@0.1.0: /opt/rustwide/workdir/csrc/libdeflate/lib/../common_defs.h:231:53: note: in definition of macro 'likely'
[INFO] [stderr] warning: critpath-libdeflate@0.1.0:   231 | #  define likely(expr)          __builtin_expect(!!(expr), 1)
[INFO] [stderr] warning: critpath-libdeflate@0.1.0:       |                                                     ^~~~
[INFO] [stderr] warning: critpath-libdeflate@0.1.0: /opt/rustwide/workdir/csrc/libdeflate/lib/decompress_template.h:767:33: note: in expansion of macro 'REFILL_BITS'
[INFO] [stderr] warning: critpath-libdeflate@0.1.0:   767 |                                 REFILL_BITS();
[INFO] [stderr] warning: critpath-libdeflate@0.1.0:       |                                 ^~~~~~~~~~~
[INFO] [stderr] warning: critpath-libdeflate@0.1.0: /opt/rustwide/workdir/csrc/libdeflate/lib/x86/../decompress_template.h: In function 'deflate_decompress_bmi2':
[INFO] [stderr] warning: critpath-libdeflate@0.1.0: /opt/rustwide/workdir/csrc/libdeflate/lib/deflate_decompress.c:246:37: warning: comparison of integer expressions of different signedness: 'long int' and 'long unsigned int' [-Wsign-compare]
[INFO] [stderr] warning: critpath-libdeflate@0.1.0:   246 |             likely(in_end - in_next >= sizeof(bitbuf_t))) {             \
[INFO] [stderr] warning: critpath-libdeflate@0.1.0:       |                                     ^~
[INFO] [stderr] warning: critpath-libdeflate@0.1.0: /opt/rustwide/workdir/csrc/libdeflate/lib/../common_defs.h:231:53: note: in definition of macro 'likely'
[INFO] [stderr] warning: critpath-libdeflate@0.1.0:   231 | #  define likely(expr)          __builtin_expect(!!(expr), 1)
[INFO] [stderr] warning: critpath-libdeflate@0.1.0:       |                                                     ^~~~
[INFO] [stderr] warning: critpath-libdeflate@0.1.0: /opt/rustwide/workdir/csrc/libdeflate/lib/x86/../decompress_template.h:128:9: note: in expansion of macro 'REFILL_BITS'
[INFO] [stderr] warning: critpath-libdeflate@0.1.0:   128 |         REFILL_BITS();
[INFO] [stderr] warning: critpath-libdeflate@0.1.0:       |         ^~~~~~~~~~~
[INFO] [stderr] warning: critpath-libdeflate@0.1.0: /opt/rustwide/workdir/csrc/libdeflate/lib/deflate_decompress.c:246:37: warning: comparison of integer expressions of different signedness: 'long int' and 'long unsigned int' [-Wsign-compare]
[INFO] [stderr] warning: critpath-libdeflate@0.1.0:   246 |             likely(in_end - in_next >= sizeof(bitbuf_t))) {             \
[INFO] [stderr] warning: critpath-libdeflate@0.1.0:       |                                     ^~
[INFO] [stderr] warning: critpath-libdeflate@0.1.0: /opt/rustwide/workdir/csrc/libdeflate/lib/../common_defs.h:231:53: note: in definition of macro 'likely'
[INFO] [stderr] warning: critpath-libdeflate@0.1.0:   231 | #  define likely(expr)          __builtin_expect(!!(expr), 1)
[INFO] [stderr] warning: critpath-libdeflate@0.1.0:       |                                                     ^~~~
[INFO] [stderr] warning: critpath-libdeflate@0.1.0: /opt/rustwide/workdir/csrc/libdeflate/lib/x86/../decompress_template.h:174:25: note: in expansion of macro 'REFILL_BITS'
[INFO] [stderr] warning: critpath-libdeflate@0.1.0:   174 |                         REFILL_BITS();
[INFO] [stderr] warning: critpath-libdeflate@0.1.0:       |                         ^~~~~~~~~~~
[INFO] [stderr] warning: critpath-libdeflate@0.1.0: /opt/rustwide/workdir/csrc/libdeflate/lib/deflate_decompress.c:246:37: warning: comparison of integer expressions of different signedness: 'long int' and 'long unsigned int' [-Wsign-compare]
[INFO] [stderr] warning: critpath-libdeflate@0.1.0:   246 |             likely(in_end - in_next >= sizeof(bitbuf_t))) {             \
[INFO] [stderr] warning: critpath-libdeflate@0.1.0:       |                                     ^~
[INFO] [stderr] warning: critpath-libdeflate@0.1.0: /opt/rustwide/workdir/csrc/libdeflate/lib/../common_defs.h:231:53: note: in definition of macro 'likely'
[INFO] [stderr] warning: critpath-libdeflate@0.1.0:   231 | #  define likely(expr)          __builtin_expect(!!(expr), 1)
[INFO] [stderr] warning: critpath-libdeflate@0.1.0:       |                                                     ^~~~
[INFO] [stderr] warning: critpath-libdeflate@0.1.0: /opt/rustwide/workdir/csrc/libdeflate/lib/x86/../decompress_template.h:188:41: note: in expansion of macro 'REFILL_BITS'
[INFO] [stderr] warning: critpath-libdeflate@0.1.0:   188 |                                         REFILL_BITS();
[INFO] [stderr] warning: critpath-libdeflate@0.1.0:       |                                         ^~~~~~~~~~~
[INFO] [stderr] warning: critpath-libdeflate@0.1.0: /opt/rustwide/workdir/csrc/libdeflate/lib/deflate_decompress.c:246:37: warning: comparison of integer expressions of different signedness: 'long int' and 'long unsigned int' [-Wsign-compare]
[INFO] [stderr] warning: critpath-libdeflate@0.1.0:   246 |             likely(in_end - in_next >= sizeof(bitbuf_t))) {             \
[INFO] [stderr] warning: critpath-libdeflate@0.1.0:       |                                     ^~
[INFO] [stderr] warning: critpath-libdeflate@0.1.0: /opt/rustwide/workdir/csrc/libdeflate/lib/../common_defs.h:231:53: note: in definition of macro 'likely'
[INFO] [stderr] warning: critpath-libdeflate@0.1.0:   231 | #  define likely(expr)          __builtin_expect(!!(expr), 1)
[INFO] [stderr] warning: critpath-libdeflate@0.1.0:       |                                                     ^~~~
[INFO] [stderr] warning: critpath-libdeflate@0.1.0: /opt/rustwide/workdir/csrc/libdeflate/lib/x86/../decompress_template.h:209:33: note: in expansion of macro 'REFILL_BITS'
[INFO] [stderr] warning: critpath-libdeflate@0.1.0:   209 |                                 REFILL_BITS();
[INFO] [stderr] warning: critpath-libdeflate@0.1.0:       |                                 ^~~~~~~~~~~
[INFO] [stderr] warning: critpath-libdeflate@0.1.0: /opt/rustwide/workdir/csrc/libdeflate/lib/deflate_decompress.c:246:37: warning: comparison of integer expressions of different signedness: 'long int' and 'long unsigned int' [-Wsign-compare]
[INFO] [stderr] warning: critpath-libdeflate@0.1.0:   246 |             likely(in_end - in_next >= sizeof(bitbuf_t))) {             \
[INFO] [stderr] warning: critpath-libdeflate@0.1.0:       |                                     ^~
[INFO] [stderr] warning: critpath-libdeflate@0.1.0: /opt/rustwide/workdir/csrc/libdeflate/lib/../common_defs.h:231:53: note: in definition of macro 'likely'
[INFO] [stderr] warning: critpath-libdeflate@0.1.0:   231 | #  define likely(expr)          __builtin_expect(!!(expr), 1)
[INFO] [stderr] warning: critpath-libdeflate@0.1.0:       |                                                     ^~~~
[INFO] [stderr] warning: critpath-libdeflate@0.1.0: /opt/rustwide/workdir/csrc/libdeflate/lib/x86/../decompress_template.h:733:17: note: in expansion of macro 'REFILL_BITS'
[INFO] [stderr] warning: critpath-libdeflate@0.1.0:   733 |                 REFILL_BITS();
[INFO] [stderr] warning: critpath-libdeflate@0.1.0:       |                 ^~~~~~~~~~~
[INFO] [stderr] warning: critpath-libdeflate@0.1.0: /opt/rustwide/workdir/csrc/libdeflate/lib/deflate_decompress.c:246:37: warning: comparison of integer expressions of different signedness: 'long int' and 'long unsigned int' [-Wsign-compare]
[INFO] [stderr] warning: critpath-libdeflate@0.1.0:   246 |             likely(in_end - in_next >= sizeof(bitbuf_t))) {             \
[INFO] [stderr] warning: critpath-libdeflate@0.1.0:       |                                     ^~
[INFO] [stderr] warning: critpath-libdeflate@0.1.0: /opt/rustwide/workdir/csrc/libdeflate/lib/../common_defs.h:231:53: note: in definition of macro 'likely'
[INFO] [stderr] warning: critpath-libdeflate@0.1.0:   231 | #  define likely(expr)          __builtin_expect(!!(expr), 1)
[INFO] [stderr] warning: critpath-libdeflate@0.1.0:       |                                                     ^~~~
[INFO] [stderr] warning: critpath-libdeflate@0.1.0: /opt/rustwide/workdir/csrc/libdeflate/lib/x86/../decompress_template.h:759:25: note: in expansion of macro 'REFILL_BITS'
[INFO] [stderr] warning: critpath-libdeflate@0.1.0:   759 |                         REFILL_BITS();
[INFO] [stderr] warning: critpath-libdeflate@0.1.0:       |                         ^~~~~~~~~~~
[INFO] [stderr] warning: critpath-libdeflate@0.1.0: /opt/rustwide/workdir/csrc/libdeflate/lib/deflate_decompress.c:246:37: warning: comparison of integer expressions of different signedness: 'long int' and 'long unsigned int' [-Wsign-compare]
[INFO] [stderr] warning: critpath-libdeflate@0.1.0:   246 |             likely(in_end - in_next >= sizeof(bitbuf_t))) {             \
[INFO] [stderr] warning: critpath-libdeflate@0.1.0:       |                                     ^~
[INFO] [stderr] warning: critpath-libdeflate@0.1.0: /opt/rustwide/workdir/csrc/libdeflate/lib/../common_defs.h:231:53: note: in definition of macro 'likely'
[INFO] [stderr] warning: critpath-libdeflate@0.1.0:   231 | #  define likely(expr)          __builtin_expect(!!(expr), 1)
[INFO] [stderr] warning: critpath-libdeflate@0.1.0:       |                                                     ^~~~
[INFO] [stderr] warning: critpath-libdeflate@0.1.0: /opt/rustwide/workdir/csrc/libdeflate/lib/x86/../decompress_template.h:767:33: note: in expansion of macro 'REFILL_BITS'
[INFO] [stderr] warning: critpath-libdeflate@0.1.0:   767 |                                 REFILL_BITS();
[INFO] [stderr] warning: critpath-libdeflate@0.1.0:       |                                 ^~~~~~~~~~~
[INFO] [stderr] warning: critpath-libdeflate@0.1.0: In file included from <command-line>:
[INFO] [stderr] warning: critpath-libdeflate@0.1.0: /opt/rustwide/workdir/csrc/cpld_prefix.h:16:33: warning: '/*' within comment [-Wcomment]
[INFO] [stderr] warning: critpath-libdeflate@0.1.0:    16 |  * vendored libdeflate 1.25 (lib/*.c), only the external symbol NAMES change.
[INFO] [stderr] warning: critpath-libdeflate@0.1.0: In file included from <command-line>:
[INFO] [stderr] warning: critpath-libdeflate@0.1.0: /opt/rustwide/workdir/csrc/cpld_prefix.h:16:33: warning: '/*' within comment [-Wcomment]
[INFO] [stderr] warning: critpath-libdeflate@0.1.0:    16 |  * vendored libdeflate 1.25 (lib/*.c), only the external symbol NAMES change.
[INFO] [stderr] warning: critpath-libdeflate@0.1.0: In file included from <command-line>:
[INFO] [stderr] warning: critpath-libdeflate@0.1.0: /opt/rustwide/workdir/csrc/cpld_prefix.h:16:33: warning: '/*' within comment [-Wcomment]
[INFO] [stderr] warning: critpath-libdeflate@0.1.0:    16 |  * vendored libdeflate 1.25 (lib/*.c), only the external symbol NAMES change.
[INFO] [stderr] warning: critpath-libdeflate@0.1.0: In file included from <command-line>:
[INFO] [stderr] warning: critpath-libdeflate@0.1.0: /opt/rustwide/workdir/csrc/cpld_prefix.h:16:33: warning: '/*' within comment [-Wcomment]
[INFO] [stderr] warning: critpath-libdeflate@0.1.0:    16 |  * vendored libdeflate 1.25 (lib/*.c), only the external symbol NAMES change.
[INFO] [stderr] warning: critpath-libdeflate@0.1.0: In file included from <command-line>:
[INFO] [stderr] warning: critpath-libdeflate@0.1.0: /opt/rustwide/workdir/csrc/cpld_prefix.h:16:33: warning: '/*' within comment [-Wcomment]
[INFO] [stderr] warning: critpath-libdeflate@0.1.0:    16 |  * vendored libdeflate 1.25 (lib/*.c), only the external symbol NAMES change.
[INFO] [stderr]     Finished `release` profile [optimized] target(s) in 5.34s
[INFO] running `Command { std: "docker" "inspect" "a487a3269bdf4d37d7d61c703b222cc91f56e85416c590d75d4da37dfb44ea6d", kill_on_drop: false }`
[INFO] running `Command { std: "docker" "exec" "-e" "SOURCE_DIR=/opt/rustwide/workdir" "-e" "CARGO_HOME=/opt/rustwide/cargo-home" "-e" "RUSTUP_HOME=/opt/rustwide/rustup-home" "-e" "CARGO_TARGET_DIR=/opt/rustwide/target" "-e" "CARGO_INCREMENTAL=0" "-e" "RUST_BACKTRACE=full" "-e" "RUSTFLAGS=--cap-lints=warn" "-e" "RUSTDOCFLAGS=--cap-lints=warn" "-w" "/opt/rustwide/workdir" "--user" "0:0" "a487a3269bdf4d37d7d61c703b222cc91f56e85416c590d75d4da37dfb44ea6d" "/opt/rustwide/cargo-home/bin/cargo" "+1.99.0-beta.8" "test" "--frozen" "--no-run" "--message-format=json" "--release", kill_on_drop: false }`
[INFO] [stderr] warning: critpath-libdeflate@0.1.0: In file included from <command-line>:
[INFO] [stderr] warning: critpath-libdeflate@0.1.0: /opt/rustwide/workdir/csrc/cpld_prefix.h:16:33: warning: '/*' within comment [-Wcomment]
[INFO] [stderr] warning: critpath-libdeflate@0.1.0:    16 |  * vendored libdeflate 1.25 (lib/*.c), only the external symbol NAMES change.
[INFO] [stderr] warning: critpath-libdeflate@0.1.0: In file included from /opt/rustwide/workdir/csrc/libdeflate/lib/lib_common.h:40,
[INFO] [stderr] warning: critpath-libdeflate@0.1.0:                  from /opt/rustwide/workdir/csrc/libdeflate/lib/deflate_decompress.c:45:
[INFO] [stderr] warning: critpath-libdeflate@0.1.0: /opt/rustwide/workdir/csrc/libdeflate/lib/decompress_template.h: In function 'deflate_decompress_default':
[INFO] [stderr] warning: critpath-libdeflate@0.1.0: /opt/rustwide/workdir/csrc/libdeflate/lib/deflate_decompress.c:246:37: warning: comparison of integer expressions of different signedness: 'long int' and 'long unsigned int' [-Wsign-compare]
[INFO] [stderr] warning: critpath-libdeflate@0.1.0:   246 |             likely(in_end - in_next >= sizeof(bitbuf_t))) {             \
[INFO] [stderr] warning: critpath-libdeflate@0.1.0:       |                                     ^~
[INFO] [stderr] warning: critpath-libdeflate@0.1.0: /opt/rustwide/workdir/csrc/libdeflate/lib/../common_defs.h:231:53: note: in definition of macro 'likely'
[INFO] [stderr] warning: critpath-libdeflate@0.1.0:   231 | #  define likely(expr)          __builtin_expect(!!(expr), 1)
[INFO] [stderr] warning: critpath-libdeflate@0.1.0:       |                                                     ^~~~
[INFO] [stderr] warning: critpath-libdeflate@0.1.0: /opt/rustwide/workdir/csrc/libdeflate/lib/decompress_template.h:128:9: note: in expansion of macro 'REFILL_BITS'
[INFO] [stderr] warning: critpath-libdeflate@0.1.0:   128 |         REFILL_BITS();
[INFO] [stderr] warning: critpath-libdeflate@0.1.0:       |         ^~~~~~~~~~~
[INFO] [stderr] warning: critpath-libdeflate@0.1.0: /opt/rustwide/workdir/csrc/libdeflate/lib/deflate_decompress.c:246:37: warning: comparison of integer expressions of different signedness: 'long int' and 'long unsigned int' [-Wsign-compare]
[INFO] [stderr] warning: critpath-libdeflate@0.1.0:   246 |             likely(in_end - in_next >= sizeof(bitbuf_t))) {             \
[INFO] [stderr] warning: critpath-libdeflate@0.1.0:       |                                     ^~
[INFO] [stderr] warning: critpath-libdeflate@0.1.0: /opt/rustwide/workdir/csrc/libdeflate/lib/../common_defs.h:231:53: note: in definition of macro 'likely'
[INFO] [stderr] warning: critpath-libdeflate@0.1.0:   231 | #  define likely(expr)          __builtin_expect(!!(expr), 1)
[INFO] [stderr] warning: critpath-libdeflate@0.1.0:       |                                                     ^~~~
[INFO] [stderr] warning: critpath-libdeflate@0.1.0: /opt/rustwide/workdir/csrc/libdeflate/lib/decompress_template.h:174:25: note: in expansion of macro 'REFILL_BITS'
[INFO] [stderr] warning: critpath-libdeflate@0.1.0:   174 |                         REFILL_BITS();
[INFO] [stderr] warning: critpath-libdeflate@0.1.0:       |                         ^~~~~~~~~~~
[INFO] [stderr] warning: critpath-libdeflate@0.1.0: /opt/rustwide/workdir/csrc/libdeflate/lib/deflate_decompress.c:246:37: warning: comparison of integer expressions of different signedness: 'long int' and 'long unsigned int' [-Wsign-compare]
[INFO] [stderr] warning: critpath-libdeflate@0.1.0:   246 |             likely(in_end - in_next >= sizeof(bitbuf_t))) {             \
[INFO] [stderr] warning: critpath-libdeflate@0.1.0:       |                                     ^~
[INFO] [stderr] warning: critpath-libdeflate@0.1.0: /opt/rustwide/workdir/csrc/libdeflate/lib/../common_defs.h:231:53: note: in definition of macro 'likely'
[INFO] [stderr] warning: critpath-libdeflate@0.1.0:   231 | #  define likely(expr)          __builtin_expect(!!(expr), 1)
[INFO] [stderr] warning: critpath-libdeflate@0.1.0:       |                                                     ^~~~
[INFO] [stderr] warning: critpath-libdeflate@0.1.0: /opt/rustwide/workdir/csrc/libdeflate/lib/decompress_template.h:188:41: note: in expansion of macro 'REFILL_BITS'
[INFO] [stderr] warning: critpath-libdeflate@0.1.0:   188 |                                         REFILL_BITS();
[INFO] [stderr] warning: critpath-libdeflate@0.1.0:       |                                         ^~~~~~~~~~~
[INFO] [stderr] warning: critpath-libdeflate@0.1.0: /opt/rustwide/workdir/csrc/libdeflate/lib/deflate_decompress.c:246:37: warning: comparison of integer expressions of different signedness: 'long int' and 'long unsigned int' [-Wsign-compare]
[INFO] [stderr] warning: critpath-libdeflate@0.1.0:   246 |             likely(in_end - in_next >= sizeof(bitbuf_t))) {             \
[INFO] [stderr] warning: critpath-libdeflate@0.1.0:       |                                     ^~
[INFO] [stderr] warning: critpath-libdeflate@0.1.0: /opt/rustwide/workdir/csrc/libdeflate/lib/../common_defs.h:231:53: note: in definition of macro 'likely'
[INFO] [stderr] warning: critpath-libdeflate@0.1.0:   231 | #  define likely(expr)          __builtin_expect(!!(expr), 1)
[INFO] [stderr] warning: critpath-libdeflate@0.1.0:       |                                                     ^~~~
[INFO] [stderr] warning: critpath-libdeflate@0.1.0: /opt/rustwide/workdir/csrc/libdeflate/lib/decompress_template.h:209:33: note: in expansion of macro 'REFILL_BITS'
[INFO] [stderr] warning: critpath-libdeflate@0.1.0:   209 |                                 REFILL_BITS();
[INFO] [stderr] warning: critpath-libdeflate@0.1.0:       |                                 ^~~~~~~~~~~
[INFO] [stderr] warning: critpath-libdeflate@0.1.0: /opt/rustwide/workdir/csrc/libdeflate/lib/deflate_decompress.c:246:37: warning: comparison of integer expressions of different signedness: 'long int' and 'long unsigned int' [-Wsign-compare]
[INFO] [stderr] warning: critpath-libdeflate@0.1.0:   246 |             likely(in_end - in_next >= sizeof(bitbuf_t))) {             \
[INFO] [stderr] warning: critpath-libdeflate@0.1.0:       |                                     ^~
[INFO] [stderr] warning: critpath-libdeflate@0.1.0: /opt/rustwide/workdir/csrc/libdeflate/lib/../common_defs.h:231:53: note: in definition of macro 'likely'
[INFO] [stderr] warning: critpath-libdeflate@0.1.0:   231 | #  define likely(expr)          __builtin_expect(!!(expr), 1)
[INFO] [stderr] warning: critpath-libdeflate@0.1.0:       |                                                     ^~~~
[INFO] [stderr] warning: critpath-libdeflate@0.1.0: /opt/rustwide/workdir/csrc/libdeflate/lib/decompress_template.h:733:17: note: in expansion of macro 'REFILL_BITS'
[INFO] [stderr] warning: critpath-libdeflate@0.1.0:   733 |                 REFILL_BITS();
[INFO] [stderr] warning: critpath-libdeflate@0.1.0:       |                 ^~~~~~~~~~~
[INFO] [stderr] warning: critpath-libdeflate@0.1.0: /opt/rustwide/workdir/csrc/libdeflate/lib/deflate_decompress.c:246:37: warning: comparison of integer expressions of different signedness: 'long int' and 'long unsigned int' [-Wsign-compare]
[INFO] [stderr] warning: critpath-libdeflate@0.1.0:   246 |             likely(in_end - in_next >= sizeof(bitbuf_t))) {             \
[INFO] [stderr] warning: critpath-libdeflate@0.1.0:       |                                     ^~
[INFO] [stderr] warning: critpath-libdeflate@0.1.0: /opt/rustwide/workdir/csrc/libdeflate/lib/../common_defs.h:231:53: note: in definition of macro 'likely'
[INFO] [stderr] warning: critpath-libdeflate@0.1.0:   231 | #  define likely(expr)          __builtin_expect(!!(expr), 1)
[INFO] [stderr] warning: critpath-libdeflate@0.1.0:       |                                                     ^~~~
[INFO] [stderr] warning: critpath-libdeflate@0.1.0: /opt/rustwide/workdir/csrc/libdeflate/lib/decompress_template.h:759:25: note: in expansion of macro 'REFILL_BITS'
[INFO] [stderr] warning: critpath-libdeflate@0.1.0:   759 |                         REFILL_BITS();
[INFO] [stderr] warning: critpath-libdeflate@0.1.0:       |                         ^~~~~~~~~~~
[INFO] [stderr] warning: critpath-libdeflate@0.1.0: /opt/rustwide/workdir/csrc/libdeflate/lib/deflate_decompress.c:246:37: warning: comparison of integer expressions of different signedness: 'long int' and 'long unsigned int' [-Wsign-compare]
[INFO] [stderr] warning: critpath-libdeflate@0.1.0:   246 |             likely(in_end - in_next >= sizeof(bitbuf_t))) {             \
[INFO] [stderr] warning: critpath-libdeflate@0.1.0:       |                                     ^~
[INFO] [stderr] warning: critpath-libdeflate@0.1.0: /opt/rustwide/workdir/csrc/libdeflate/lib/../common_defs.h:231:53: note: in definition of macro 'likely'
[INFO] [stderr] warning: critpath-libdeflate@0.1.0:   231 | #  define likely(expr)          __builtin_expect(!!(expr), 1)
[INFO] [stderr] warning: critpath-libdeflate@0.1.0:       |                                                     ^~~~
[INFO] [stderr] warning: critpath-libdeflate@0.1.0: /opt/rustwide/workdir/csrc/libdeflate/lib/decompress_template.h:767:33: note: in expansion of macro 'REFILL_BITS'
[INFO] [stderr] warning: critpath-libdeflate@0.1.0:   767 |                                 REFILL_BITS();
[INFO] [stderr] warning: critpath-libdeflate@0.1.0:       |                                 ^~~~~~~~~~~
[INFO] [stderr] warning: critpath-libdeflate@0.1.0: /opt/rustwide/workdir/csrc/libdeflate/lib/x86/../decompress_template.h: In function 'deflate_decompress_bmi2':
[INFO] [stderr] warning: critpath-libdeflate@0.1.0: /opt/rustwide/workdir/csrc/libdeflate/lib/deflate_decompress.c:246:37: warning: comparison of integer expressions of different signedness: 'long int' and 'long unsigned int' [-Wsign-compare]
[INFO] [stderr] warning: critpath-libdeflate@0.1.0:   246 |             likely(in_end - in_next >= sizeof(bitbuf_t))) {             \
[INFO] [stderr] warning: critpath-libdeflate@0.1.0:       |                                     ^~
[INFO] [stderr] warning: critpath-libdeflate@0.1.0: /opt/rustwide/workdir/csrc/libdeflate/lib/../common_defs.h:231:53: note: in definition of macro 'likely'
[INFO] [stderr] warning: critpath-libdeflate@0.1.0:   231 | #  define likely(expr)          __builtin_expect(!!(expr), 1)
[INFO] [stderr] warning: critpath-libdeflate@0.1.0:       |                                                     ^~~~
[INFO] [stderr] warning: critpath-libdeflate@0.1.0: /opt/rustwide/workdir/csrc/libdeflate/lib/x86/../decompress_template.h:128:9: note: in expansion of macro 'REFILL_BITS'
[INFO] [stderr] warning: critpath-libdeflate@0.1.0:   128 |         REFILL_BITS();
[INFO] [stderr] warning: critpath-libdeflate@0.1.0:       |         ^~~~~~~~~~~
[INFO] [stderr] warning: critpath-libdeflate@0.1.0: /opt/rustwide/workdir/csrc/libdeflate/lib/deflate_decompress.c:246:37: warning: comparison of integer expressions of different signedness: 'long int' and 'long unsigned int' [-Wsign-compare]
[INFO] [stderr] warning: critpath-libdeflate@0.1.0:   246 |             likely(in_end - in_next >= sizeof(bitbuf_t))) {             \
[INFO] [stderr] warning: critpath-libdeflate@0.1.0:       |                                     ^~
[INFO] [stderr] warning: critpath-libdeflate@0.1.0: /opt/rustwide/workdir/csrc/libdeflate/lib/../common_defs.h:231:53: note: in definition of macro 'likely'
[INFO] [stderr] warning: critpath-libdeflate@0.1.0:   231 | #  define likely(expr)          __builtin_expect(!!(expr), 1)
[INFO] [stderr] warning: critpath-libdeflate@0.1.0:       |                                                     ^~~~
[INFO] [stderr] warning: critpath-libdeflate@0.1.0: /opt/rustwide/workdir/csrc/libdeflate/lib/x86/../decompress_template.h:174:25: note: in expansion of macro 'REFILL_BITS'
[INFO] [stderr] warning: critpath-libdeflate@0.1.0:   174 |                         REFILL_BITS();
[INFO] [stderr] warning: critpath-libdeflate@0.1.0:       |                         ^~~~~~~~~~~
[INFO] [stderr] warning: critpath-libdeflate@0.1.0: /opt/rustwide/workdir/csrc/libdeflate/lib/deflate_decompress.c:246:37: warning: comparison of integer expressions of different signedness: 'long int' and 'long unsigned int' [-Wsign-compare]
[INFO] [stderr] warning: critpath-libdeflate@0.1.0:   246 |             likely(in_end - in_next >= sizeof(bitbuf_t))) {             \
[INFO] [stderr] warning: critpath-libdeflate@0.1.0:       |                                     ^~
[INFO] [stderr] warning: critpath-libdeflate@0.1.0: /opt/rustwide/workdir/csrc/libdeflate/lib/../common_defs.h:231:53: note: in definition of macro 'likely'
[INFO] [stderr] warning: critpath-libdeflate@0.1.0:   231 | #  define likely(expr)          __builtin_expect(!!(expr), 1)
[INFO] [stderr] warning: critpath-libdeflate@0.1.0:       |                                                     ^~~~
[INFO] [stderr] warning: critpath-libdeflate@0.1.0: /opt/rustwide/workdir/csrc/libdeflate/lib/x86/../decompress_template.h:188:41: note: in expansion of macro 'REFILL_BITS'
[INFO] [stderr] warning: critpath-libdeflate@0.1.0:   188 |                                         REFILL_BITS();
[INFO] [stderr] warning: critpath-libdeflate@0.1.0:       |                                         ^~~~~~~~~~~
[INFO] [stderr] warning: critpath-libdeflate@0.1.0: /opt/rustwide/workdir/csrc/libdeflate/lib/deflate_decompress.c:246:37: warning: comparison of integer expressions of different signedness: 'long int' and 'long unsigned int' [-Wsign-compare]
[INFO] [stderr] warning: critpath-libdeflate@0.1.0:   246 |             likely(in_end - in_next >= sizeof(bitbuf_t))) {             \
[INFO] [stderr] warning: critpath-libdeflate@0.1.0:       |                                     ^~
[INFO] [stderr] warning: critpath-libdeflate@0.1.0: /opt/rustwide/workdir/csrc/libdeflate/lib/../common_defs.h:231:53: note: in definition of macro 'likely'
[INFO] [stderr] warning: critpath-libdeflate@0.1.0:   231 | #  define likely(expr)          __builtin_expect(!!(expr), 1)
[INFO] [stderr] warning: critpath-libdeflate@0.1.0:       |                                                     ^~~~
[INFO] [stderr] warning: critpath-libdeflate@0.1.0: /opt/rustwide/workdir/csrc/libdeflate/lib/x86/../decompress_template.h:209:33: note: in expansion of macro 'REFILL_BITS'
[INFO] [stderr] warning: critpath-libdeflate@0.1.0:   209 |                                 REFILL_BITS();
[INFO] [stderr] warning: critpath-libdeflate@0.1.0:       |                                 ^~~~~~~~~~~
[INFO] [stderr] warning: critpath-libdeflate@0.1.0: /opt/rustwide/workdir/csrc/libdeflate/lib/deflate_decompress.c:246:37: warning: comparison of integer expressions of different signedness: 'long int' and 'long unsigned int' [-Wsign-compare]
[INFO] [stderr] warning: critpath-libdeflate@0.1.0:   246 |             likely(in_end - in_next >= sizeof(bitbuf_t))) {             \
[INFO] [stderr] warning: critpath-libdeflate@0.1.0:       |                                     ^~
[INFO] [stderr] warning: critpath-libdeflate@0.1.0: /opt/rustwide/workdir/csrc/libdeflate/lib/../common_defs.h:231:53: note: in definition of macro 'likely'
[INFO] [stderr] warning: critpath-libdeflate@0.1.0:   231 | #  define likely(expr)          __builtin_expect(!!(expr), 1)
[INFO] [stderr] warning: critpath-libdeflate@0.1.0:       |                                                     ^~~~
[INFO] [stderr] warning: critpath-libdeflate@0.1.0: /opt/rustwide/workdir/csrc/libdeflate/lib/x86/../decompress_template.h:733:17: note: in expansion of macro 'REFILL_BITS'
[INFO] [stderr] warning: critpath-libdeflate@0.1.0:   733 |                 REFILL_BITS();
[INFO] [stderr] warning: critpath-libdeflate@0.1.0:       |                 ^~~~~~~~~~~
[INFO] [stderr] warning: critpath-libdeflate@0.1.0: /opt/rustwide/workdir/csrc/libdeflate/lib/deflate_decompress.c:246:37: warning: comparison of integer expressions of different signedness: 'long int' and 'long unsigned int' [-Wsign-compare]
[INFO] [stderr] warning: critpath-libdeflate@0.1.0:   246 |             likely(in_end - in_next >= sizeof(bitbuf_t))) {             \
[INFO] [stderr] warning: critpath-libdeflate@0.1.0:       |                                     ^~
[INFO] [stderr] warning: critpath-libdeflate@0.1.0: /opt/rustwide/workdir/csrc/libdeflate/lib/../common_defs.h:231:53: note: in definition of macro 'likely'
[INFO] [stderr] warning: critpath-libdeflate@0.1.0:   231 | #  define likely(expr)          __builtin_expect(!!(expr), 1)
[INFO] [stderr] warning: critpath-libdeflate@0.1.0:       |                                                     ^~~~
[INFO] [stderr] warning: critpath-libdeflate@0.1.0: /opt/rustwide/workdir/csrc/libdeflate/lib/x86/../decompress_template.h:759:25: note: in expansion of macro 'REFILL_BITS'
[INFO] [stderr] warning: critpath-libdeflate@0.1.0:   759 |                         REFILL_BITS();
[INFO] [stderr] warning: critpath-libdeflate@0.1.0:       |                         ^~~~~~~~~~~
[INFO] [stderr] warning: critpath-libdeflate@0.1.0: /opt/rustwide/workdir/csrc/libdeflate/lib/deflate_decompress.c:246:37: warning: comparison of integer expressions of different signedness: 'long int' and 'long unsigned int' [-Wsign-compare]
[INFO] [stderr] warning: critpath-libdeflate@0.1.0:   246 |             likely(in_end - in_next >= sizeof(bitbuf_t))) {             \
[INFO] [stderr] warning: critpath-libdeflate@0.1.0:       |                                     ^~
[INFO] [stderr] warning: critpath-libdeflate@0.1.0: /opt/rustwide/workdir/csrc/libdeflate/lib/../common_defs.h:231:53: note: in definition of macro 'likely'
[INFO] [stderr] warning: critpath-libdeflate@0.1.0:   231 | #  define likely(expr)          __builtin_expect(!!(expr), 1)
[INFO] [stderr] warning: critpath-libdeflate@0.1.0:       |                                                     ^~~~
[INFO] [stderr] warning: critpath-libdeflate@0.1.0: /opt/rustwide/workdir/csrc/libdeflate/lib/x86/../decompress_template.h:767:33: note: in expansion of macro 'REFILL_BITS'
[INFO] [stderr] warning: critpath-libdeflate@0.1.0:   767 |                                 REFILL_BITS();
[INFO] [stderr] warning: critpath-libdeflate@0.1.0:       |                                 ^~~~~~~~~~~
[INFO] [stderr] warning: critpath-libdeflate@0.1.0: In file included from <command-line>:
[INFO] [stderr] warning: critpath-libdeflate@0.1.0: /opt/rustwide/workdir/csrc/cpld_prefix.h:16:33: warning: '/*' within comment [-Wcomment]
[INFO] [stderr] warning: critpath-libdeflate@0.1.0:    16 |  * vendored libdeflate 1.25 (lib/*.c), only the external symbol NAMES change.
[INFO] [stderr] warning: critpath-libdeflate@0.1.0: In file included from <command-line>:
[INFO] [stderr] warning: critpath-libdeflate@0.1.0: /opt/rustwide/workdir/csrc/cpld_prefix.h:16:33: warning: '/*' within comment [-Wcomment]
[INFO] [stderr] warning: critpath-libdeflate@0.1.0:    16 |  * vendored libdeflate 1.25 (lib/*.c), only the external symbol NAMES change.
[INFO] [stderr] warning: critpath-libdeflate@0.1.0: In file included from <command-line>:
[INFO] [stderr] warning: critpath-libdeflate@0.1.0: /opt/rustwide/workdir/csrc/cpld_prefix.h:16:33: warning: '/*' within comment [-Wcomment]
[INFO] [stderr] warning: critpath-libdeflate@0.1.0:    16 |  * vendored libdeflate 1.25 (lib/*.c), only the external symbol NAMES change.
[INFO] [stderr] warning: critpath-libdeflate@0.1.0: In file included from <command-line>:
[INFO] [stderr] warning: critpath-libdeflate@0.1.0: /opt/rustwide/workdir/csrc/cpld_prefix.h:16:33: warning: '/*' within comment [-Wcomment]
[INFO] [stderr] warning: critpath-libdeflate@0.1.0:    16 |  * vendored libdeflate 1.25 (lib/*.c), only the external symbol NAMES change.
[INFO] [stderr] warning: critpath-libdeflate@0.1.0: In file included from <command-line>:
[INFO] [stderr] warning: critpath-libdeflate@0.1.0: /opt/rustwide/workdir/csrc/cpld_prefix.h:16:33: warning: '/*' within comment [-Wcomment]
[INFO] [stderr] warning: critpath-libdeflate@0.1.0:    16 |  * vendored libdeflate 1.25 (lib/*.c), only the external symbol NAMES change.
[INFO] [stderr]    Compiling critpath-libdeflate v0.1.0 (/opt/rustwide/workdir)
[INFO] [stdout] error: linking with `cc` failed: exit status: 1
[INFO] [stdout]   |
[INFO] [stdout]   = note:  "cc" "-m64" "/opt/rustwide/target/release/examples/rustcgMCKE2/symbols.o" "<2 object files omitted>" "-Wl,--as-needed" "-Wl,-Bstatic" "/opt/rustwide/target/release/deps/libcritpath_libdeflate-81ad4924ec00ac02.rlib" "<sysroot>/lib/rustlib/x86_64-unknown-linux-gnu/lib/{libstd-*,libpanic_unwind-*,libobject-*,libmemchr-*,libaddr2line-*,libgimli-*,libcfg_if-*,librustc_demangle-*,libstd_detect-*,libhashbrown-*,librustc_std_workspace_alloc-*,libminiz_oxide-*,libadler2-*,libunwind-*,liblibc-*,librustc_std_workspace_core-*,liballoc-*,libcore-*,libcompiler_builtins-*}.rlib" "-Wl,-Bdynamic" "-lgcc_s" "-lutil" "-lrt" "-lpthread" "-lm" "-ldl" "-lc" "-L" "/opt/rustwide/target/release/examples/rustcgMCKE2/raw-dylibs" "-B<sysroot>/lib/rustlib/x86_64-unknown-linux-gnu/bin/gcc-ld" "-fuse-ld=lld" "-Wl,--eh-frame-hdr" "-Wl,-z,noexecstack" "-L" "/opt/rustwide/target/release/build/critpath-libdeflate-f5bed9adb107d8d2/out" "-L" "<sysroot>/lib/rustlib/x86_64-unknown-linux-gnu/lib" "-o" "/opt/rustwide/target/release/examples/decode_stdout-54c314b7f375b0ff" "-Wl,--gc-sections" "-pie" "-Wl,-z,relro,-z,now" "-Wl,-O1" "-Wl,--strip-debug" "-nodefaultlibs"
[INFO] [stdout]   = note: some arguments are omitted. use `--verbose` to show all linker arguments
[INFO] [stdout]   = note: rust-lld: error: undefined symbol: libdeflate_x86_cpu_features
[INFO] [stdout]           >>> referenced by deflate_decompress.c
[INFO] [stdout]           >>>               d506ea07560b3c79-deflate_decompress.o:(dispatch_decomp) in archive /opt/rustwide/target/release/deps/libcritpath_libdeflate-81ad4924ec00ac02.rlib
[INFO] [stdout]           >>> referenced by deflate_decompress.c
[INFO] [stdout]           >>>               d506ea07560b3c79-deflate_decompress.o:(dispatch_decomp) in archive /opt/rustwide/target/release/deps/libcritpath_libdeflate-81ad4924ec00ac02.rlib
[INFO] [stdout]           >>> referenced by crc32.c
[INFO] [stdout]           >>>               d506ea07560b3c79-crc32.o:(dispatch_crc32) in archive /opt/rustwide/target/release/deps/libcritpath_libdeflate-81ad4924ec00ac02.rlib
[INFO] [stdout]           >>> referenced 1 more times
[INFO] [stdout]           
[INFO] [stdout]           rust-lld: error: undefined symbol: libdeflate_init_x86_cpu_features
[INFO] [stdout]           >>> referenced by deflate_decompress.c
[INFO] [stdout]           >>>               d506ea07560b3c79-deflate_decompress.o:(dispatch_decomp) in archive /opt/rustwide/target/release/deps/libcritpath_libdeflate-81ad4924ec00ac02.rlib
[INFO] [stdout]           >>> referenced by crc32.c
[INFO] [stdout]           >>>               d506ea07560b3c79-crc32.o:(dispatch_crc32) in archive /opt/rustwide/target/release/deps/libcritpath_libdeflate-81ad4924ec00ac02.rlib
[INFO] [stdout]           collect2: error: ld returned 1 exit status
[INFO] [stdout]           
[INFO] [stdout] 
[INFO] [stdout] 
[INFO] [stderr] warning: critpath-libdeflate@0.1.0: In file included from <command-line>:
[INFO] [stderr] warning: critpath-libdeflate@0.1.0: /opt/rustwide/workdir/csrc/cpld_prefix.h:16:33: warning: '/*' within comment [-Wcomment]
[INFO] [stderr] warning: critpath-libdeflate@0.1.0:    16 |  * vendored libdeflate 1.25 (lib/*.c), only the external symbol NAMES change.
[INFO] [stderr] warning: critpath-libdeflate@0.1.0: In file included from /opt/rustwide/workdir/csrc/libdeflate/lib/lib_common.h:40,
[INFO] [stderr] warning: critpath-libdeflate@0.1.0:                  from /opt/rustwide/workdir/csrc/libdeflate/lib/deflate_decompress.c:45:
[INFO] [stderr] warning: critpath-libdeflate@0.1.0: /opt/rustwide/workdir/csrc/libdeflate/lib/decompress_template.h: In function 'deflate_decompress_default':
[INFO] [stderr] warning: critpath-libdeflate@0.1.0: /opt/rustwide/workdir/csrc/libdeflate/lib/deflate_decompress.c:246:37: warning: comparison of integer expressions of different signedness: 'long int' and 'long unsigned int' [-Wsign-compare]
[INFO] [stderr] warning: critpath-libdeflate@0.1.0:   246 |             likely(in_end - in_next >= sizeof(bitbuf_t))) {             \
[INFO] [stderr] warning: critpath-libdeflate@0.1.0:       |                                     ^~
[INFO] [stderr] warning: critpath-libdeflate@0.1.0: /opt/rustwide/workdir/csrc/libdeflate/lib/../common_defs.h:231:53: note: in definition of macro 'likely'
[INFO] [stderr] warning: critpath-libdeflate@0.1.0:   231 | #  define likely(expr)          __builtin_expect(!!(expr), 1)
[INFO] [stderr] warning: critpath-libdeflate@0.1.0:       |                                                     ^~~~
[INFO] [stderr] warning: critpath-libdeflate@0.1.0: /opt/rustwide/workdir/csrc/libdeflate/lib/decompress_template.h:128:9: note: in expansion of macro 'REFILL_BITS'
[INFO] [stderr] warning: critpath-libdeflate@0.1.0:   128 |         REFILL_BITS();
[INFO] [stderr] warning: critpath-libdeflate@0.1.0:       |         ^~~~~~~~~~~
[INFO] [stderr] warning: critpath-libdeflate@0.1.0: /opt/rustwide/workdir/csrc/libdeflate/lib/deflate_decompress.c:246:37: warning: comparison of integer expressions of different signedness: 'long int' and 'long unsigned int' [-Wsign-compare]
[INFO] [stderr] warning: critpath-libdeflate@0.1.0:   246 |             likely(in_end - in_next >= sizeof(bitbuf_t))) {             \
[INFO] [stderr] warning: critpath-libdeflate@0.1.0:       |                                     ^~
[INFO] [stderr] warning: critpath-libdeflate@0.1.0: /opt/rustwide/workdir/csrc/libdeflate/lib/../common_defs.h:231:53: note: in definition of macro 'likely'
[INFO] [stderr] warning: critpath-libdeflate@0.1.0:   231 | #  define likely(expr)          __builtin_expect(!!(expr), 1)
[INFO] [stderr] warning: critpath-libdeflate@0.1.0:       |                                                     ^~~~
[INFO] [stderr] warning: critpath-libdeflate@0.1.0: /opt/rustwide/workdir/csrc/libdeflate/lib/decompress_template.h:174:25: note: in expansion of macro 'REFILL_BITS'
[INFO] [stderr] warning: critpath-libdeflate@0.1.0:   174 |                         REFILL_BITS();
[INFO] [stderr] warning: critpath-libdeflate@0.1.0:       |                         ^~~~~~~~~~~
[INFO] [stderr] warning: critpath-libdeflate@0.1.0: /opt/rustwide/workdir/csrc/libdeflate/lib/deflate_decompress.c:246:37: warning: comparison of integer expressions of different signedness: 'long int' and 'long unsigned int' [-Wsign-compare]
[INFO] [stderr] warning: critpath-libdeflate@0.1.0:   246 |             likely(in_end - in_next >= sizeof(bitbuf_t))) {             \
[INFO] [stderr] warning: critpath-libdeflate@0.1.0:       |                                     ^~
[INFO] [stderr] warning: critpath-libdeflate@0.1.0: /opt/rustwide/workdir/csrc/libdeflate/lib/../common_defs.h:231:53: note: in definition of macro 'likely'
[INFO] [stderr] warning: critpath-libdeflate@0.1.0:   231 | #  define likely(expr)          __builtin_expect(!!(expr), 1)
[INFO] [stderr] warning: critpath-libdeflate@0.1.0:       |                                                     ^~~~
[INFO] [stderr] warning: critpath-libdeflate@0.1.0: /opt/rustwide/workdir/csrc/libdeflate/lib/decompress_template.h:188:41: note: in expansion of macro 'REFILL_BITS'
[INFO] [stderr] warning: critpath-libdeflate@0.1.0:   188 |                                         REFILL_BITS();
[INFO] [stderr] warning: critpath-libdeflate@0.1.0:       |                                         ^~~~~~~~~~~
[INFO] [stderr] warning: critpath-libdeflate@0.1.0: /opt/rustwide/workdir/csrc/libdeflate/lib/deflate_decompress.c:246:37: warning: comparison of integer expressions of different signedness: 'long int' and 'long unsigned int' [-Wsign-compare]
[INFO] [stderr] warning: critpath-libdeflate@0.1.0:   246 |             likely(in_end - in_next >= sizeof(bitbuf_t))) {             \
[INFO] [stderr] warning: critpath-libdeflate@0.1.0:       |                                     ^~
[INFO] [stderr] warning: critpath-libdeflate@0.1.0: /opt/rustwide/workdir/csrc/libdeflate/lib/../common_defs.h:231:53: note: in definition of macro 'likely'
[INFO] [stderr] warning: critpath-libdeflate@0.1.0:   231 | #  define likely(expr)          __builtin_expect(!!(expr), 1)
[INFO] [stderr] warning: critpath-libdeflate@0.1.0:       |                                                     ^~~~
[INFO] [stderr] warning: critpath-libdeflate@0.1.0: /opt/rustwide/workdir/csrc/libdeflate/lib/decompress_template.h:209:33: note: in expansion of macro 'REFILL_BITS'
[INFO] [stderr] warning: critpath-libdeflate@0.1.0:   209 |                                 REFILL_BITS();
[INFO] [stderr] warning: critpath-libdeflate@0.1.0:       |                                 ^~~~~~~~~~~
[INFO] [stderr] warning: critpath-libdeflate@0.1.0: /opt/rustwide/workdir/csrc/libdeflate/lib/deflate_decompress.c:246:37: warning: comparison of integer expressions of different signedness: 'long int' and 'long unsigned int' [-Wsign-compare]
[INFO] [stderr] warning: critpath-libdeflate@0.1.0:   246 |             likely(in_end - in_next >= sizeof(bitbuf_t))) {             \
[INFO] [stderr] warning: critpath-libdeflate@0.1.0:       |                                     ^~
[INFO] [stderr] warning: critpath-libdeflate@0.1.0: /opt/rustwide/workdir/csrc/libdeflate/lib/../common_defs.h:231:53: note: in definition of macro 'likely'
[INFO] [stderr] warning: critpath-libdeflate@0.1.0:   231 | #  define likely(expr)          __builtin_expect(!!(expr), 1)
[INFO] [stderr] warning: critpath-libdeflate@0.1.0:       |                                                     ^~~~
[INFO] [stderr] warning: critpath-libdeflate@0.1.0: /opt/rustwide/workdir/csrc/libdeflate/lib/decompress_template.h:733:17: note: in expansion of macro 'REFILL_BITS'
[INFO] [stderr] warning: critpath-libdeflate@0.1.0:   733 |                 REFILL_BITS();
[INFO] [stderr] warning: critpath-libdeflate@0.1.0:       |                 ^~~~~~~~~~~
[INFO] [stderr] warning: critpath-libdeflate@0.1.0: /opt/rustwide/workdir/csrc/libdeflate/lib/deflate_decompress.c:246:37: warning: comparison of integer expressions of different signedness: 'long int' and 'long unsigned int' [-Wsign-compare]
[INFO] [stderr] warning: critpath-libdeflate@0.1.0:   246 |             likely(in_end - in_next >= sizeof(bitbuf_t))) {             \
[INFO] [stderr] warning: critpath-libdeflate@0.1.0:       |                                     ^~
[INFO] [stderr] warning: critpath-libdeflate@0.1.0: /opt/rustwide/workdir/csrc/libdeflate/lib/../common_defs.h:231:53: note: in definition of macro 'likely'
[INFO] [stderr] warning: critpath-libdeflate@0.1.0:   231 | #  define likely(expr)          __builtin_expect(!!(expr), 1)
[INFO] [stderr] warning: critpath-libdeflate@0.1.0:       |                                                     ^~~~
[INFO] [stderr] warning: critpath-libdeflate@0.1.0: /opt/rustwide/workdir/csrc/libdeflate/lib/decompress_template.h:759:25: note: in expansion of macro 'REFILL_BITS'
[INFO] [stderr] warning: critpath-libdeflate@0.1.0:   759 |                         REFILL_BITS();
[INFO] [stderr] warning: critpath-libdeflate@0.1.0:       |                         ^~~~~~~~~~~
[INFO] [stderr] warning: critpath-libdeflate@0.1.0: /opt/rustwide/workdir/csrc/libdeflate/lib/deflate_decompress.c:246:37: warning: comparison of integer expressions of different signedness: 'long int' and 'long unsigned int' [-Wsign-compare]
[INFO] [stderr] warning: critpath-libdeflate@0.1.0:   246 |             likely(in_end - in_next >= sizeof(bitbuf_t))) {             \
[INFO] [stderr] warning: critpath-libdeflate@0.1.0:       |                                     ^~
[INFO] [stderr] warning: critpath-libdeflate@0.1.0: /opt/rustwide/workdir/csrc/libdeflate/lib/../common_defs.h:231:53: note: in definition of macro 'likely'
[INFO] [stderr] warning: critpath-libdeflate@0.1.0:   231 | #  define likely(expr)          __builtin_expect(!!(expr), 1)
[INFO] [stderr] warning: critpath-libdeflate@0.1.0:       |                                                     ^~~~
[INFO] [stderr] warning: critpath-libdeflate@0.1.0: /opt/rustwide/workdir/csrc/libdeflate/lib/decompress_template.h:767:33: note: in expansion of macro 'REFILL_BITS'
[INFO] [stderr] warning: critpath-libdeflate@0.1.0:   767 |                                 REFILL_BITS();
[INFO] [stderr] warning: critpath-libdeflate@0.1.0:       |                                 ^~~~~~~~~~~
[INFO] [stderr] warning: critpath-libdeflate@0.1.0: /opt/rustwide/workdir/csrc/libdeflate/lib/x86/../decompress_template.h: In function 'deflate_decompress_bmi2':
[INFO] [stderr] warning: critpath-libdeflate@0.1.0: /opt/rustwide/workdir/csrc/libdeflate/lib/deflate_decompress.c:246:37: warning: comparison of integer expressions of different signedness: 'long int' and 'long unsigned int' [-Wsign-compare]
[INFO] [stderr] warning: critpath-libdeflate@0.1.0:   246 |             likely(in_end - in_next >= sizeof(bitbuf_t))) {             \
[INFO] [stderr] warning: critpath-libdeflate@0.1.0:       |                                     ^~
[INFO] [stderr] warning: critpath-libdeflate@0.1.0: /opt/rustwide/workdir/csrc/libdeflate/lib/../common_defs.h:231:53: note: in definition of macro 'likely'
[INFO] [stderr] warning: critpath-libdeflate@0.1.0:   231 | #  define likely(expr)          __builtin_expect(!!(expr), 1)
[INFO] [stderr] warning: critpath-libdeflate@0.1.0:       |                                                     ^~~~
[INFO] [stderr] warning: critpath-libdeflate@0.1.0: /opt/rustwide/workdir/csrc/libdeflate/lib/x86/../decompress_template.h:128:9: note: in expansion of macro 'REFILL_BITS'
[INFO] [stderr] warning: critpath-libdeflate@0.1.0:   128 |         REFILL_BITS();
[INFO] [stderr] warning: critpath-libdeflate@0.1.0:       |         ^~~~~~~~~~~
[INFO] [stderr] warning: critpath-libdeflate@0.1.0: /opt/rustwide/workdir/csrc/libdeflate/lib/deflate_decompress.c:246:37: warning: comparison of integer expressions of different signedness: 'long int' and 'long unsigned int' [-Wsign-compare]
[INFO] [stderr] warning: critpath-libdeflate@0.1.0:   246 |             likely(in_end - in_next >= sizeof(bitbuf_t))) {             \
[INFO] [stderr] warning: critpath-libdeflate@0.1.0:       |                                     ^~
[INFO] [stderr] warning: critpath-libdeflate@0.1.0: /opt/rustwide/workdir/csrc/libdeflate/lib/../common_defs.h:231:53: note: in definition of macro 'likely'
[INFO] [stderr] warning: critpath-libdeflate@0.1.0:   231 | #  define likely(expr)          __builtin_expect(!!(expr), 1)
[INFO] [stderr] warning: critpath-libdeflate@0.1.0:       |                                                     ^~~~
[INFO] [stderr] warning: critpath-libdeflate@0.1.0: /opt/rustwide/workdir/csrc/libdeflate/lib/x86/../decompress_template.h:174:25: note: in expansion of macro 'REFILL_BITS'
[INFO] [stderr] warning: critpath-libdeflate@0.1.0:   174 |                         REFILL_BITS();
[INFO] [stderr] warning: critpath-libdeflate@0.1.0:       |                         ^~~~~~~~~~~
[INFO] [stderr] warning: critpath-libdeflate@0.1.0: /opt/rustwide/workdir/csrc/libdeflate/lib/deflate_decompress.c:246:37: warning: comparison of integer expressions of different signedness: 'long int' and 'long unsigned int' [-Wsign-compare]
[INFO] [stderr] warning: critpath-libdeflate@0.1.0:   246 |             likely(in_end - in_next >= sizeof(bitbuf_t))) {             \
[INFO] [stderr] warning: critpath-libdeflate@0.1.0:       |                                     ^~
[INFO] [stderr] warning: critpath-libdeflate@0.1.0: /opt/rustwide/workdir/csrc/libdeflate/lib/../common_defs.h:231:53: note: in definition of macro 'likely'
[INFO] [stderr] warning: critpath-libdeflate@0.1.0:   231 | #  define likely(expr)          __builtin_expect(!!(expr), 1)
[INFO] [stderr] warning: critpath-libdeflate@0.1.0:       |                                                     ^~~~
[INFO] [stderr] warning: critpath-libdeflate@0.1.0: /opt/rustwide/workdir/csrc/libdeflate/lib/x86/../decompress_template.h:188:41: note: in expansion of macro 'REFILL_BITS'
[INFO] [stderr] warning: critpath-libdeflate@0.1.0:   188 |                                         REFILL_BITS();
[INFO] [stderr] warning: critpath-libdeflate@0.1.0:       |                                         ^~~~~~~~~~~
[INFO] [stderr] warning: critpath-libdeflate@0.1.0: /opt/rustwide/workdir/csrc/libdeflate/lib/deflate_decompress.c:246:37: warning: comparison of integer expressions of different signedness: 'long int' and 'long unsigned int' [-Wsign-compare]
[INFO] [stderr] warning: critpath-libdeflate@0.1.0:   246 |             likely(in_end - in_next >= sizeof(bitbuf_t))) {             \
[INFO] [stderr] warning: critpath-libdeflate@0.1.0:       |                                     ^~
[INFO] [stderr] warning: critpath-libdeflate@0.1.0: /opt/rustwide/workdir/csrc/libdeflate/lib/../common_defs.h:231:53: note: in definition of macro 'likely'
[INFO] [stderr] warning: critpath-libdeflate@0.1.0:   231 | #  define likely(expr)          __builtin_expect(!!(expr), 1)
[INFO] [stderr] warning: critpath-libdeflate@0.1.0:       |                                                     ^~~~
[INFO] [stderr] warning: critpath-libdeflate@0.1.0: /opt/rustwide/workdir/csrc/libdeflate/lib/x86/../decompress_template.h:209:33: note: in expansion of macro 'REFILL_BITS'
[INFO] [stderr] warning: critpath-libdeflate@0.1.0:   209 |                                 REFILL_BITS();
[INFO] [stderr] warning: critpath-libdeflate@0.1.0:       |                                 ^~~~~~~~~~~
[INFO] [stderr] warning: critpath-libdeflate@0.1.0: /opt/rustwide/workdir/csrc/libdeflate/lib/deflate_decompress.c:246:37: warning: comparison of integer expressions of different signedness: 'long int' and 'long unsigned int' [-Wsign-compare]
[INFO] [stderr] warning: critpath-libdeflate@0.1.0:   246 |             likely(in_end - in_next >= sizeof(bitbuf_t))) {             \
[INFO] [stderr] warning: critpath-libdeflate@0.1.0:       |                                     ^~
[INFO] [stderr] warning: critpath-libdeflate@0.1.0: /opt/rustwide/workdir/csrc/libdeflate/lib/../common_defs.h:231:53: note: in definition of macro 'likely'
[INFO] [stderr] warning: critpath-libdeflate@0.1.0:   231 | #  define likely(expr)          __builtin_expect(!!(expr), 1)
[INFO] [stderr] warning: critpath-libdeflate@0.1.0:       |                                                     ^~~~
[INFO] [stderr] warning: critpath-libdeflate@0.1.0: /opt/rustwide/workdir/csrc/libdeflate/lib/x86/../decompress_template.h:733:17: note: in expansion of macro 'REFILL_BITS'
[INFO] [stderr] warning: critpath-libdeflate@0.1.0:   733 |                 REFILL_BITS();
[INFO] [stderr] warning: critpath-libdeflate@0.1.0:       |                 ^~~~~~~~~~~
[INFO] [stderr] warning: critpath-libdeflate@0.1.0: /opt/rustwide/workdir/csrc/libdeflate/lib/deflate_decompress.c:246:37: warning: comparison of integer expressions of different signedness: 'long int' and 'long unsigned int' [-Wsign-compare]
[INFO] [stderr] warning: critpath-libdeflate@0.1.0:   246 |             likely(in_end - in_next >= sizeof(bitbuf_t))) {             \
[INFO] [stderr] warning: critpath-libdeflate@0.1.0:       |                                     ^~
[INFO] [stderr] warning: critpath-libdeflate@0.1.0: /opt/rustwide/workdir/csrc/libdeflate/lib/../common_defs.h:231:53: note: in definition of macro 'likely'
[INFO] [stderr] warning: critpath-libdeflate@0.1.0:   231 | #  define likely(expr)          __builtin_expect(!!(expr), 1)
[INFO] [stderr] warning: critpath-libdeflate@0.1.0:       |                                                     ^~~~
[INFO] [stderr] warning: critpath-libdeflate@0.1.0: /opt/rustwide/workdir/csrc/libdeflate/lib/x86/../decompress_template.h:759:25: note: in expansion of macro 'REFILL_BITS'
[INFO] [stderr] warning: critpath-libdeflate@0.1.0:   759 |                         REFILL_BITS();
[INFO] [stderr] warning: critpath-libdeflate@0.1.0:       |                         ^~~~~~~~~~~
[INFO] [stderr] warning: critpath-libdeflate@0.1.0: /opt/rustwide/workdir/csrc/libdeflate/lib/deflate_decompress.c:246:37: warning: comparison of integer expressions of different signedness: 'long int' and 'long unsigned int' [-Wsign-compare]
[INFO] [stderr] warning: critpath-libdeflate@0.1.0:   246 |             likely(in_end - in_next >= sizeof(bitbuf_t))) {             \
[INFO] [stderr] warning: critpath-libdeflate@0.1.0:       |                                     ^~
[INFO] [stderr] warning: critpath-libdeflate@0.1.0: /opt/rustwide/workdir/csrc/libdeflate/lib/../common_defs.h:231:53: note: in definition of macro 'likely'
[INFO] [stderr] warning: critpath-libdeflate@0.1.0:   231 | #  define likely(expr)          __builtin_expect(!!(expr), 1)
[INFO] [stderr] warning: critpath-libdeflate@0.1.0:       |                                                     ^~~~
[INFO] [stderr] warning: critpath-libdeflate@0.1.0: /opt/rustwide/workdir/csrc/libdeflate/lib/x86/../decompress_template.h:767:33: note: in expansion of macro 'REFILL_BITS'
[INFO] [stderr] warning: critpath-libdeflate@0.1.0:   767 |                                 REFILL_BITS();
[INFO] [stderr] warning: critpath-libdeflate@0.1.0:       |                                 ^~~~~~~~~~~
[INFO] [stderr] warning: critpath-libdeflate@0.1.0: In file included from <command-line>:
[INFO] [stderr] warning: critpath-libdeflate@0.1.0: /opt/rustwide/workdir/csrc/cpld_prefix.h:16:33: warning: '/*' within comment [-Wcomment]
[INFO] [stderr] warning: critpath-libdeflate@0.1.0:    16 |  * vendored libdeflate 1.25 (lib/*.c), only the external symbol NAMES change.
[INFO] [stderr] warning: critpath-libdeflate@0.1.0: In file included from <command-line>:
[INFO] [stderr] warning: critpath-libdeflate@0.1.0: /opt/rustwide/workdir/csrc/cpld_prefix.h:16:33: warning: '/*' within comment [-Wcomment]
[INFO] [stderr] warning: critpath-libdeflate@0.1.0:    16 |  * vendored libdeflate 1.25 (lib/*.c), only the external symbol NAMES change.
[INFO] [stderr] warning: critpath-libdeflate@0.1.0: In file included from <command-line>:
[INFO] [stderr] warning: critpath-libdeflate@0.1.0: /opt/rustwide/workdir/csrc/cpld_prefix.h:16:33: warning: '/*' within comment [-Wcomment]
[INFO] [stderr] warning: critpath-libdeflate@0.1.0:    16 |  * vendored libdeflate 1.25 (lib/*.c), only the external symbol NAMES change.
[INFO] [stderr] warning: critpath-libdeflate@0.1.0: In file included from <command-line>:
[INFO] [stderr] warning: critpath-libdeflate@0.1.0: /opt/rustwide/workdir/csrc/cpld_prefix.h:16:33: warning: '/*' within comment [-Wcomment]
[INFO] [stderr] warning: critpath-libdeflate@0.1.0:    16 |  * vendored libdeflate 1.25 (lib/*.c), only the external symbol NAMES change.
[INFO] [stderr] warning: critpath-libdeflate@0.1.0: In file included from <command-line>:
[INFO] [stderr] warning: critpath-libdeflate@0.1.0: /opt/rustwide/workdir/csrc/cpld_prefix.h:16:33: warning: '/*' within comment [-Wcomment]
[INFO] [stderr] warning: critpath-libdeflate@0.1.0:    16 |  * vendored libdeflate 1.25 (lib/*.c), only the external symbol NAMES change.
[INFO] [stderr] error: could not compile `critpath-libdeflate` (example "decode_stdout") due to 1 previous error
[INFO] running `Command { std: "docker" "inspect" "a487a3269bdf4d37d7d61c703b222cc91f56e85416c590d75d4da37dfb44ea6d", kill_on_drop: false }`
[INFO] running `Command { std: "docker" "rm" "-f" "a487a3269bdf4d37d7d61c703b222cc91f56e85416c590d75d4da37dfb44ea6d", kill_on_drop: false }`
[INFO] [stdout] a487a3269bdf4d37d7d61c703b222cc91f56e85416c590d75d4da37dfb44ea6d
