[INFO] fetching crate crdb-harness 0.0.2...
[INFO] testing crdb-harness-0.0.2 against 1.99.0-beta.8+cargoflags=--release for beta-release-1.100-2
[INFO] extracting crate crdb-harness 0.0.2 into /workspace/builds/worker-1-tc1/source
[INFO] started tweaking crates.io crate crdb-harness 0.0.2
[INFO] finished tweaking crates.io crate crdb-harness 0.0.2
[INFO] tweaked toml for crates.io crate crdb-harness 0.0.2 written to /workspace/builds/worker-1-tc1/source/Cargo.toml
[INFO] validating manifest of crates.io crate crdb-harness 0.0.2 on toolchain 1.99.0-beta.8
[INFO] running `Command { std: CARGO_HOME="/workspace/cargo-home" RUSTUP_HOME="/workspace/rustup-home" "/workspace/cargo-home/bin/cargo" "+1.99.0-beta.8" "metadata" "--manifest-path" "Cargo.toml" "--no-deps", kill_on_drop: false }`
[INFO] running `Command { std: CARGO_HOME="/workspace/cargo-home" RUSTUP_HOME="/workspace/rustup-home" "/workspace/cargo-home/bin/cargo" "+1.99.0-beta.8" "generate-lockfile" "--manifest-path" "Cargo.toml", kill_on_drop: false }`
[INFO] [stderr]     Updating crates.io index
[INFO] [stderr]      Locking 218 packages to highest compatible versions
[INFO] [stderr]       Adding generic-array v0.14.7 (available: v0.14.9)
[INFO] [stderr]       Adding reqwest v0.12.28 (available: v0.13.5)
[INFO] [stderr]       Adding sha2 v0.10.9 (available: v0.11.1)
[INFO] [stderr]       Adding strum v0.26.3 (available: v0.28.0)
[INFO] [stderr]       Adding thiserror v1.0.69 (available: v2.0.21)
[INFO] running `Command { std: CARGO_HOME="/workspace/cargo-home" RUSTUP_HOME="/workspace/rustup-home" "/workspace/cargo-home/bin/cargo" "+1.99.0-beta.8" "fetch" "--manifest-path" "Cargo.toml", kill_on_drop: false }`
[INFO] [stderr]  Downloading crates ...
[INFO] [stderr]   Downloaded camino-tempfile v1.4.1
[INFO] running `Command { std: "docker" "create" "-v" "/var/lib/crater-agent-workspace/builds/worker-1-tc1/source:/opt/rustwide/workdir:ro,Z" "-v" "/var/lib/crater-agent-workspace/builds/worker-1-tc1/target:/opt/rustwide/target:rw,Z" "-v" "/var/lib/crater-agent-workspace/cargo-home:/opt/rustwide/cargo-home:ro,Z" "-v" "/var/lib/crater-agent-workspace/rustup-home:/opt/rustwide/rustup-home:ro,Z" "-m" "1610612736" "--network" "none" "ghcr.io/rust-lang/crates-build-env/linux@sha256:77db811e55d90add9212f6832c23229e3de5f1c1f9905e8cb07319ea15df73ac" "sleep" "infinity", kill_on_drop: false }`
[INFO] [stdout] 1d8bee2334dcf12fe603b3a4043b6699326b962d980e610b29c7695e831e96de
[INFO] running `Command { std: "docker" "start" "1d8bee2334dcf12fe603b3a4043b6699326b962d980e610b29c7695e831e96de", kill_on_drop: false }`
[INFO] running `Command { std: "docker" "inspect" "1d8bee2334dcf12fe603b3a4043b6699326b962d980e610b29c7695e831e96de", kill_on_drop: false }`
[INFO] running `Command { std: "docker" "exec" "-e" "SOURCE_DIR=/opt/rustwide/workdir" "-e" "CARGO_HOME=/opt/rustwide/cargo-home" "-e" "RUSTUP_HOME=/opt/rustwide/rustup-home" "-e" "CARGO_TARGET_DIR=/opt/rustwide/target" "-w" "/opt/rustwide/workdir" "--user" "0:0" "1d8bee2334dcf12fe603b3a4043b6699326b962d980e610b29c7695e831e96de" "/opt/rustwide/cargo-home/bin/cargo" "+1.99.0-beta.8" "metadata" "--no-deps" "--format-version=1", kill_on_drop: false }`
[INFO] running `Command { std: "docker" "inspect" "1d8bee2334dcf12fe603b3a4043b6699326b962d980e610b29c7695e831e96de", kill_on_drop: false }`
[INFO] running `Command { std: "docker" "exec" "-e" "SOURCE_DIR=/opt/rustwide/workdir" "-e" "CARGO_HOME=/opt/rustwide/cargo-home" "-e" "RUSTUP_HOME=/opt/rustwide/rustup-home" "-e" "CARGO_TARGET_DIR=/opt/rustwide/target" "-e" "CARGO_INCREMENTAL=0" "-e" "RUST_BACKTRACE=full" "-e" "RUSTFLAGS=--cap-lints=warn" "-e" "RUSTDOCFLAGS=--cap-lints=warn" "-w" "/opt/rustwide/workdir" "--user" "0:0" "1d8bee2334dcf12fe603b3a4043b6699326b962d980e610b29c7695e831e96de" "/opt/rustwide/cargo-home/bin/cargo" "+1.99.0-beta.8" "build" "--frozen" "--message-format=json" "--release", kill_on_drop: false }`
[INFO] [stderr]    Compiling libc v0.2.191
[INFO] [stderr]    Compiling cfg-if v1.0.5
[INFO] [stderr]    Compiling smallvec v1.16.3
[INFO] [stderr]    Compiling proc-macro2 v1.0.107
[INFO] [stderr]    Compiling cc v1.8.0
[INFO] [stderr]    Compiling http v1.5.0
[INFO] [stderr]    Compiling zeroize v1.9.1
[INFO] [stderr]    Compiling slab v0.4.12
[INFO] [stderr]    Compiling futures-task v0.3.34
[INFO] [stderr]    Compiling httparse v1.10.1
[INFO] [stderr]    Compiling ctutils v0.4.3
[INFO] [stderr]    Compiling rustls v0.23.46
[INFO] [stderr]    Compiling typenum v1.20.1
[INFO] [stderr]    Compiling camino v1.2.6
[INFO] [stderr]    Compiling try-lock v0.2.5
[INFO] [stderr]    Compiling tower-service v0.3.3
[INFO] [stderr]    Compiling bitflags v2.13.2
[INFO] [stderr]    Compiling form_urlencoded v1.2.2
[INFO] [stderr]    Compiling rustls-pki-types v1.15.1
[INFO] [stderr]    Compiling rustix v1.1.5
[INFO] [stderr]    Compiling futures-util v0.3.34
[INFO] [stderr]    Compiling want v0.3.2
[INFO] [stderr]    Compiling atomic-waker v1.1.2
[INFO] [stderr]    Compiling serde v1.0.229
[INFO] [stderr]    Compiling tracing v0.1.44
[INFO] [stderr]    Compiling futures-channel v0.3.34
[INFO] [stderr]    Compiling sync_wrapper v1.0.2
[INFO] [stderr]    Compiling digest v0.11.3
[INFO] [stderr]    Compiling ipnet v2.12.2
[INFO] [stderr]    Compiling quote v1.0.47
[INFO] [stderr]    Compiling base64 v0.23.1
[INFO] [stderr]    Compiling linux-raw-sys v0.12.1
[INFO] [stderr]    Compiling syn v3.0.9
[INFO] [stderr]    Compiling syn v2.0.119
[INFO] [stderr]    Compiling tower-layer v0.3.3
[INFO] [stderr]    Compiling unicode-normalization v0.1.26
[INFO] [stderr]    Compiling crc32fast v1.5.2
[INFO] [stderr]    Compiling webpki-roots v1.0.9
[INFO] [stderr]    Compiling futures-sink v0.3.34
[INFO] [stderr]    Compiling futures-io v0.3.34
[INFO] [stderr]    Compiling adler2 v2.0.1
[INFO] [stderr]    Compiling simd-adler32 v0.3.10
[INFO] [stderr]    Compiling sha2 v0.11.1
[INFO] [stderr]    Compiling miniz_oxide v0.9.1
[INFO] [stderr]    Compiling hmac v0.13.0
[INFO] [stderr]    Compiling md-5 v0.11.0
[INFO] [stderr]    Compiling anyhow v1.0.104
[INFO] [stderr]    Compiling http-body v1.1.0
[INFO] [stderr]    Compiling generic-array v0.14.7
[INFO] [stderr]    Compiling http-body-util v0.1.5
[INFO] [stderr]    Compiling base64 v0.22.1
[INFO] [stderr]    Compiling siphasher v1.0.4
[INFO] [stderr]    Compiling serde_urlencoded v0.7.1
[INFO] [stderr]    Compiling stringprep v0.1.5
[INFO] [stderr]    Compiling fallible-iterator v0.2.0
[INFO] [stderr]    Compiling chrono v0.4.45
[INFO] [stderr]    Compiling phf_shared v0.13.1
[INFO] [stderr]    Compiling block-buffer v0.10.4
[INFO] [stderr]    Compiling getrandom v0.4.3
[INFO] [stderr]    Compiling errno v0.3.14
[INFO] [stderr]    Compiling crypto-common v0.1.7
[INFO] [stderr]    Compiling socket2 v0.6.5
[INFO] [stderr]    Compiling mio v1.2.4
[INFO] [stderr]    Compiling digest v0.10.7
[INFO] [stderr]    Compiling signal-hook-registry v1.4.8
[INFO] [stderr]    Compiling parking_lot_core v0.9.12
[INFO] [stderr]    Compiling rand v0.10.3
[INFO] [stderr]    Compiling sha2 v0.10.9
[INFO] [stderr]    Compiling ring v0.17.14
[INFO] [stderr]    Compiling getrandom v0.2.17
[INFO] [stderr]    Compiling filetime v0.2.29
[INFO] [stderr]    Compiling flate2 v1.1.10
[INFO] [stderr]    Compiling uuid v1.28.0
[INFO] [stderr]    Compiling parking_lot v0.12.5
[INFO] [stderr]    Compiling xattr v1.6.1
[INFO] [stderr]    Compiling phf v0.13.1
[INFO] [stderr]    Compiling tar v0.4.46
[INFO] [stderr]    Compiling postgres-protocol v0.6.12
[INFO] [stderr]    Compiling whoami v2.1.3
[INFO] [stderr]    Compiling postgres-types v0.2.14
[INFO] [stderr]    Compiling strum_macros v0.26.4
[INFO] [stderr]    Compiling thiserror-impl v1.0.69
[INFO] [stderr]    Compiling tempfile v3.27.0
[INFO] [stderr]    Compiling camino-tempfile v1.4.1
[INFO] [stderr]    Compiling thiserror v1.0.69
[INFO] [stderr]    Compiling synstructure v0.14.0
[INFO] [stderr]    Compiling strum v0.26.3
[INFO] [stderr]    Compiling zerovec-derive v0.11.6
[INFO] [stderr]    Compiling displaydoc v0.2.7
[INFO] [stderr]    Compiling tokio-macros v2.7.2
[INFO] [stderr]    Compiling futures-macro v0.3.34
[INFO] [stderr]    Compiling async-trait v0.1.92
[INFO] [stderr]    Compiling zerofrom-derive v0.1.8
[INFO] [stderr]    Compiling yoke-derive v0.8.4
[INFO] [stderr]    Compiling tokio v1.53.3
[INFO] [stderr]    Compiling zerofrom v0.1.8
[INFO] [stderr]    Compiling yoke v0.8.3
[INFO] [stderr]    Compiling zerovec v0.11.8
[INFO] [stderr]    Compiling zerotrie v0.2.5
[INFO] [stderr]    Compiling rustls-webpki v0.103.15
[INFO] [stderr]    Compiling tinystr v0.8.4
[INFO] [stderr]    Compiling potential_utf v0.1.6
[INFO] [stderr]    Compiling icu_collections v2.3.0
[INFO] [stderr]    Compiling icu_locale_core v2.3.0
[INFO] [stderr]    Compiling icu_provider v2.3.1
[INFO] [stderr]    Compiling icu_normalizer v2.3.0
[INFO] [stderr]    Compiling icu_properties v2.3.0
[INFO] [stderr]    Compiling futures-executor v0.3.34
[INFO] [stderr]    Compiling futures v0.3.34
[INFO] [stderr]    Compiling idna_adapter v1.2.2
[INFO] [stderr]    Compiling idna v1.1.0
[INFO] [stderr]    Compiling url v2.5.8
[INFO] [stderr]    Compiling hyper v1.12.0
[INFO] [stderr]    Compiling tower v0.5.3
[INFO] [stderr]    Compiling tokio-util v0.7.20
[INFO] [stderr]    Compiling tokio-rustls v0.26.6
[INFO] [stderr]    Compiling tower-http v0.6.11
[INFO] [stderr]    Compiling hyper-util v0.1.21
[INFO] [stderr]    Compiling hyper-rustls v0.27.10
[INFO] [stderr]    Compiling reqwest v0.12.28
[INFO] [stderr]    Compiling tokio-postgres v0.7.18
[INFO] [stderr]    Compiling crdb-harness v0.0.2 (/opt/rustwide/workdir)
[INFO] [stderr] error: failed to run custom build command for `crdb-harness v0.0.2 (/opt/rustwide/workdir)`
[INFO] [stderr] note: To improve backtraces for build dependencies, set the CARGO_PROFILE_RELEASE_BUILD_OVERRIDE_DEBUG=true environment variable to enable debug information generation.
[INFO] [stderr] 
[INFO] [stderr] Caused by:
[INFO] [stderr]   process didn't exit successfully: `/opt/rustwide/target/release/build/crdb-harness-1e83636ad0d2d217/build-script-build` (exit status: 1)
[INFO] [stderr]   --- stdout
[INFO] [stderr]   cargo:rerun-if-changed=tools/cockroachdb_checksums
[INFO] [stderr]   cargo:rerun-if-changed=tools/cockroachdb_version
[INFO] [stderr]   Downloading /opt/rustwide/target/release/build/crdb-harness-638381e2ca4a03f0/out/downloads/cockroach-v22.1.9.linux-amd64.tgz (attempt 1/3)
[INFO] [stderr]   Downloading /opt/rustwide/target/release/build/crdb-harness-638381e2ca4a03f0/out/downloads/cockroach-v22.1.9.linux-amd64.tgz (attempt 2/3)
[INFO] [stderr]   Downloading /opt/rustwide/target/release/build/crdb-harness-638381e2ca4a03f0/out/downloads/cockroach-v22.1.9.linux-amd64.tgz (attempt 3/3)
[INFO] [stderr] 
[INFO] [stderr]   --- stderr
[INFO] [stderr]   Download failed, retrying: error sending request for url (https://binaries.cockroachdb.com/cockroach-v22.1.9.linux-amd64.tgz)
[INFO] [stderr]   Download failed, retrying: error sending request for url (https://binaries.cockroachdb.com/cockroach-v22.1.9.linux-amd64.tgz)
[INFO] [stderr]   Error: error sending request for url (https://binaries.cockroachdb.com/cockroach-v22.1.9.linux-amd64.tgz)
[INFO] [stderr] 
[INFO] [stderr]   Caused by:
[INFO] [stderr]       0: client error (Connect)
[INFO] [stderr]       1: dns error
[INFO] [stderr]       2: failed to lookup address information: Temporary failure in name resolution
[INFO] [stderr] 
[INFO] [stderr]   Stack backtrace:
[INFO] [stderr]      0: <anyhow::Error as core::convert::From<reqwest::error::Error>>::from
[INFO] [stderr]      1: <core::result::Result<(), anyhow::Error> as core::ops::try_trait::FromResidual<core::result::Result<core::convert::Infallible, reqwest::error::Error>>>::from_residual
[INFO] [stderr]      2: build_script_build::streaming_download::{closure#0}
[INFO] [stderr]      3: build_script_build::download_file_and_verify::{closure#0}
[INFO] [stderr]      4: <build_script_build::Downloader>::download_cockroach::{closure#0}
[INFO] [stderr]      5: build_script_build::main::{closure#0}
[INFO] [stderr]      6: <tokio::runtime::park::CachedParkThread>::block_on::<build_script_build::main::{closure#0}>::{closure#0}
[INFO] [stderr]      7: <tokio::runtime::park::CachedParkThread>::block_on::<build_script_build::main::{closure#0}>
[INFO] [stderr]      8: <tokio::runtime::context::blocking::BlockingRegionGuard>::block_on::<build_script_build::main::{closure#0}>
[INFO] [stderr]      9: <tokio::runtime::scheduler::multi_thread::MultiThread>::block_on::<build_script_build::main::{closure#0}>::{closure#0}
[INFO] [stderr]     10: tokio::runtime::context::runtime::enter_runtime::<<tokio::runtime::scheduler::multi_thread::MultiThread>::block_on<build_script_build::main::{closure#0}>::{closure#0}, core::result::Result<(), anyhow::Error>>
[INFO] [stderr]     11: <tokio::runtime::scheduler::multi_thread::MultiThread>::block_on::<build_script_build::main::{closure#0}>
[INFO] [stderr]     12: <tokio::runtime::runtime::Runtime>::block_on_inner::<build_script_build::main::{closure#0}>
[INFO] [stderr]     13: <tokio::runtime::runtime::Runtime>::block_on::<build_script_build::main::{closure#0}>
[INFO] [stderr]     14: build_script_build::main
[INFO] [stderr]     15: <fn() -> core::result::Result<(), anyhow::Error> as core::ops::function::FnOnce<()>>::call_once
[INFO] [stderr]     16: std::sys::backtrace::__rust_begin_short_backtrace::<fn() -> core::result::Result<(), anyhow::Error>, core::result::Result<(), anyhow::Error>>
[INFO] [stderr]     17: std::rt::lang_start::<core::result::Result<(), anyhow::Error>>::{closure#0}
[INFO] [stderr]     18: std::rt::lang_start_internal
[INFO] [stderr]     19: std::rt::lang_start::<core::result::Result<(), anyhow::Error>>
[INFO] [stderr]     20: main
[INFO] [stderr]     21: <unknown>
[INFO] [stderr]     22: __libc_start_main
[INFO] [stderr]     23: _start
[INFO] [stderr] warning: build failed, waiting for other jobs to finish...
[INFO] running `Command { std: "docker" "inspect" "1d8bee2334dcf12fe603b3a4043b6699326b962d980e610b29c7695e831e96de", kill_on_drop: false }`
[INFO] running `Command { std: "docker" "rm" "-f" "1d8bee2334dcf12fe603b3a4043b6699326b962d980e610b29c7695e831e96de", kill_on_drop: false }`
[INFO] [stdout] 1d8bee2334dcf12fe603b3a4043b6699326b962d980e610b29c7695e831e96de
