[INFO] fetching crate crc32 0.0.2...
[INFO] testing crc32-0.0.2 against 1.99.0-beta.8+cargoflags=--release for beta-release-1.100-2
[INFO] extracting crate crc32 0.0.2 into /workspace/builds/worker-3-tc1/source
[INFO] started tweaking crates.io crate crc32 0.0.2
[INFO] finished tweaking crates.io crate crc32 0.0.2
[INFO] tweaked toml for crates.io crate crc32 0.0.2 written to /workspace/builds/worker-3-tc1/source/Cargo.toml
[INFO] validating manifest of crates.io crate crc32 0.0.2 on toolchain 1.99.0-beta.8
[INFO] running `Command { std: CARGO_HOME="/workspace/cargo-home" RUSTUP_HOME="/workspace/rustup-home" "/workspace/cargo-home/bin/cargo" "+1.99.0-beta.8" "metadata" "--manifest-path" "Cargo.toml" "--no-deps", kill_on_drop: false }`
[INFO] running `Command { std: CARGO_HOME="/workspace/cargo-home" RUSTUP_HOME="/workspace/rustup-home" "/workspace/cargo-home/bin/cargo" "+1.99.0-beta.8" "generate-lockfile" "--manifest-path" "Cargo.toml", kill_on_drop: false }`
[INFO] running `Command { std: CARGO_HOME="/workspace/cargo-home" RUSTUP_HOME="/workspace/rustup-home" "/workspace/cargo-home/bin/cargo" "+1.99.0-beta.8" "fetch" "--manifest-path" "Cargo.toml", kill_on_drop: false }`
[INFO] [stderr] warning: Cargo.toml: `package.edition` is unspecified, defaulting to `2015` while the latest is `2024`
[INFO] [stderr] warning: `crc32` (manifest) generated 1 warning
[INFO] running `Command { std: "docker" "create" "-v" "/var/lib/crater-agent-workspace/builds/worker-3-tc1/source:/opt/rustwide/workdir:ro,Z" "-v" "/var/lib/crater-agent-workspace/builds/worker-3-tc1/target:/opt/rustwide/target:rw,Z" "-v" "/var/lib/crater-agent-workspace/cargo-home:/opt/rustwide/cargo-home:ro,Z" "-v" "/var/lib/crater-agent-workspace/rustup-home:/opt/rustwide/rustup-home:ro,Z" "-m" "1610612736" "--network" "none" "ghcr.io/rust-lang/crates-build-env/linux@sha256:77db811e55d90add9212f6832c23229e3de5f1c1f9905e8cb07319ea15df73ac" "sleep" "infinity", kill_on_drop: false }`
[INFO] [stdout] fa18558a5fee3daf34fb5283dcb663f6221b62814e5089fafae8510db501516c
[INFO] running `Command { std: "docker" "start" "fa18558a5fee3daf34fb5283dcb663f6221b62814e5089fafae8510db501516c", kill_on_drop: false }`
[INFO] running `Command { std: "docker" "inspect" "fa18558a5fee3daf34fb5283dcb663f6221b62814e5089fafae8510db501516c", kill_on_drop: false }`
[INFO] running `Command { std: "docker" "exec" "-e" "SOURCE_DIR=/opt/rustwide/workdir" "-e" "CARGO_HOME=/opt/rustwide/cargo-home" "-e" "RUSTUP_HOME=/opt/rustwide/rustup-home" "-e" "CARGO_TARGET_DIR=/opt/rustwide/target" "-w" "/opt/rustwide/workdir" "--user" "0:0" "fa18558a5fee3daf34fb5283dcb663f6221b62814e5089fafae8510db501516c" "/opt/rustwide/cargo-home/bin/cargo" "+1.99.0-beta.8" "metadata" "--no-deps" "--format-version=1", kill_on_drop: false }`
[INFO] running `Command { std: "docker" "inspect" "fa18558a5fee3daf34fb5283dcb663f6221b62814e5089fafae8510db501516c", kill_on_drop: false }`
[INFO] running `Command { std: "docker" "exec" "-e" "SOURCE_DIR=/opt/rustwide/workdir" "-e" "CARGO_HOME=/opt/rustwide/cargo-home" "-e" "RUSTUP_HOME=/opt/rustwide/rustup-home" "-e" "CARGO_TARGET_DIR=/opt/rustwide/target" "-e" "CARGO_INCREMENTAL=0" "-e" "RUST_BACKTRACE=full" "-e" "RUSTFLAGS=--cap-lints=warn" "-e" "RUSTDOCFLAGS=--cap-lints=warn" "-w" "/opt/rustwide/workdir" "--user" "0:0" "fa18558a5fee3daf34fb5283dcb663f6221b62814e5089fafae8510db501516c" "/opt/rustwide/cargo-home/bin/cargo" "+1.99.0-beta.8" "build" "--frozen" "--message-format=json" "--release", kill_on_drop: false }`
[INFO] [stderr] warning: Cargo.toml: `package.edition` is unspecified, defaulting to `2015` while the latest is `2024`
[INFO] [stderr] warning: `crc32` (manifest) generated 1 warning
[INFO] [stderr]    Compiling crc32 v0.0.2 (/opt/rustwide/workdir)
[INFO] [stdout] error[E0433]: cannot find `BufferedWriter` in `io`
[INFO] [stdout]   --> build.rs:19:25
[INFO] [stdout]    |
[INFO] [stdout] 19 |     let mut outwr = io::BufferedWriter::new(outfile);
[INFO] [stdout]    |                         ^^^^^^^^^^^^^^ could not find `BufferedWriter` in `io`
[INFO] [stdout] 
[INFO] [stdout] 
[INFO] [stdout] error[E0425]: cannot find type `uint` in this scope
[INFO] [stdout]  --> src/crc32gen.rs:2:14
[INFO] [stdout]   |
[INFO] [stdout] 2 | const TBLS : uint = 8;
[INFO] [stdout]   |              ^^^^ not found in this scope
[INFO] [stdout] 
[INFO] [stdout] 
[INFO] [stdout] error[E0425]: cannot find type `uint` in this scope
[INFO] [stdout]   --> src/crc32gen.rs:41:40
[INFO] [stdout]    |
[INFO] [stdout] 41 |         poly |= 1u32 << (31 - *term as uint);
[INFO] [stdout]    |                                        ^^^^ not found in this scope
[INFO] [stdout] 
[INFO] [stdout] 
[INFO] [stdout] error[E0425]: cannot find type `uint` in this scope
[INFO] [stdout]   --> src/crc32gen.rs:63:35
[INFO] [stdout]    |
[INFO] [stdout] 63 |             c = crc_table[0][c as uint & 0xff] ^ (c >> 8);
[INFO] [stdout]    |                                   ^^^^ not found in this scope
[INFO] [stdout] 
[INFO] [stdout] 
[INFO] [stdout] error[E0433]: cannot find type `Path` in this scope
[INFO] [stdout]   --> build.rs:16:19
[INFO] [stdout]    |
[INFO] [stdout] 16 |     let outpath = Path::new(outfile_name);
[INFO] [stdout]    |                   ^^^^ use of undeclared type `Path`
[INFO] [stdout]    |
[INFO] [stdout] help: consider importing this struct
[INFO] [stdout]    |
[INFO] [stdout]  3 + use std::path::Path;
[INFO] [stdout]    |
[INFO] [stdout] 
[INFO] [stdout] 
[INFO] [stdout] error[E0433]: cannot find `File` in `io`
[INFO] [stdout]   --> build.rs:18:23
[INFO] [stdout]    |
[INFO] [stdout] 18 |     let outfile = io::File::create(&outpath);
[INFO] [stdout]    |                       ^^^^ could not find `File` in `io`
[INFO] [stdout]    |
[INFO] [stdout] help: consider importing this struct
[INFO] [stdout]    |
[INFO] [stdout]  3 + use std::fs::File;
[INFO] [stdout]    |
[INFO] [stdout] help: if you import `File`, refer to it directly
[INFO] [stdout]    |
[INFO] [stdout] 18 -     let outfile = io::File::create(&outpath);
[INFO] [stdout] 18 +     let outfile = File::create(&outpath);
[INFO] [stdout]    |
[INFO] [stdout] 
[INFO] [stdout] 
[INFO] [stdout] error: invalid suffix `u` for number literal
[INFO] [stdout]   --> src/crc32gen.rs:50:24
[INFO] [stdout]    |
[INFO] [stdout] 50 |         for _ in range(0u, 8u) {
[INFO] [stdout]    |                        ^^ invalid suffix `u`
[INFO] [stdout]    |
[INFO] [stdout]    = help: the suffix must be one of the numeric types (`u32`, `isize`, `f32`, etc.)
[INFO] [stdout] 
[INFO] [stdout] 
[INFO] [stdout] error: invalid suffix `u` for number literal
[INFO] [stdout]   --> src/crc32gen.rs:50:28
[INFO] [stdout]    |
[INFO] [stdout] 50 |         for _ in range(0u, 8u) {
[INFO] [stdout]    |                            ^^ invalid suffix `u`
[INFO] [stdout]    |
[INFO] [stdout]    = help: the suffix must be one of the numeric types (`u32`, `isize`, `f32`, etc.)
[INFO] [stdout] 
[INFO] [stdout] 
[INFO] [stdout] error[E0425]: cannot find function `range` in this scope
[INFO] [stdout]   --> src/crc32gen.rs:48:14
[INFO] [stdout]    |
[INFO] [stdout] 48 |     for n in range(0, 0x100) {
[INFO] [stdout]    |              ^^^^^ not found in this scope
[INFO] [stdout] 
[INFO] [stdout] 
[INFO] [stdout] error[E0425]: cannot find function `range` in this scope
[INFO] [stdout]   --> src/crc32gen.rs:50:18
[INFO] [stdout]    |
[INFO] [stdout] 50 |         for _ in range(0u, 8u) {
[INFO] [stdout]    |                  ^^^^^ not found in this scope
[INFO] [stdout] 
[INFO] [stdout] 
[INFO] [stdout] error[E0425]: cannot find function `range` in this scope
[INFO] [stdout]   --> src/crc32gen.rs:59:14
[INFO] [stdout]    |
[INFO] [stdout] 59 |     for n in range(0, 0x100) {
[INFO] [stdout]    |              ^^^^^ not found in this scope
[INFO] [stdout] 
[INFO] [stdout] 
[INFO] [stdout] error[E0425]: cannot find function `range` in this scope
[INFO] [stdout]   --> src/crc32gen.rs:62:18
[INFO] [stdout]    |
[INFO] [stdout] 62 |         for k in range(1, 3) {
[INFO] [stdout]    |                  ^^^^^ not found in this scope
[INFO] [stdout] 
[INFO] [stdout] 
[INFO] [stdout] error[E0425]: cannot find function `range` in this scope
[INFO] [stdout]   --> src/crc32gen.rs:95:14
[INFO] [stdout]    |
[INFO] [stdout] 95 |     for k in range(1, 8) {
[INFO] [stdout]    |              ^^^^^ not found in this scope
[INFO] [stdout] 
[INFO] [stdout] 
[INFO] [stdout] error[E0425]: cannot find function `range` in this scope
[INFO] [stdout]    --> src/crc32gen.rs:107:14
[INFO] [stdout]     |
[INFO] [stdout] 107 |     for n in range(0, 0x100) {
[INFO] [stdout]     |              ^^^^^ not found in this scope
[INFO] [stdout] 
[INFO] [stdout] 
[INFO] [stdout] error[E0599]: no method named `as_slice` found for struct `String` in the current scope
[INFO] [stdout]    --> src/crc32gen.rs:111:25
[INFO] [stdout]     |
[INFO] [stdout] 111 |         s.push_str(line.as_slice());
[INFO] [stdout]     |                         ^^^^^^^^ method not found in `String`
[INFO] [stdout] 
[INFO] [stdout] 
[INFO] [stdout] error[E0599]: no method named `as_slice` found for struct `String` in the current scope
[INFO] [stdout]   --> build.rs:21:23
[INFO] [stdout]    |
[INFO] [stdout] 21 |     outwr.write_str(s.as_slice()).unwrap();
[INFO] [stdout]    |                       ^^^^^^^^ method not found in `String`
[INFO] [stdout] 
[INFO] [stdout] 
[INFO] [stdout] Some errors have detailed explanations: E0425, E0433, E0599.
[INFO] [stdout] 
[INFO] [stdout] For more information about an error, try `rustc --explain E0425`.
[INFO] [stdout] 
[INFO] [stderr] error: could not compile `crc32` (build script) due to 16 previous errors
[INFO] running `Command { std: "docker" "inspect" "fa18558a5fee3daf34fb5283dcb663f6221b62814e5089fafae8510db501516c", kill_on_drop: false }`
[INFO] running `Command { std: "docker" "rm" "-f" "fa18558a5fee3daf34fb5283dcb663f6221b62814e5089fafae8510db501516c", kill_on_drop: false }`
[INFO] [stdout] fa18558a5fee3daf34fb5283dcb663f6221b62814e5089fafae8510db501516c
