[INFO] fetching crate crazyradio 0.7.0...
[INFO] testing crazyradio-0.7.0 against 1.99.0-beta.8+cargoflags=--release for beta-release-1.100-2
[INFO] extracting crate crazyradio 0.7.0 into /workspace/builds/worker-1-tc1/source
[INFO] started tweaking crates.io crate crazyradio 0.7.0
[INFO] removed 0 missing examples
[INFO] finished tweaking crates.io crate crazyradio 0.7.0
[INFO] tweaked toml for crates.io crate crazyradio 0.7.0 written to /workspace/builds/worker-1-tc1/source/Cargo.toml
[INFO] validating manifest of crates.io crate crazyradio 0.7.0 on toolchain 1.99.0-beta.8
[INFO] running `Command { std: CARGO_HOME="/workspace/cargo-home" RUSTUP_HOME="/workspace/rustup-home" "/workspace/cargo-home/bin/cargo" "+1.99.0-beta.8" "metadata" "--manifest-path" "Cargo.toml" "--no-deps", kill_on_drop: false }`
[INFO] crate crates.io crate crazyradio 0.7.0 already has a lockfile, it will not be regenerated
[INFO] running `Command { std: CARGO_HOME="/workspace/cargo-home" RUSTUP_HOME="/workspace/rustup-home" "/workspace/cargo-home/bin/cargo" "+1.99.0-beta.8" "fetch" "--manifest-path" "Cargo.toml", kill_on_drop: false }`
[INFO] [stderr]     Blocking waiting for file lock on package cache
[INFO] [stderr]  Downloading crates ...
[INFO] [stderr]   Downloaded cc v1.2.62
[INFO] [stderr]   Downloaded wasm-bindgen-shared v0.2.122
[INFO] [stderr]   Downloaded wasm-bindgen-macro v0.2.122
[INFO] [stderr]   Downloaded rusb v0.9.4
[INFO] [stderr]   Downloaded console v0.16.3
[INFO] [stderr]   Downloaded wasm-bindgen v0.2.122
[INFO] [stderr]   Downloaded flume v0.12.0
[INFO] [stderr]   Downloaded wasm-bindgen-macro-support v0.2.122
[INFO] [stderr]   Downloaded js-sys v0.3.99
[INFO] [stderr]   Downloaded libusb1-sys v0.7.0
[INFO] [stderr]   Downloaded tokio v1.52.3
[INFO] running `Command { std: "docker" "create" "-v" "/var/lib/crater-agent-workspace/builds/worker-1-tc1/source:/opt/rustwide/workdir:ro,Z" "-v" "/var/lib/crater-agent-workspace/builds/worker-1-tc1/target:/opt/rustwide/target:rw,Z" "-v" "/var/lib/crater-agent-workspace/cargo-home:/opt/rustwide/cargo-home:ro,Z" "-v" "/var/lib/crater-agent-workspace/rustup-home:/opt/rustwide/rustup-home:ro,Z" "-m" "1610612736" "--network" "none" "ghcr.io/rust-lang/crates-build-env/linux@sha256:77db811e55d90add9212f6832c23229e3de5f1c1f9905e8cb07319ea15df73ac" "sleep" "infinity", kill_on_drop: false }`
[INFO] [stdout] aa40f6b01cd1d3a81f0b16ce8d17a567249967f74e79dc1c63a4feb486b38e55
[INFO] running `Command { std: "docker" "start" "aa40f6b01cd1d3a81f0b16ce8d17a567249967f74e79dc1c63a4feb486b38e55", kill_on_drop: false }`
[INFO] running `Command { std: "docker" "inspect" "aa40f6b01cd1d3a81f0b16ce8d17a567249967f74e79dc1c63a4feb486b38e55", kill_on_drop: false }`
[INFO] running `Command { std: "docker" "exec" "-e" "SOURCE_DIR=/opt/rustwide/workdir" "-e" "CARGO_HOME=/opt/rustwide/cargo-home" "-e" "RUSTUP_HOME=/opt/rustwide/rustup-home" "-e" "CARGO_TARGET_DIR=/opt/rustwide/target" "-w" "/opt/rustwide/workdir" "--user" "0:0" "aa40f6b01cd1d3a81f0b16ce8d17a567249967f74e79dc1c63a4feb486b38e55" "/opt/rustwide/cargo-home/bin/cargo" "+1.99.0-beta.8" "metadata" "--no-deps" "--format-version=1", kill_on_drop: false }`
[INFO] running `Command { std: "docker" "inspect" "aa40f6b01cd1d3a81f0b16ce8d17a567249967f74e79dc1c63a4feb486b38e55", kill_on_drop: false }`
[INFO] running `Command { std: "docker" "exec" "-e" "SOURCE_DIR=/opt/rustwide/workdir" "-e" "CARGO_HOME=/opt/rustwide/cargo-home" "-e" "RUSTUP_HOME=/opt/rustwide/rustup-home" "-e" "CARGO_TARGET_DIR=/opt/rustwide/target" "-e" "CARGO_INCREMENTAL=0" "-e" "RUST_BACKTRACE=full" "-e" "RUSTFLAGS=--cap-lints=warn" "-e" "RUSTDOCFLAGS=--cap-lints=warn" "-w" "/opt/rustwide/workdir" "--user" "0:0" "aa40f6b01cd1d3a81f0b16ce8d17a567249967f74e79dc1c63a4feb486b38e55" "/opt/rustwide/cargo-home/bin/cargo" "+1.99.0-beta.8" "build" "--frozen" "--message-format=json" "--release", kill_on_drop: false }`
[INFO] [stderr]    Compiling find-msvc-tools v0.1.9
[INFO] [stderr]    Compiling proc-macro2 v1.0.106
[INFO] [stderr]    Compiling pkg-config v0.3.33
[INFO] [stderr]    Compiling quote v1.0.45
[INFO] [stderr]    Compiling libc v0.2.186
[INFO] [stderr]    Compiling rusb v0.9.4
[INFO] [stderr]    Compiling thiserror v2.0.18
[INFO] [stderr]    Compiling cc v1.2.62
[INFO] [stderr]    Compiling syn v2.0.117
[INFO] [stderr]    Compiling libusb1-sys v0.7.0
[INFO] [stderr]    Compiling thiserror-impl v2.0.18
[INFO] [stderr]    Compiling crazyradio v0.7.0 (/opt/rustwide/workdir)
[INFO] [stderr]     Finished `release` profile [optimized] target(s) in 7.14s
[INFO] running `Command { std: "docker" "inspect" "aa40f6b01cd1d3a81f0b16ce8d17a567249967f74e79dc1c63a4feb486b38e55", kill_on_drop: false }`
[INFO] running `Command { std: "docker" "exec" "-e" "SOURCE_DIR=/opt/rustwide/workdir" "-e" "CARGO_HOME=/opt/rustwide/cargo-home" "-e" "RUSTUP_HOME=/opt/rustwide/rustup-home" "-e" "CARGO_TARGET_DIR=/opt/rustwide/target" "-e" "CARGO_INCREMENTAL=0" "-e" "RUST_BACKTRACE=full" "-e" "RUSTFLAGS=--cap-lints=warn" "-e" "RUSTDOCFLAGS=--cap-lints=warn" "-w" "/opt/rustwide/workdir" "--user" "0:0" "aa40f6b01cd1d3a81f0b16ce8d17a567249967f74e79dc1c63a4feb486b38e55" "/opt/rustwide/cargo-home/bin/cargo" "+1.99.0-beta.8" "test" "--frozen" "--no-run" "--message-format=json" "--release", kill_on_drop: false }`
[INFO] [stderr]    Compiling portable-atomic v1.13.1
[INFO] [stderr]    Compiling serde_core v1.0.228
[INFO] [stderr]    Compiling serde_json v1.0.150
[INFO] [stderr]    Compiling unicode-width v0.2.2
[INFO] [stderr]    Compiling unit-prefix v0.5.2
[INFO] [stderr]    Compiling memchr v2.8.0
[INFO] [stderr]    Compiling syn v2.0.117
[INFO] [stderr]    Compiling console v0.16.3
[INFO] [stderr]    Compiling indicatif v0.18.4
[INFO] [stderr]    Compiling thiserror-impl v2.0.18
[INFO] [stderr]    Compiling tokio-macros v2.7.0
[INFO] [stderr]    Compiling tokio v1.52.3
[INFO] [stderr]    Compiling thiserror v2.0.18
[INFO] [stderr]    Compiling crazyradio v0.7.0 (/opt/rustwide/workdir)
[INFO] [stdout] error[E0432]: unresolved import `crazyradio::SharedCrazyradio`
[INFO] [stdout]   --> examples/async_scan.rs:1:39
[INFO] [stdout]    |
[INFO] [stdout]  1 | use crazyradio::{Channel, Crazyradio, SharedCrazyradio};
[INFO] [stdout]    |                                       ^^^^^^^^^^^^^^^^ no `SharedCrazyradio` in the root
[INFO] [stdout]    |
[INFO] [stdout] note: found an item that was configured out
[INFO] [stdout]   --> src/lib.rs:26:31
[INFO] [stdout]    |
[INFO] [stdout] 25 | #[cfg(feature = "shared_radio")]
[INFO] [stdout]    |       ------------------------ the item is gated behind the `shared_radio` feature
[INFO] [stdout] 26 | pub use crate::shared_radio::{SharedCrazyradio, WeakSharedCrazyradio};
[INFO] [stdout]    |                               ^^^^^^^^^^^^^^^^
[INFO] [stdout] 
[INFO] [stdout] 
[INFO] [stdout] error[E0599]: no associated function or constant named `open_first_async` found for struct `Crazyradio` in the current scope
[INFO] [stdout]    --> examples/async_scan.rs:5:29
[INFO] [stdout]     |
[INFO] [stdout]   5 |     let radio = Crazyradio::open_first_async().await?;
[INFO] [stdout]     |                             ^^^^^^^^^^^^^^^^ associated function or constant not found in `Crazyradio`
[INFO] [stdout]     |
[INFO] [stdout] note: if you're trying to build a new `Crazyradio` consider using one of the following associated functions:
[INFO] [stdout]       Crazyradio::open_first
[INFO] [stdout]       Crazyradio::open_nth
[INFO] [stdout]       Crazyradio::open_by_serial
[INFO] [stdout]    --> src/lib.rs:265:5
[INFO] [stdout]     |
[INFO] [stdout] 265 |     pub fn open_first() -> Result<Self> {
[INFO] [stdout]     |     ^^^^^^^^^^^^^^^^^^^^^^^^^^^^^^^^^^^
[INFO] [stdout] ...
[INFO] [stdout] 275 |     pub fn open_nth(nth: usize) -> Result<Self> {
[INFO] [stdout]     |     ^^^^^^^^^^^^^^^^^^^^^^^^^^^^^^^^^^^^^^^^^^^
[INFO] [stdout] ...
[INFO] [stdout] 289 |     pub fn open_by_serial(serial: &str) -> Result<Self> {
[INFO] [stdout]     |     ^^^^^^^^^^^^^^^^^^^^^^^^^^^^^^^^^^^^^^^^^^^^^^^^^^^
[INFO] [stdout] help: there is an associated function `open_first` with a similar name
[INFO] [stdout]     |
[INFO] [stdout]   5 -     let radio = Crazyradio::open_first_async().await?;
[INFO] [stdout]   5 +     let radio = Crazyradio::open_first().await?;
[INFO] [stdout]     |
[INFO] [stdout] 
[INFO] [stdout] 
[INFO] [stdout] warning: method call on a diverging inference variable
[INFO] [stdout]   --> examples/async_scan.rs:17:45
[INFO] [stdout]    |
[INFO] [stdout] 17 |     println!("Found {} Crazyflies:", result.len());
[INFO] [stdout]    |                                             ^^^
[INFO] [stdout]    |
[INFO] [stdout]    = help: consider providing a type annotation
[INFO] [stdout]    = warning: this was previously accepted by the compiler but is being phased out; it will become a hard error in a future release!
[INFO] [stdout]    = note: for more information, see issue #156047 <https://github.com/rust-lang/rust/issues/156047>
[INFO] [stdout]    = note: `#[warn(method_call_on_diverging_infer_var)]` (part of `#[warn(future_incompatible)]`) on by default
[INFO] [stdout] 
[INFO] [stdout] 
[INFO] [stdout] error[E0599]: no method named `len` found for type `!` in the current scope
[INFO] [stdout]   --> examples/async_scan.rs:17:45
[INFO] [stdout]    |
[INFO] [stdout] 17 |     println!("Found {} Crazyflies:", result.len());
[INFO] [stdout]    |                                             ^^^
[INFO] [stdout]    |
[INFO] [stdout] help: there is a method `le` with a similar name, but with different arguments
[INFO] [stdout]   --> /rustc/dfb0accb7f508ae8be965d8629557221c889dd98/library/core/src/cmp.rs:1440:4
[INFO] [stdout] 
[INFO] [stdout] 
[INFO] [stdout] warning: unreachable call
[INFO] [stdout]   --> examples/async_scan.rs:18:20
[INFO] [stdout]    |
[INFO] [stdout] 18 |     for channel in result {
[INFO] [stdout]    |                    ^^^^^^
[INFO] [stdout]    |                    |
[INFO] [stdout]    |                    unreachable call
[INFO] [stdout]    |                    any code following this expression is unreachable
[INFO] [stdout]    |
[INFO] [stdout]    = note: `#[warn(unreachable_code)]` (part of `#[warn(unused)]`) on by default
[INFO] [stdout] 
[INFO] [stdout] 
[INFO] [stdout] Some errors have detailed explanations: E0432, E0599.
[INFO] [stdout] 
[INFO] [stdout] For more information about an error, try `rustc --explain E0432`.
[INFO] [stdout] 
[INFO] [stdout] error[E0432]: unresolved import `crazyradio::SharedCrazyradio`
[INFO] [stdout]   --> examples/async_broadcast.rs:1:39
[INFO] [stdout]    |
[INFO] [stdout]  1 | use crazyradio::{Channel, Crazyradio, SharedCrazyradio};
[INFO] [stdout]    |                                       ^^^^^^^^^^^^^^^^ no `SharedCrazyradio` in the root
[INFO] [stdout]    |
[INFO] [stdout] note: found an item that was configured out
[INFO] [stdout]   --> src/lib.rs:26:31
[INFO] [stdout]    |
[INFO] [stdout] 25 | #[cfg(feature = "shared_radio")]
[INFO] [stdout]    |       ------------------------ the item is gated behind the `shared_radio` feature
[INFO] [stdout] 26 | pub use crate::shared_radio::{SharedCrazyradio, WeakSharedCrazyradio};
[INFO] [stdout]    |                               ^^^^^^^^^^^^^^^^
[INFO] [stdout] 
[INFO] [stdout] 
[INFO] [stderr] error: could not compile `crazyradio` (example "async_scan") due to 3 previous errors; 3 warnings emitted
[INFO] [stderr] warning: build failed, waiting for other jobs to finish...
[INFO] [stdout] error[E0599]: no associated function or constant named `open_nth_async` found for struct `Crazyradio` in the current scope
[INFO] [stdout]    --> examples/async_sniffer.rs:6:30
[INFO] [stdout]     |
[INFO] [stdout]   6 |     let mut cr = Crazyradio::open_nth_async(1).await?;
[INFO] [stdout]     |                              ^^^^^^^^^^^^^^ associated function or constant not found in `Crazyradio`
[INFO] [stdout]     |
[INFO] [stdout] note: if you're trying to build a new `Crazyradio` consider using one of the following associated functions:
[INFO] [stdout]       Crazyradio::open_first
[INFO] [stdout]       Crazyradio::open_nth
[INFO] [stdout]       Crazyradio::open_by_serial
[INFO] [stdout]    --> src/lib.rs:265:5
[INFO] [stdout]     |
[INFO] [stdout] 265 |     pub fn open_first() -> Result<Self> {
[INFO] [stdout]     |     ^^^^^^^^^^^^^^^^^^^^^^^^^^^^^^^^^^^
[INFO] [stdout] ...
[INFO] [stdout] 275 |     pub fn open_nth(nth: usize) -> Result<Self> {
[INFO] [stdout]     |     ^^^^^^^^^^^^^^^^^^^^^^^^^^^^^^^^^^^^^^^^^^^
[INFO] [stdout] ...
[INFO] [stdout] 289 |     pub fn open_by_serial(serial: &str) -> Result<Self> {
[INFO] [stdout]     |     ^^^^^^^^^^^^^^^^^^^^^^^^^^^^^^^^^^^^^^^^^^^^^^^^^^^
[INFO] [stdout] help: there is an associated function `open_nth` with a similar name
[INFO] [stdout]     |
[INFO] [stdout]   6 -     let mut cr = Crazyradio::open_nth_async(1).await?;
[INFO] [stdout]   6 +     let mut cr = Crazyradio::open_nth(1).await?;
[INFO] [stdout]     |
[INFO] [stdout] 
[INFO] [stdout] 
[INFO] [stdout] warning: method call on a diverging inference variable
[INFO] [stdout]  --> examples/async_sniffer.rs:9:8
[INFO] [stdout]   |
[INFO] [stdout] 9 |     cr.set_channel(Channel::from_number(80)?)?;
[INFO] [stdout]   |        ^^^^^^^^^^^
[INFO] [stdout]   |
[INFO] [stdout]   = help: consider providing a type annotation
[INFO] [stdout]   = warning: this was previously accepted by the compiler but is being phased out; it will become a hard error in a future release!
[INFO] [stdout]   = note: for more information, see issue #156047 <https://github.com/rust-lang/rust/issues/156047>
[INFO] [stdout]   = note: `#[warn(method_call_on_diverging_infer_var)]` (part of `#[warn(future_incompatible)]`) on by default
[INFO] [stdout] 
[INFO] [stdout] 
[INFO] [stdout] error[E0599]: no method named `set_channel` found for type `!` in the current scope
[INFO] [stdout]  --> examples/async_sniffer.rs:9:8
[INFO] [stdout]   |
[INFO] [stdout] 9 |     cr.set_channel(Channel::from_number(80)?)?;
[INFO] [stdout]   |        ^^^^^^^^^^^ method not found in `!`
[INFO] [stdout] 
[INFO] [stdout] 
[INFO] [stdout] error[E0599]: no associated function or constant named `open_first_async` found for struct `Crazyradio` in the current scope
[INFO] [stdout]    --> examples/async_broadcast.rs:5:29
[INFO] [stdout]     |
[INFO] [stdout]   5 |     let radio = Crazyradio::open_first_async().await?;
[INFO] [stdout]     |                             ^^^^^^^^^^^^^^^^ associated function or constant not found in `Crazyradio`
[INFO] [stdout]     |
[INFO] [stdout] note: if you're trying to build a new `Crazyradio` consider using one of the following associated functions:
[INFO] [stdout]       Crazyradio::open_first
[INFO] [stdout]       Crazyradio::open_nth
[INFO] [stdout]       Crazyradio::open_by_serial
[INFO] [stdout]    --> src/lib.rs:265:5
[INFO] [stdout]     |
[INFO] [stdout] 265 |     pub fn open_first() -> Result<Self> {
[INFO] [stdout]     |     ^^^^^^^^^^^^^^^^^^^^^^^^^^^^^^^^^^^
[INFO] [stdout] ...
[INFO] [stdout] 275 |     pub fn open_nth(nth: usize) -> Result<Self> {
[INFO] [stdout]     |     ^^^^^^^^^^^^^^^^^^^^^^^^^^^^^^^^^^^^^^^^^^^
[INFO] [stdout] ...
[INFO] [stdout] 289 |     pub fn open_by_serial(serial: &str) -> Result<Self> {
[INFO] [stdout]     |     ^^^^^^^^^^^^^^^^^^^^^^^^^^^^^^^^^^^^^^^^^^^^^^^^^^^
[INFO] [stdout] help: there is an associated function `open_first` with a similar name
[INFO] [stdout]     |
[INFO] [stdout]   5 -     let radio = Crazyradio::open_first_async().await?;
[INFO] [stdout]   5 +     let radio = Crazyradio::open_first().await?;
[INFO] [stdout]     |
[INFO] [stdout] 
[INFO] [stdout] 
[INFO] [stdout] error[E0599]: no method named `set_datarate` found for type `!` in the current scope
[INFO] [stdout]   --> examples/async_sniffer.rs:10:8
[INFO] [stdout]    |
[INFO] [stdout] 10 |     cr.set_datarate(Datarate::Dr2M)?;
[INFO] [stdout]    |        ^^^^^^^^^^^^ method not found in `!`
[INFO] [stdout] 
[INFO] [stdout] 
[INFO] [stdout] warning: unreachable expression
[INFO] [stdout]   --> examples/async_sniffer.rs:10:21
[INFO] [stdout]    |
[INFO] [stdout] 10 |     cr.set_datarate(Datarate::Dr2M)?;
[INFO] [stdout]    |     --              ^^^^^^^^^^^^^^ unreachable expression
[INFO] [stdout]    |     |
[INFO] [stdout]    |     any code following this expression is unreachable
[INFO] [stdout]    |
[INFO] [stdout]    = note: `#[warn(unreachable_code)]` (part of `#[warn(unused)]`) on by default
[INFO] [stdout] 
[INFO] [stdout] 
[INFO] [stdout] Some errors have detailed explanations: E0432, E0599.
[INFO] [stdout] 
[INFO] [stdout] For more information about an error, try `rustc --explain E0432`.
[INFO] [stdout] 
[INFO] [stdout] error[E0599]: no method named `set_address` found for type `!` in the current scope
[INFO] [stdout]   --> examples/async_sniffer.rs:11:8
[INFO] [stdout]    |
[INFO] [stdout] 11 |     cr.set_address(&[0xe7, 0xe7, 0xe7, 0xe7, 0xe7])?;
[INFO] [stdout]    |        ^^^^^^^^^^^ method not found in `!`
[INFO] [stdout] 
[INFO] [stdout] 
[INFO] [stdout] warning: unreachable expression
[INFO] [stdout]   --> examples/async_sniffer.rs:11:20
[INFO] [stdout]    |
[INFO] [stdout] 11 |     cr.set_address(&[0xe7, 0xe7, 0xe7, 0xe7, 0xe7])?;
[INFO] [stdout]    |     --             ^^^^^^^^^^^^^^^^^^^^^^^^^^^^^^^ unreachable expression
[INFO] [stdout]    |     |
[INFO] [stdout]    |     any code following this expression is unreachable
[INFO] [stdout] 
[INFO] [stdout] 
[INFO] [stderr] error: could not compile `crazyradio` (example "async_broadcast") due to 2 previous errors
[INFO] [stdout] error[E0599]: no method named `enter_sniffer_mode_async` found for type `!` in the current scope
[INFO] [stdout]   --> examples/async_sniffer.rs:14:33
[INFO] [stdout]    |
[INFO] [stdout] 14 |     let (receiver, sender) = cr.enter_sniffer_mode_async().await?;
[INFO] [stdout]    |                                 ^^^^^^^^^^^^^^^^^^^^^^^^ method not found in `!`
[INFO] [stdout] 
[INFO] [stdout] 
[INFO] [stdout] warning: unreachable call
[INFO] [stdout]   --> examples/async_sniffer.rs:14:33
[INFO] [stdout]    |
[INFO] [stdout] 14 |     let (receiver, sender) = cr.enter_sniffer_mode_async().await?;
[INFO] [stdout]    |                              -- ^^^^^^^^^^^^^^^^^^^^^^^^ unreachable call
[INFO] [stdout]    |                              |
[INFO] [stdout]    |                              any code following this expression is unreachable
[INFO] [stdout] 
[INFO] [stdout] 
[INFO] [stdout] For more information about this error, try `rustc --explain E0599`.
[INFO] [stdout] 
[INFO] [stderr] error: could not compile `crazyradio` (example "async_sniffer") due to 5 previous errors; 5 warnings emitted
[INFO] running `Command { std: "docker" "inspect" "aa40f6b01cd1d3a81f0b16ce8d17a567249967f74e79dc1c63a4feb486b38e55", kill_on_drop: false }`
[INFO] running `Command { std: "docker" "rm" "-f" "aa40f6b01cd1d3a81f0b16ce8d17a567249967f74e79dc1c63a4feb486b38e55", kill_on_drop: false }`
[INFO] [stdout] aa40f6b01cd1d3a81f0b16ce8d17a567249967f74e79dc1c63a4feb486b38e55
