[INFO] fetching crate cratefield-ui 0.4.0...
[INFO] testing cratefield-ui-0.4.0 against 1.100.0-beta.1+cargoflags=--release for beta-release-1.100-2
[INFO] extracting crate cratefield-ui 0.4.0 into /workspace/builds/worker-1-tc2/source
[INFO] started tweaking crates.io crate cratefield-ui 0.4.0
[INFO] removed 0 missing tests
[INFO] finished tweaking crates.io crate cratefield-ui 0.4.0
[INFO] tweaked toml for crates.io crate cratefield-ui 0.4.0 written to /workspace/builds/worker-1-tc2/source/Cargo.toml
[INFO] validating manifest of crates.io crate cratefield-ui 0.4.0 on toolchain 1.100.0-beta.1
[INFO] running `Command { std: CARGO_HOME="/workspace/cargo-home" RUSTUP_HOME="/workspace/rustup-home" "/workspace/cargo-home/bin/cargo" "+1.100.0-beta.1" "metadata" "--manifest-path" "Cargo.toml" "--no-deps", kill_on_drop: false }`
[INFO] crate crates.io crate cratefield-ui 0.4.0 already has a lockfile, it will not be regenerated
[INFO] running `Command { std: CARGO_HOME="/workspace/cargo-home" RUSTUP_HOME="/workspace/rustup-home" "/workspace/cargo-home/bin/cargo" "+1.100.0-beta.1" "fetch" "--manifest-path" "Cargo.toml", kill_on_drop: false }`
[INFO] running `Command { std: "docker" "create" "-v" "/var/lib/crater-agent-workspace/builds/worker-1-tc2/source:/opt/rustwide/workdir:ro,Z" "-v" "/var/lib/crater-agent-workspace/builds/worker-1-tc2/target:/opt/rustwide/target:rw,Z" "-v" "/var/lib/crater-agent-workspace/cargo-home:/opt/rustwide/cargo-home:ro,Z" "-v" "/var/lib/crater-agent-workspace/rustup-home:/opt/rustwide/rustup-home:ro,Z" "-m" "1610612736" "--network" "none" "ghcr.io/rust-lang/crates-build-env/linux@sha256:77db811e55d90add9212f6832c23229e3de5f1c1f9905e8cb07319ea15df73ac" "sleep" "infinity", kill_on_drop: false }`
[INFO] [stdout] 4ce087b304104c34182a88709038868e563b76e33fa3b967ab70cc5310a54033
[INFO] running `Command { std: "docker" "start" "4ce087b304104c34182a88709038868e563b76e33fa3b967ab70cc5310a54033", kill_on_drop: false }`
[INFO] running `Command { std: "docker" "inspect" "4ce087b304104c34182a88709038868e563b76e33fa3b967ab70cc5310a54033", kill_on_drop: false }`
[INFO] running `Command { std: "docker" "exec" "-e" "SOURCE_DIR=/opt/rustwide/workdir" "-e" "CARGO_HOME=/opt/rustwide/cargo-home" "-e" "RUSTUP_HOME=/opt/rustwide/rustup-home" "-e" "CARGO_TARGET_DIR=/opt/rustwide/target" "-w" "/opt/rustwide/workdir" "--user" "0:0" "4ce087b304104c34182a88709038868e563b76e33fa3b967ab70cc5310a54033" "/opt/rustwide/cargo-home/bin/cargo" "+1.100.0-beta.1" "metadata" "--no-deps" "--format-version=1", kill_on_drop: false }`
[INFO] running `Command { std: "docker" "inspect" "4ce087b304104c34182a88709038868e563b76e33fa3b967ab70cc5310a54033", kill_on_drop: false }`
[INFO] running `Command { std: "docker" "exec" "-e" "SOURCE_DIR=/opt/rustwide/workdir" "-e" "CARGO_HOME=/opt/rustwide/cargo-home" "-e" "RUSTUP_HOME=/opt/rustwide/rustup-home" "-e" "CARGO_TARGET_DIR=/opt/rustwide/target" "-e" "CARGO_INCREMENTAL=0" "-e" "RUST_BACKTRACE=full" "-e" "RUSTFLAGS=--cap-lints=warn" "-e" "RUSTDOCFLAGS=--cap-lints=warn" "-w" "/opt/rustwide/workdir" "--user" "0:0" "4ce087b304104c34182a88709038868e563b76e33fa3b967ab70cc5310a54033" "/opt/rustwide/cargo-home/bin/cargo" "+1.100.0-beta.1" "build" "--frozen" "--message-format=json" "--release", kill_on_drop: false }`
[INFO] [stderr]    Compiling serde_core v1.0.229
[INFO] [stderr]    Compiling typenum v1.20.1
[INFO] [stderr]    Compiling http v1.5.0
[INFO] [stderr]    Compiling cmov v0.5.4
[INFO] [stderr]    Compiling libc v0.2.189
[INFO] [stderr]    Compiling serde v1.0.229
[INFO] [stderr]    Compiling tower-service v0.3.3
[INFO] [stderr]    Compiling tower-layer v0.3.3
[INFO] [stderr]    Compiling const-oid v0.10.2
[INFO] [stderr]    Compiling smallvec v1.16.0
[INFO] [stderr]    Compiling serde_json v1.0.151
[INFO] [stderr]    Compiling syn v3.0.5
[INFO] [stderr]    Compiling syn v2.0.119
[INFO] [stderr]    Compiling indexmap v2.14.2
[INFO] [stderr]    Compiling proc-macro2-diagnostics v0.10.1
[INFO] [stderr]    Compiling futures-task v0.3.34
[INFO] [stderr]    Compiling slab v0.4.12
[INFO] [stderr]    Compiling sync_wrapper v1.0.2
[INFO] [stderr]    Compiling ref-cast v1.0.27
[INFO] [stderr]    Compiling futures-util v0.3.34
[INFO] [stderr]    Compiling chacha20 v0.10.2
[INFO] [stderr]    Compiling thiserror v2.0.20
[INFO] [stderr]    Compiling mime v0.3.17
[INFO] [stderr]    Compiling tinyvec v1.13.2
[INFO] [stderr]    Compiling deranged v0.5.8
[INFO] [stderr]    Compiling ctutils v0.4.2
[INFO] [stderr]    Compiling time-core v0.1.9
[INFO] [stderr]    Compiling bitflags v2.13.1
[INFO] [stderr]    Compiling dyn-clone v1.0.20
[INFO] [stderr]    Compiling num-conv v0.2.2
[INFO] [stderr]    Compiling matchit v0.8.4
[INFO] [stderr]    Compiling base64 v0.23.1
[INFO] [stderr]    Compiling unicode-normalization v0.1.25
[INFO] [stderr]    Compiling hybrid-array v0.4.14
[INFO] [stderr]    Compiling http-body v1.1.0
[INFO] [stderr]    Compiling tower-http v0.7.1
[INFO] [stderr]    Compiling http-body-util v0.1.5
[INFO] [stderr]    Compiling getrandom v0.4.3
[INFO] [stderr]    Compiling rand v0.10.2
[INFO] [stderr]    Compiling axum-core v0.5.6
[INFO] [stderr]    Compiling crypto-common v0.2.2
[INFO] [stderr]    Compiling block-buffer v0.12.1
[INFO] [stderr]    Compiling time v0.3.55
[INFO] [stderr]    Compiling ulid v3.0.0
[INFO] [stderr]    Compiling tower v0.5.3
[INFO] [stderr]    Compiling serde_path_to_error v0.1.20
[INFO] [stderr]    Compiling digest v0.11.3
[INFO] [stderr]    Compiling sha1 v0.11.0
[INFO] [stderr]    Compiling sha2 v0.11.0
[INFO] [stderr]    Compiling hmac v0.13.0
[INFO] [stderr]    Compiling synstructure v0.13.2
[INFO] [stderr]    Compiling serde_derive_internals v0.30.0
[INFO] [stderr]    Compiling zerofrom-derive v0.1.7
[INFO] [stderr]    Compiling yoke-derive v0.8.2
[INFO] [stderr]    Compiling tracing-attributes v0.1.31
[INFO] [stderr]    Compiling zeroize_derive v1.5.0
[INFO] [stderr]    Compiling maud_macros v0.27.0
[INFO] [stderr]    Compiling zerovec-derive v0.11.6
[INFO] [stderr]    Compiling displaydoc v0.2.7
[INFO] [stderr]    Compiling serde_derive v1.0.229
[INFO] [stderr]    Compiling ref-cast-impl v1.0.27
[INFO] [stderr]    Compiling inherent v1.0.14
[INFO] [stderr]    Compiling thiserror-impl v2.0.20
[INFO] [stderr]    Compiling async-trait v0.1.92
[INFO] [stderr]    Compiling schemars_derive v1.2.2
[INFO] [stderr]    Compiling zeroize v1.9.0
[INFO] [stderr]    Compiling sea-query v0.32.7
[INFO] [stderr]    Compiling tracing v0.1.44
[INFO] [stderr]    Compiling zerofrom v0.1.8
[INFO] [stderr]    Compiling maud v0.27.0
[INFO] [stderr]    Compiling yoke v0.8.3
[INFO] [stderr]    Compiling zerovec v0.11.8
[INFO] [stderr]    Compiling zerotrie v0.2.5
[INFO] [stderr]    Compiling tinystr v0.8.4
[INFO] [stderr]    Compiling potential_utf v0.1.6
[INFO] [stderr]    Compiling icu_collections v2.3.0
[INFO] [stderr]    Compiling icu_locale_core v2.3.0
[INFO] [stderr]    Compiling icu_provider v2.3.1
[INFO] [stderr]    Compiling serde_urlencoded v0.7.1
[INFO] [stderr]    Compiling schemars v1.2.2
[INFO] [stderr]    Compiling axum v0.8.9
[INFO] [stderr]    Compiling icu_properties v2.3.0
[INFO] [stderr]    Compiling icu_normalizer v2.3.0
[INFO] [stderr]    Compiling idna_adapter v1.2.2
[INFO] [stderr]    Compiling idna v1.1.0
[INFO] [stderr]    Compiling url v2.5.8
[INFO] [stderr]    Compiling cratefield-core v0.8.0
[INFO] [stderr]    Compiling cratefield-ui v0.4.0 (/opt/rustwide/workdir)
[INFO] [stderr]     Finished `release` profile [optimized] target(s) in 1m 28s
[INFO] running `Command { std: "docker" "inspect" "4ce087b304104c34182a88709038868e563b76e33fa3b967ab70cc5310a54033", kill_on_drop: false }`
[INFO] running `Command { std: "docker" "exec" "-e" "SOURCE_DIR=/opt/rustwide/workdir" "-e" "CARGO_HOME=/opt/rustwide/cargo-home" "-e" "RUSTUP_HOME=/opt/rustwide/rustup-home" "-e" "CARGO_TARGET_DIR=/opt/rustwide/target" "-e" "CARGO_INCREMENTAL=0" "-e" "RUST_BACKTRACE=full" "-e" "RUSTFLAGS=--cap-lints=warn" "-e" "RUSTDOCFLAGS=--cap-lints=warn" "-w" "/opt/rustwide/workdir" "--user" "0:0" "4ce087b304104c34182a88709038868e563b76e33fa3b967ab70cc5310a54033" "/opt/rustwide/cargo-home/bin/cargo" "+1.100.0-beta.1" "test" "--frozen" "--no-run" "--message-format=json" "--release", kill_on_drop: false }`
[INFO] [stderr]    Compiling libc v0.2.189
[INFO] [stderr]    Compiling bitflags v2.13.1
[INFO] [stderr]    Compiling rustix v1.1.4
[INFO] [stderr]    Compiling pollster-macro v0.4.0
[INFO] [stderr]    Compiling similar v2.7.0
[INFO] [stderr]    Compiling tower-http v0.7.1
[INFO] [stderr]    Compiling pollster v0.4.0
[INFO] [stderr]    Compiling getrandom v0.4.3
[INFO] [stderr]    Compiling console v0.16.4
[INFO] [stderr]    Compiling rand v0.10.2
[INFO] [stderr]    Compiling tempfile v3.27.0
[INFO] [stderr]    Compiling insta v1.48.0
[INFO] [stderr]    Compiling ulid v3.0.0
[INFO] [stderr]    Compiling cratefield-core v0.8.0
[INFO] [stderr]    Compiling cratefield-ui v0.4.0 (/opt/rustwide/workdir)
[INFO] [stdout] error[E0432]: unresolved import `cratefield_module_email_signup`
[INFO] [stdout]  --> tests/admin.rs:9:5
[INFO] [stdout]   |
[INFO] [stdout] 9 | use cratefield_module_email_signup::EmailSignup;
[INFO] [stdout]   |     ^^^^^^^^^^^^^^^^^^^^^^^^^^^^^^ use of unresolved module or unlinked crate `cratefield_module_email_signup`
[INFO] [stdout]   |
[INFO] [stdout]   = help: if you wanted to use a crate named `cratefield_module_email_signup`, use `cargo add cratefield_module_email_signup` to add it to your `Cargo.toml`
[INFO] [stdout] 
[INFO] [stdout] 
[INFO] [stdout] error[E0432]: unresolved import `cratefield_module_waitlist`
[INFO] [stdout]   --> tests/admin.rs:10:5
[INFO] [stdout]    |
[INFO] [stdout] 10 | use cratefield_module_waitlist::Waitlist;
[INFO] [stdout]    |     ^^^^^^^^^^^^^^^^^^^^^^^^^^ use of unresolved module or unlinked crate `cratefield_module_waitlist`
[INFO] [stdout]    |
[INFO] [stdout]    = help: if you wanted to use a crate named `cratefield_module_waitlist`, use `cargo add cratefield_module_waitlist` to add it to your `Cargo.toml`
[INFO] [stdout] 
[INFO] [stdout] 
[INFO] [stdout] error[E0432]: unresolved import `cratefield_testing`
[INFO] [stdout]   --> tests/admin.rs:11:5
[INFO] [stdout]    |
[INFO] [stdout] 11 | use cratefield_testing::TestHarness;
[INFO] [stdout]    |     ^^^^^^^^^^^^^^^^^^ use of unresolved module or unlinked crate `cratefield_testing`
[INFO] [stdout]    |
[INFO] [stdout] help: there is a crate or module with a similar name
[INFO] [stdout]    |
[INFO] [stdout] 11 - use cratefield_testing::TestHarness;
[INFO] [stdout] 11 + use cratefield_ui::TestHarness;
[INFO] [stdout]    |
[INFO] [stdout] 
[INFO] [stdout] 
[INFO] [stdout] error[E0432]: unresolved import `cratefield_module_hello`
[INFO] [stdout]   --> tests/sidecar.rs:16:5
[INFO] [stdout]    |
[INFO] [stdout] 16 | use cratefield_module_hello::Hello;
[INFO] [stdout]    |     ^^^^^^^^^^^^^^^^^^^^^^^ use of unresolved module or unlinked crate `cratefield_module_hello`
[INFO] [stdout]    |
[INFO] [stdout]    = help: if you wanted to use a crate named `cratefield_module_hello`, use `cargo add cratefield_module_hello` to add it to your `Cargo.toml`
[INFO] [stdout] 
[INFO] [stdout] 
[INFO] [stdout] error[E0432]: unresolved import `cratefield_module_waitlist`
[INFO] [stdout]   --> tests/sidecar.rs:17:5
[INFO] [stdout]    |
[INFO] [stdout] 17 | use cratefield_module_waitlist::Waitlist;
[INFO] [stdout]    |     ^^^^^^^^^^^^^^^^^^^^^^^^^^ use of unresolved module or unlinked crate `cratefield_module_waitlist`
[INFO] [stdout]    |
[INFO] [stdout]    = help: if you wanted to use a crate named `cratefield_module_waitlist`, use `cargo add cratefield_module_waitlist` to add it to your `Cargo.toml`
[INFO] [stdout] 
[INFO] [stdout] 
[INFO] [stdout] error[E0432]: unresolved import `cratefield_testing`
[INFO] [stdout]   --> tests/sidecar.rs:18:5
[INFO] [stdout]    |
[INFO] [stdout] 18 | use cratefield_testing::TestHarness;
[INFO] [stdout]    |     ^^^^^^^^^^^^^^^^^^ use of unresolved module or unlinked crate `cratefield_testing`
[INFO] [stdout]    |
[INFO] [stdout] help: there is a crate or module with a similar name
[INFO] [stdout]    |
[INFO] [stdout] 18 - use cratefield_testing::TestHarness;
[INFO] [stdout] 18 + use cratefield_ui::TestHarness;
[INFO] [stdout]    |
[INFO] [stdout] 
[INFO] [stdout] 
[INFO] [stdout] error[E0432]: unresolved import `cratefield_module_waitlist`
[INFO] [stdout]   --> tests/pages.rs:10:5
[INFO] [stdout]    |
[INFO] [stdout] 10 | use cratefield_module_waitlist::Waitlist;
[INFO] [stdout]    |     ^^^^^^^^^^^^^^^^^^^^^^^^^^ use of unresolved module or unlinked crate `cratefield_module_waitlist`
[INFO] [stdout]    |
[INFO] [stdout]    = help: if you wanted to use a crate named `cratefield_module_waitlist`, use `cargo add cratefield_module_waitlist` to add it to your `Cargo.toml`
[INFO] [stdout] 
[INFO] [stdout] 
[INFO] [stdout] error[E0432]: unresolved import `cratefield_testing`
[INFO] [stdout]   --> tests/pages.rs:11:5
[INFO] [stdout]    |
[INFO] [stdout] 11 | use cratefield_testing::TestHarness;
[INFO] [stdout]    |     ^^^^^^^^^^^^^^^^^^ use of unresolved module or unlinked crate `cratefield_testing`
[INFO] [stdout]    |
[INFO] [stdout] help: there is a crate or module with a similar name
[INFO] [stdout]    |
[INFO] [stdout] 11 - use cratefield_testing::TestHarness;
[INFO] [stdout] 11 + use cratefield_ui::TestHarness;
[INFO] [stdout]    |
[INFO] [stdout] 
[INFO] [stdout] 
[INFO] [stdout] error[E0433]: cannot find module or crate `cratefield_module_email_signup` in this scope
[INFO] [stdout]    --> tests/pages.rs:463:23
[INFO] [stdout]     |
[INFO] [stdout] 463 |         vec![Box::new(cratefield_module_email_signup::EmailSignup::new())],
[INFO] [stdout]     |                       ^^^^^^^^^^^^^^^^^^^^^^^^^^^^^^ use of unresolved module or unlinked crate `cratefield_module_email_signup`
[INFO] [stdout]     |
[INFO] [stdout]     = help: if you wanted to use a crate named `cratefield_module_email_signup`, use `cargo add cratefield_module_email_signup` to add it to your `Cargo.toml`
[INFO] [stdout] 
[INFO] [stdout] 
[INFO] [stdout] error[E0432]: unresolved import `cratefield_module_waitlist`
[INFO] [stdout]   --> tests/spec.rs:10:5
[INFO] [stdout]    |
[INFO] [stdout] 10 | use cratefield_module_waitlist::Waitlist;
[INFO] [stdout]    |     ^^^^^^^^^^^^^^^^^^^^^^^^^^ use of unresolved module or unlinked crate `cratefield_module_waitlist`
[INFO] [stdout]    |
[INFO] [stdout]    = help: if you wanted to use a crate named `cratefield_module_waitlist`, use `cargo add cratefield_module_waitlist` to add it to your `Cargo.toml`
[INFO] [stdout] 
[INFO] [stdout] 
[INFO] [stdout] error[E0432]: unresolved import `cratefield_testing`
[INFO] [stdout]   --> tests/spec.rs:11:5
[INFO] [stdout]    |
[INFO] [stdout] 11 | use cratefield_testing::TestHarness;
[INFO] [stdout]    |     ^^^^^^^^^^^^^^^^^^ use of unresolved module or unlinked crate `cratefield_testing`
[INFO] [stdout]    |
[INFO] [stdout] help: there is a crate or module with a similar name
[INFO] [stdout]    |
[INFO] [stdout] 11 - use cratefield_testing::TestHarness;
[INFO] [stdout] 11 + use cratefield_ui::TestHarness;
[INFO] [stdout]    |
[INFO] [stdout] 
[INFO] [stdout] 
[INFO] [stdout] error[E0433]: cannot find module or crate `cratefield_testing` in this scope
[INFO] [stdout]   --> tests/pages.rs:23:36
[INFO] [stdout]    |
[INFO] [stdout] 23 |                 ("HARNESS_SECRET", cratefield_testing::TEST_HARNESS_SECRET),
[INFO] [stdout]    |                                    ^^^^^^^^^^^^^^^^^^ use of unresolved module or unlinked crate `cratefield_testing`
[INFO] [stdout]    |
[INFO] [stdout] help: there is a crate or module with a similar name
[INFO] [stdout]    |
[INFO] [stdout] 23 -                 ("HARNESS_SECRET", cratefield_testing::TEST_HARNESS_SECRET),
[INFO] [stdout] 23 +                 ("HARNESS_SECRET", cratefield_ui::TEST_HARNESS_SECRET),
[INFO] [stdout]    |
[INFO] [stdout] 
[INFO] [stdout] 
[INFO] [stdout] error[E0433]: cannot find module or crate `cratefield_testing` in this scope
[INFO] [stdout]   --> tests/sidecar.rs:91:36
[INFO] [stdout]    |
[INFO] [stdout] 91 |                 ("HARNESS_SECRET", cratefield_testing::TEST_HARNESS_SECRET),
[INFO] [stdout]    |                                    ^^^^^^^^^^^^^^^^^^ use of unresolved module or unlinked crate `cratefield_testing`
[INFO] [stdout]    |
[INFO] [stdout] help: there is a crate or module with a similar name
[INFO] [stdout]    |
[INFO] [stdout] 91 -                 ("HARNESS_SECRET", cratefield_testing::TEST_HARNESS_SECRET),
[INFO] [stdout] 91 +                 ("HARNESS_SECRET", cratefield_ui::TEST_HARNESS_SECRET),
[INFO] [stdout]    |
[INFO] [stdout] 
[INFO] [stdout] 
[INFO] [stdout] error[E0433]: cannot find module or crate `cratefield_testing` in this scope
[INFO] [stdout]    --> tests/sidecar.rs:208:36
[INFO] [stdout]     |
[INFO] [stdout] 208 |                 ("HARNESS_SECRET", cratefield_testing::TEST_HARNESS_SECRET),
[INFO] [stdout]     |                                    ^^^^^^^^^^^^^^^^^^ use of unresolved module or unlinked crate `cratefield_testing`
[INFO] [stdout]     |
[INFO] [stdout] help: there is a crate or module with a similar name
[INFO] [stdout]     |
[INFO] [stdout] 208 -                 ("HARNESS_SECRET", cratefield_testing::TEST_HARNESS_SECRET),
[INFO] [stdout] 208 +                 ("HARNESS_SECRET", cratefield_ui::TEST_HARNESS_SECRET),
[INFO] [stdout]     |
[INFO] [stdout] 
[INFO] [stdout] 
[INFO] [stdout] error[E0433]: cannot find module or crate `cratefield_testing` in this scope
[INFO] [stdout]    --> tests/pages.rs:468:17
[INFO] [stdout]     |
[INFO] [stdout] 468 |                 cratefield_testing::TEST_HARNESS_SECRET,
[INFO] [stdout]     |                 ^^^^^^^^^^^^^^^^^^ use of unresolved module or unlinked crate `cratefield_testing`
[INFO] [stdout]     |
[INFO] [stdout] help: there is a crate or module with a similar name
[INFO] [stdout]     |
[INFO] [stdout] 468 -                 cratefield_testing::TEST_HARNESS_SECRET,
[INFO] [stdout] 468 +                 cratefield_ui::TEST_HARNESS_SECRET,
[INFO] [stdout]     |
[INFO] [stdout] 
[INFO] [stdout] 
[INFO] [stdout] error[E0433]: cannot find module or crate `cratefield_testing` in this scope
[INFO] [stdout]   --> tests/admin.rs:25:53
[INFO] [stdout]    |
[INFO] [stdout] 25 |             let mut pairs = vec![("HARNESS_SECRET", cratefield_testing::TEST_HARNESS_SECRET)];
[INFO] [stdout]    |                                                     ^^^^^^^^^^^^^^^^^^ use of unresolved module or unlinked crate `cratefield_testing`
[INFO] [stdout]    |
[INFO] [stdout] help: there is a crate or module with a similar name
[INFO] [stdout]    |
[INFO] [stdout] 25 -             let mut pairs = vec![("HARNESS_SECRET", cratefield_testing::TEST_HARNESS_SECRET)];
[INFO] [stdout] 25 +             let mut pairs = vec![("HARNESS_SECRET", cratefield_ui::TEST_HARNESS_SECRET)];
[INFO] [stdout]    |
[INFO] [stdout] 
[INFO] [stdout] 
[INFO] [stdout] Some errors have detailed explanations: E0432, E0433.
[INFO] [stdout] 
[INFO] [stdout] For more information about an error, try `rustc --explain E0432`.
[INFO] [stdout] 
[INFO] [stdout] error[E0433]: cannot find module or crate `cratefield_testing` in this scope
[INFO] [stdout]   --> tests/spec.rs:48:53
[INFO] [stdout]    |
[INFO] [stdout] 48 |             let mut pairs = vec![("HARNESS_SECRET", cratefield_testing::TEST_HARNESS_SECRET)];
[INFO] [stdout]    |                                                     ^^^^^^^^^^^^^^^^^^ use of unresolved module or unlinked crate `cratefield_testing`
[INFO] [stdout]    |
[INFO] [stdout] help: there is a crate or module with a similar name
[INFO] [stdout]    |
[INFO] [stdout] 48 -             let mut pairs = vec![("HARNESS_SECRET", cratefield_testing::TEST_HARNESS_SECRET)];
[INFO] [stdout] 48 +             let mut pairs = vec![("HARNESS_SECRET", cratefield_ui::TEST_HARNESS_SECRET)];
[INFO] [stdout]    |
[INFO] [stdout] 
[INFO] [stdout] 
[INFO] [stdout] Some errors have detailed explanations: E0432, E0433.
[INFO] [stdout] 
[INFO] [stdout] For more information about an error, try `rustc --explain E0432`.
[INFO] [stdout] 
[INFO] [stdout] error[E0433]: cannot find module or crate `cratefield_testing` in this scope
[INFO] [stdout]    --> tests/admin.rs:226:17
[INFO] [stdout]     |
[INFO] [stdout] 226 |     let reply = cratefield_testing::request(
[INFO] [stdout]     |                 ^^^^^^^^^^^^^^^^^^ use of unresolved module or unlinked crate `cratefield_testing`
[INFO] [stdout]     |
[INFO] [stdout] help: there is a crate or module with a similar name
[INFO] [stdout]     |
[INFO] [stdout] 226 -     let reply = cratefield_testing::request(
[INFO] [stdout] 226 +     let reply = cratefield_ui::request(
[INFO] [stdout]     |
[INFO] [stdout] 
[INFO] [stdout] 
[INFO] [stderr] error: could not compile `cratefield-ui` (test "pages") due to 5 previous errors
[INFO] [stderr] warning: build failed, waiting for other jobs to finish...
[INFO] [stderr] error: could not compile `cratefield-ui` (test "sidecar") due to 5 previous errors
[INFO] [stdout] error[E0433]: cannot find module or crate `cratefield_testing` in this scope
[INFO] [stdout]    --> tests/admin.rs:393:17
[INFO] [stdout]     |
[INFO] [stdout] 393 |     let reply = cratefield_testing::request(
[INFO] [stdout]     |                 ^^^^^^^^^^^^^^^^^^ use of unresolved module or unlinked crate `cratefield_testing`
[INFO] [stdout]     |
[INFO] [stdout] help: there is a crate or module with a similar name
[INFO] [stdout]     |
[INFO] [stdout] 393 -     let reply = cratefield_testing::request(
[INFO] [stdout] 393 +     let reply = cratefield_ui::request(
[INFO] [stdout]     |
[INFO] [stdout] 
[INFO] [stdout] 
[INFO] [stdout] error[E0433]: cannot find module or crate `cratefield_testing` in this scope
[INFO] [stdout]    --> tests/admin.rs:462:17
[INFO] [stdout]     |
[INFO] [stdout] 462 |     let reply = cratefield_testing::request(
[INFO] [stdout]     |                 ^^^^^^^^^^^^^^^^^^ use of unresolved module or unlinked crate `cratefield_testing`
[INFO] [stdout]     |
[INFO] [stdout] help: there is a crate or module with a similar name
[INFO] [stdout]     |
[INFO] [stdout] 462 -     let reply = cratefield_testing::request(
[INFO] [stdout] 462 +     let reply = cratefield_ui::request(
[INFO] [stdout]     |
[INFO] [stdout] 
[INFO] [stdout] 
[INFO] [stdout] error[E0433]: cannot find module or crate `cratefield_testing` in this scope
[INFO] [stdout]    --> tests/admin.rs:546:36
[INFO] [stdout]     |
[INFO] [stdout] 546 |                 ("HARNESS_SECRET", cratefield_testing::TEST_HARNESS_SECRET),
[INFO] [stdout]     |                                    ^^^^^^^^^^^^^^^^^^ use of unresolved module or unlinked crate `cratefield_testing`
[INFO] [stdout]     |
[INFO] [stdout] help: there is a crate or module with a similar name
[INFO] [stdout]     |
[INFO] [stdout] 546 -                 ("HARNESS_SECRET", cratefield_testing::TEST_HARNESS_SECRET),
[INFO] [stdout] 546 +                 ("HARNESS_SECRET", cratefield_ui::TEST_HARNESS_SECRET),
[INFO] [stdout]     |
[INFO] [stdout] 
[INFO] [stdout] 
[INFO] [stdout] Some errors have detailed explanations: E0432, E0433.
[INFO] [stdout] 
[INFO] [stdout] For more information about an error, try `rustc --explain E0432`.
[INFO] [stdout] 
[INFO] [stderr] error: could not compile `cratefield-ui` (test "admin") due to 8 previous errors
[INFO] [stdout] Some errors have detailed explanations: E0432, E0433.
[INFO] [stdout] 
[INFO] [stdout] For more information about an error, try `rustc --explain E0432`.
[INFO] [stdout] 
[INFO] [stderr] error: could not compile `cratefield-ui` (test "spec") due to 3 previous errors
[INFO] running `Command { std: "docker" "inspect" "4ce087b304104c34182a88709038868e563b76e33fa3b967ab70cc5310a54033", kill_on_drop: false }`
[INFO] running `Command { std: "docker" "rm" "-f" "4ce087b304104c34182a88709038868e563b76e33fa3b967ab70cc5310a54033", kill_on_drop: false }`
[INFO] [stdout] 4ce087b304104c34182a88709038868e563b76e33fa3b967ab70cc5310a54033
