[INFO] fetching crate cratefield-runtime-native 0.4.2...
[INFO] testing cratefield-runtime-native-0.4.2 against 1.99.0-beta.8+cargoflags=--release for beta-release-1.100-2
[INFO] extracting crate cratefield-runtime-native 0.4.2 into /workspace/builds/worker-2-tc1/source
[INFO] started tweaking crates.io crate cratefield-runtime-native 0.4.2
[INFO] finished tweaking crates.io crate cratefield-runtime-native 0.4.2
[INFO] tweaked toml for crates.io crate cratefield-runtime-native 0.4.2 written to /workspace/builds/worker-2-tc1/source/Cargo.toml
[INFO] validating manifest of crates.io crate cratefield-runtime-native 0.4.2 on toolchain 1.99.0-beta.8
[INFO] running `Command { std: CARGO_HOME="/workspace/cargo-home" RUSTUP_HOME="/workspace/rustup-home" "/workspace/cargo-home/bin/cargo" "+1.99.0-beta.8" "metadata" "--manifest-path" "Cargo.toml" "--no-deps", kill_on_drop: false }`
[INFO] crate crates.io crate cratefield-runtime-native 0.4.2 already has a lockfile, it will not be regenerated
[INFO] running `Command { std: CARGO_HOME="/workspace/cargo-home" RUSTUP_HOME="/workspace/rustup-home" "/workspace/cargo-home/bin/cargo" "+1.99.0-beta.8" "fetch" "--manifest-path" "Cargo.toml", kill_on_drop: false }`
[INFO] [stderr]     Updating crates.io index
[INFO] [stderr]  Downloading crates ...
[INFO] [stderr]   Downloaded arcstr v1.2.0
[INFO] [stderr]   Downloaded cratefield-push-wiring v0.3.0
[INFO] [stderr]   Downloaded ghash v0.6.0
[INFO] [stderr]   Downloaded cratefield-push-auth v0.3.0
[INFO] [stderr]   Downloaded polyval v0.7.3
[INFO] [stderr]   Downloaded cratefield-adapter-webpush v0.3.0
[INFO] [stderr]   Downloaded cratefield-adapter-fcm v0.3.0
[INFO] [stderr]   Downloaded cratefield-auth-client v0.3.2
[INFO] [stderr]   Downloaded cratefield-adapter-apns v0.3.0
[INFO] [stderr]   Downloaded croner v4.0.0
[INFO] [stderr]   Downloaded aes-gcm v0.11.1
[INFO] [stderr]   Downloaded redis v1.7.0
[INFO] [stderr]   Downloaded cratefield-core v0.8.2
[INFO] running `Command { std: "docker" "create" "-v" "/var/lib/crater-agent-workspace/builds/worker-2-tc1/source:/opt/rustwide/workdir:ro,Z" "-v" "/var/lib/crater-agent-workspace/builds/worker-2-tc1/target:/opt/rustwide/target:rw,Z" "-v" "/var/lib/crater-agent-workspace/cargo-home:/opt/rustwide/cargo-home:ro,Z" "-v" "/var/lib/crater-agent-workspace/rustup-home:/opt/rustwide/rustup-home:ro,Z" "-m" "1610612736" "--network" "none" "ghcr.io/rust-lang/crates-build-env/linux@sha256:77db811e55d90add9212f6832c23229e3de5f1c1f9905e8cb07319ea15df73ac" "sleep" "infinity", kill_on_drop: false }`
[INFO] [stdout] 0617d95fda1d51596d1c5277b0a1e70ac113d6eb5d6586784259fba1af2d2b58
[INFO] running `Command { std: "docker" "start" "0617d95fda1d51596d1c5277b0a1e70ac113d6eb5d6586784259fba1af2d2b58", kill_on_drop: false }`
[INFO] running `Command { std: "docker" "inspect" "0617d95fda1d51596d1c5277b0a1e70ac113d6eb5d6586784259fba1af2d2b58", kill_on_drop: false }`
[INFO] running `Command { std: "docker" "exec" "-e" "SOURCE_DIR=/opt/rustwide/workdir" "-e" "CARGO_HOME=/opt/rustwide/cargo-home" "-e" "RUSTUP_HOME=/opt/rustwide/rustup-home" "-e" "CARGO_TARGET_DIR=/opt/rustwide/target" "-w" "/opt/rustwide/workdir" "--user" "0:0" "0617d95fda1d51596d1c5277b0a1e70ac113d6eb5d6586784259fba1af2d2b58" "/opt/rustwide/cargo-home/bin/cargo" "+1.99.0-beta.8" "metadata" "--no-deps" "--format-version=1", kill_on_drop: false }`
[INFO] running `Command { std: "docker" "inspect" "0617d95fda1d51596d1c5277b0a1e70ac113d6eb5d6586784259fba1af2d2b58", kill_on_drop: false }`
[INFO] running `Command { std: "docker" "exec" "-e" "SOURCE_DIR=/opt/rustwide/workdir" "-e" "CARGO_HOME=/opt/rustwide/cargo-home" "-e" "RUSTUP_HOME=/opt/rustwide/rustup-home" "-e" "CARGO_TARGET_DIR=/opt/rustwide/target" "-e" "CARGO_INCREMENTAL=0" "-e" "RUST_BACKTRACE=full" "-e" "RUSTFLAGS=--cap-lints=warn" "-e" "RUSTDOCFLAGS=--cap-lints=warn" "-w" "/opt/rustwide/workdir" "--user" "0:0" "0617d95fda1d51596d1c5277b0a1e70ac113d6eb5d6586784259fba1af2d2b58" "/opt/rustwide/cargo-home/bin/cargo" "+1.99.0-beta.8" "build" "--frozen" "--message-format=json" "--release", kill_on_drop: false }`
[INFO] [stderr]    Compiling subtle v2.6.1
[INFO] [stderr]    Compiling typenum v1.20.1
[INFO] [stderr]    Compiling cmov v0.5.4
[INFO] [stderr]    Compiling syn v2.0.119
[INFO] [stderr]    Compiling syn v3.0.5
[INFO] [stderr]    Compiling errno v0.3.14
[INFO] [stderr]    Compiling mio v1.2.3
[INFO] [stderr]    Compiling num-traits v0.2.19
[INFO] [stderr]    Compiling signal-hook-registry v1.4.8
[INFO] [stderr]    Compiling smallvec v1.16.0
[INFO] [stderr]    Compiling ctutils v0.4.2
[INFO] [stderr]    Compiling serde_core v1.0.229
[INFO] [stderr]    Compiling base64ct v1.8.3
[INFO] [stderr]    Compiling find-msvc-tools v0.1.12
[INFO] [stderr]    Compiling futures-util v0.3.34
[INFO] [stderr]    Compiling cc v1.4.5
[INFO] [stderr]    Compiling pem-rfc7468 v1.0.0
[INFO] [stderr]    Compiling cpubits v0.1.1
[INFO] [stderr]    Compiling ff v0.14.0
[INFO] [stderr]    Compiling cpufeatures v0.3.1
[INFO] [stderr]    Compiling serde v1.0.229
[INFO] [stderr]    Compiling sync_wrapper v1.0.2
[INFO] [stderr]    Compiling fnv v1.0.7
[INFO] [stderr]    Compiling group v0.14.0
[INFO] [stderr]    Compiling serde_json v1.0.151
[INFO] [stderr]    Compiling base16ct v1.0.0
[INFO] [stderr]    Compiling getrandom v0.4.3
[INFO] [stderr]    Compiling indexmap v2.14.2
[INFO] [stderr]    Compiling ref-cast v1.0.27
[INFO] [stderr]    Compiling rustls v0.23.45
[INFO] [stderr]    Compiling chacha20 v0.10.2
[INFO] [stderr]    Compiling thiserror v2.0.20
[INFO] [stderr]    Compiling event-listener v5.4.2
[INFO] [stderr]    Compiling tinyvec v1.13.2
[INFO] [stderr]    Compiling axum-core v0.5.6
[INFO] [stderr]    Compiling ring v0.17.14
[INFO] [stderr]    Compiling rand v0.10.2
[INFO] [stderr]    Compiling regex-syntax v0.8.11
[INFO] [stderr]    Compiling deranged v0.5.8
[INFO] [stderr]    Compiling ulid v3.0.0
[INFO] [stderr]    Compiling serde_derive_internals v0.30.0
[INFO] [stderr]    Compiling synstructure v0.13.2
[INFO] [stderr]    Compiling darling_core v0.20.11
[INFO] [stderr]    Compiling serde_path_to_error v0.1.20
[INFO] [stderr]    Compiling time v0.3.55
[INFO] [stderr]    Compiling regex-automata v0.4.18
[INFO] [stderr]    Compiling zerovec-derive v0.11.6
[INFO] [stderr]    Compiling zeroize_derive v1.5.0
[INFO] [stderr]    Compiling zerofrom-derive v0.1.7
[INFO] [stderr]    Compiling zeroize v1.9.0
[INFO] [stderr]    Compiling hybrid-array v0.4.14
[INFO] [stderr]    Compiling yoke-derive v0.8.2
[INFO] [stderr]    Compiling zerofrom v0.1.8
[INFO] [stderr]    Compiling displaydoc v0.2.7
[INFO] [stderr]    Compiling crypto-common v0.2.2
[INFO] [stderr]    Compiling tokio-macros v2.7.2
[INFO] [stderr]    Compiling block-buffer v0.12.1
[INFO] [stderr]    Compiling crypto-bigint v0.7.5
[INFO] [stderr]    Compiling yoke v0.8.3
[INFO] [stderr]    Compiling tokio v1.53.1
[INFO] [stderr]    Compiling zerovec v0.11.8
[INFO] [stderr]    Compiling tinystr v0.8.4
[INFO] [stderr]    Compiling potential_utf v0.1.6
[INFO] [stderr]    Compiling digest v0.11.3
[INFO] [stderr]    Compiling icu_locale_core v2.3.0
[INFO] [stderr]    Compiling zerotrie v0.2.5
[INFO] [stderr]    Compiling icu_collections v2.3.0
[INFO] [stderr]    Compiling der v0.8.2
[INFO] [stderr]    Compiling tracing-attributes v0.1.31
[INFO] [stderr]    Compiling icu_provider v2.3.1
[INFO] [stderr]    Compiling icu_normalizer v2.3.0
[INFO] [stderr]    Compiling icu_properties v2.3.0
[INFO] [stderr]    Compiling tracing v0.1.44
[INFO] [stderr]    Compiling serde_derive v1.0.229
[INFO] [stderr]    Compiling spki v0.8.0
[INFO] [stderr]    Compiling rustls-pki-types v1.15.1
[INFO] [stderr]    Compiling sec1 v0.8.1
[INFO] [stderr]    Compiling idna_adapter v1.2.2
[INFO] [stderr]    Compiling idna v1.1.0
[INFO] [stderr]    Compiling pkcs8 v0.11.0
[INFO] [stderr]    Compiling url v2.5.8
[INFO] [stderr]    Compiling hmac v0.13.0
[INFO] [stderr]    Compiling darling_macro v0.20.11
[INFO] [stderr]    Compiling hyper v1.11.1
[INFO] [stderr]    Compiling tower v0.5.3
[INFO] [stderr]    Compiling darling v0.20.11
[INFO] [stderr]    Compiling elliptic-curve v0.14.1
[INFO] [stderr]    Compiling hyper-util v0.1.20
[INFO] [stderr]    Compiling rustls-webpki v0.103.15
[INFO] [stderr]    Compiling primefield v0.14.0
[INFO] [stderr]    Compiling serde_urlencoded v0.7.1
[INFO] [stderr]    Compiling ref-cast-impl v1.0.27
[INFO] [stderr]    Compiling wnaf v0.14.1
[INFO] [stderr]    Compiling derive_builder_core v0.20.2
[INFO] [stderr]    Compiling rfc6979 v0.6.0
[INFO] [stderr]    Compiling signature v3.0.0
[INFO] [stderr]    Compiling sha2 v0.11.0
[INFO] [stderr]    Compiling inherent v1.0.14
[INFO] [stderr]    Compiling schemars_derive v1.2.2
[INFO] [stderr]    Compiling thiserror-impl v2.0.20
[INFO] [stderr]    Compiling sea-query v0.32.7
[INFO] [stderr]    Compiling derive_builder_macro v0.20.2
[INFO] [stderr]    Compiling ecdsa v0.17.0
[INFO] [stderr]    Compiling axum v0.8.9
[INFO] [stderr]    Compiling primeorder v0.14.0
[INFO] [stderr]    Compiling tokio-util v0.7.19
[INFO] [stderr]    Compiling schemars v1.2.2
[INFO] [stderr]    Compiling webpki-roots v1.0.9
[INFO] [stderr]    Compiling sha1 v0.11.0
[INFO] [stderr]    Compiling strum_macros v0.27.2
[INFO] [stderr]    Compiling async-trait v0.1.92
[INFO] [stderr]    Compiling unicode-normalization v0.1.25
[INFO] [stderr]    Compiling event-listener-strategy v0.5.4
[INFO] [stderr]    Compiling tower-http v0.7.1
[INFO] [stderr]    Compiling tokio-rustls v0.26.5
[INFO] [stderr]    Compiling fastrand v2.5.0
[INFO] [stderr]    Compiling base64 v0.23.1
[INFO] [stderr]    Compiling hyper-rustls v0.27.9
[INFO] [stderr]    Compiling strum v0.27.2
[INFO] [stderr]    Compiling backon v1.6.0
[INFO] [stderr]    Compiling async-lock v3.4.2
[INFO] [stderr]    Compiling arc-swap v1.9.2
[INFO] [stderr]    Compiling combine v4.6.8
[INFO] [stderr]    Compiling p256 v0.14.0
[INFO] [stderr]    Compiling derive_builder v0.20.2
[INFO] [stderr]    Compiling tower-http v0.6.11
[INFO] [stderr]    Compiling matchers v0.2.0
[INFO] [stderr]    Compiling chrono v0.4.45
[INFO] [stderr]    Compiling xxhash-rust v0.8.18
[INFO] [stderr]    Compiling cratefield-core v0.8.2
[INFO] [stderr]    Compiling arcstr v1.2.0
[INFO] [stderr]    Compiling sha1_smol v1.0.1
[INFO] [stderr]    Compiling reqwest v0.12.28
[INFO] [stderr]    Compiling croner v4.0.0
[INFO] [stderr]    Compiling tracing-subscriber v0.3.23
[INFO] [stderr]    Compiling redis v1.7.0
[INFO] [stderr]    Compiling cratefield-auth-client v0.3.2
[INFO] [stderr]    Compiling cratefield-runtime-native v0.4.2 (/opt/rustwide/workdir)
[INFO] [stderr]     Finished `release` profile [optimized] target(s) in 5m 32s
[INFO] running `Command { std: "docker" "inspect" "0617d95fda1d51596d1c5277b0a1e70ac113d6eb5d6586784259fba1af2d2b58", kill_on_drop: false }`
[INFO] running `Command { std: "docker" "exec" "-e" "SOURCE_DIR=/opt/rustwide/workdir" "-e" "CARGO_HOME=/opt/rustwide/cargo-home" "-e" "RUSTUP_HOME=/opt/rustwide/rustup-home" "-e" "CARGO_TARGET_DIR=/opt/rustwide/target" "-e" "CARGO_INCREMENTAL=0" "-e" "RUST_BACKTRACE=full" "-e" "RUSTFLAGS=--cap-lints=warn" "-e" "RUSTDOCFLAGS=--cap-lints=warn" "-w" "/opt/rustwide/workdir" "--user" "0:0" "0617d95fda1d51596d1c5277b0a1e70ac113d6eb5d6586784259fba1af2d2b58" "/opt/rustwide/cargo-home/bin/cargo" "+1.99.0-beta.8" "test" "--frozen" "--no-run" "--message-format=json" "--release", kill_on_drop: false }`
[INFO] [stderr]    Compiling tokio v1.53.1
[INFO] [stderr]    Compiling hyper v1.11.1
[INFO] [stderr]    Compiling tower v0.5.3
[INFO] [stderr]    Compiling tokio-util v0.7.19
[INFO] [stderr]    Compiling tokio-rustls v0.26.5
[INFO] [stderr]    Compiling combine v4.6.8
[INFO] [stderr]    Compiling tower-http v0.6.11
[INFO] [stderr]    Compiling hyper-util v0.1.20
[INFO] [stderr]    Compiling axum v0.8.9
[INFO] [stderr]    Compiling hyper-rustls v0.27.9
[INFO] [stderr]    Compiling reqwest v0.12.28
[INFO] [stderr]    Compiling redis v1.7.0
[INFO] [stderr]    Compiling cratefield-core v0.8.2
[INFO] [stderr]    Compiling cratefield-auth-client v0.3.2
[INFO] [stderr]    Compiling cratefield-runtime-native v0.4.2 (/opt/rustwide/workdir)
[INFO] [stdout] error[E0432]: unresolved import `cratefield_testing`
[INFO] [stdout]    --> src/ports/blob.rs:636:9
[INFO] [stdout]     |
[INFO] [stdout] 636 |     use cratefield_testing::assert_blob_large_round_trips;
[INFO] [stdout]     |         ^^^^^^^^^^^^^^^^^^ use of unresolved module or unlinked crate `cratefield_testing`
[INFO] [stdout]     |
[INFO] [stdout]     = help: if you wanted to use a crate named `cratefield_testing`, use `cargo add cratefield_testing` to add it to your `Cargo.toml`
[INFO] [stdout] 
[INFO] [stdout] 
[INFO] [stdout] error[E0433]: cannot find module or crate `cratefield_testing` in this scope
[INFO] [stdout]    --> src/runtime.rs:632:13
[INFO] [stdout]     |
[INFO] [stdout] 632 |             cratefield_testing::FakeCustomHostnames::new("cratefield.app"),
[INFO] [stdout]     |             ^^^^^^^^^^^^^^^^^^ use of unresolved module or unlinked crate `cratefield_testing`
[INFO] [stdout]     |
[INFO] [stdout]     = help: if you wanted to use a crate named `cratefield_testing`, use `cargo add cratefield_testing` to add it to your `Cargo.toml`
[INFO] [stdout] 
[INFO] [stdout] 
[INFO] [stdout] error[E0433]: cannot find module or crate `cratefield_testing` in this scope
[INFO] [stdout]    --> src/runtime.rs:605:22
[INFO] [stdout]     |
[INFO] [stdout] 605 |         let source = cratefield_testing::full_fake_ports();
[INFO] [stdout]     |                      ^^^^^^^^^^^^^^^^^^ use of unresolved module or unlinked crate `cratefield_testing`
[INFO] [stdout]     |
[INFO] [stdout]     = help: if you wanted to use a crate named `cratefield_testing`, use `cargo add cratefield_testing` to add it to your `Cargo.toml`
[INFO] [stdout] 
[INFO] [stdout] 
[INFO] [stdout] error[E0433]: cannot find module or crate `cratefield_testing` in this scope
[INFO] [stdout]    --> src/runtime.rs:621:36
[INFO] [stdout]     |
[INFO] [stdout] 621 |             .embedder_arc(Arc::new(cratefield_testing::FakeEmbedder));
[INFO] [stdout]     |                                    ^^^^^^^^^^^^^^^^^^ use of unresolved module or unlinked crate `cratefield_testing`
[INFO] [stdout]     |
[INFO] [stdout]     = help: if you wanted to use a crate named `cratefield_testing`, use `cargo add cratefield_testing` to add it to your `Cargo.toml`
[INFO] [stdout] 
[INFO] [stdout] 
[INFO] [stdout] Some errors have detailed explanations: E0432, E0433.
[INFO] [stdout] 
[INFO] [stdout] For more information about an error, try `rustc --explain E0432`.
[INFO] [stdout] 
[INFO] [stderr] error: could not compile `cratefield-runtime-native` (lib test) due to 4 previous errors
[INFO] running `Command { std: "docker" "inspect" "0617d95fda1d51596d1c5277b0a1e70ac113d6eb5d6586784259fba1af2d2b58", kill_on_drop: false }`
[INFO] running `Command { std: "docker" "rm" "-f" "0617d95fda1d51596d1c5277b0a1e70ac113d6eb5d6586784259fba1af2d2b58", kill_on_drop: false }`
[INFO] [stdout] 0617d95fda1d51596d1c5277b0a1e70ac113d6eb5d6586784259fba1af2d2b58
