[INFO] fetching crate cratefield-module-telemetry 0.3.0...
[INFO] testing cratefield-module-telemetry-0.3.0 against 1.99.0-beta.8+cargoflags=--release for beta-release-1.100-2
[INFO] extracting crate cratefield-module-telemetry 0.3.0 into /workspace/builds/worker-1-tc1/source
[INFO] started tweaking crates.io crate cratefield-module-telemetry 0.3.0
[INFO] removed 0 missing tests
[INFO] finished tweaking crates.io crate cratefield-module-telemetry 0.3.0
[INFO] tweaked toml for crates.io crate cratefield-module-telemetry 0.3.0 written to /workspace/builds/worker-1-tc1/source/Cargo.toml
[INFO] validating manifest of crates.io crate cratefield-module-telemetry 0.3.0 on toolchain 1.99.0-beta.8
[INFO] running `Command { std: CARGO_HOME="/workspace/cargo-home" RUSTUP_HOME="/workspace/rustup-home" "/workspace/cargo-home/bin/cargo" "+1.99.0-beta.8" "metadata" "--manifest-path" "Cargo.toml" "--no-deps", kill_on_drop: false }`
[INFO] crate crates.io crate cratefield-module-telemetry 0.3.0 already has a lockfile, it will not be regenerated
[INFO] running `Command { std: CARGO_HOME="/workspace/cargo-home" RUSTUP_HOME="/workspace/rustup-home" "/workspace/cargo-home/bin/cargo" "+1.99.0-beta.8" "fetch" "--manifest-path" "Cargo.toml", kill_on_drop: false }`
[INFO] [stderr]     Updating crates.io index
[INFO] [stderr]  Downloading crates ...
[INFO] [stderr]   Downloaded inherent v1.0.14
[INFO] [stderr]   Downloaded ulid v3.0.0
[INFO] [stderr]   Downloaded sea-query v0.32.7
[INFO] [stderr]   Downloaded cratefield-core v0.8.0
[INFO] running `Command { std: "docker" "create" "-v" "/var/lib/crater-agent-workspace/builds/worker-1-tc1/source:/opt/rustwide/workdir:ro,Z" "-v" "/var/lib/crater-agent-workspace/builds/worker-1-tc1/target:/opt/rustwide/target:rw,Z" "-v" "/var/lib/crater-agent-workspace/cargo-home:/opt/rustwide/cargo-home:ro,Z" "-v" "/var/lib/crater-agent-workspace/rustup-home:/opt/rustwide/rustup-home:ro,Z" "-m" "1610612736" "--network" "none" "ghcr.io/rust-lang/crates-build-env/linux@sha256:77db811e55d90add9212f6832c23229e3de5f1c1f9905e8cb07319ea15df73ac" "sleep" "infinity", kill_on_drop: false }`
[INFO] [stdout] 0fd5eadac071d2fbfea01c170ec25c7ac32c27e18c4929be962fdcfa7e6b6c4d
[INFO] running `Command { std: "docker" "start" "0fd5eadac071d2fbfea01c170ec25c7ac32c27e18c4929be962fdcfa7e6b6c4d", kill_on_drop: false }`
[INFO] running `Command { std: "docker" "inspect" "0fd5eadac071d2fbfea01c170ec25c7ac32c27e18c4929be962fdcfa7e6b6c4d", kill_on_drop: false }`
[INFO] running `Command { std: "docker" "exec" "-e" "SOURCE_DIR=/opt/rustwide/workdir" "-e" "CARGO_HOME=/opt/rustwide/cargo-home" "-e" "RUSTUP_HOME=/opt/rustwide/rustup-home" "-e" "CARGO_TARGET_DIR=/opt/rustwide/target" "-w" "/opt/rustwide/workdir" "--user" "0:0" "0fd5eadac071d2fbfea01c170ec25c7ac32c27e18c4929be962fdcfa7e6b6c4d" "/opt/rustwide/cargo-home/bin/cargo" "+1.99.0-beta.8" "metadata" "--no-deps" "--format-version=1", kill_on_drop: false }`
[INFO] running `Command { std: "docker" "inspect" "0fd5eadac071d2fbfea01c170ec25c7ac32c27e18c4929be962fdcfa7e6b6c4d", kill_on_drop: false }`
[INFO] running `Command { std: "docker" "exec" "-e" "SOURCE_DIR=/opt/rustwide/workdir" "-e" "CARGO_HOME=/opt/rustwide/cargo-home" "-e" "RUSTUP_HOME=/opt/rustwide/rustup-home" "-e" "CARGO_TARGET_DIR=/opt/rustwide/target" "-e" "CARGO_INCREMENTAL=0" "-e" "RUST_BACKTRACE=full" "-e" "RUSTFLAGS=--cap-lints=warn" "-e" "RUSTDOCFLAGS=--cap-lints=warn" "-w" "/opt/rustwide/workdir" "--user" "0:0" "0fd5eadac071d2fbfea01c170ec25c7ac32c27e18c4929be962fdcfa7e6b6c4d" "/opt/rustwide/cargo-home/bin/cargo" "+1.99.0-beta.8" "build" "--frozen" "--message-format=json" "--release", kill_on_drop: false }`
[INFO] [stderr]    Compiling litemap v0.8.3
[INFO] [stderr]    Compiling writeable v0.6.4
[INFO] [stderr]    Compiling syn v3.0.5
[INFO] [stderr]    Compiling icu_normalizer_data v2.3.0
[INFO] [stderr]    Compiling icu_properties_data v2.3.0
[INFO] [stderr]    Compiling http v1.5.0
[INFO] [stderr]    Compiling libc v0.2.189
[INFO] [stderr]    Compiling cpufeatures v0.3.1
[INFO] [stderr]    Compiling smallvec v1.16.0
[INFO] [stderr]    Compiling serde_json v1.0.151
[INFO] [stderr]    Compiling indexmap v2.14.2
[INFO] [stderr]    Compiling ref-cast v1.0.27
[INFO] [stderr]    Compiling chacha20 v0.10.2
[INFO] [stderr]    Compiling thiserror v2.0.20
[INFO] [stderr]    Compiling tinyvec v1.13.2
[INFO] [stderr]    Compiling tower v0.5.3
[INFO] [stderr]    Compiling zeroize_derive v1.5.0
[INFO] [stderr]    Compiling dyn-clone v1.0.20
[INFO] [stderr]    Compiling deranged v0.5.8
[INFO] [stderr]    Compiling time-core v0.1.9
[INFO] [stderr]    Compiling num-conv v0.2.2
[INFO] [stderr]    Compiling zeroize v1.9.0
[INFO] [stderr]    Compiling tracing v0.1.44
[INFO] [stderr]    Compiling unicode-normalization v0.1.25
[INFO] [stderr]    Compiling sha2 v0.11.0
[INFO] [stderr]    Compiling http-body v1.1.0
[INFO] [stderr]    Compiling http-body-util v0.1.5
[INFO] [stderr]    Compiling tower-http v0.7.1
[INFO] [stderr]    Compiling getrandom v0.4.3
[INFO] [stderr]    Compiling rand v0.10.2
[INFO] [stderr]    Compiling axum-core v0.5.6
[INFO] [stderr]    Compiling time v0.3.55
[INFO] [stderr]    Compiling ulid v3.0.0
[INFO] [stderr]    Compiling sha1 v0.11.0
[INFO] [stderr]    Compiling subtle v2.6.1
[INFO] [stderr]    Compiling base64 v0.23.1
[INFO] [stderr]    Compiling serde_derive_internals v0.30.0
[INFO] [stderr]    Compiling zerovec-derive v0.11.6
[INFO] [stderr]    Compiling displaydoc v0.2.7
[INFO] [stderr]    Compiling serde_derive v1.0.229
[INFO] [stderr]    Compiling ref-cast-impl v1.0.27
[INFO] [stderr]    Compiling thiserror-impl v2.0.20
[INFO] [stderr]    Compiling inherent v1.0.14
[INFO] [stderr]    Compiling sea-query v0.32.7
[INFO] [stderr]    Compiling async-trait v0.1.92
[INFO] [stderr]    Compiling zerotrie v0.2.5
[INFO] [stderr]    Compiling schemars_derive v1.2.2
[INFO] [stderr]    Compiling zerovec v0.11.8
[INFO] [stderr]    Compiling tinystr v0.8.4
[INFO] [stderr]    Compiling potential_utf v0.1.6
[INFO] [stderr]    Compiling icu_collections v2.3.0
[INFO] [stderr]    Compiling icu_locale_core v2.3.0
[INFO] [stderr]    Compiling serde v1.0.229
[INFO] [stderr]    Compiling serde_urlencoded v0.7.1
[INFO] [stderr]    Compiling icu_provider v2.3.1
[INFO] [stderr]    Compiling axum v0.8.9
[INFO] [stderr]    Compiling schemars v1.2.2
[INFO] [stderr]    Compiling icu_normalizer v2.3.0
[INFO] [stderr]    Compiling icu_properties v2.3.0
[INFO] [stderr]    Compiling idna_adapter v1.2.2
[INFO] [stderr]    Compiling idna v1.1.0
[INFO] [stderr]    Compiling url v2.5.8
[INFO] [stderr]    Compiling cratefield-core v0.8.0
[INFO] [stderr]    Compiling cratefield-module-telemetry v0.3.0 (/opt/rustwide/workdir)
[INFO] [stderr]     Finished `release` profile [optimized] target(s) in 1m 58s
[INFO] running `Command { std: "docker" "inspect" "0fd5eadac071d2fbfea01c170ec25c7ac32c27e18c4929be962fdcfa7e6b6c4d", kill_on_drop: false }`
[INFO] running `Command { std: "docker" "exec" "-e" "SOURCE_DIR=/opt/rustwide/workdir" "-e" "CARGO_HOME=/opt/rustwide/cargo-home" "-e" "RUSTUP_HOME=/opt/rustwide/rustup-home" "-e" "CARGO_TARGET_DIR=/opt/rustwide/target" "-e" "CARGO_INCREMENTAL=0" "-e" "RUST_BACKTRACE=full" "-e" "RUSTFLAGS=--cap-lints=warn" "-e" "RUSTDOCFLAGS=--cap-lints=warn" "-w" "/opt/rustwide/workdir" "--user" "0:0" "0fd5eadac071d2fbfea01c170ec25c7ac32c27e18c4929be962fdcfa7e6b6c4d" "/opt/rustwide/cargo-home/bin/cargo" "+1.99.0-beta.8" "test" "--frozen" "--no-run" "--message-format=json" "--release", kill_on_drop: false }`
[INFO] [stderr]    Compiling pollster-macro v0.4.0
[INFO] [stderr]    Compiling pollster v0.4.0
[INFO] [stderr]    Compiling cratefield-module-telemetry v0.3.0 (/opt/rustwide/workdir)
[INFO] [stdout] error[E0432]: unresolved import `cratefield_testing`
[INFO] [stdout]  --> tests/conformance.rs:5:5
[INFO] [stdout]   |
[INFO] [stdout] 5 | use cratefield_testing::{assert_wasm_safe_deps, conformance};
[INFO] [stdout]   |     ^^^^^^^^^^^^^^^^^^ use of unresolved module or unlinked crate `cratefield_testing`
[INFO] [stdout]   |
[INFO] [stdout]   = help: if you wanted to use a crate named `cratefield_testing`, use `cargo add cratefield_testing` to add it to your `Cargo.toml`
[INFO] [stdout] 
[INFO] [stdout] 
[INFO] [stdout] For more information about this error, try `rustc --explain E0432`.
[INFO] [stdout] 
[INFO] [stderr] error: could not compile `cratefield-module-telemetry` (test "conformance") due to 1 previous error
[INFO] [stderr] warning: build failed, waiting for other jobs to finish...
[INFO] [stdout] error[E0432]: unresolved import `cratefield_testing`
[INFO] [stdout]   --> tests/routes.rs:12:5
[INFO] [stdout]    |
[INFO] [stdout] 12 | use cratefield_testing::{FakeRateLimiter, TestHarness, TestResponse, request, request_as};
[INFO] [stdout]    |     ^^^^^^^^^^^^^^^^^^ use of unresolved module or unlinked crate `cratefield_testing`
[INFO] [stdout]    |
[INFO] [stdout]    = help: if you wanted to use a crate named `cratefield_testing`, use `cargo add cratefield_testing` to add it to your `Cargo.toml`
[INFO] [stdout] 
[INFO] [stdout] 
[INFO] [stdout] error[E0432]: unresolved import `cratefield_module_privacy`
[INFO] [stdout]   --> tests/privacy.rs:13:5
[INFO] [stdout]    |
[INFO] [stdout] 13 | use cratefield_module_privacy::Privacy;
[INFO] [stdout]    |     ^^^^^^^^^^^^^^^^^^^^^^^^^ use of unresolved module or unlinked crate `cratefield_module_privacy`
[INFO] [stdout]    |
[INFO] [stdout] help: there is a crate or module with a similar name
[INFO] [stdout]    |
[INFO] [stdout] 13 - use cratefield_module_privacy::Privacy;
[INFO] [stdout] 13 + use cratefield_module_telemetry::Privacy;
[INFO] [stdout]    |
[INFO] [stdout] 
[INFO] [stdout] 
[INFO] [stdout] error[E0432]: unresolved import `cratefield_testing`
[INFO] [stdout]   --> tests/privacy.rs:15:5
[INFO] [stdout]    |
[INFO] [stdout] 15 | use cratefield_testing::{TestHarness, request, request_as};
[INFO] [stdout]    |     ^^^^^^^^^^^^^^^^^^ use of unresolved module or unlinked crate `cratefield_testing`
[INFO] [stdout]    |
[INFO] [stdout]    = help: if you wanted to use a crate named `cratefield_testing`, use `cargo add cratefield_testing` to add it to your `Cargo.toml`
[INFO] [stdout] 
[INFO] [stdout] 
[INFO] [stdout] For more information about this error, try `rustc --explain E0432`.
[INFO] [stdout] 
[INFO] [stderr] error: could not compile `cratefield-module-telemetry` (test "privacy") due to 2 previous errors
[INFO] [stdout] For more information about this error, try `rustc --explain E0432`.
[INFO] [stdout] 
[INFO] [stderr] error: could not compile `cratefield-module-telemetry` (test "routes") due to 1 previous error
[INFO] [stdout] error[E0433]: cannot find module or crate `cratefield_adapter_sqlite` in this scope
[INFO] [stdout]    --> src/store.rs:292:13
[INFO] [stdout]     |
[INFO] [stdout] 292 |             cratefield_adapter_sqlite::SqliteDatabase::in_memory().expect("in-memory database");
[INFO] [stdout]     |             ^^^^^^^^^^^^^^^^^^^^^^^^^ use of unresolved module or unlinked crate `cratefield_adapter_sqlite`
[INFO] [stdout]     |
[INFO] [stdout]     = help: if you wanted to use a crate named `cratefield_adapter_sqlite`, use `cargo add cratefield_adapter_sqlite` to add it to your `Cargo.toml`
[INFO] [stdout] 
[INFO] [stdout] 
[INFO] [stdout] error[E0433]: cannot find module or crate `cratefield_adapter_sqlite` in this scope
[INFO] [stdout]    --> src/store.rs:289:16
[INFO] [stdout]     |
[INFO] [stdout] 289 |     fn db() -> cratefield_adapter_sqlite::SqliteDatabase {
[INFO] [stdout]     |                ^^^^^^^^^^^^^^^^^^^^^^^^^ use of unresolved module or unlinked crate `cratefield_adapter_sqlite`
[INFO] [stdout]     |
[INFO] [stdout]     = help: if you wanted to use a crate named `cratefield_adapter_sqlite`, use `cargo add cratefield_adapter_sqlite` to add it to your `Cargo.toml`
[INFO] [stdout] 
[INFO] [stdout] 
[INFO] [stdout] error[E0433]: cannot find module or crate `cratefield_adapter_sqlite` in this scope
[INFO] [stdout]    --> src/store.rs:333:19
[INFO] [stdout]     |
[INFO] [stdout] 333 |     fn count(db: &cratefield_adapter_sqlite::SqliteDatabase, sql: &str, install: &str) -> i64 {
[INFO] [stdout]     |                   ^^^^^^^^^^^^^^^^^^^^^^^^^ use of unresolved module or unlinked crate `cratefield_adapter_sqlite`
[INFO] [stdout]     |
[INFO] [stdout]     = help: if you wanted to use a crate named `cratefield_adapter_sqlite`, use `cargo add cratefield_adapter_sqlite` to add it to your `Cargo.toml`
[INFO] [stdout] 
[INFO] [stdout] 
[INFO] [stdout] For more information about this error, try `rustc --explain E0433`.
[INFO] [stdout] 
[INFO] [stderr] error: could not compile `cratefield-module-telemetry` (lib test) due to 3 previous errors
[INFO] running `Command { std: "docker" "inspect" "0fd5eadac071d2fbfea01c170ec25c7ac32c27e18c4929be962fdcfa7e6b6c4d", kill_on_drop: false }`
[INFO] running `Command { std: "docker" "rm" "-f" "0fd5eadac071d2fbfea01c170ec25c7ac32c27e18c4929be962fdcfa7e6b6c4d", kill_on_drop: false }`
[INFO] [stdout] 0fd5eadac071d2fbfea01c170ec25c7ac32c27e18c4929be962fdcfa7e6b6c4d
