[INFO] fetching crate cratefield-module-notifications 0.3.1...
[INFO] testing cratefield-module-notifications-0.3.1 against 1.100.0-beta.1+cargoflags=--release for beta-release-1.100-2
[INFO] extracting crate cratefield-module-notifications 0.3.1 into /workspace/builds/worker-4-tc2/source
[INFO] started tweaking crates.io crate cratefield-module-notifications 0.3.1
[INFO] removed 0 missing tests
[INFO] finished tweaking crates.io crate cratefield-module-notifications 0.3.1
[INFO] tweaked toml for crates.io crate cratefield-module-notifications 0.3.1 written to /workspace/builds/worker-4-tc2/source/Cargo.toml
[INFO] validating manifest of crates.io crate cratefield-module-notifications 0.3.1 on toolchain 1.100.0-beta.1
[INFO] running `Command { std: CARGO_HOME="/workspace/cargo-home" RUSTUP_HOME="/workspace/rustup-home" "/workspace/cargo-home/bin/cargo" "+1.100.0-beta.1" "metadata" "--manifest-path" "Cargo.toml" "--no-deps", kill_on_drop: false }`
[INFO] crate crates.io crate cratefield-module-notifications 0.3.1 already has a lockfile, it will not be regenerated
[INFO] running `Command { std: CARGO_HOME="/workspace/cargo-home" RUSTUP_HOME="/workspace/rustup-home" "/workspace/cargo-home/bin/cargo" "+1.100.0-beta.1" "fetch" "--manifest-path" "Cargo.toml", kill_on_drop: false }`
[INFO] running `Command { std: "docker" "create" "-v" "/var/lib/crater-agent-workspace/builds/worker-4-tc2/source:/opt/rustwide/workdir:ro,Z" "-v" "/var/lib/crater-agent-workspace/builds/worker-4-tc2/target:/opt/rustwide/target:rw,Z" "-v" "/var/lib/crater-agent-workspace/cargo-home:/opt/rustwide/cargo-home:ro,Z" "-v" "/var/lib/crater-agent-workspace/rustup-home:/opt/rustwide/rustup-home:ro,Z" "-m" "1610612736" "--network" "none" "ghcr.io/rust-lang/crates-build-env/linux@sha256:77db811e55d90add9212f6832c23229e3de5f1c1f9905e8cb07319ea15df73ac" "sleep" "infinity", kill_on_drop: false }`
[INFO] [stdout] 217f31eface39fc886c36d2e71732e78b59b0b1c2f6146e83c8bf7296f1a5f61
[INFO] running `Command { std: "docker" "start" "217f31eface39fc886c36d2e71732e78b59b0b1c2f6146e83c8bf7296f1a5f61", kill_on_drop: false }`
[INFO] running `Command { std: "docker" "inspect" "217f31eface39fc886c36d2e71732e78b59b0b1c2f6146e83c8bf7296f1a5f61", kill_on_drop: false }`
[INFO] running `Command { std: "docker" "exec" "-e" "SOURCE_DIR=/opt/rustwide/workdir" "-e" "CARGO_HOME=/opt/rustwide/cargo-home" "-e" "RUSTUP_HOME=/opt/rustwide/rustup-home" "-e" "CARGO_TARGET_DIR=/opt/rustwide/target" "-w" "/opt/rustwide/workdir" "--user" "0:0" "217f31eface39fc886c36d2e71732e78b59b0b1c2f6146e83c8bf7296f1a5f61" "/opt/rustwide/cargo-home/bin/cargo" "+1.100.0-beta.1" "metadata" "--no-deps" "--format-version=1", kill_on_drop: false }`
[INFO] running `Command { std: "docker" "inspect" "217f31eface39fc886c36d2e71732e78b59b0b1c2f6146e83c8bf7296f1a5f61", kill_on_drop: false }`
[INFO] running `Command { std: "docker" "exec" "-e" "SOURCE_DIR=/opt/rustwide/workdir" "-e" "CARGO_HOME=/opt/rustwide/cargo-home" "-e" "RUSTUP_HOME=/opt/rustwide/rustup-home" "-e" "CARGO_TARGET_DIR=/opt/rustwide/target" "-e" "CARGO_INCREMENTAL=0" "-e" "RUST_BACKTRACE=full" "-e" "RUSTFLAGS=--cap-lints=warn" "-e" "RUSTDOCFLAGS=--cap-lints=warn" "-w" "/opt/rustwide/workdir" "--user" "0:0" "217f31eface39fc886c36d2e71732e78b59b0b1c2f6146e83c8bf7296f1a5f61" "/opt/rustwide/cargo-home/bin/cargo" "+1.100.0-beta.1" "build" "--frozen" "--message-format=json" "--release", kill_on_drop: false }`
[INFO] [stderr]    Compiling proc-macro2 v1.0.107
[INFO] [stderr]    Compiling quote v1.0.47
[INFO] [stderr]    Compiling subtle v2.6.1
[INFO] [stderr]    Compiling rand_core v0.10.1
[INFO] [stderr]    Compiling typenum v1.20.1
[INFO] [stderr]    Compiling cmov v0.5.4
[INFO] [stderr]    Compiling const-oid v0.10.2
[INFO] [stderr]    Compiling litemap v0.8.3
[INFO] [stderr]    Compiling writeable v0.6.4
[INFO] [stderr]    Compiling pem-rfc7468 v1.0.0
[INFO] [stderr]    Compiling bytes v1.12.1
[INFO] [stderr]    Compiling cpubits v0.1.1
[INFO] [stderr]    Compiling cpufeatures v0.3.1
[INFO] [stderr]    Compiling memchr v2.8.3
[INFO] [stderr]    Compiling zmij v1.0.23
[INFO] [stderr]    Compiling serde v1.0.229
[INFO] [stderr]    Compiling icu_normalizer_data v2.3.0
[INFO] [stderr]    Compiling icu_properties_data v2.3.0
[INFO] [stderr]    Compiling smallvec v1.16.0
[INFO] [stderr]    Compiling serde_json v1.0.151
[INFO] [stderr]    Compiling ff v0.14.0
[INFO] [stderr]    Compiling thiserror v2.0.20
[INFO] [stderr]    Compiling hashbrown v0.17.1
[INFO] [stderr]    Compiling libc v0.2.189
[INFO] [stderr]    Compiling ctutils v0.4.2
[INFO] [stderr]    Compiling getrandom v0.4.3
[INFO] [stderr]    Compiling group v0.14.0
[INFO] [stderr]    Compiling ref-cast v1.0.27
[INFO] [stderr]    Compiling base16ct v1.0.0
[INFO] [stderr]    Compiling futures-util v0.3.34
[INFO] [stderr]    Compiling chacha20 v0.10.2
[INFO] [stderr]    Compiling tinyvec v1.13.2
[INFO] [stderr]    Compiling rustc-hash v2.1.3
[INFO] [stderr]    Compiling num-conv v0.2.2
[INFO] [stderr]    Compiling deranged v0.5.8
[INFO] [stderr]    Compiling time-core v0.1.9
[INFO] [stderr]    Compiling bitflags v2.13.1
[INFO] [stderr]    Compiling dyn-clone v1.0.20
[INFO] [stderr]    Compiling type-map v0.5.1
[INFO] [stderr]    Compiling self_cell v1.3.0
[INFO] [stderr]    Compiling http v1.5.0
[INFO] [stderr]    Compiling unicode-normalization v0.1.25
[INFO] [stderr]    Compiling syn v2.0.119
[INFO] [stderr]    Compiling syn v3.0.5
[INFO] [stderr]    Compiling indexmap v2.14.2
[INFO] [stderr]    Compiling rand v0.10.2
[INFO] [stderr]    Compiling http-body v1.1.0
[INFO] [stderr]    Compiling tower-http v0.7.1
[INFO] [stderr]    Compiling time v0.3.55
[INFO] [stderr]    Compiling http-body-util v0.1.5
[INFO] [stderr]    Compiling ulid v3.0.0
[INFO] [stderr]    Compiling axum-core v0.5.6
[INFO] [stderr]    Compiling tower v0.5.3
[INFO] [stderr]    Compiling serde_derive_internals v0.30.0
[INFO] [stderr]    Compiling zerovec-derive v0.11.6
[INFO] [stderr]    Compiling displaydoc v0.2.7
[INFO] [stderr]    Compiling serde_derive v1.0.229
[INFO] [stderr]    Compiling thiserror-impl v2.0.20
[INFO] [stderr]    Compiling ref-cast-impl v1.0.27
[INFO] [stderr]    Compiling inherent v1.0.14
[INFO] [stderr]    Compiling async-trait v0.1.92
[INFO] [stderr]    Compiling synstructure v0.13.2
[INFO] [stderr]    Compiling sea-query v0.32.7
[INFO] [stderr]    Compiling schemars_derive v1.2.2
[INFO] [stderr]    Compiling zerofrom-derive v0.1.7
[INFO] [stderr]    Compiling zeroize_derive v1.5.0
[INFO] [stderr]    Compiling yoke-derive v0.8.2
[INFO] [stderr]    Compiling tracing-attributes v0.1.31
[INFO] [stderr]    Compiling fluent-syntax v0.12.0
[INFO] [stderr]    Compiling zeroize v1.9.0
[INFO] [stderr]    Compiling hybrid-array v0.4.14
[INFO] [stderr]    Compiling der v0.8.2
[INFO] [stderr]    Compiling tracing v0.1.44
[INFO] [stderr]    Compiling zerofrom v0.1.8
[INFO] [stderr]    Compiling yoke v0.8.3
[INFO] [stderr]    Compiling zerovec v0.11.8
[INFO] [stderr]    Compiling zerotrie v0.2.5
[INFO] [stderr]    Compiling crypto-common v0.2.2
[INFO] [stderr]    Compiling block-buffer v0.12.1
[INFO] [stderr]    Compiling crypto-bigint v0.7.5
[INFO] [stderr]    Compiling serde_urlencoded v0.7.1
[INFO] [stderr]    Compiling schemars v1.2.2
[INFO] [stderr]    Compiling spki v0.8.0
[INFO] [stderr]    Compiling sec1 v0.8.1
[INFO] [stderr]    Compiling axum v0.8.9
[INFO] [stderr]    Compiling pkcs8 v0.11.0
[INFO] [stderr]    Compiling tinystr v0.8.4
[INFO] [stderr]    Compiling potential_utf v0.1.6
[INFO] [stderr]    Compiling icu_locale_core v2.3.0
[INFO] [stderr]    Compiling icu_collections v2.3.0
[INFO] [stderr]    Compiling digest v0.11.3
[INFO] [stderr]    Compiling unic-langid-impl v0.9.6
[INFO] [stderr]    Compiling hmac v0.13.0
[INFO] [stderr]    Compiling sha2 v0.11.0
[INFO] [stderr]    Compiling signature v3.0.0
[INFO] [stderr]    Compiling unic-langid v0.9.6
[INFO] [stderr]    Compiling sha1 v0.11.0
[INFO] [stderr]    Compiling intl_pluralrules v7.0.2
[INFO] [stderr]    Compiling fluent-langneg v0.13.1
[INFO] [stderr]    Compiling intl-memoizer v0.5.3
[INFO] [stderr]    Compiling fluent-bundle v0.16.0
[INFO] [stderr]    Compiling icu_provider v2.3.1
[INFO] [stderr]    Compiling cratefield-i18n v0.2.0
[INFO] [stderr]    Compiling icu_normalizer v2.3.0
[INFO] [stderr]    Compiling icu_properties v2.3.0
[INFO] [stderr]    Compiling primefield v0.14.0
[INFO] [stderr]    Compiling elliptic-curve v0.14.1
[INFO] [stderr]    Compiling rfc6979 v0.6.0
[INFO] [stderr]    Compiling wnaf v0.14.1
[INFO] [stderr]    Compiling ecdsa v0.17.0
[INFO] [stderr]    Compiling primeorder v0.14.0
[INFO] [stderr]    Compiling idna_adapter v1.2.2
[INFO] [stderr]    Compiling idna v1.1.0
[INFO] [stderr]    Compiling p256 v0.14.0
[INFO] [stderr]    Compiling url v2.5.8
[INFO] [stderr]    Compiling cratefield-core v0.8.2
[INFO] [stderr]    Compiling cratefield-mail-templates v0.1.1
[INFO] [stderr]    Compiling cratefield-auth-client v0.3.2
[INFO] [stderr]    Compiling cratefield-module-notifications v0.3.1 (/opt/rustwide/workdir)
[INFO] [stderr]     Finished `release` profile [optimized] target(s) in 2m 01s
[INFO] running `Command { std: "docker" "inspect" "217f31eface39fc886c36d2e71732e78b59b0b1c2f6146e83c8bf7296f1a5f61", kill_on_drop: false }`
[INFO] running `Command { std: "docker" "exec" "-e" "SOURCE_DIR=/opt/rustwide/workdir" "-e" "CARGO_HOME=/opt/rustwide/cargo-home" "-e" "RUSTUP_HOME=/opt/rustwide/rustup-home" "-e" "CARGO_TARGET_DIR=/opt/rustwide/target" "-e" "CARGO_INCREMENTAL=0" "-e" "RUST_BACKTRACE=full" "-e" "RUSTFLAGS=--cap-lints=warn" "-e" "RUSTDOCFLAGS=--cap-lints=warn" "-w" "/opt/rustwide/workdir" "--user" "0:0" "217f31eface39fc886c36d2e71732e78b59b0b1c2f6146e83c8bf7296f1a5f61" "/opt/rustwide/cargo-home/bin/cargo" "+1.100.0-beta.1" "test" "--frozen" "--no-run" "--message-format=json" "--release", kill_on_drop: false }`
[INFO] [stderr]    Compiling pollster-macro v0.4.0
[INFO] [stderr]    Compiling pollster v0.4.0
[INFO] [stderr]    Compiling cratefield-module-notifications v0.3.1 (/opt/rustwide/workdir)
[INFO] [stdout] error[E0432]: unresolved import `cratefield_push_wiring`
[INFO] [stdout]   --> tests/wiring.rs:11:5
[INFO] [stdout]    |
[INFO] [stdout] 11 | use cratefield_push_wiring::inspect_push;
[INFO] [stdout]    |     ^^^^^^^^^^^^^^^^^^^^^^ use of unresolved module or unlinked crate `cratefield_push_wiring`
[INFO] [stdout]    |
[INFO] [stdout] help: there is a crate or module with a similar name
[INFO] [stdout]    |
[INFO] [stdout] 11 - use cratefield_push_wiring::inspect_push;
[INFO] [stdout] 11 + use cratefield_auth_client::inspect_push;
[INFO] [stdout]    |
[INFO] [stdout] 
[INFO] [stdout] 
[INFO] [stdout] error[E0432]: unresolved import `cratefield_testing`
[INFO] [stdout]  --> tests/conformance.rs:5:5
[INFO] [stdout]   |
[INFO] [stdout] 5 | use cratefield_testing::{assert_wasm_safe_deps, conformance};
[INFO] [stdout]   |     ^^^^^^^^^^^^^^^^^^ use of unresolved module or unlinked crate `cratefield_testing`
[INFO] [stdout]   |
[INFO] [stdout] help: there is a crate or module with a similar name
[INFO] [stdout]   |
[INFO] [stdout] 5 - use cratefield_testing::{assert_wasm_safe_deps, conformance};
[INFO] [stdout] 5 + use cratefield_i18n::{assert_wasm_safe_deps, conformance};
[INFO] [stdout]   |
[INFO] [stdout] 
[INFO] [stdout] 
[INFO] [stdout] error[E0432]: unresolved import `cratefield_testing`
[INFO] [stdout]   --> tests/support/mod.rs:40:5
[INFO] [stdout]    |
[INFO] [stdout] 40 | use cratefield_testing::{FakePush, PushMode, TestHarness};
[INFO] [stdout]    |     ^^^^^^^^^^^^^^^^^^ use of unresolved module or unlinked crate `cratefield_testing`
[INFO] [stdout]    |
[INFO] [stdout] help: there is a crate or module with a similar name
[INFO] [stdout]    |
[INFO] [stdout] 40 - use cratefield_testing::{FakePush, PushMode, TestHarness};
[INFO] [stdout] 40 + use cratefield_i18n::{FakePush, PushMode, TestHarness};
[INFO] [stdout]    |
[INFO] [stdout] 
[INFO] [stdout] 
[INFO] [stdout] error[E0432]: unresolved import `cratefield_module_privacy`
[INFO] [stdout]   --> tests/privacy.rs:22:5
[INFO] [stdout]    |
[INFO] [stdout] 22 | use cratefield_module_privacy::Privacy;
[INFO] [stdout]    |     ^^^^^^^^^^^^^^^^^^^^^^^^^ use of unresolved module or unlinked crate `cratefield_module_privacy`
[INFO] [stdout]    |
[INFO] [stdout]    = help: if you wanted to use a crate named `cratefield_module_privacy`, use `cargo add cratefield_module_privacy` to add it to your `Cargo.toml`
[INFO] [stdout] 
[INFO] [stdout] 
[INFO] [stdout] error[E0432]: unresolved import `cratefield_testing`
[INFO] [stdout]   --> tests/privacy.rs:23:5
[INFO] [stdout]    |
[INFO] [stdout] 23 | use cratefield_testing::TestHarness;
[INFO] [stdout]    |     ^^^^^^^^^^^^^^^^^^ use of unresolved module or unlinked crate `cratefield_testing`
[INFO] [stdout]    |
[INFO] [stdout] help: there is a crate or module with a similar name
[INFO] [stdout]    |
[INFO] [stdout] 23 - use cratefield_testing::TestHarness;
[INFO] [stdout] 23 + use cratefield_i18n::TestHarness;
[INFO] [stdout]    |
[INFO] [stdout] 
[INFO] [stdout] 
[INFO] [stdout] For more information about this error, try `rustc --explain E0432`.
[INFO] [stdout] 
[INFO] [stdout] error[E0432]: unresolved import `cratefield_testing`
[INFO] [stdout]   --> tests/support/mod.rs:40:5
[INFO] [stdout]    |
[INFO] [stdout] 40 | use cratefield_testing::{FakePush, PushMode, TestHarness};
[INFO] [stdout]    |     ^^^^^^^^^^^^^^^^^^ use of unresolved module or unlinked crate `cratefield_testing`
[INFO] [stdout]    |
[INFO] [stdout] help: there is a crate or module with a similar name
[INFO] [stdout]    |
[INFO] [stdout] 40 - use cratefield_testing::{FakePush, PushMode, TestHarness};
[INFO] [stdout] 40 + use cratefield_i18n::{FakePush, PushMode, TestHarness};
[INFO] [stdout]    |
[INFO] [stdout] 
[INFO] [stdout] 
[INFO] [stderr] error: could not compile `cratefield-module-notifications` (test "wiring") due to 1 previous error
[INFO] [stderr] warning: build failed, waiting for other jobs to finish...
[INFO] [stdout] error[E0432]: unresolved import `cratefield_testing`
[INFO] [stdout]   --> tests/support/mod.rs:40:5
[INFO] [stdout]    |
[INFO] [stdout] 40 | use cratefield_testing::{FakePush, PushMode, TestHarness};
[INFO] [stdout]    |     ^^^^^^^^^^^^^^^^^^ use of unresolved module or unlinked crate `cratefield_testing`
[INFO] [stdout]    |
[INFO] [stdout] help: there is a crate or module with a similar name
[INFO] [stdout]    |
[INFO] [stdout] 40 - use cratefield_testing::{FakePush, PushMode, TestHarness};
[INFO] [stdout] 40 + use cratefield_i18n::{FakePush, PushMode, TestHarness};
[INFO] [stdout]    |
[INFO] [stdout] 
[INFO] [stdout] 
[INFO] [stdout] For more information about this error, try `rustc --explain E0432`.
[INFO] [stdout] 
[INFO] [stderr] error: could not compile `cratefield-module-notifications` (test "conformance") due to 1 previous error
[INFO] [stdout] error[E0433]: cannot find module or crate `cratefield_testing` in this scope
[INFO] [stdout]    --> tests/support/mod.rs:504:18
[INFO] [stdout]     |
[INFO] [stdout] 504 |         Arc::new(cratefield_testing::FakePush::new(
[INFO] [stdout]     |                  ^^^^^^^^^^^^^^^^^^ use of unresolved module or unlinked crate `cratefield_testing`
[INFO] [stdout]     |
[INFO] [stdout] help: there is a crate or module with a similar name
[INFO] [stdout]     |
[INFO] [stdout] 504 -         Arc::new(cratefield_testing::FakePush::new(
[INFO] [stdout] 504 +         Arc::new(cratefield_i18n::FakePush::new(
[INFO] [stdout]     |
[INFO] [stdout] 
[INFO] [stdout] 
[INFO] [stdout] error[E0432]: unresolved import `cratefield_testing`
[INFO] [stdout]   --> tests/support/mod.rs:40:5
[INFO] [stdout]    |
[INFO] [stdout] 40 | use cratefield_testing::{FakePush, PushMode, TestHarness};
[INFO] [stdout]    |     ^^^^^^^^^^^^^^^^^^ use of unresolved module or unlinked crate `cratefield_testing`
[INFO] [stdout]    |
[INFO] [stdout] help: there is a crate or module with a similar name
[INFO] [stdout]    |
[INFO] [stdout] 40 - use cratefield_testing::{FakePush, PushMode, TestHarness};
[INFO] [stdout] 40 + use cratefield_i18n::{FakePush, PushMode, TestHarness};
[INFO] [stdout]    |
[INFO] [stdout] 
[INFO] [stdout] 
[INFO] [stdout] error[E0432]: unresolved import `cratefield_testing`
[INFO] [stdout]   --> tests/email_failures.rs:23:5
[INFO] [stdout]    |
[INFO] [stdout] 23 | use cratefield_testing::{FakePush, MailerMode, PushMode};
[INFO] [stdout]    |     ^^^^^^^^^^^^^^^^^^ use of unresolved module or unlinked crate `cratefield_testing`
[INFO] [stdout]    |
[INFO] [stdout] help: there is a crate or module with a similar name
[INFO] [stdout]    |
[INFO] [stdout] 23 - use cratefield_testing::{FakePush, MailerMode, PushMode};
[INFO] [stdout] 23 + use cratefield_i18n::{FakePush, MailerMode, PushMode};
[INFO] [stdout]    |
[INFO] [stdout] 
[INFO] [stdout] 
[INFO] [stdout] error[E0432]: unresolved import `cratefield_testing`
[INFO] [stdout]   --> tests/support/mod.rs:40:5
[INFO] [stdout]    |
[INFO] [stdout] 40 | use cratefield_testing::{FakePush, PushMode, TestHarness};
[INFO] [stdout]    |     ^^^^^^^^^^^^^^^^^^ use of unresolved module or unlinked crate `cratefield_testing`
[INFO] [stdout]    |
[INFO] [stdout] help: there is a crate or module with a similar name
[INFO] [stdout]    |
[INFO] [stdout] 40 - use cratefield_testing::{FakePush, PushMode, TestHarness};
[INFO] [stdout] 40 + use cratefield_i18n::{FakePush, PushMode, TestHarness};
[INFO] [stdout]    |
[INFO] [stdout] 
[INFO] [stdout] 
[INFO] [stdout] error[E0432]: unresolved import `cratefield_testing`
[INFO] [stdout]   --> tests/fanout.rs:14:5
[INFO] [stdout]    |
[INFO] [stdout] 14 | use cratefield_testing::{FakePush, PushMode};
[INFO] [stdout]    |     ^^^^^^^^^^^^^^^^^^ use of unresolved module or unlinked crate `cratefield_testing`
[INFO] [stdout]    |
[INFO] [stdout] help: there is a crate or module with a similar name
[INFO] [stdout]    |
[INFO] [stdout] 14 - use cratefield_testing::{FakePush, PushMode};
[INFO] [stdout] 14 + use cratefield_i18n::{FakePush, PushMode};
[INFO] [stdout]    |
[INFO] [stdout] 
[INFO] [stdout] 
[INFO] [stdout] error[E0433]: cannot find module or crate `cratefield_testing` in this scope
[INFO] [stdout]    --> tests/support/mod.rs:504:18
[INFO] [stdout]     |
[INFO] [stdout] 504 |         Arc::new(cratefield_testing::FakePush::new(
[INFO] [stdout]     |                  ^^^^^^^^^^^^^^^^^^ use of unresolved module or unlinked crate `cratefield_testing`
[INFO] [stdout]     |
[INFO] [stdout] help: there is a crate or module with a similar name
[INFO] [stdout]     |
[INFO] [stdout] 504 -         Arc::new(cratefield_testing::FakePush::new(
[INFO] [stdout] 504 +         Arc::new(cratefield_i18n::FakePush::new(
[INFO] [stdout]     |
[INFO] [stdout] 
[INFO] [stdout] 
[INFO] [stdout] error[E0433]: cannot find module or crate `cratefield_testing` in this scope
[INFO] [stdout]    --> tests/support/mod.rs:505:13
[INFO] [stdout]     |
[INFO] [stdout] 505 |             cratefield_testing::PushMode::DeliverOk,
[INFO] [stdout]     |             ^^^^^^^^^^^^^^^^^^ use of unresolved module or unlinked crate `cratefield_testing`
[INFO] [stdout]     |
[INFO] [stdout] help: there is a crate or module with a similar name
[INFO] [stdout]     |
[INFO] [stdout] 505 -             cratefield_testing::PushMode::DeliverOk,
[INFO] [stdout] 505 +             cratefield_i18n::PushMode::DeliverOk,
[INFO] [stdout]     |
[INFO] [stdout] 
[INFO] [stdout] 
[INFO] [stdout] error[E0432]: unresolved import `cratefield_testing`
[INFO] [stdout]   --> tests/support/mod.rs:40:5
[INFO] [stdout]    |
[INFO] [stdout] 40 | use cratefield_testing::{FakePush, PushMode, TestHarness};
[INFO] [stdout]    |     ^^^^^^^^^^^^^^^^^^ use of unresolved module or unlinked crate `cratefield_testing`
[INFO] [stdout]    |
[INFO] [stdout] help: there is a crate or module with a similar name
[INFO] [stdout]    |
[INFO] [stdout] 40 - use cratefield_testing::{FakePush, PushMode, TestHarness};
[INFO] [stdout] 40 + use cratefield_i18n::{FakePush, PushMode, TestHarness};
[INFO] [stdout]    |
[INFO] [stdout] 
[INFO] [stdout] 
[INFO] [stdout] error[E0432]: unresolved import `cratefield_testing`
[INFO] [stdout]   --> tests/support/mod.rs:40:5
[INFO] [stdout]    |
[INFO] [stdout] 40 | use cratefield_testing::{FakePush, PushMode, TestHarness};
[INFO] [stdout]    |     ^^^^^^^^^^^^^^^^^^ use of unresolved module or unlinked crate `cratefield_testing`
[INFO] [stdout]    |
[INFO] [stdout] help: there is a crate or module with a similar name
[INFO] [stdout]    |
[INFO] [stdout] 40 - use cratefield_testing::{FakePush, PushMode, TestHarness};
[INFO] [stdout] 40 + use cratefield_i18n::{FakePush, PushMode, TestHarness};
[INFO] [stdout]    |
[INFO] [stdout] 
[INFO] [stdout] 
[INFO] [stdout] error[E0432]: unresolved import `cratefield_testing`
[INFO] [stdout]   --> tests/support/mod.rs:40:5
[INFO] [stdout]    |
[INFO] [stdout] 40 | use cratefield_testing::{FakePush, PushMode, TestHarness};
[INFO] [stdout]    |     ^^^^^^^^^^^^^^^^^^ use of unresolved module or unlinked crate `cratefield_testing`
[INFO] [stdout]    |
[INFO] [stdout] help: there is a crate or module with a similar name
[INFO] [stdout]    |
[INFO] [stdout] 40 - use cratefield_testing::{FakePush, PushMode, TestHarness};
[INFO] [stdout] 40 + use cratefield_i18n::{FakePush, PushMode, TestHarness};
[INFO] [stdout]    |
[INFO] [stdout] 
[INFO] [stdout] 
[INFO] [stdout] error[E0433]: cannot find module or crate `cratefield_testing` in this scope
[INFO] [stdout]    --> tests/support/mod.rs:504:18
[INFO] [stdout]     |
[INFO] [stdout] 504 |         Arc::new(cratefield_testing::FakePush::new(
[INFO] [stdout]     |                  ^^^^^^^^^^^^^^^^^^ use of unresolved module or unlinked crate `cratefield_testing`
[INFO] [stdout]     |
[INFO] [stdout] help: there is a crate or module with a similar name
[INFO] [stdout]     |
[INFO] [stdout] 504 -         Arc::new(cratefield_testing::FakePush::new(
[INFO] [stdout] 504 +         Arc::new(cratefield_i18n::FakePush::new(
[INFO] [stdout]     |
[INFO] [stdout] 
[INFO] [stdout] 
[INFO] [stdout] error[E0433]: cannot find module or crate `cratefield_testing` in this scope
[INFO] [stdout]    --> tests/support/mod.rs:505:13
[INFO] [stdout]     |
[INFO] [stdout] 505 |             cratefield_testing::PushMode::DeliverOk,
[INFO] [stdout]     |             ^^^^^^^^^^^^^^^^^^ use of unresolved module or unlinked crate `cratefield_testing`
[INFO] [stdout]     |
[INFO] [stdout] help: there is a crate or module with a similar name
[INFO] [stdout]     |
[INFO] [stdout] 505 -             cratefield_testing::PushMode::DeliverOk,
[INFO] [stdout] 505 +             cratefield_i18n::PushMode::DeliverOk,
[INFO] [stdout]     |
[INFO] [stdout] 
[INFO] [stdout] 
[INFO] [stdout] error[E0433]: cannot find module or crate `cratefield_testing` in this scope
[INFO] [stdout]    --> tests/support/mod.rs:579:18
[INFO] [stdout]     |
[INFO] [stdout] 579 |         Arc::new(cratefield_testing::FakePush::new(
[INFO] [stdout]     |                  ^^^^^^^^^^^^^^^^^^ use of unresolved module or unlinked crate `cratefield_testing`
[INFO] [stdout]     |
[INFO] [stdout] help: there is a crate or module with a similar name
[INFO] [stdout]     |
[INFO] [stdout] 579 -         Arc::new(cratefield_testing::FakePush::new(
[INFO] [stdout] 579 +         Arc::new(cratefield_i18n::FakePush::new(
[INFO] [stdout]     |
[INFO] [stdout] 
[INFO] [stdout] 
[INFO] [stdout] error[E0433]: cannot find module or crate `cratefield_testing` in this scope
[INFO] [stdout]    --> tests/support/mod.rs:580:13
[INFO] [stdout]     |
[INFO] [stdout] 580 |             cratefield_testing::PushMode::DeliverOk,
[INFO] [stdout]     |             ^^^^^^^^^^^^^^^^^^ use of unresolved module or unlinked crate `cratefield_testing`
[INFO] [stdout]     |
[INFO] [stdout] help: there is a crate or module with a similar name
[INFO] [stdout]     |
[INFO] [stdout] 580 -             cratefield_testing::PushMode::DeliverOk,
[INFO] [stdout] 580 +             cratefield_i18n::PushMode::DeliverOk,
[INFO] [stdout]     |
[INFO] [stdout] 
[INFO] [stdout] 
[INFO] [stdout] error[E0433]: cannot find module or crate `cratefield_testing` in this scope
[INFO] [stdout]    --> tests/support/mod.rs:505:13
[INFO] [stdout]     |
[INFO] [stdout] 505 |             cratefield_testing::PushMode::DeliverOk,
[INFO] [stdout]     |             ^^^^^^^^^^^^^^^^^^ use of unresolved module or unlinked crate `cratefield_testing`
[INFO] [stdout]     |
[INFO] [stdout] help: there is a crate or module with a similar name
[INFO] [stdout]     |
[INFO] [stdout] 505 -             cratefield_testing::PushMode::DeliverOk,
[INFO] [stdout] 505 +             cratefield_i18n::PushMode::DeliverOk,
[INFO] [stdout]     |
[INFO] [stdout] 
[INFO] [stdout] 
[INFO] [stdout] error[E0433]: cannot find module or crate `cratefield_testing` in this scope
[INFO] [stdout]    --> tests/support/mod.rs:579:18
[INFO] [stdout]     |
[INFO] [stdout] 579 |         Arc::new(cratefield_testing::FakePush::new(
[INFO] [stdout]     |                  ^^^^^^^^^^^^^^^^^^ use of unresolved module or unlinked crate `cratefield_testing`
[INFO] [stdout]     |
[INFO] [stdout] help: there is a crate or module with a similar name
[INFO] [stdout]     |
[INFO] [stdout] 579 -         Arc::new(cratefield_testing::FakePush::new(
[INFO] [stdout] 579 +         Arc::new(cratefield_i18n::FakePush::new(
[INFO] [stdout]     |
[INFO] [stdout] 
[INFO] [stdout] 
[INFO] [stdout] error[E0433]: cannot find module or crate `cratefield_testing` in this scope
[INFO] [stdout]    --> tests/support/mod.rs:504:18
[INFO] [stdout]     |
[INFO] [stdout] 504 |         Arc::new(cratefield_testing::FakePush::new(
[INFO] [stdout]     |                  ^^^^^^^^^^^^^^^^^^ use of unresolved module or unlinked crate `cratefield_testing`
[INFO] [stdout]     |
[INFO] [stdout] help: there is a crate or module with a similar name
[INFO] [stdout]     |
[INFO] [stdout] 504 -         Arc::new(cratefield_testing::FakePush::new(
[INFO] [stdout] 504 +         Arc::new(cratefield_i18n::FakePush::new(
[INFO] [stdout]     |
[INFO] [stdout] 
[INFO] [stdout] 
[INFO] [stdout] error[E0432]: unresolved import `cratefield_testing`
[INFO] [stdout]   --> tests/support/mod.rs:40:5
[INFO] [stdout]    |
[INFO] [stdout] 40 | use cratefield_testing::{FakePush, PushMode, TestHarness};
[INFO] [stdout]    |     ^^^^^^^^^^^^^^^^^^ use of unresolved module or unlinked crate `cratefield_testing`
[INFO] [stdout]    |
[INFO] [stdout] help: there is a crate or module with a similar name
[INFO] [stdout]    |
[INFO] [stdout] 40 - use cratefield_testing::{FakePush, PushMode, TestHarness};
[INFO] [stdout] 40 + use cratefield_i18n::{FakePush, PushMode, TestHarness};
[INFO] [stdout]    |
[INFO] [stdout] 
[INFO] [stdout] 
[INFO] [stdout] error[E0433]: cannot find module or crate `cratefield_testing` in this scope
[INFO] [stdout]    --> tests/support/mod.rs:504:18
[INFO] [stdout]     |
[INFO] [stdout] 504 |         Arc::new(cratefield_testing::FakePush::new(
[INFO] [stdout]     |                  ^^^^^^^^^^^^^^^^^^ use of unresolved module or unlinked crate `cratefield_testing`
[INFO] [stdout]     |
[INFO] [stdout] help: there is a crate or module with a similar name
[INFO] [stdout]     |
[INFO] [stdout] 504 -         Arc::new(cratefield_testing::FakePush::new(
[INFO] [stdout] 504 +         Arc::new(cratefield_i18n::FakePush::new(
[INFO] [stdout]     |
[INFO] [stdout] 
[INFO] [stdout] 
[INFO] [stdout] error[E0433]: cannot find module or crate `cratefield_testing` in this scope
[INFO] [stdout]    --> tests/support/mod.rs:504:18
[INFO] [stdout]     |
[INFO] [stdout] 504 |         Arc::new(cratefield_testing::FakePush::new(
[INFO] [stdout]     |                  ^^^^^^^^^^^^^^^^^^ use of unresolved module or unlinked crate `cratefield_testing`
[INFO] [stdout]     |
[INFO] [stdout] help: there is a crate or module with a similar name
[INFO] [stdout]     |
[INFO] [stdout] 504 -         Arc::new(cratefield_testing::FakePush::new(
[INFO] [stdout] 504 +         Arc::new(cratefield_i18n::FakePush::new(
[INFO] [stdout]     |
[INFO] [stdout] 
[INFO] [stdout] 
[INFO] [stdout] error[E0433]: cannot find module or crate `cratefield_testing` in this scope
[INFO] [stdout]    --> tests/support/mod.rs:579:18
[INFO] [stdout]     |
[INFO] [stdout] 579 |         Arc::new(cratefield_testing::FakePush::new(
[INFO] [stdout]     |                  ^^^^^^^^^^^^^^^^^^ use of unresolved module or unlinked crate `cratefield_testing`
[INFO] [stdout]     |
[INFO] [stdout] help: there is a crate or module with a similar name
[INFO] [stdout]     |
[INFO] [stdout] 579 -         Arc::new(cratefield_testing::FakePush::new(
[INFO] [stdout] 579 +         Arc::new(cratefield_i18n::FakePush::new(
[INFO] [stdout]     |
[INFO] [stdout] 
[INFO] [stdout] 
[INFO] [stdout] error[E0432]: unresolved import `cratefield_testing`
[INFO] [stdout]   --> tests/support/mod.rs:40:5
[INFO] [stdout]    |
[INFO] [stdout] 40 | use cratefield_testing::{FakePush, PushMode, TestHarness};
[INFO] [stdout]    |     ^^^^^^^^^^^^^^^^^^ use of unresolved module or unlinked crate `cratefield_testing`
[INFO] [stdout]    |
[INFO] [stdout] help: there is a crate or module with a similar name
[INFO] [stdout]    |
[INFO] [stdout] 40 - use cratefield_testing::{FakePush, PushMode, TestHarness};
[INFO] [stdout] 40 + use cratefield_i18n::{FakePush, PushMode, TestHarness};
[INFO] [stdout]    |
[INFO] [stdout] 
[INFO] [stdout] 
[INFO] [stdout] error[E0433]: cannot find module or crate `cratefield_testing` in this scope
[INFO] [stdout]    --> tests/support/mod.rs:580:13
[INFO] [stdout]     |
[INFO] [stdout] 580 |             cratefield_testing::PushMode::DeliverOk,
[INFO] [stdout]     |             ^^^^^^^^^^^^^^^^^^ use of unresolved module or unlinked crate `cratefield_testing`
[INFO] [stdout]     |
[INFO] [stdout] help: there is a crate or module with a similar name
[INFO] [stdout]     |
[INFO] [stdout] 580 -             cratefield_testing::PushMode::DeliverOk,
[INFO] [stdout] 580 +             cratefield_i18n::PushMode::DeliverOk,
[INFO] [stdout]     |
[INFO] [stdout] 
[INFO] [stdout] 
[INFO] [stdout] error[E0433]: cannot find module or crate `cratefield_testing` in this scope
[INFO] [stdout]    --> tests/support/mod.rs:505:13
[INFO] [stdout]     |
[INFO] [stdout] 505 |             cratefield_testing::PushMode::DeliverOk,
[INFO] [stdout]     |             ^^^^^^^^^^^^^^^^^^ use of unresolved module or unlinked crate `cratefield_testing`
[INFO] [stdout]     |
[INFO] [stdout] help: there is a crate or module with a similar name
[INFO] [stdout]     |
[INFO] [stdout] 505 -             cratefield_testing::PushMode::DeliverOk,
[INFO] [stdout] 505 +             cratefield_i18n::PushMode::DeliverOk,
[INFO] [stdout]     |
[INFO] [stdout] 
[INFO] [stdout] 
[INFO] [stdout] error[E0433]: cannot find module or crate `cratefield_testing` in this scope
[INFO] [stdout]    --> tests/support/mod.rs:504:18
[INFO] [stdout]     |
[INFO] [stdout] 504 |         Arc::new(cratefield_testing::FakePush::new(
[INFO] [stdout]     |                  ^^^^^^^^^^^^^^^^^^ use of unresolved module or unlinked crate `cratefield_testing`
[INFO] [stdout]     |
[INFO] [stdout] help: there is a crate or module with a similar name
[INFO] [stdout]     |
[INFO] [stdout] 504 -         Arc::new(cratefield_testing::FakePush::new(
[INFO] [stdout] 504 +         Arc::new(cratefield_i18n::FakePush::new(
[INFO] [stdout]     |
[INFO] [stdout] 
[INFO] [stdout] 
[INFO] [stdout] error[E0433]: cannot find module or crate `cratefield_testing` in this scope
[INFO] [stdout]    --> tests/support/mod.rs:504:18
[INFO] [stdout]     |
[INFO] [stdout] 504 |         Arc::new(cratefield_testing::FakePush::new(
[INFO] [stdout]     |                  ^^^^^^^^^^^^^^^^^^ use of unresolved module or unlinked crate `cratefield_testing`
[INFO] [stdout]     |
[INFO] [stdout] help: there is a crate or module with a similar name
[INFO] [stdout]     |
[INFO] [stdout] 504 -         Arc::new(cratefield_testing::FakePush::new(
[INFO] [stdout] 504 +         Arc::new(cratefield_i18n::FakePush::new(
[INFO] [stdout]     |
[INFO] [stdout] 
[INFO] [stdout] 
[INFO] [stdout] error[E0433]: cannot find module or crate `cratefield_testing` in this scope
[INFO] [stdout]    --> tests/support/mod.rs:505:13
[INFO] [stdout]     |
[INFO] [stdout] 505 |             cratefield_testing::PushMode::DeliverOk,
[INFO] [stdout]     |             ^^^^^^^^^^^^^^^^^^ use of unresolved module or unlinked crate `cratefield_testing`
[INFO] [stdout]     |
[INFO] [stdout] help: there is a crate or module with a similar name
[INFO] [stdout]     |
[INFO] [stdout] 505 -             cratefield_testing::PushMode::DeliverOk,
[INFO] [stdout] 505 +             cratefield_i18n::PushMode::DeliverOk,
[INFO] [stdout]     |
[INFO] [stdout] 
[INFO] [stdout] 
[INFO] [stdout] error[E0433]: cannot find module or crate `cratefield_testing` in this scope
[INFO] [stdout]    --> tests/support/mod.rs:505:13
[INFO] [stdout]     |
[INFO] [stdout] 505 |             cratefield_testing::PushMode::DeliverOk,
[INFO] [stdout]     |             ^^^^^^^^^^^^^^^^^^ use of unresolved module or unlinked crate `cratefield_testing`
[INFO] [stdout]     |
[INFO] [stdout] help: there is a crate or module with a similar name
[INFO] [stdout]     |
[INFO] [stdout] 505 -             cratefield_testing::PushMode::DeliverOk,
[INFO] [stdout] 505 +             cratefield_i18n::PushMode::DeliverOk,
[INFO] [stdout]     |
[INFO] [stdout] 
[INFO] [stdout] 
[INFO] [stdout] error[E0433]: cannot find module or crate `cratefield_testing` in this scope
[INFO] [stdout]    --> tests/support/mod.rs:580:13
[INFO] [stdout]     |
[INFO] [stdout] 580 |             cratefield_testing::PushMode::DeliverOk,
[INFO] [stdout]     |             ^^^^^^^^^^^^^^^^^^ use of unresolved module or unlinked crate `cratefield_testing`
[INFO] [stdout]     |
[INFO] [stdout] help: there is a crate or module with a similar name
[INFO] [stdout]     |
[INFO] [stdout] 580 -             cratefield_testing::PushMode::DeliverOk,
[INFO] [stdout] 580 +             cratefield_i18n::PushMode::DeliverOk,
[INFO] [stdout]     |
[INFO] [stdout] 
[INFO] [stdout] 
[INFO] [stdout] error[E0433]: cannot find module or crate `cratefield_testing` in this scope
[INFO] [stdout]    --> tests/support/mod.rs:505:13
[INFO] [stdout]     |
[INFO] [stdout] 505 |             cratefield_testing::PushMode::DeliverOk,
[INFO] [stdout]     |             ^^^^^^^^^^^^^^^^^^ use of unresolved module or unlinked crate `cratefield_testing`
[INFO] [stdout]     |
[INFO] [stdout] help: there is a crate or module with a similar name
[INFO] [stdout]     |
[INFO] [stdout] 505 -             cratefield_testing::PushMode::DeliverOk,
[INFO] [stdout] 505 +             cratefield_i18n::PushMode::DeliverOk,
[INFO] [stdout]     |
[INFO] [stdout] 
[INFO] [stdout] 
[INFO] [stdout] error[E0433]: cannot find module or crate `cratefield_testing` in this scope
[INFO] [stdout]    --> tests/support/mod.rs:579:18
[INFO] [stdout]     |
[INFO] [stdout] 579 |         Arc::new(cratefield_testing::FakePush::new(
[INFO] [stdout]     |                  ^^^^^^^^^^^^^^^^^^ use of unresolved module or unlinked crate `cratefield_testing`
[INFO] [stdout]     |
[INFO] [stdout] help: there is a crate or module with a similar name
[INFO] [stdout]     |
[INFO] [stdout] 579 -         Arc::new(cratefield_testing::FakePush::new(
[INFO] [stdout] 579 +         Arc::new(cratefield_i18n::FakePush::new(
[INFO] [stdout]     |
[INFO] [stdout] 
[INFO] [stdout] 
[INFO] [stdout] error[E0433]: cannot find module or crate `cratefield_testing` in this scope
[INFO] [stdout]    --> tests/support/mod.rs:579:18
[INFO] [stdout]     |
[INFO] [stdout] 579 |         Arc::new(cratefield_testing::FakePush::new(
[INFO] [stdout]     |                  ^^^^^^^^^^^^^^^^^^ use of unresolved module or unlinked crate `cratefield_testing`
[INFO] [stdout]     |
[INFO] [stdout] help: there is a crate or module with a similar name
[INFO] [stdout]     |
[INFO] [stdout] 579 -         Arc::new(cratefield_testing::FakePush::new(
[INFO] [stdout] 579 +         Arc::new(cratefield_i18n::FakePush::new(
[INFO] [stdout]     |
[INFO] [stdout] 
[INFO] [stdout] 
[INFO] [stdout] error[E0433]: cannot find module or crate `cratefield_testing` in this scope
[INFO] [stdout]    --> tests/support/mod.rs:505:13
[INFO] [stdout]     |
[INFO] [stdout] 505 |             cratefield_testing::PushMode::DeliverOk,
[INFO] [stdout]     |             ^^^^^^^^^^^^^^^^^^ use of unresolved module or unlinked crate `cratefield_testing`
[INFO] [stdout]     |
[INFO] [stdout] help: there is a crate or module with a similar name
[INFO] [stdout]     |
[INFO] [stdout] 505 -             cratefield_testing::PushMode::DeliverOk,
[INFO] [stdout] 505 +             cratefield_i18n::PushMode::DeliverOk,
[INFO] [stdout]     |
[INFO] [stdout] 
[INFO] [stdout] 
[INFO] [stdout] error[E0433]: cannot find module or crate `cratefield_testing` in this scope
[INFO] [stdout]    --> tests/support/mod.rs:579:18
[INFO] [stdout]     |
[INFO] [stdout] 579 |         Arc::new(cratefield_testing::FakePush::new(
[INFO] [stdout]     |                  ^^^^^^^^^^^^^^^^^^ use of unresolved module or unlinked crate `cratefield_testing`
[INFO] [stdout]     |
[INFO] [stdout] help: there is a crate or module with a similar name
[INFO] [stdout]     |
[INFO] [stdout] 579 -         Arc::new(cratefield_testing::FakePush::new(
[INFO] [stdout] 579 +         Arc::new(cratefield_i18n::FakePush::new(
[INFO] [stdout]     |
[INFO] [stdout] 
[INFO] [stdout] 
[INFO] [stdout] error[E0433]: cannot find module or crate `cratefield_testing` in this scope
[INFO] [stdout]    --> tests/support/mod.rs:580:13
[INFO] [stdout]     |
[INFO] [stdout] 580 |             cratefield_testing::PushMode::DeliverOk,
[INFO] [stdout]     |             ^^^^^^^^^^^^^^^^^^ use of unresolved module or unlinked crate `cratefield_testing`
[INFO] [stdout]     |
[INFO] [stdout] help: there is a crate or module with a similar name
[INFO] [stdout]     |
[INFO] [stdout] 580 -             cratefield_testing::PushMode::DeliverOk,
[INFO] [stdout] 580 +             cratefield_i18n::PushMode::DeliverOk,
[INFO] [stdout]     |
[INFO] [stdout] 
[INFO] [stdout] 
[INFO] [stdout] error[E0433]: cannot find module or crate `cratefield_testing` in this scope
[INFO] [stdout]    --> tests/support/mod.rs:579:18
[INFO] [stdout]     |
[INFO] [stdout] 579 |         Arc::new(cratefield_testing::FakePush::new(
[INFO] [stdout]     |                  ^^^^^^^^^^^^^^^^^^ use of unresolved module or unlinked crate `cratefield_testing`
[INFO] [stdout]     |
[INFO] [stdout] help: there is a crate or module with a similar name
[INFO] [stdout]     |
[INFO] [stdout] 579 -         Arc::new(cratefield_testing::FakePush::new(
[INFO] [stdout] 579 +         Arc::new(cratefield_i18n::FakePush::new(
[INFO] [stdout]     |
[INFO] [stdout] 
[INFO] [stdout] 
[INFO] [stdout] error[E0433]: cannot find module or crate `cratefield_testing` in this scope
[INFO] [stdout]    --> tests/support/mod.rs:579:18
[INFO] [stdout]     |
[INFO] [stdout] 579 |         Arc::new(cratefield_testing::FakePush::new(
[INFO] [stdout]     |                  ^^^^^^^^^^^^^^^^^^ use of unresolved module or unlinked crate `cratefield_testing`
[INFO] [stdout]     |
[INFO] [stdout] help: there is a crate or module with a similar name
[INFO] [stdout]     |
[INFO] [stdout] 579 -         Arc::new(cratefield_testing::FakePush::new(
[INFO] [stdout] 579 +         Arc::new(cratefield_i18n::FakePush::new(
[INFO] [stdout]     |
[INFO] [stdout] 
[INFO] [stdout] 
[INFO] [stdout] error[E0433]: cannot find module or crate `cratefield_testing` in this scope
[INFO] [stdout]    --> tests/support/mod.rs:580:13
[INFO] [stdout]     |
[INFO] [stdout] 580 |             cratefield_testing::PushMode::DeliverOk,
[INFO] [stdout]     |             ^^^^^^^^^^^^^^^^^^ use of unresolved module or unlinked crate `cratefield_testing`
[INFO] [stdout]     |
[INFO] [stdout] help: there is a crate or module with a similar name
[INFO] [stdout]     |
[INFO] [stdout] 580 -             cratefield_testing::PushMode::DeliverOk,
[INFO] [stdout] 580 +             cratefield_i18n::PushMode::DeliverOk,
[INFO] [stdout]     |
[INFO] [stdout] 
[INFO] [stdout] 
[INFO] [stdout] error[E0433]: cannot find module or crate `cratefield_testing` in this scope
[INFO] [stdout]    --> tests/support/mod.rs:580:13
[INFO] [stdout]     |
[INFO] [stdout] 580 |             cratefield_testing::PushMode::DeliverOk,
[INFO] [stdout]     |             ^^^^^^^^^^^^^^^^^^ use of unresolved module or unlinked crate `cratefield_testing`
[INFO] [stdout]     |
[INFO] [stdout] help: there is a crate or module with a similar name
[INFO] [stdout]     |
[INFO] [stdout] 580 -             cratefield_testing::PushMode::DeliverOk,
[INFO] [stdout] 580 +             cratefield_i18n::PushMode::DeliverOk,
[INFO] [stdout]     |
[INFO] [stdout] 
[INFO] [stdout] 
[INFO] [stdout] error[E0433]: cannot find module or crate `cratefield_testing` in this scope
[INFO] [stdout]    --> tests/support/mod.rs:580:13
[INFO] [stdout]     |
[INFO] [stdout] 580 |             cratefield_testing::PushMode::DeliverOk,
[INFO] [stdout]     |             ^^^^^^^^^^^^^^^^^^ use of unresolved module or unlinked crate `cratefield_testing`
[INFO] [stdout]     |
[INFO] [stdout] help: there is a crate or module with a similar name
[INFO] [stdout]     |
[INFO] [stdout] 580 -             cratefield_testing::PushMode::DeliverOk,
[INFO] [stdout] 580 +             cratefield_i18n::PushMode::DeliverOk,
[INFO] [stdout]     |
[INFO] [stdout] 
[INFO] [stdout] 
[INFO] [stdout] error[E0433]: cannot find module or crate `cratefield_testing` in this scope
[INFO] [stdout]   --> tests/email_summary.rs:22:29
[INFO] [stdout]    |
[INFO] [stdout] 22 |         std::sync::Arc::new(cratefield_testing::FakePush::new(
[INFO] [stdout]    |                             ^^^^^^^^^^^^^^^^^^ use of unresolved module or unlinked crate `cratefield_testing`
[INFO] [stdout]    |
[INFO] [stdout] help: there is a crate or module with a similar name
[INFO] [stdout]    |
[INFO] [stdout] 22 -         std::sync::Arc::new(cratefield_testing::FakePush::new(
[INFO] [stdout] 22 +         std::sync::Arc::new(cratefield_i18n::FakePush::new(
[INFO] [stdout]    |
[INFO] [stdout] 
[INFO] [stdout] 
[INFO] [stdout] error[E0433]: cannot find module or crate `cratefield_testing` in this scope
[INFO] [stdout]    --> tests/support/mod.rs:504:18
[INFO] [stdout]     |
[INFO] [stdout] 504 |         Arc::new(cratefield_testing::FakePush::new(
[INFO] [stdout]     |                  ^^^^^^^^^^^^^^^^^^ use of unresolved module or unlinked crate `cratefield_testing`
[INFO] [stdout]     |
[INFO] [stdout] help: there is a crate or module with a similar name
[INFO] [stdout]     |
[INFO] [stdout] 504 -         Arc::new(cratefield_testing::FakePush::new(
[INFO] [stdout] 504 +         Arc::new(cratefield_i18n::FakePush::new(
[INFO] [stdout]     |
[INFO] [stdout] 
[INFO] [stdout] 
[INFO] [stdout] error[E0433]: cannot find module or crate `cratefield_testing` in this scope
[INFO] [stdout]   --> tests/email_summary.rs:23:13
[INFO] [stdout]    |
[INFO] [stdout] 23 |             cratefield_testing::PushMode::DeliverOk,
[INFO] [stdout]    |             ^^^^^^^^^^^^^^^^^^ use of unresolved module or unlinked crate `cratefield_testing`
[INFO] [stdout]    |
[INFO] [stdout] help: there is a crate or module with a similar name
[INFO] [stdout]    |
[INFO] [stdout] 23 -             cratefield_testing::PushMode::DeliverOk,
[INFO] [stdout] 23 +             cratefield_i18n::PushMode::DeliverOk,
[INFO] [stdout]    |
[INFO] [stdout] 
[INFO] [stdout] 
[INFO] [stdout] error[E0433]: cannot find module or crate `cratefield_testing` in this scope
[INFO] [stdout]    --> tests/support/mod.rs:580:13
[INFO] [stdout]     |
[INFO] [stdout] 580 |             cratefield_testing::PushMode::DeliverOk,
[INFO] [stdout]     |             ^^^^^^^^^^^^^^^^^^ use of unresolved module or unlinked crate `cratefield_testing`
[INFO] [stdout]     |
[INFO] [stdout] help: there is a crate or module with a similar name
[INFO] [stdout]     |
[INFO] [stdout] 580 -             cratefield_testing::PushMode::DeliverOk,
[INFO] [stdout] 580 +             cratefield_i18n::PushMode::DeliverOk,
[INFO] [stdout]     |
[INFO] [stdout] 
[INFO] [stdout] 
[INFO] [stdout] error[E0433]: cannot find module or crate `cratefield_testing` in this scope
[INFO] [stdout]   --> tests/inbox.rs:87:29
[INFO] [stdout]    |
[INFO] [stdout] 87 |         std::sync::Arc::new(cratefield_testing::FakePush::new(
[INFO] [stdout]    |                             ^^^^^^^^^^^^^^^^^^ use of unresolved module or unlinked crate `cratefield_testing`
[INFO] [stdout]    |
[INFO] [stdout] help: there is a crate or module with a similar name
[INFO] [stdout]    |
[INFO] [stdout] 87 -         std::sync::Arc::new(cratefield_testing::FakePush::new(
[INFO] [stdout] 87 +         std::sync::Arc::new(cratefield_i18n::FakePush::new(
[INFO] [stdout]    |
[INFO] [stdout] 
[INFO] [stdout] 
[INFO] [stdout] error[E0433]: cannot find module or crate `cratefield_testing` in this scope
[INFO] [stdout]   --> tests/bounce.rs:34:29
[INFO] [stdout]    |
[INFO] [stdout] 34 |         std::sync::Arc::new(cratefield_testing::FakePush::new(
[INFO] [stdout]    |                             ^^^^^^^^^^^^^^^^^^ use of unresolved module or unlinked crate `cratefield_testing`
[INFO] [stdout]    |
[INFO] [stdout] help: there is a crate or module with a similar name
[INFO] [stdout]    |
[INFO] [stdout] 34 -         std::sync::Arc::new(cratefield_testing::FakePush::new(
[INFO] [stdout] 34 +         std::sync::Arc::new(cratefield_i18n::FakePush::new(
[INFO] [stdout]    |
[INFO] [stdout] 
[INFO] [stdout] 
[INFO] [stdout] error[E0433]: cannot find module or crate `cratefield_testing` in this scope
[INFO] [stdout]    --> tests/support/mod.rs:504:18
[INFO] [stdout]     |
[INFO] [stdout] 504 |         Arc::new(cratefield_testing::FakePush::new(
[INFO] [stdout]     |                  ^^^^^^^^^^^^^^^^^^ use of unresolved module or unlinked crate `cratefield_testing`
[INFO] [stdout]     |
[INFO] [stdout] help: there is a crate or module with a similar name
[INFO] [stdout]     |
[INFO] [stdout] 504 -         Arc::new(cratefield_testing::FakePush::new(
[INFO] [stdout] 504 +         Arc::new(cratefield_i18n::FakePush::new(
[INFO] [stdout]     |
[INFO] [stdout] 
[INFO] [stdout] 
[INFO] [stdout] error[E0433]: cannot find module or crate `cratefield_testing` in this scope
[INFO] [stdout]    --> tests/email_summary.rs:120:29
[INFO] [stdout]     |
[INFO] [stdout] 120 |         std::sync::Arc::new(cratefield_testing::FakePush::new(
[INFO] [stdout]     |                             ^^^^^^^^^^^^^^^^^^ use of unresolved module or unlinked crate `cratefield_testing`
[INFO] [stdout]     |
[INFO] [stdout] help: there is a crate or module with a similar name
[INFO] [stdout]     |
[INFO] [stdout] 120 -         std::sync::Arc::new(cratefield_testing::FakePush::new(
[INFO] [stdout] 120 +         std::sync::Arc::new(cratefield_i18n::FakePush::new(
[INFO] [stdout]     |
[INFO] [stdout] 
[INFO] [stdout] 
[INFO] [stdout] error[E0433]: cannot find module or crate `cratefield_testing` in this scope
[INFO] [stdout]   --> tests/inbox.rs:88:13
[INFO] [stdout]    |
[INFO] [stdout] 88 |             cratefield_testing::PushMode::DeliverOk,
[INFO] [stdout]    |             ^^^^^^^^^^^^^^^^^^ use of unresolved module or unlinked crate `cratefield_testing`
[INFO] [stdout]    |
[INFO] [stdout] help: there is a crate or module with a similar name
[INFO] [stdout]    |
[INFO] [stdout] 88 -             cratefield_testing::PushMode::DeliverOk,
[INFO] [stdout] 88 +             cratefield_i18n::PushMode::DeliverOk,
[INFO] [stdout]    |
[INFO] [stdout] 
[INFO] [stdout] 
[INFO] [stdout] error[E0433]: cannot find module or crate `cratefield_testing` in this scope
[INFO] [stdout]    --> tests/support/mod.rs:505:13
[INFO] [stdout]     |
[INFO] [stdout] 505 |             cratefield_testing::PushMode::DeliverOk,
[INFO] [stdout]     |             ^^^^^^^^^^^^^^^^^^ use of unresolved module or unlinked crate `cratefield_testing`
[INFO] [stdout]     |
[INFO] [stdout] help: there is a crate or module with a similar name
[INFO] [stdout]     |
[INFO] [stdout] 505 -             cratefield_testing::PushMode::DeliverOk,
[INFO] [stdout] 505 +             cratefield_i18n::PushMode::DeliverOk,
[INFO] [stdout]     |
[INFO] [stdout] 
[INFO] [stdout] 
[INFO] [stdout] error[E0433]: cannot find module or crate `cratefield_testing` in this scope
[INFO] [stdout]   --> tests/bounce.rs:35:13
[INFO] [stdout]    |
[INFO] [stdout] 35 |             cratefield_testing::PushMode::DeliverOk,
[INFO] [stdout]    |             ^^^^^^^^^^^^^^^^^^ use of unresolved module or unlinked crate `cratefield_testing`
[INFO] [stdout]    |
[INFO] [stdout] help: there is a crate or module with a similar name
[INFO] [stdout]    |
[INFO] [stdout] 35 -             cratefield_testing::PushMode::DeliverOk,
[INFO] [stdout] 35 +             cratefield_i18n::PushMode::DeliverOk,
[INFO] [stdout]    |
[INFO] [stdout] 
[INFO] [stdout] 
[INFO] [stdout] error[E0433]: cannot find module or crate `cratefield_testing` in this scope
[INFO] [stdout]    --> tests/email_summary.rs:121:13
[INFO] [stdout]     |
[INFO] [stdout] 121 |             cratefield_testing::PushMode::DeliverOk,
[INFO] [stdout]     |             ^^^^^^^^^^^^^^^^^^ use of unresolved module or unlinked crate `cratefield_testing`
[INFO] [stdout]     |
[INFO] [stdout] help: there is a crate or module with a similar name
[INFO] [stdout]     |
[INFO] [stdout] 121 -             cratefield_testing::PushMode::DeliverOk,
[INFO] [stdout] 121 +             cratefield_i18n::PushMode::DeliverOk,
[INFO] [stdout]     |
[INFO] [stdout] 
[INFO] [stdout] 
[INFO] [stdout] error[E0433]: cannot find module or crate `cratefield_testing` in this scope
[INFO] [stdout]    --> tests/support/mod.rs:505:13
[INFO] [stdout]     |
[INFO] [stdout] 505 |             cratefield_testing::PushMode::DeliverOk,
[INFO] [stdout]     |             ^^^^^^^^^^^^^^^^^^ use of unresolved module or unlinked crate `cratefield_testing`
[INFO] [stdout]     |
[INFO] [stdout] help: there is a crate or module with a similar name
[INFO] [stdout]     |
[INFO] [stdout] 505 -             cratefield_testing::PushMode::DeliverOk,
[INFO] [stdout] 505 +             cratefield_i18n::PushMode::DeliverOk,
[INFO] [stdout]     |
[INFO] [stdout] 
[INFO] [stdout] 
[INFO] [stdout] error[E0433]: cannot find module or crate `cratefield_testing` in this scope
[INFO] [stdout]   --> tests/bounce.rs:45:29
[INFO] [stdout]    |
[INFO] [stdout] 45 |         std::sync::Arc::new(cratefield_testing::FakePush::new(
[INFO] [stdout]    |                             ^^^^^^^^^^^^^^^^^^ use of unresolved module or unlinked crate `cratefield_testing`
[INFO] [stdout]    |
[INFO] [stdout] help: there is a crate or module with a similar name
[INFO] [stdout]    |
[INFO] [stdout] 45 -         std::sync::Arc::new(cratefield_testing::FakePush::new(
[INFO] [stdout] 45 +         std::sync::Arc::new(cratefield_i18n::FakePush::new(
[INFO] [stdout]    |
[INFO] [stdout] 
[INFO] [stdout] 
[INFO] [stdout] error[E0433]: cannot find module or crate `cratefield_testing` in this scope
[INFO] [stdout]    --> tests/support/mod.rs:579:18
[INFO] [stdout]     |
[INFO] [stdout] 579 |         Arc::new(cratefield_testing::FakePush::new(
[INFO] [stdout]     |                  ^^^^^^^^^^^^^^^^^^ use of unresolved module or unlinked crate `cratefield_testing`
[INFO] [stdout]     |
[INFO] [stdout] help: there is a crate or module with a similar name
[INFO] [stdout]     |
[INFO] [stdout] 579 -         Arc::new(cratefield_testing::FakePush::new(
[INFO] [stdout] 579 +         Arc::new(cratefield_i18n::FakePush::new(
[INFO] [stdout]     |
[INFO] [stdout] 
[INFO] [stdout] 
[INFO] [stdout] error[E0433]: cannot find module or crate `cratefield_testing` in this scope
[INFO] [stdout]    --> tests/email_summary.rs:256:29
[INFO] [stdout]     |
[INFO] [stdout] 256 |         std::sync::Arc::new(cratefield_testing::FakePush::new(
[INFO] [stdout]     |                             ^^^^^^^^^^^^^^^^^^ use of unresolved module or unlinked crate `cratefield_testing`
[INFO] [stdout]     |
[INFO] [stdout] help: there is a crate or module with a similar name
[INFO] [stdout]     |
[INFO] [stdout] 256 -         std::sync::Arc::new(cratefield_testing::FakePush::new(
[INFO] [stdout] 256 +         std::sync::Arc::new(cratefield_i18n::FakePush::new(
[INFO] [stdout]     |
[INFO] [stdout] 
[INFO] [stdout] 
[INFO] [stdout] error[E0433]: cannot find module or crate `cratefield_testing` in this scope
[INFO] [stdout]   --> tests/bounce.rs:46:13
[INFO] [stdout]    |
[INFO] [stdout] 46 |             cratefield_testing::PushMode::DeliverOk,
[INFO] [stdout]    |             ^^^^^^^^^^^^^^^^^^ use of unresolved module or unlinked crate `cratefield_testing`
[INFO] [stdout]    |
[INFO] [stdout] help: there is a crate or module with a similar name
[INFO] [stdout]    |
[INFO] [stdout] 46 -             cratefield_testing::PushMode::DeliverOk,
[INFO] [stdout] 46 +             cratefield_i18n::PushMode::DeliverOk,
[INFO] [stdout]    |
[INFO] [stdout] 
[INFO] [stdout] 
[INFO] [stdout] error[E0433]: cannot find module or crate `cratefield_testing` in this scope
[INFO] [stdout]    --> tests/support/mod.rs:579:18
[INFO] [stdout]     |
[INFO] [stdout] 579 |         Arc::new(cratefield_testing::FakePush::new(
[INFO] [stdout]     |                  ^^^^^^^^^^^^^^^^^^ use of unresolved module or unlinked crate `cratefield_testing`
[INFO] [stdout]     |
[INFO] [stdout] help: there is a crate or module with a similar name
[INFO] [stdout]     |
[INFO] [stdout] 579 -         Arc::new(cratefield_testing::FakePush::new(
[INFO] [stdout] 579 +         Arc::new(cratefield_i18n::FakePush::new(
[INFO] [stdout]     |
[INFO] [stdout] 
[INFO] [stdout] 
[INFO] [stdout] error[E0433]: cannot find module or crate `cratefield_testing` in this scope
[INFO] [stdout]    --> tests/support/mod.rs:580:13
[INFO] [stdout]     |
[INFO] [stdout] 580 |             cratefield_testing::PushMode::DeliverOk,
[INFO] [stdout]     |             ^^^^^^^^^^^^^^^^^^ use of unresolved module or unlinked crate `cratefield_testing`
[INFO] [stdout]     |
[INFO] [stdout] help: there is a crate or module with a similar name
[INFO] [stdout]     |
[INFO] [stdout] 580 -             cratefield_testing::PushMode::DeliverOk,
[INFO] [stdout] 580 +             cratefield_i18n::PushMode::DeliverOk,
[INFO] [stdout]     |
[INFO] [stdout] 
[INFO] [stdout] 
[INFO] [stdout] error[E0433]: cannot find module or crate `cratefield_testing` in this scope
[INFO] [stdout]    --> tests/email_summary.rs:257:13
[INFO] [stdout]     |
[INFO] [stdout] 257 |             cratefield_testing::PushMode::DeliverOk,
[INFO] [stdout]     |             ^^^^^^^^^^^^^^^^^^ use of unresolved module or unlinked crate `cratefield_testing`
[INFO] [stdout]     |
[INFO] [stdout] help: there is a crate or module with a similar name
[INFO] [stdout]     |
[INFO] [stdout] 257 -             cratefield_testing::PushMode::DeliverOk,
[INFO] [stdout] 257 +             cratefield_i18n::PushMode::DeliverOk,
[INFO] [stdout]     |
[INFO] [stdout] 
[INFO] [stdout] 
[INFO] [stdout] error[E0433]: cannot find module or crate `cratefield_testing` in this scope
[INFO] [stdout]    --> tests/support/mod.rs:580:13
[INFO] [stdout]     |
[INFO] [stdout] 580 |             cratefield_testing::PushMode::DeliverOk,
[INFO] [stdout]     |             ^^^^^^^^^^^^^^^^^^ use of unresolved module or unlinked crate `cratefield_testing`
[INFO] [stdout]     |
[INFO] [stdout] help: there is a crate or module with a similar name
[INFO] [stdout]     |
[INFO] [stdout] 580 -             cratefield_testing::PushMode::DeliverOk,
[INFO] [stdout] 580 +             cratefield_i18n::PushMode::DeliverOk,
[INFO] [stdout]     |
[INFO] [stdout] 
[INFO] [stdout] 
[INFO] [stdout] error[E0433]: cannot find module or crate `cratefield_testing` in this scope
[INFO] [stdout]   --> tests/email.rs:20:29
[INFO] [stdout]    |
[INFO] [stdout] 20 |         std::sync::Arc::new(cratefield_testing::FakePush::new(
[INFO] [stdout]    |                             ^^^^^^^^^^^^^^^^^^ use of unresolved module or unlinked crate `cratefield_testing`
[INFO] [stdout]    |
[INFO] [stdout] help: there is a crate or module with a similar name
[INFO] [stdout]    |
[INFO] [stdout] 20 -         std::sync::Arc::new(cratefield_testing::FakePush::new(
[INFO] [stdout] 20 +         std::sync::Arc::new(cratefield_i18n::FakePush::new(
[INFO] [stdout]    |
[INFO] [stdout] 
[INFO] [stdout] 
[INFO] [stdout] error[E0308]: mismatched types
[INFO] [stdout]    --> tests/support/mod.rs:674:75
[INFO] [stdout]     |
[INFO] [stdout] 674 |     let harness = TestHarness::with_ports(vec![Box::new(module), Box::new(probe)], move |ports| {
[INFO] [stdout]     |                                                                  -------- ^^^^^ expected `Notifications`, found `EventProbe`
[INFO] [stdout]     |                                                                  |
[INFO] [stdout]     |                                                                  arguments to this function are incorrect
[INFO] [stdout]     |
[INFO] [stdout] note: associated function defined here
[INFO] [stdout]    --> /rustc/e3feeb59cd1bdd011a2bfcc0747b55125d9b8527/library/alloc/src/boxed.rs:290:11
[INFO] [stdout] 
[INFO] [stdout] 
[INFO] [stdout] error[E0433]: cannot find module or crate `cratefield_testing` in this scope
[INFO] [stdout]    --> tests/routes.rs:190:29
[INFO] [stdout]     |
[INFO] [stdout] 190 |         std::sync::Arc::new(cratefield_testing::FakePush::new(
[INFO] [stdout]     |                             ^^^^^^^^^^^^^^^^^^ use of unresolved module or unlinked crate `cratefield_testing`
[INFO] [stdout]     |
[INFO] [stdout] help: there is a crate or module with a similar name
[INFO] [stdout]     |
[INFO] [stdout] 190 -         std::sync::Arc::new(cratefield_testing::FakePush::new(
[INFO] [stdout] 190 +         std::sync::Arc::new(cratefield_i18n::FakePush::new(
[INFO] [stdout]     |
[INFO] [stdout] 
[INFO] [stdout] 
[INFO] [stdout] error[E0433]: cannot find module or crate `cratefield_testing` in this scope
[INFO] [stdout]   --> tests/email.rs:21:13
[INFO] [stdout]    |
[INFO] [stdout] 21 |             cratefield_testing::PushMode::DeliverOk,
[INFO] [stdout]    |             ^^^^^^^^^^^^^^^^^^ use of unresolved module or unlinked crate `cratefield_testing`
[INFO] [stdout]    |
[INFO] [stdout] help: there is a crate or module with a similar name
[INFO] [stdout]    |
[INFO] [stdout] 21 -             cratefield_testing::PushMode::DeliverOk,
[INFO] [stdout] 21 +             cratefield_i18n::PushMode::DeliverOk,
[INFO] [stdout]    |
[INFO] [stdout] 
[INFO] [stdout] 
[INFO] [stdout] error[E0433]: cannot find module or crate `cratefield_testing` in this scope
[INFO] [stdout]    --> tests/routes.rs:191:13
[INFO] [stdout]     |
[INFO] [stdout] 191 |             cratefield_testing::PushMode::DeliverOk,
[INFO] [stdout]     |             ^^^^^^^^^^^^^^^^^^ use of unresolved module or unlinked crate `cratefield_testing`
[INFO] [stdout]     |
[INFO] [stdout] help: there is a crate or module with a similar name
[INFO] [stdout]     |
[INFO] [stdout] 191 -             cratefield_testing::PushMode::DeliverOk,
[INFO] [stdout] 191 +             cratefield_i18n::PushMode::DeliverOk,
[INFO] [stdout]     |
[INFO] [stdout] 
[INFO] [stdout] 
[INFO] [stdout] error[E0433]: cannot find module or crate `cratefield_testing` in this scope
[INFO] [stdout]    --> tests/email.rs:117:29
[INFO] [stdout]     |
[INFO] [stdout] 117 |         std::sync::Arc::new(cratefield_testing::FakePush::new(
[INFO] [stdout]     |                             ^^^^^^^^^^^^^^^^^^ use of unresolved module or unlinked crate `cratefield_testing`
[INFO] [stdout]     |
[INFO] [stdout] help: there is a crate or module with a similar name
[INFO] [stdout]     |
[INFO] [stdout] 117 -         std::sync::Arc::new(cratefield_testing::FakePush::new(
[INFO] [stdout] 117 +         std::sync::Arc::new(cratefield_i18n::FakePush::new(
[INFO] [stdout]     |
[INFO] [stdout] 
[INFO] [stdout] 
[INFO] [stdout] error[E0308]: mismatched types
[INFO] [stdout]    --> tests/support/mod.rs:674:75
[INFO] [stdout]     |
[INFO] [stdout] 674 |     let harness = TestHarness::with_ports(vec![Box::new(module), Box::new(probe)], move |ports| {
[INFO] [stdout]     |                                                                  -------- ^^^^^ expected `Notifications`, found `EventProbe`
[INFO] [stdout]     |                                                                  |
[INFO] [stdout]     |                                                                  arguments to this function are incorrect
[INFO] [stdout]     |
[INFO] [stdout] note: associated function defined here
[INFO] [stdout]    --> /rustc/e3feeb59cd1bdd011a2bfcc0747b55125d9b8527/library/alloc/src/boxed.rs:290:11
[INFO] [stdout] 
[INFO] [stdout] 
[INFO] [stdout] error[E0433]: cannot find module or crate `cratefield_testing` in this scope
[INFO] [stdout]    --> tests/routes.rs:277:29
[INFO] [stdout]     |
[INFO] [stdout] 277 |         std::sync::Arc::new(cratefield_testing::FakePush::new(
[INFO] [stdout]     |                             ^^^^^^^^^^^^^^^^^^ use of unresolved module or unlinked crate `cratefield_testing`
[INFO] [stdout]     |
[INFO] [stdout] help: there is a crate or module with a similar name
[INFO] [stdout]     |
[INFO] [stdout] 277 -         std::sync::Arc::new(cratefield_testing::FakePush::new(
[INFO] [stdout] 277 +         std::sync::Arc::new(cratefield_i18n::FakePush::new(
[INFO] [stdout]     |
[INFO] [stdout] 
[INFO] [stdout] 
[INFO] [stdout] error[E0308]: mismatched types
[INFO] [stdout]    --> tests/support/mod.rs:674:75
[INFO] [stdout]     |
[INFO] [stdout] 674 |     let harness = TestHarness::with_ports(vec![Box::new(module), Box::new(probe)], move |ports| {
[INFO] [stdout]     |                                                                  -------- ^^^^^ expected `Notifications`, found `EventProbe`
[INFO] [stdout]     |                                                                  |
[INFO] [stdout]     |                                                                  arguments to this function are incorrect
[INFO] [stdout]     |
[INFO] [stdout] note: associated function defined here
[INFO] [stdout]    --> /rustc/e3feeb59cd1bdd011a2bfcc0747b55125d9b8527/library/alloc/src/boxed.rs:290:11
[INFO] [stdout] 
[INFO] [stdout] 
[INFO] [stdout] error[E0308]: mismatched types
[INFO] [stdout]    --> tests/support/mod.rs:674:75
[INFO] [stdout]     |
[INFO] [stdout] 674 |     let harness = TestHarness::with_ports(vec![Box::new(module), Box::new(probe)], move |ports| {
[INFO] [stdout]     |                                                                  -------- ^^^^^ expected `Notifications`, found `EventProbe`
[INFO] [stdout]     |                                                                  |
[INFO] [stdout]     |                                                                  arguments to this function are incorrect
[INFO] [stdout]     |
[INFO] [stdout] note: associated function defined here
[INFO] [stdout]    --> /rustc/e3feeb59cd1bdd011a2bfcc0747b55125d9b8527/library/alloc/src/boxed.rs:290:11
[INFO] [stdout] 
[INFO] [stdout] 
[INFO] [stdout] error[E0433]: cannot find module or crate `cratefield_testing` in this scope
[INFO] [stdout]    --> tests/email.rs:118:13
[INFO] [stdout]     |
[INFO] [stdout] 118 |             cratefield_testing::PushMode::DeliverOk,
[INFO] [stdout]     |             ^^^^^^^^^^^^^^^^^^ use of unresolved module or unlinked crate `cratefield_testing`
[INFO] [stdout]     |
[INFO] [stdout] help: there is a crate or module with a similar name
[INFO] [stdout]     |
[INFO] [stdout] 118 -             cratefield_testing::PushMode::DeliverOk,
[INFO] [stdout] 118 +             cratefield_i18n::PushMode::DeliverOk,
[INFO] [stdout]     |
[INFO] [stdout] 
[INFO] [stdout] 
[INFO] [stdout] error[E0308]: mismatched types
[INFO] [stdout]    --> tests/support/mod.rs:674:75
[INFO] [stdout]     |
[INFO] [stdout] 674 |     let harness = TestHarness::with_ports(vec![Box::new(module), Box::new(probe)], move |ports| {
[INFO] [stdout]     |                                                                  -------- ^^^^^ expected `Notifications`, found `EventProbe`
[INFO] [stdout]     |                                                                  |
[INFO] [stdout]     |                                                                  arguments to this function are incorrect
[INFO] [stdout]     |
[INFO] [stdout] note: associated function defined here
[INFO] [stdout]    --> /rustc/e3feeb59cd1bdd011a2bfcc0747b55125d9b8527/library/alloc/src/boxed.rs:290:11
[INFO] [stdout] 
[INFO] [stdout] 
[INFO] [stdout] error[E0433]: cannot find module or crate `cratefield_testing` in this scope
[INFO] [stdout]    --> tests/routes.rs:278:13
[INFO] [stdout]     |
[INFO] [stdout] 278 |             cratefield_testing::PushMode::DeliverOk,
[INFO] [stdout]     |             ^^^^^^^^^^^^^^^^^^ use of unresolved module or unlinked crate `cratefield_testing`
[INFO] [stdout]     |
[INFO] [stdout] help: there is a crate or module with a similar name
[INFO] [stdout]     |
[INFO] [stdout] 278 -             cratefield_testing::PushMode::DeliverOk,
[INFO] [stdout] 278 +             cratefield_i18n::PushMode::DeliverOk,
[INFO] [stdout]     |
[INFO] [stdout] 
[INFO] [stdout] 
[INFO] [stdout] error[E0308]: mismatched types
[INFO] [stdout]    --> tests/support/mod.rs:674:75
[INFO] [stdout]     |
[INFO] [stdout] 674 |     let harness = TestHarness::with_ports(vec![Box::new(module), Box::new(probe)], move |ports| {
[INFO] [stdout]     |                                                                  -------- ^^^^^ expected `Notifications`, found `EventProbe`
[INFO] [stdout]     |                                                                  |
[INFO] [stdout]     |                                                                  arguments to this function are incorrect
[INFO] [stdout]     |
[INFO] [stdout] note: associated function defined here
[INFO] [stdout]    --> /rustc/e3feeb59cd1bdd011a2bfcc0747b55125d9b8527/library/alloc/src/boxed.rs:290:11
[INFO] [stdout] 
[INFO] [stdout] 
[INFO] [stdout] error[E0433]: cannot find module or crate `cratefield_testing` in this scope
[INFO] [stdout]    --> tests/email.rs:195:29
[INFO] [stdout]     |
[INFO] [stdout] 195 |         std::sync::Arc::new(cratefield_testing::FakePush::new(
[INFO] [stdout]     |                             ^^^^^^^^^^^^^^^^^^ use of unresolved module or unlinked crate `cratefield_testing`
[INFO] [stdout]     |
[INFO] [stdout] help: there is a crate or module with a similar name
[INFO] [stdout]     |
[INFO] [stdout] 195 -         std::sync::Arc::new(cratefield_testing::FakePush::new(
[INFO] [stdout] 195 +         std::sync::Arc::new(cratefield_i18n::FakePush::new(
[INFO] [stdout]     |
[INFO] [stdout] 
[INFO] [stdout] 
[INFO] [stdout] error[E0308]: mismatched types
[INFO] [stdout]    --> tests/support/mod.rs:674:75
[INFO] [stdout]     |
[INFO] [stdout] 674 |     let harness = TestHarness::with_ports(vec![Box::new(module), Box::new(probe)], move |ports| {
[INFO] [stdout]     |                                                                  -------- ^^^^^ expected `Notifications`, found `EventProbe`
[INFO] [stdout]     |                                                                  |
[INFO] [stdout]     |                                                                  arguments to this function are incorrect
[INFO] [stdout]     |
[INFO] [stdout] note: associated function defined here
[INFO] [stdout]    --> /rustc/e3feeb59cd1bdd011a2bfcc0747b55125d9b8527/library/alloc/src/boxed.rs:290:11
[INFO] [stdout] 
[INFO] [stdout] 
[INFO] [stdout] error[E0433]: cannot find module or crate `cratefield_testing` in this scope
[INFO] [stdout]    --> tests/routes.rs:684:29
[INFO] [stdout]     |
[INFO] [stdout] 684 |         std::sync::Arc::new(cratefield_testing::FakePush::new(
[INFO] [stdout]     |                             ^^^^^^^^^^^^^^^^^^ use of unresolved module or unlinked crate `cratefield_testing`
[INFO] [stdout]     |
[INFO] [stdout] help: there is a crate or module with a similar name
[INFO] [stdout]     |
[INFO] [stdout] 684 -         std::sync::Arc::new(cratefield_testing::FakePush::new(
[INFO] [stdout] 684 +         std::sync::Arc::new(cratefield_i18n::FakePush::new(
[INFO] [stdout]     |
[INFO] [stdout] 
[INFO] [stdout] 
[INFO] [stdout] error[E0433]: cannot find module or crate `cratefield_testing` in this scope
[INFO] [stdout]    --> tests/email.rs:196:13
[INFO] [stdout]     |
[INFO] [stdout] 196 |             cratefield_testing::PushMode::DeliverOk,
[INFO] [stdout]     |             ^^^^^^^^^^^^^^^^^^ use of unresolved module or unlinked crate `cratefield_testing`
[INFO] [stdout]     |
[INFO] [stdout] help: there is a crate or module with a similar name
[INFO] [stdout]     |
[INFO] [stdout] 196 -             cratefield_testing::PushMode::DeliverOk,
[INFO] [stdout] 196 +             cratefield_i18n::PushMode::DeliverOk,
[INFO] [stdout]     |
[INFO] [stdout] 
[INFO] [stdout] 
[INFO] [stdout] error[E0433]: cannot find module or crate `cratefield_testing` in this scope
[INFO] [stdout]    --> tests/routes.rs:685:13
[INFO] [stdout]     |
[INFO] [stdout] 685 |             cratefield_testing::PushMode::DeliverOk,
[INFO] [stdout]     |             ^^^^^^^^^^^^^^^^^^ use of unresolved module or unlinked crate `cratefield_testing`
[INFO] [stdout]     |
[INFO] [stdout] help: there is a crate or module with a similar name
[INFO] [stdout]     |
[INFO] [stdout] 685 -             cratefield_testing::PushMode::DeliverOk,
[INFO] [stdout] 685 +             cratefield_i18n::PushMode::DeliverOk,
[INFO] [stdout]     |
[INFO] [stdout] 
[INFO] [stdout] 
[INFO] [stdout] Some errors have detailed explanations: E0308, E0432, E0433.
[INFO] [stdout] 
[INFO] [stdout] For more information about an error, try `rustc --explain E0308`.
[INFO] [stdout] 
[INFO] [stdout] error[E0308]: mismatched types
[INFO] [stdout]    --> tests/support/mod.rs:674:75
[INFO] [stdout]     |
[INFO] [stdout] 674 |     let harness = TestHarness::with_ports(vec![Box::new(module), Box::new(probe)], move |ports| {
[INFO] [stdout]     |                                                                  -------- ^^^^^ expected `Notifications`, found `EventProbe`
[INFO] [stdout]     |                                                                  |
[INFO] [stdout]     |                                                                  arguments to this function are incorrect
[INFO] [stdout]     |
[INFO] [stdout] note: associated function defined here
[INFO] [stdout]    --> /rustc/e3feeb59cd1bdd011a2bfcc0747b55125d9b8527/library/alloc/src/boxed.rs:290:11
[INFO] [stdout] 
[INFO] [stdout] 
[INFO] [stdout] error[E0433]: cannot find module or crate `cratefield_testing` in this scope
[INFO] [stdout]    --> tests/email.rs:387:29
[INFO] [stdout]     |
[INFO] [stdout] 387 |         std::sync::Arc::new(cratefield_testing::FakePush::new(
[INFO] [stdout]     |                             ^^^^^^^^^^^^^^^^^^ use of unresolved module or unlinked crate `cratefield_testing`
[INFO] [stdout]     |
[INFO] [stdout] help: there is a crate or module with a similar name
[INFO] [stdout]     |
[INFO] [stdout] 387 -         std::sync::Arc::new(cratefield_testing::FakePush::new(
[INFO] [stdout] 387 +         std::sync::Arc::new(cratefield_i18n::FakePush::new(
[INFO] [stdout]     |
[INFO] [stdout] 
[INFO] [stdout] 
[INFO] [stderr] error: could not compile `cratefield-module-notifications` (test "browser") due to 6 previous errors
[INFO] [stdout] error[E0433]: cannot find module or crate `cratefield_testing` in this scope
[INFO] [stdout]    --> tests/routes.rs:749:29
[INFO] [stdout]     |
[INFO] [stdout] 749 |         std::sync::Arc::new(cratefield_testing::FakePush::new(
[INFO] [stdout]     |                             ^^^^^^^^^^^^^^^^^^ use of unresolved module or unlinked crate `cratefield_testing`
[INFO] [stdout]     |
[INFO] [stdout] help: there is a crate or module with a similar name
[INFO] [stdout]     |
[INFO] [stdout] 749 -         std::sync::Arc::new(cratefield_testing::FakePush::new(
[INFO] [stdout] 749 +         std::sync::Arc::new(cratefield_i18n::FakePush::new(
[INFO] [stdout]     |
[INFO] [stdout] 
[INFO] [stdout] 
[INFO] [stdout] Some errors have detailed explanations: E0308, E0432, E0433.
[INFO] [stdout] 
[INFO] [stdout] For more information about an error, try `rustc --explain E0308`.
[INFO] [stdout] 
[INFO] [stdout] error[E0433]: cannot find module or crate `cratefield_testing` in this scope
[INFO] [stdout]    --> tests/email.rs:388:13
[INFO] [stdout]     |
[INFO] [stdout] 388 |             cratefield_testing::PushMode::DeliverOk,
[INFO] [stdout]     |             ^^^^^^^^^^^^^^^^^^ use of unresolved module or unlinked crate `cratefield_testing`
[INFO] [stdout]     |
[INFO] [stdout] help: there is a crate or module with a similar name
[INFO] [stdout]     |
[INFO] [stdout] 388 -             cratefield_testing::PushMode::DeliverOk,
[INFO] [stdout] 388 +             cratefield_i18n::PushMode::DeliverOk,
[INFO] [stdout]     |
[INFO] [stdout] 
[INFO] [stdout] 
[INFO] [stderr] error: could not compile `cratefield-module-notifications` (test "email_summary") due to 12 previous errors
[INFO] [stdout] error[E0433]: cannot find module or crate `cratefield_testing` in this scope
[INFO] [stdout]    --> tests/routes.rs:750:13
[INFO] [stdout]     |
[INFO] [stdout] 750 |             cratefield_testing::PushMode::DeliverOk,
[INFO] [stdout]     |             ^^^^^^^^^^^^^^^^^^ use of unresolved module or unlinked crate `cratefield_testing`
[INFO] [stdout]     |
[INFO] [stdout] help: there is a crate or module with a similar name
[INFO] [stdout]     |
[INFO] [stdout] 750 -             cratefield_testing::PushMode::DeliverOk,
[INFO] [stdout] 750 +             cratefield_i18n::PushMode::DeliverOk,
[INFO] [stdout]     |
[INFO] [stdout] 
[INFO] [stdout] 
[INFO] [stdout] error[E0433]: cannot find module or crate `cratefield_testing` in this scope
[INFO] [stdout]    --> tests/email.rs:461:29
[INFO] [stdout]     |
[INFO] [stdout] 461 |         std::sync::Arc::new(cratefield_testing::FakePush::new(
[INFO] [stdout]     |                             ^^^^^^^^^^^^^^^^^^ use of unresolved module or unlinked crate `cratefield_testing`
[INFO] [stdout]     |
[INFO] [stdout] help: there is a crate or module with a similar name
[INFO] [stdout]     |
[INFO] [stdout] 461 -         std::sync::Arc::new(cratefield_testing::FakePush::new(
[INFO] [stdout] 461 +         std::sync::Arc::new(cratefield_i18n::FakePush::new(
[INFO] [stdout]     |
[INFO] [stdout] 
[INFO] [stdout] 
[INFO] [stdout] error[E0433]: cannot find module or crate `cratefield_testing` in this scope
[INFO] [stdout]    --> tests/routes.rs:798:36
[INFO] [stdout]     |
[INFO] [stdout] 798 |     let push = std::sync::Arc::new(cratefield_testing::FakePush::new(
[INFO] [stdout]     |                                    ^^^^^^^^^^^^^^^^^^ use of unresolved module or unlinked crate `cratefield_testing`
[INFO] [stdout]     |
[INFO] [stdout] help: there is a crate or module with a similar name
[INFO] [stdout]     |
[INFO] [stdout] 798 -     let push = std::sync::Arc::new(cratefield_testing::FakePush::new(
[INFO] [stdout] 798 +     let push = std::sync::Arc::new(cratefield_i18n::FakePush::new(
[INFO] [stdout]     |
[INFO] [stdout] 
[INFO] [stdout] 
[INFO] [stdout] error[E0433]: cannot find module or crate `cratefield_testing` in this scope
[INFO] [stdout]    --> tests/routes.rs:799:9
[INFO] [stdout]     |
[INFO] [stdout] 799 |         cratefield_testing::PushMode::DeliverOk,
[INFO] [stdout]     |         ^^^^^^^^^^^^^^^^^^ use of unresolved module or unlinked crate `cratefield_testing`
[INFO] [stdout]     |
[INFO] [stdout] help: there is a crate or module with a similar name
[INFO] [stdout]     |
[INFO] [stdout] 799 -         cratefield_testing::PushMode::DeliverOk,
[INFO] [stdout] 799 +         cratefield_i18n::PushMode::DeliverOk,
[INFO] [stdout]     |
[INFO] [stdout] 
[INFO] [stdout] 
[INFO] [stdout] error[E0433]: cannot find module or crate `cratefield_testing` in this scope
[INFO] [stdout]    --> tests/email.rs:462:13
[INFO] [stdout]     |
[INFO] [stdout] 462 |             cratefield_testing::PushMode::DeliverOk,
[INFO] [stdout]     |             ^^^^^^^^^^^^^^^^^^ use of unresolved module or unlinked crate `cratefield_testing`
[INFO] [stdout]     |
[INFO] [stdout] help: there is a crate or module with a similar name
[INFO] [stdout]     |
[INFO] [stdout] 462 -             cratefield_testing::PushMode::DeliverOk,
[INFO] [stdout] 462 +             cratefield_i18n::PushMode::DeliverOk,
[INFO] [stdout]     |
[INFO] [stdout] 
[INFO] [stdout] 
[INFO] [stdout] Some errors have detailed explanations: E0308, E0432, E0433.
[INFO] [stdout] 
[INFO] [stdout] For more information about an error, try `rustc --explain E0308`.
[INFO] [stdout] 
[INFO] [stderr] error: could not compile `cratefield-module-notifications` (test "email_failures") due to 7 previous errors
[INFO] [stdout] Some errors have detailed explanations: E0308, E0432, E0433.
[INFO] [stdout] 
[INFO] [stdout] For more information about an error, try `rustc --explain E0308`.
[INFO] [stdout] 
[INFO] [stderr] error: could not compile `cratefield-module-notifications` (test "privacy") due to 8 previous errors
[INFO] [stdout] Some errors have detailed explanations: E0308, E0432, E0433.
[INFO] [stdout] 
[INFO] [stdout] For more information about an error, try `rustc --explain E0308`.
[INFO] [stdout] 
[INFO] [stdout] Some errors have detailed explanations: E0308, E0432, E0433.
[INFO] [stdout] 
[INFO] [stdout] For more information about an error, try `rustc --explain E0308`.
[INFO] [stdout] 
[INFO] [stderr] error: could not compile `cratefield-module-notifications` (test "inbox") due to 8 previous errors
[INFO] [stderr] error: could not compile `cratefield-module-notifications` (test "i18n") due to 6 previous errors
[INFO] [stdout] Some errors have detailed explanations: E0308, E0432, E0433.
[INFO] [stdout] 
[INFO] [stdout] For more information about an error, try `rustc --explain E0308`.
[INFO] [stdout] 
[INFO] [stderr] error: could not compile `cratefield-module-notifications` (test "bounce") due to 10 previous errors
[INFO] [stdout] error[E0308]: mismatched types
[INFO] [stdout]    --> tests/support/mod.rs:674:75
[INFO] [stdout]     |
[INFO] [stdout] 674 |     let harness = TestHarness::with_ports(vec![Box::new(module), Box::new(probe)], move |ports| {
[INFO] [stdout]     |                                                                  -------- ^^^^^ expected `Notifications`, found `EventProbe`
[INFO] [stdout]     |                                                                  |
[INFO] [stdout]     |                                                                  arguments to this function are incorrect
[INFO] [stdout]     |
[INFO] [stdout] note: associated function defined here
[INFO] [stdout]    --> /rustc/e3feeb59cd1bdd011a2bfcc0747b55125d9b8527/library/alloc/src/boxed.rs:290:11
[INFO] [stdout] 
[INFO] [stdout] 
[INFO] [stdout] error[E0308]: mismatched types
[INFO] [stdout]    --> tests/support/mod.rs:674:75
[INFO] [stdout]     |
[INFO] [stdout] 674 |     let harness = TestHarness::with_ports(vec![Box::new(module), Box::new(probe)], move |ports| {
[INFO] [stdout]     |                                                                  -------- ^^^^^ expected `Notifications`, found `EventProbe`
[INFO] [stdout]     |                                                                  |
[INFO] [stdout]     |                                                                  arguments to this function are incorrect
[INFO] [stdout]     |
[INFO] [stdout] note: associated function defined here
[INFO] [stdout]    --> /rustc/e3feeb59cd1bdd011a2bfcc0747b55125d9b8527/library/alloc/src/boxed.rs:290:11
[INFO] [stdout] 
[INFO] [stdout] 
[INFO] [stdout] Some errors have detailed explanations: E0308, E0432, E0433.
[INFO] [stdout] 
[INFO] [stdout] For more information about an error, try `rustc --explain E0308`.
[INFO] [stdout] 
[INFO] [stderr] error: could not compile `cratefield-module-notifications` (test "fanout") due to 7 previous errors
[INFO] [stdout] Some errors have detailed explanations: E0308, E0432, E0433.
[INFO] [stdout] 
[INFO] [stdout] For more information about an error, try `rustc --explain E0308`.
[INFO] [stdout] 
[INFO] [stderr] error: could not compile `cratefield-module-notifications` (test "email") due to 16 previous errors
[INFO] [stdout] Some errors have detailed explanations: E0308, E0432, E0433.
[INFO] [stdout] 
[INFO] [stdout] For more information about an error, try `rustc --explain E0308`.
[INFO] [stdout] 
[INFO] [stderr] error: could not compile `cratefield-module-notifications` (test "routes") due to 16 previous errors
[INFO] running `Command { std: "docker" "inspect" "217f31eface39fc886c36d2e71732e78b59b0b1c2f6146e83c8bf7296f1a5f61", kill_on_drop: false }`
[INFO] running `Command { std: "docker" "rm" "-f" "217f31eface39fc886c36d2e71732e78b59b0b1c2f6146e83c8bf7296f1a5f61", kill_on_drop: false }`
[INFO] [stdout] 217f31eface39fc886c36d2e71732e78b59b0b1c2f6146e83c8bf7296f1a5f61
