[INFO] fetching crate cratefield-module-email-signup 0.4.0...
[INFO] testing cratefield-module-email-signup-0.4.0 against 1.100.0-beta.1+cargoflags=--release for beta-release-1.100-2
[INFO] extracting crate cratefield-module-email-signup 0.4.0 into /workspace/builds/worker-5-tc2/source
[INFO] started tweaking crates.io crate cratefield-module-email-signup 0.4.0
[INFO] removed 0 missing examples
[INFO] removed 0 missing tests
[INFO] finished tweaking crates.io crate cratefield-module-email-signup 0.4.0
[INFO] tweaked toml for crates.io crate cratefield-module-email-signup 0.4.0 written to /workspace/builds/worker-5-tc2/source/Cargo.toml
[INFO] validating manifest of crates.io crate cratefield-module-email-signup 0.4.0 on toolchain 1.100.0-beta.1
[INFO] running `Command { std: CARGO_HOME="/workspace/cargo-home" RUSTUP_HOME="/workspace/rustup-home" "/workspace/cargo-home/bin/cargo" "+1.100.0-beta.1" "metadata" "--manifest-path" "Cargo.toml" "--no-deps", kill_on_drop: false }`
[INFO] crate crates.io crate cratefield-module-email-signup 0.4.0 already has a lockfile, it will not be regenerated
[INFO] running `Command { std: CARGO_HOME="/workspace/cargo-home" RUSTUP_HOME="/workspace/rustup-home" "/workspace/cargo-home/bin/cargo" "+1.100.0-beta.1" "fetch" "--manifest-path" "Cargo.toml", kill_on_drop: false }`
[INFO] running `Command { std: "docker" "create" "-v" "/var/lib/crater-agent-workspace/builds/worker-5-tc2/source:/opt/rustwide/workdir:ro,Z" "-v" "/var/lib/crater-agent-workspace/builds/worker-5-tc2/target:/opt/rustwide/target:rw,Z" "-v" "/var/lib/crater-agent-workspace/cargo-home:/opt/rustwide/cargo-home:ro,Z" "-v" "/var/lib/crater-agent-workspace/rustup-home:/opt/rustwide/rustup-home:ro,Z" "-m" "1610612736" "--network" "none" "ghcr.io/rust-lang/crates-build-env/linux@sha256:77db811e55d90add9212f6832c23229e3de5f1c1f9905e8cb07319ea15df73ac" "sleep" "infinity", kill_on_drop: false }`
[INFO] [stdout] e55d32d47a86b3c388daded0f28aa350fdb4ad56c1abbb8a1e130f2e1f8b3291
[INFO] running `Command { std: "docker" "start" "e55d32d47a86b3c388daded0f28aa350fdb4ad56c1abbb8a1e130f2e1f8b3291", kill_on_drop: false }`
[INFO] running `Command { std: "docker" "inspect" "e55d32d47a86b3c388daded0f28aa350fdb4ad56c1abbb8a1e130f2e1f8b3291", kill_on_drop: false }`
[INFO] running `Command { std: "docker" "exec" "-e" "SOURCE_DIR=/opt/rustwide/workdir" "-e" "CARGO_HOME=/opt/rustwide/cargo-home" "-e" "RUSTUP_HOME=/opt/rustwide/rustup-home" "-e" "CARGO_TARGET_DIR=/opt/rustwide/target" "-w" "/opt/rustwide/workdir" "--user" "0:0" "e55d32d47a86b3c388daded0f28aa350fdb4ad56c1abbb8a1e130f2e1f8b3291" "/opt/rustwide/cargo-home/bin/cargo" "+1.100.0-beta.1" "metadata" "--no-deps" "--format-version=1", kill_on_drop: false }`
[INFO] running `Command { std: "docker" "inspect" "e55d32d47a86b3c388daded0f28aa350fdb4ad56c1abbb8a1e130f2e1f8b3291", kill_on_drop: false }`
[INFO] running `Command { std: "docker" "exec" "-e" "SOURCE_DIR=/opt/rustwide/workdir" "-e" "CARGO_HOME=/opt/rustwide/cargo-home" "-e" "RUSTUP_HOME=/opt/rustwide/rustup-home" "-e" "CARGO_TARGET_DIR=/opt/rustwide/target" "-e" "CARGO_INCREMENTAL=0" "-e" "RUST_BACKTRACE=full" "-e" "RUSTFLAGS=--cap-lints=warn" "-e" "RUSTDOCFLAGS=--cap-lints=warn" "-w" "/opt/rustwide/workdir" "--user" "0:0" "e55d32d47a86b3c388daded0f28aa350fdb4ad56c1abbb8a1e130f2e1f8b3291" "/opt/rustwide/cargo-home/bin/cargo" "+1.100.0-beta.1" "build" "--frozen" "--message-format=json" "--release", kill_on_drop: false }`
[INFO] [stderr]    Compiling libc v0.2.189
[INFO] [stderr]    Compiling getrandom v0.4.3
[INFO] [stderr]    Compiling crypto-common v0.2.2
[INFO] [stderr]    Compiling smallvec v1.16.0
[INFO] [stderr]    Compiling syn v3.0.5
[INFO] [stderr]    Compiling serde_json v1.0.151
[INFO] [stderr]    Compiling indexmap v2.14.2
[INFO] [stderr]    Compiling ref-cast v1.0.27
[INFO] [stderr]    Compiling chacha20 v0.10.2
[INFO] [stderr]    Compiling tinyvec v1.13.2
[INFO] [stderr]    Compiling tower v0.5.3
[INFO] [stderr]    Compiling axum-core v0.5.6
[INFO] [stderr]    Compiling zeroize_derive v1.5.0
[INFO] [stderr]    Compiling time v0.3.55
[INFO] [stderr]    Compiling tower-http v0.7.1
[INFO] [stderr]    Compiling tracing v0.1.44
[INFO] [stderr]    Compiling base64 v0.23.1
[INFO] [stderr]    Compiling unicode-normalization v0.1.25
[INFO] [stderr]    Compiling zeroize v1.9.0
[INFO] [stderr]    Compiling digest v0.11.3
[INFO] [stderr]    Compiling sha1 v0.11.0
[INFO] [stderr]    Compiling sha2 v0.11.0
[INFO] [stderr]    Compiling hmac v0.13.0
[INFO] [stderr]    Compiling rand v0.10.2
[INFO] [stderr]    Compiling ulid v3.0.0
[INFO] [stderr]    Compiling serde_derive_internals v0.30.0
[INFO] [stderr]    Compiling zerovec-derive v0.11.6
[INFO] [stderr]    Compiling displaydoc v0.2.7
[INFO] [stderr]    Compiling serde_derive v1.0.229
[INFO] [stderr]    Compiling ref-cast-impl v1.0.27
[INFO] [stderr]    Compiling thiserror-impl v2.0.20
[INFO] [stderr]    Compiling inherent v1.0.14
[INFO] [stderr]    Compiling async-trait v0.1.92
[INFO] [stderr]    Compiling zerotrie v0.2.5
[INFO] [stderr]    Compiling sea-query v0.32.7
[INFO] [stderr]    Compiling schemars_derive v1.2.2
[INFO] [stderr]    Compiling thiserror v2.0.20
[INFO] [stderr]    Compiling zerovec v0.11.8
[INFO] [stderr]    Compiling tinystr v0.8.4
[INFO] [stderr]    Compiling potential_utf v0.1.6
[INFO] [stderr]    Compiling icu_collections v2.3.0
[INFO] [stderr]    Compiling icu_locale_core v2.3.0
[INFO] [stderr]    Compiling serde v1.0.229
[INFO] [stderr]    Compiling serde_urlencoded v0.7.1
[INFO] [stderr]    Compiling schemars v1.2.2
[INFO] [stderr]    Compiling icu_provider v2.3.1
[INFO] [stderr]    Compiling axum v0.8.9
[INFO] [stderr]    Compiling icu_properties v2.3.0
[INFO] [stderr]    Compiling icu_normalizer v2.3.0
[INFO] [stderr]    Compiling idna_adapter v1.2.2
[INFO] [stderr]    Compiling idna v1.1.0
[INFO] [stderr]    Compiling url v2.5.8
[INFO] [stderr]    Compiling cratefield-core v0.8.0
[INFO] [stderr]    Compiling cratefield-mail-templates v0.1.0
[INFO] [stderr]    Compiling cratefield-module-email-signup v0.4.0 (/opt/rustwide/workdir)
[INFO] [stderr]     Finished `release` profile [optimized] target(s) in 1m 20s
[INFO] running `Command { std: "docker" "inspect" "e55d32d47a86b3c388daded0f28aa350fdb4ad56c1abbb8a1e130f2e1f8b3291", kill_on_drop: false }`
[INFO] running `Command { std: "docker" "exec" "-e" "SOURCE_DIR=/opt/rustwide/workdir" "-e" "CARGO_HOME=/opt/rustwide/cargo-home" "-e" "RUSTUP_HOME=/opt/rustwide/rustup-home" "-e" "CARGO_TARGET_DIR=/opt/rustwide/target" "-e" "CARGO_INCREMENTAL=0" "-e" "RUST_BACKTRACE=full" "-e" "RUSTFLAGS=--cap-lints=warn" "-e" "RUSTDOCFLAGS=--cap-lints=warn" "-w" "/opt/rustwide/workdir" "--user" "0:0" "e55d32d47a86b3c388daded0f28aa350fdb4ad56c1abbb8a1e130f2e1f8b3291" "/opt/rustwide/cargo-home/bin/cargo" "+1.100.0-beta.1" "test" "--frozen" "--no-run" "--message-format=json" "--release", kill_on_drop: false }`
[INFO] [stderr]    Compiling getrandom v0.4.3
[INFO] [stderr]    Compiling tower-http v0.7.1
[INFO] [stderr]    Compiling pollster-macro v0.4.0
[INFO] [stderr]    Compiling console v0.16.4
[INFO] [stderr]    Compiling similar v2.7.0
[INFO] [stderr]    Compiling rand v0.10.2
[INFO] [stderr]    Compiling tempfile v3.27.0
[INFO] [stderr]    Compiling pollster v0.4.0
[INFO] [stderr]    Compiling insta v1.48.0
[INFO] [stderr]    Compiling ulid v3.0.0
[INFO] [stderr]    Compiling cratefield-core v0.8.0
[INFO] [stderr]    Compiling cratefield-mail-templates v0.1.0
[INFO] [stderr]    Compiling cratefield-module-email-signup v0.4.0 (/opt/rustwide/workdir)
[INFO] [stdout] error[E0432]: unresolved import `cratefield_testing`
[INFO] [stdout]  --> tests/conformance.rs:5:5
[INFO] [stdout]   |
[INFO] [stdout] 5 | use cratefield_testing::{assert_wasm_safe_deps, conformance};
[INFO] [stdout]   |     ^^^^^^^^^^^^^^^^^^ use of unresolved module or unlinked crate `cratefield_testing`
[INFO] [stdout]   |
[INFO] [stdout]   = help: if you wanted to use a crate named `cratefield_testing`, use `cargo add cratefield_testing` to add it to your `Cargo.toml`
[INFO] [stdout] 
[INFO] [stdout] 
[INFO] [stdout] error[E0432]: unresolved import `cratefield_module_privacy`
[INFO] [stdout]   --> tests/privacy.rs:11:5
[INFO] [stdout]    |
[INFO] [stdout] 11 | use cratefield_module_privacy::Privacy;
[INFO] [stdout]    |     ^^^^^^^^^^^^^^^^^^^^^^^^^ use of unresolved module or unlinked crate `cratefield_module_privacy`
[INFO] [stdout]    |
[INFO] [stdout]    = help: if you wanted to use a crate named `cratefield_module_privacy`, use `cargo add cratefield_module_privacy` to add it to your `Cargo.toml`
[INFO] [stdout] 
[INFO] [stdout] 
[INFO] [stdout] error[E0432]: unresolved import `cratefield_testing`
[INFO] [stdout]   --> tests/privacy.rs:12:5
[INFO] [stdout]    |
[INFO] [stdout] 12 | use cratefield_testing::TestHarness;
[INFO] [stdout]    |     ^^^^^^^^^^^^^^^^^^ use of unresolved module or unlinked crate `cratefield_testing`
[INFO] [stdout]    |
[INFO] [stdout]    = help: if you wanted to use a crate named `cratefield_testing`, use `cargo add cratefield_testing` to add it to your `Cargo.toml`
[INFO] [stdout] 
[INFO] [stdout] 
[INFO] [stderr] error: could not compile `cratefield-module-email-signup` (test "conformance") due to 1 previous error
[INFO] [stdout] For more information about this error, try `rustc --explain E0432`.
[INFO] [stdout] 
[INFO] [stderr] warning: build failed, waiting for other jobs to finish...
[INFO] [stdout] error[E0432]: unresolved import `cratefield_testing`
[INFO] [stdout]   --> tests/logging.rs:14:5
[INFO] [stdout]    |
[INFO] [stdout] 14 | use cratefield_testing::TestHarness;
[INFO] [stdout]    |     ^^^^^^^^^^^^^^^^^^ use of unresolved module or unlinked crate `cratefield_testing`
[INFO] [stdout]    |
[INFO] [stdout]    = help: if you wanted to use a crate named `cratefield_testing`, use `cargo add cratefield_testing` to add it to your `Cargo.toml`
[INFO] [stdout] 
[INFO] [stdout] 
[INFO] [stdout] For more information about this error, try `rustc --explain E0432`.
[INFO] [stdout] 
[INFO] [stderr] error: could not compile `cratefield-module-email-signup` (test "privacy") due to 2 previous errors
[INFO] [stdout] error[E0433]: cannot find module or crate `cratefield_adapter_sqlite` in this scope
[INFO] [stdout]    --> src/store.rs:345:18
[INFO] [stdout]     |
[INFO] [stdout] 345 |         let db = cratefield_adapter_sqlite::SqliteDatabase::in_memory().expect("db");
[INFO] [stdout]     |                  ^^^^^^^^^^^^^^^^^^^^^^^^^ use of unresolved module or unlinked crate `cratefield_adapter_sqlite`
[INFO] [stdout]     |
[INFO] [stdout]     = help: if you wanted to use a crate named `cratefield_adapter_sqlite`, use `cargo add cratefield_adapter_sqlite` to add it to your `Cargo.toml`
[INFO] [stdout] 
[INFO] [stdout] 
[INFO] [stdout] For more information about this error, try `rustc --explain E0432`.
[INFO] [stdout] 
[INFO] [stderr] error: could not compile `cratefield-module-email-signup` (test "logging") due to 1 previous error
[INFO] [stdout] error[E0432]: unresolved import `cratefield_testing`
[INFO] [stdout]   --> tests/routes.rs:12:5
[INFO] [stdout]    |
[INFO] [stdout] 12 | use cratefield_testing::{MailerMode, TestHarness, request};
[INFO] [stdout]    |     ^^^^^^^^^^^^^^^^^^ use of unresolved module or unlinked crate `cratefield_testing`
[INFO] [stdout]    |
[INFO] [stdout]    = help: if you wanted to use a crate named `cratefield_testing`, use `cargo add cratefield_testing` to add it to your `Cargo.toml`
[INFO] [stdout] 
[INFO] [stdout] 
[INFO] [stdout] error[E0433]: cannot find module or crate `cratefield_testing` in this scope
[INFO] [stdout]    --> tests/routes.rs:814:43
[INFO] [stdout]     |
[INFO] [stdout] 814 |             ports.captcha = Some(Arc::new(cratefield_testing::FakeCaptcha::with_tokens([
[INFO] [stdout]     |                                           ^^^^^^^^^^^^^^^^^^ use of unresolved module or unlinked crate `cratefield_testing`
[INFO] [stdout]     |
[INFO] [stdout]     = help: if you wanted to use a crate named `cratefield_testing`, use `cargo add cratefield_testing` to add it to your `Cargo.toml`
[INFO] [stdout] 
[INFO] [stdout] 
[INFO] [stdout] error[E0433]: cannot find module or crate `cratefield_testing` in this scope
[INFO] [stdout]    --> tests/routes.rs:866:48
[INFO] [stdout]     |
[INFO] [stdout] 866 |             ports.rate_limiter = Some(Arc::new(cratefield_testing::FakeRateLimiter::scripted(
[INFO] [stdout]     |                                                ^^^^^^^^^^^^^^^^^^ use of unresolved module or unlinked crate `cratefield_testing`
[INFO] [stdout]     |
[INFO] [stdout]     = help: if you wanted to use a crate named `cratefield_testing`, use `cargo add cratefield_testing` to add it to your `Cargo.toml`
[INFO] [stdout] 
[INFO] [stdout] 
[INFO] [stdout] error[E0433]: cannot find module or crate `cratefield_testing` in this scope
[INFO] [stdout]   --> tests/routes.rs:32:52
[INFO] [stdout]    |
[INFO] [stdout] 32 | async fn signup(kit: &TestHarness, email: &str) -> cratefield_testing::TestResponse {
[INFO] [stdout]    |                                                    ^^^^^^^^^^^^^^^^^^ use of unresolved module or unlinked crate `cratefield_testing`
[INFO] [stdout]    |
[INFO] [stdout]    = help: if you wanted to use a crate named `cratefield_testing`, use `cargo add cratefield_testing` to add it to your `Cargo.toml`
[INFO] [stdout] 
[INFO] [stdout] 
[INFO] [stdout] Some errors have detailed explanations: E0432, E0433.
[INFO] [stdout] 
[INFO] [stdout] For more information about an error, try `rustc --explain E0432`.
[INFO] [stdout] 
[INFO] [stderr] error: could not compile `cratefield-module-email-signup` (test "routes") due to 4 previous errors
[INFO] [stdout] error[E0433]: cannot find module or crate `cratefield_adapter_sqlite` in this scope
[INFO] [stdout]    --> src/store.rs:343:25
[INFO] [stdout]     |
[INFO] [stdout] 343 |     fn migrated_db() -> cratefield_adapter_sqlite::SqliteDatabase {
[INFO] [stdout]     |                         ^^^^^^^^^^^^^^^^^^^^^^^^^ use of unresolved module or unlinked crate `cratefield_adapter_sqlite`
[INFO] [stdout]     |
[INFO] [stdout]     = help: if you wanted to use a crate named `cratefield_adapter_sqlite`, use `cargo add cratefield_adapter_sqlite` to add it to your `Cargo.toml`
[INFO] [stdout] 
[INFO] [stdout] 
[INFO] [stdout] error[E0433]: cannot find module or crate `cratefield_adapter_sqlite` in this scope
[INFO] [stdout]    --> src/store.rs:352:14
[INFO] [stdout]     |
[INFO] [stdout] 352 |         db: &cratefield_adapter_sqlite::SqliteDatabase,
[INFO] [stdout]     |              ^^^^^^^^^^^^^^^^^^^^^^^^^ use of unresolved module or unlinked crate `cratefield_adapter_sqlite`
[INFO] [stdout]     |
[INFO] [stdout]     = help: if you wanted to use a crate named `cratefield_adapter_sqlite`, use `cargo add cratefield_adapter_sqlite` to add it to your `Cargo.toml`
[INFO] [stdout] 
[INFO] [stdout] 
[INFO] [stdout] error[E0433]: cannot find module or crate `cratefield_adapter_sqlite` in this scope
[INFO] [stdout]    --> src/store.rs:373:19
[INFO] [stdout]     |
[INFO] [stdout] 373 |     fn state(db: &cratefield_adapter_sqlite::SqliteDatabase, id: &str) -> (String, i64) {
[INFO] [stdout]     |                   ^^^^^^^^^^^^^^^^^^^^^^^^^ use of unresolved module or unlinked crate `cratefield_adapter_sqlite`
[INFO] [stdout]     |
[INFO] [stdout]     = help: if you wanted to use a crate named `cratefield_adapter_sqlite`, use `cargo add cratefield_adapter_sqlite` to add it to your `Cargo.toml`
[INFO] [stdout] 
[INFO] [stdout] 
[INFO] [stdout] For more information about this error, try `rustc --explain E0433`.
[INFO] [stdout] 
[INFO] [stderr] error: could not compile `cratefield-module-email-signup` (lib test) due to 4 previous errors
[INFO] running `Command { std: "docker" "inspect" "e55d32d47a86b3c388daded0f28aa350fdb4ad56c1abbb8a1e130f2e1f8b3291", kill_on_drop: false }`
[INFO] running `Command { std: "docker" "rm" "-f" "e55d32d47a86b3c388daded0f28aa350fdb4ad56c1abbb8a1e130f2e1f8b3291", kill_on_drop: false }`
[INFO] [stdout] e55d32d47a86b3c388daded0f28aa350fdb4ad56c1abbb8a1e130f2e1f8b3291
