[INFO] fetching crate cratefield-cli 0.6.3...
[INFO] testing cratefield-cli-0.6.3 against 1.100.0-beta.1+cargoflags=--release for beta-release-1.100-2
[INFO] extracting crate cratefield-cli 0.6.3 into /workspace/builds/worker-5-tc2/source
[INFO] started tweaking crates.io crate cratefield-cli 0.6.3
[INFO] removed 0 missing examples
[INFO] finished tweaking crates.io crate cratefield-cli 0.6.3
[INFO] tweaked toml for crates.io crate cratefield-cli 0.6.3 written to /workspace/builds/worker-5-tc2/source/Cargo.toml
[INFO] validating manifest of crates.io crate cratefield-cli 0.6.3 on toolchain 1.100.0-beta.1
[INFO] running `Command { std: CARGO_HOME="/workspace/cargo-home" RUSTUP_HOME="/workspace/rustup-home" "/workspace/cargo-home/bin/cargo" "+1.100.0-beta.1" "metadata" "--manifest-path" "Cargo.toml" "--no-deps", kill_on_drop: false }`
[INFO] crate crates.io crate cratefield-cli 0.6.3 already has a lockfile, it will not be regenerated
[INFO] running `Command { std: CARGO_HOME="/workspace/cargo-home" RUSTUP_HOME="/workspace/rustup-home" "/workspace/cargo-home/bin/cargo" "+1.100.0-beta.1" "fetch" "--manifest-path" "Cargo.toml", kill_on_drop: false }`
[INFO] running `Command { std: "docker" "create" "-v" "/var/lib/crater-agent-workspace/builds/worker-5-tc2/source:/opt/rustwide/workdir:ro,Z" "-v" "/var/lib/crater-agent-workspace/builds/worker-5-tc2/target:/opt/rustwide/target:rw,Z" "-v" "/var/lib/crater-agent-workspace/cargo-home:/opt/rustwide/cargo-home:ro,Z" "-v" "/var/lib/crater-agent-workspace/rustup-home:/opt/rustwide/rustup-home:ro,Z" "-m" "1610612736" "--network" "none" "ghcr.io/rust-lang/crates-build-env/linux@sha256:77db811e55d90add9212f6832c23229e3de5f1c1f9905e8cb07319ea15df73ac" "sleep" "infinity", kill_on_drop: false }`
[INFO] [stdout] 6e78ab0db5eb7ab3c1a32cd05365775a711de0491a404dc4d0799514ef5f7075
[INFO] running `Command { std: "docker" "start" "6e78ab0db5eb7ab3c1a32cd05365775a711de0491a404dc4d0799514ef5f7075", kill_on_drop: false }`
[INFO] running `Command { std: "docker" "inspect" "6e78ab0db5eb7ab3c1a32cd05365775a711de0491a404dc4d0799514ef5f7075", kill_on_drop: false }`
[INFO] running `Command { std: "docker" "exec" "-e" "SOURCE_DIR=/opt/rustwide/workdir" "-e" "CARGO_HOME=/opt/rustwide/cargo-home" "-e" "RUSTUP_HOME=/opt/rustwide/rustup-home" "-e" "CARGO_TARGET_DIR=/opt/rustwide/target" "-w" "/opt/rustwide/workdir" "--user" "0:0" "6e78ab0db5eb7ab3c1a32cd05365775a711de0491a404dc4d0799514ef5f7075" "/opt/rustwide/cargo-home/bin/cargo" "+1.100.0-beta.1" "metadata" "--no-deps" "--format-version=1", kill_on_drop: false }`
[INFO] running `Command { std: "docker" "inspect" "6e78ab0db5eb7ab3c1a32cd05365775a711de0491a404dc4d0799514ef5f7075", kill_on_drop: false }`
[INFO] running `Command { std: "docker" "exec" "-e" "SOURCE_DIR=/opt/rustwide/workdir" "-e" "CARGO_HOME=/opt/rustwide/cargo-home" "-e" "RUSTUP_HOME=/opt/rustwide/rustup-home" "-e" "CARGO_TARGET_DIR=/opt/rustwide/target" "-e" "CARGO_INCREMENTAL=0" "-e" "RUST_BACKTRACE=full" "-e" "RUSTFLAGS=--cap-lints=warn" "-e" "RUSTDOCFLAGS=--cap-lints=warn" "-w" "/opt/rustwide/workdir" "--user" "0:0" "6e78ab0db5eb7ab3c1a32cd05365775a711de0491a404dc4d0799514ef5f7075" "/opt/rustwide/cargo-home/bin/cargo" "+1.100.0-beta.1" "build" "--frozen" "--message-format=json" "--release", kill_on_drop: false }`
[INFO] [stderr]    Compiling subtle v2.6.1
[INFO] [stderr]    Compiling serde_core v1.0.229
[INFO] [stderr]    Compiling const-oid v0.9.6
[INFO] [stderr]    Compiling hybrid-array v0.4.14
[INFO] [stderr]    Compiling generic-array v0.14.7
[INFO] [stderr]    Compiling hashbrown v0.17.1
[INFO] [stderr]    Compiling rand_core v0.6.4
[INFO] [stderr]    Compiling smallvec v1.16.0
[INFO] [stderr]    Compiling base64ct v1.8.3
[INFO] [stderr]    Compiling libc v0.2.189
[INFO] [stderr]    Compiling syn v3.0.5
[INFO] [stderr]    Compiling zeroize_derive v1.5.0
[INFO] [stderr]    Compiling serde_json v1.0.151
[INFO] [stderr]    Compiling getrandom v0.4.3
[INFO] [stderr]    Compiling ref-cast v1.0.27
[INFO] [stderr]    Compiling futures-util v0.3.34
[INFO] [stderr]    Compiling chacha20 v0.10.2
[INFO] [stderr]    Compiling bitflags v2.13.1
[INFO] [stderr]    Compiling zerocopy v0.8.56
[INFO] [stderr]    Compiling num-traits v0.2.19
[INFO] [stderr]    Compiling axum-core v0.5.6
[INFO] [stderr]    Compiling tinyvec v1.13.2
[INFO] [stderr]    Compiling dyn-clone v1.0.20
[INFO] [stderr]    Compiling time v0.3.55
[INFO] [stderr]    Compiling tower-http v0.7.1
[INFO] [stderr]    Compiling ff v0.13.1
[INFO] [stderr]    Compiling zeroize v1.9.0
[INFO] [stderr]    Compiling crypto-common v0.2.2
[INFO] [stderr]    Compiling block-buffer v0.12.1
[INFO] [stderr]    Compiling pem-rfc7468 v0.7.0
[INFO] [stderr]    Compiling base16ct v0.2.0
[INFO] [stderr]    Compiling der v0.7.10
[INFO] [stderr]    Compiling group v0.13.0
[INFO] [stderr]    Compiling spin v0.9.9
[INFO] [stderr]    Compiling unicode-normalization v0.1.25
[INFO] [stderr]    Compiling num-bigint-dig v0.8.6
[INFO] [stderr]    Compiling indexmap v2.14.2
[INFO] [stderr]    Compiling lazy_static v1.5.0
[INFO] [stderr]    Compiling crypto-common v0.1.7
[INFO] [stderr]    Compiling block-buffer v0.10.4
[INFO] [stderr]    Compiling crypto-bigint v0.5.5
[INFO] [stderr]    Compiling inout v0.2.2
[INFO] [stderr]    Compiling digest v0.10.7
[INFO] [stderr]    Compiling cc v1.4.5
[INFO] [stderr]    Compiling hashlink v0.12.1
[INFO] [stderr]    Compiling hmac v0.12.1
[INFO] [stderr]    Compiling hkdf v0.12.4
[INFO] [stderr]    Compiling signature v2.2.0
[INFO] [stderr]    Compiling rfc6979 v0.4.0
[INFO] [stderr]    Compiling sha2 v0.10.9
[INFO] [stderr]    Compiling digest v0.11.3
[INFO] [stderr]    Compiling hmac v0.13.0
[INFO] [stderr]    Compiling rand v0.10.2
[INFO] [stderr]    Compiling sha1 v0.11.0
[INFO] [stderr]    Compiling sha2 v0.11.0
[INFO] [stderr]    Compiling num-integer v0.1.47
[INFO] [stderr]    Compiling spki v0.7.3
[INFO] [stderr]    Compiling pkcs8 v0.10.2
[INFO] [stderr]    Compiling num-iter v0.1.46
[INFO] [stderr]    Compiling universal-hash v0.6.1
[INFO] [stderr]    Compiling sec1 v0.7.3
[INFO] [stderr]    Compiling pkcs1 v0.7.5
[INFO] [stderr]    Compiling cipher v0.5.2
[INFO] [stderr]    Compiling polyval v0.7.3
[INFO] [stderr]    Compiling tower v0.5.3
[INFO] [stderr]    Compiling ulid v3.0.0
[INFO] [stderr]    Compiling elliptic-curve v0.13.8
[INFO] [stderr]    Compiling ctr v0.10.1
[INFO] [stderr]    Compiling libsqlite3-sys v0.38.2
[INFO] [stderr]    Compiling aes v0.9.3
[INFO] [stderr]    Compiling ghash v0.6.0
[INFO] [stderr]    Compiling aead v0.6.1
[INFO] [stderr]    Compiling hkdf v0.13.0
[INFO] [stderr]    Compiling fallible-iterator v0.3.0
[INFO] [stderr]    Compiling fallible-streaming-iterator v0.1.9
[INFO] [stderr]    Compiling pollster-macro v0.4.0
[INFO] [stderr]    Compiling primeorder v0.13.6
[INFO] [stderr]    Compiling ecdsa v0.16.9
[INFO] [stderr]    Compiling pollster v0.4.0
[INFO] [stderr]    Compiling aes-gcm v0.11.1
[INFO] [stderr]    Compiling serde_path_to_error v0.1.20
[INFO] [stderr]    Compiling serde_derive_internals v0.30.0
[INFO] [stderr]    Compiling p256 v0.13.2
[INFO] [stderr]    Compiling zerovec-derive v0.11.6
[INFO] [stderr]    Compiling displaydoc v0.2.7
[INFO] [stderr]    Compiling serde_derive v1.0.229
[INFO] [stderr]    Compiling ref-cast-impl v1.0.27
[INFO] [stderr]    Compiling inherent v1.0.14
[INFO] [stderr]    Compiling thiserror-impl v2.0.20
[INFO] [stderr]    Compiling async-trait v0.1.92
[INFO] [stderr]    Compiling clap_derive v4.6.4
[INFO] [stderr]    Compiling schemars_derive v1.2.2
[INFO] [stderr]    Compiling sea-query v0.32.7
[INFO] [stderr]    Compiling zerotrie v0.2.5
[INFO] [stderr]    Compiling thiserror v2.0.20
[INFO] [stderr]    Compiling zerovec v0.11.8
[INFO] [stderr]    Compiling clap v4.6.6
[INFO] [stderr]    Compiling ppv-lite86 v0.2.21
[INFO] [stderr]    Compiling tinystr v0.8.4
[INFO] [stderr]    Compiling potential_utf v0.1.6
[INFO] [stderr]    Compiling icu_collections v2.3.0
[INFO] [stderr]    Compiling icu_locale_core v2.3.0
[INFO] [stderr]    Compiling rand_chacha v0.3.1
[INFO] [stderr]    Compiling rand v0.8.8
[INFO] [stderr]    Compiling serde v1.0.229
[INFO] [stderr]    Compiling serde_urlencoded v0.7.1
[INFO] [stderr]    Compiling schemars v1.2.2
[INFO] [stderr]    Compiling serde_spanned v0.6.9
[INFO] [stderr]    Compiling toml_datetime v0.6.11
[INFO] [stderr]    Compiling toml_edit v0.22.27
[INFO] [stderr]    Compiling axum v0.8.9
[INFO] [stderr]    Compiling icu_provider v2.3.1
[INFO] [stderr]    Compiling icu_normalizer v2.3.0
[INFO] [stderr]    Compiling icu_properties v2.3.0
[INFO] [stderr]    Compiling rsa v0.9.10
[INFO] [stderr]    Compiling idna_adapter v1.2.2
[INFO] [stderr]    Compiling idna v1.1.0
[INFO] [stderr]    Compiling url v2.5.8
[INFO] [stderr]    Compiling toml v0.8.23
[INFO] [stderr]    Compiling cratefield-core v0.8.4
[INFO] [stderr]    Compiling cratefield-push-auth v0.3.0
[INFO] [stderr]    Compiling cratefield-tables v0.4.0
[INFO] [stderr]    Compiling cratefield-client-ts v0.4.1
[INFO] [stderr]    Compiling cratefield-adapter-apns v0.3.0
[INFO] [stderr]    Compiling cratefield-adapter-fcm v0.3.0
[INFO] [stderr]    Compiling cratefield-adapter-webpush v0.3.0
[INFO] [stderr]    Compiling cratefield-manifest v0.3.1
[INFO] [stderr]    Compiling cratefield-push-wiring v0.3.0
[INFO] [stderr]    Compiling rusqlite v0.40.2
[INFO] [stderr]    Compiling cratefield-adapter-sqlite v0.3.0
[INFO] [stderr]    Compiling cratefield-cli v0.6.3 (/opt/rustwide/workdir)
[INFO] [stderr]     Finished `release` profile [optimized] target(s) in 3m 38s
[INFO] running `Command { std: "docker" "inspect" "6e78ab0db5eb7ab3c1a32cd05365775a711de0491a404dc4d0799514ef5f7075", kill_on_drop: false }`
[INFO] running `Command { std: "docker" "exec" "-e" "SOURCE_DIR=/opt/rustwide/workdir" "-e" "CARGO_HOME=/opt/rustwide/cargo-home" "-e" "RUSTUP_HOME=/opt/rustwide/rustup-home" "-e" "CARGO_TARGET_DIR=/opt/rustwide/target" "-e" "CARGO_INCREMENTAL=0" "-e" "RUST_BACKTRACE=full" "-e" "RUSTFLAGS=--cap-lints=warn" "-e" "RUSTDOCFLAGS=--cap-lints=warn" "-w" "/opt/rustwide/workdir" "--user" "0:0" "6e78ab0db5eb7ab3c1a32cd05365775a711de0491a404dc4d0799514ef5f7075" "/opt/rustwide/cargo-home/bin/cargo" "+1.100.0-beta.1" "test" "--frozen" "--no-run" "--message-format=json" "--release", kill_on_drop: false }`
[INFO] [stderr]    Compiling cratefield-cli v0.6.3 (/opt/rustwide/workdir)
[INFO] [stdout] error[E0433]: cannot find module or crate `cratefield_testing` in this scope
[INFO] [stdout]     --> src/push.rs:1040:9
[INFO] [stdout]      |
[INFO] [stdout] 1040 |     use cratefield_testing::vectors::{
[INFO] [stdout]      |         ^^^^^^^^^^^^^^^^^^ use of unresolved module or unlinked crate `cratefield_testing`
[INFO] [stdout]      |
[INFO] [stdout] help: there is a crate or module with a similar name
[INFO] [stdout]      |
[INFO] [stdout] 1040 -     use cratefield_testing::vectors::{
[INFO] [stdout] 1040 +     use cratefield_tables::vectors::{
[INFO] [stdout]      |
[INFO] [stdout] 
[INFO] [stdout] 
[INFO] [stdout] error[E0432]: unresolved import `cratefield_testing`
[INFO] [stdout]    --> src/auth_import.rs:432:9
[INFO] [stdout]     |
[INFO] [stdout] 432 |     use cratefield_testing::{FakeHttpClient, TempDir};
[INFO] [stdout]     |         ^^^^^^^^^^^^^^^^^^ use of unresolved module or unlinked crate `cratefield_testing`
[INFO] [stdout]     |
[INFO] [stdout] help: there is a crate or module with a similar name
[INFO] [stdout]     |
[INFO] [stdout] 432 -     use cratefield_testing::{FakeHttpClient, TempDir};
[INFO] [stdout] 432 +     use cratefield_tables::{FakeHttpClient, TempDir};
[INFO] [stdout]     |
[INFO] [stdout] 
[INFO] [stdout] 
[INFO] [stdout] error[E0432]: unresolved import `cratefield_testing`
[INFO] [stdout]     --> src/push.rs:1045:9
[INFO] [stdout]      |
[INFO] [stdout] 1045 |     use cratefield_testing::{FakeHttpClient, TempDir};
[INFO] [stdout]      |         ^^^^^^^^^^^^^^^^^^ use of unresolved module or unlinked crate `cratefield_testing`
[INFO] [stdout]      |
[INFO] [stdout] help: there is a crate or module with a similar name
[INFO] [stdout]      |
[INFO] [stdout] 1045 -     use cratefield_testing::{FakeHttpClient, TempDir};
[INFO] [stdout] 1045 +     use cratefield_tables::{FakeHttpClient, TempDir};
[INFO] [stdout]      |
[INFO] [stdout] 
[INFO] [stdout] 
[INFO] [stdout] error[E0433]: cannot find module or crate `cratefield_testing` in this scope
[INFO] [stdout]     --> src/workflow.rs:1683:19
[INFO] [stdout]      |
[INFO] [stdout] 1683 |         let dir = cratefield_testing::TempDir::new("fz-init");
[INFO] [stdout]      |                   ^^^^^^^^^^^^^^^^^^ use of unresolved module or unlinked crate `cratefield_testing`
[INFO] [stdout]      |
[INFO] [stdout] help: there is a crate or module with a similar name
[INFO] [stdout]      |
[INFO] [stdout] 1683 -         let dir = cratefield_testing::TempDir::new("fz-init");
[INFO] [stdout] 1683 +         let dir = cratefield_tables::TempDir::new("fz-init");
[INFO] [stdout]      |
[INFO] [stdout] 
[INFO] [stdout] 
[INFO] [stdout] error[E0433]: cannot find module or crate `cratefield_testing` in this scope
[INFO] [stdout]     --> src/workflow.rs:1704:19
[INFO] [stdout]      |
[INFO] [stdout] 1704 |         let dir = cratefield_testing::TempDir::new("fz-init");
[INFO] [stdout]      |                   ^^^^^^^^^^^^^^^^^^ use of unresolved module or unlinked crate `cratefield_testing`
[INFO] [stdout]      |
[INFO] [stdout] help: there is a crate or module with a similar name
[INFO] [stdout]      |
[INFO] [stdout] 1704 -         let dir = cratefield_testing::TempDir::new("fz-init");
[INFO] [stdout] 1704 +         let dir = cratefield_tables::TempDir::new("fz-init");
[INFO] [stdout]      |
[INFO] [stdout] 
[INFO] [stdout] 
[INFO] [stdout] Some errors have detailed explanations: E0432, E0433.
[INFO] [stdout] 
[INFO] [stderr] error: could not compile `cratefield-cli` (lib test) due to 5 previous errors
[INFO] [stdout] For more information about an error, try `rustc --explain E0432`.
[INFO] [stdout] 
[INFO] running `Command { std: "docker" "inspect" "6e78ab0db5eb7ab3c1a32cd05365775a711de0491a404dc4d0799514ef5f7075", kill_on_drop: false }`
[INFO] running `Command { std: "docker" "rm" "-f" "6e78ab0db5eb7ab3c1a32cd05365775a711de0491a404dc4d0799514ef5f7075", kill_on_drop: false }`
[INFO] [stdout] 6e78ab0db5eb7ab3c1a32cd05365775a711de0491a404dc4d0799514ef5f7075
