[INFO] fetching crate crashrustler 1.0.0...
[INFO] testing crashrustler-1.0.0 against 1.99.0-beta.8+cargoflags=--release for beta-release-1.100-2
[INFO] extracting crate crashrustler 1.0.0 into /workspace/builds/worker-2-tc1/source
[INFO] started tweaking crates.io crate crashrustler 1.0.0
[INFO] removed 0 missing tests
[INFO] finished tweaking crates.io crate crashrustler 1.0.0
[INFO] tweaked toml for crates.io crate crashrustler 1.0.0 written to /workspace/builds/worker-2-tc1/source/Cargo.toml
[INFO] validating manifest of crates.io crate crashrustler 1.0.0 on toolchain 1.99.0-beta.8
[INFO] running `Command { std: CARGO_HOME="/workspace/cargo-home" RUSTUP_HOME="/workspace/rustup-home" "/workspace/cargo-home/bin/cargo" "+1.99.0-beta.8" "metadata" "--manifest-path" "Cargo.toml" "--no-deps", kill_on_drop: false }`
[INFO] crate crates.io crate crashrustler 1.0.0 already has a lockfile, it will not be regenerated
[INFO] running `Command { std: CARGO_HOME="/workspace/cargo-home" RUSTUP_HOME="/workspace/rustup-home" "/workspace/cargo-home/bin/cargo" "+1.99.0-beta.8" "fetch" "--manifest-path" "Cargo.toml", kill_on_drop: false }`
[INFO] [stderr]     Updating crates.io index
[INFO] [stderr]  Downloading crates ...
[INFO] [stderr]   Downloaded capstone v0.14.0
[INFO] [stderr]   Downloaded cpp_demangle v0.5.1
[INFO] [stderr]   Downloaded capstone-sys v0.18.0
[INFO] running `Command { std: "docker" "create" "-v" "/var/lib/crater-agent-workspace/builds/worker-2-tc1/source:/opt/rustwide/workdir:ro,Z" "-v" "/var/lib/crater-agent-workspace/builds/worker-2-tc1/target:/opt/rustwide/target:rw,Z" "-v" "/var/lib/crater-agent-workspace/cargo-home:/opt/rustwide/cargo-home:ro,Z" "-v" "/var/lib/crater-agent-workspace/rustup-home:/opt/rustwide/rustup-home:ro,Z" "-m" "1610612736" "--network" "none" "ghcr.io/rust-lang/crates-build-env/linux@sha256:77db811e55d90add9212f6832c23229e3de5f1c1f9905e8cb07319ea15df73ac" "sleep" "infinity", kill_on_drop: false }`
[INFO] [stdout] 008ac801617196edfe072993428e9a3e851ccb119925ca35a6296447e7ba26f1
[INFO] running `Command { std: "docker" "start" "008ac801617196edfe072993428e9a3e851ccb119925ca35a6296447e7ba26f1", kill_on_drop: false }`
[INFO] running `Command { std: "docker" "inspect" "008ac801617196edfe072993428e9a3e851ccb119925ca35a6296447e7ba26f1", kill_on_drop: false }`
[INFO] running `Command { std: "docker" "exec" "-e" "SOURCE_DIR=/opt/rustwide/workdir" "-e" "CARGO_HOME=/opt/rustwide/cargo-home" "-e" "RUSTUP_HOME=/opt/rustwide/rustup-home" "-e" "CARGO_TARGET_DIR=/opt/rustwide/target" "-w" "/opt/rustwide/workdir" "--user" "0:0" "008ac801617196edfe072993428e9a3e851ccb119925ca35a6296447e7ba26f1" "/opt/rustwide/cargo-home/bin/cargo" "+1.99.0-beta.8" "metadata" "--no-deps" "--format-version=1", kill_on_drop: false }`
[INFO] running `Command { std: "docker" "inspect" "008ac801617196edfe072993428e9a3e851ccb119925ca35a6296447e7ba26f1", kill_on_drop: false }`
[INFO] running `Command { std: "docker" "exec" "-e" "SOURCE_DIR=/opt/rustwide/workdir" "-e" "CARGO_HOME=/opt/rustwide/cargo-home" "-e" "RUSTUP_HOME=/opt/rustwide/rustup-home" "-e" "CARGO_TARGET_DIR=/opt/rustwide/target" "-e" "CARGO_INCREMENTAL=0" "-e" "RUST_BACKTRACE=full" "-e" "RUSTFLAGS=--cap-lints=warn" "-e" "RUSTDOCFLAGS=--cap-lints=warn" "-w" "/opt/rustwide/workdir" "--user" "0:0" "008ac801617196edfe072993428e9a3e851ccb119925ca35a6296447e7ba26f1" "/opt/rustwide/cargo-home/bin/cargo" "+1.99.0-beta.8" "build" "--frozen" "--message-format=json" "--release", kill_on_drop: false }`
[INFO] [stderr]    Compiling typenum v1.19.0
[INFO] [stderr]    Compiling cpp_demangle v0.5.1
[INFO] [stderr]    Compiling crashrustler v1.0.0 (/opt/rustwide/workdir)
[INFO] [stderr]    Compiling rustc-demangle v0.1.27
[INFO] [stderr]    Compiling cc v1.2.56
[INFO] [stderr]    Compiling chrono v0.4.44
[INFO] [stdout] warning: unused import: `std::io::Write`
[INFO] [stdout]  --> build.rs:1:5
[INFO] [stdout]   |
[INFO] [stdout] 1 | use std::io::Write;
[INFO] [stdout]   |     ^^^^^^^^^^^^^^
[INFO] [stdout]   |
[INFO] [stdout]   = note: `#[warn(unused_imports)]` (part of `#[warn(unused)]`) on by default
[INFO] [stdout] 
[INFO] [stdout] 
[INFO] [stderr]    Compiling hybrid-array v0.4.10
[INFO] [stderr]    Compiling capstone-sys v0.18.0
[INFO] [stderr]    Compiling block-buffer v0.12.0
[INFO] [stderr]    Compiling crypto-common v0.2.1
[INFO] [stderr]    Compiling digest v0.11.2
[INFO] [stderr]    Compiling sha2 v0.11.0
[INFO] [stderr]    Compiling capstone v0.14.0
[INFO] [stdout] error: linking with `cc` failed: exit status: 1
[INFO] [stdout]   |
[INFO] [stdout]   = note:  "cc" "-m64" "/opt/rustwide/target/release/deps/rustclWVHIJ/symbols.o" "<12 object files omitted>" "-Wl,--as-needed" "-Wl,-Bstatic" "/opt/rustwide/target/release/deps/{libcpp_demangle-134e74479f3fec62,librustc_demangle-23c150a8a5d56cfc,libchrono-121b6941fd4a0529,libiana_time_zone-ea2d38d0aead4a1d,libnum_traits-cc425fcf9e73133e,libcrashrustler-a4d90f153e23d80e,libsha2-6dbaa7b0380c4f10,libcpufeatures-bd0e43b05e7934f4,libcfg_if-6d8dca19095bb388,libdigest-4f25312e99bb16c2,libconst_oid-875e212f8cb941f4,libcrypto_common-253edba595928eeb,libblock_buffer-9596a5591d954d2c,libhybrid_array-792c1e9f25081b40,libtypenum-96397e016e1e8cb2,libcapstone-2278ced0f44d032d,libstatic_assertions-306fc8cfb43dc741,libcapstone_sys-b0e0cd88fe92b4d1}.rlib" "<sysroot>/lib/rustlib/x86_64-unknown-linux-gnu/lib/{libstd-*,libpanic_unwind-*,libobject-*,libmemchr-*,libaddr2line-*,libgimli-*,libcfg_if-*,librustc_demangle-*,libstd_detect-*,libhashbrown-*,librustc_std_workspace_alloc-*,libminiz_oxide-*,libadler2-*,libunwind-*,liblibc-*,librustc_std_workspace_core-*,liballoc-*,libcore-*,libcompiler_builtins-*}.rlib" "-Wl,-Bdynamic" "-lgcc_s" "-lutil" "-lrt" "-lpthread" "-lm" "-ldl" "-lc" "-L" "/opt/rustwide/target/release/deps/rustclWVHIJ/raw-dylibs" "-B<sysroot>/lib/rustlib/x86_64-unknown-linux-gnu/bin/gcc-ld" "-fuse-ld=lld" "-Wl,--eh-frame-hdr" "-Wl,-z,noexecstack" "-L" "/opt/rustwide/target/release/build/capstone-sys-b14dca7afe2e670c/out" "-L" "<sysroot>/lib/rustlib/x86_64-unknown-linux-gnu/lib" "-o" "/opt/rustwide/target/release/deps/exc_handler-16e9d75ee7966045" "-Wl,--gc-sections" "-pie" "-Wl,-z,relro,-z,now" "-Wl,-O1" "-Wl,--strip-debug" "-nodefaultlibs"
[INFO] [stdout]   = note: some arguments are omitted. use `--verbose` to show all linker arguments
[INFO] [stdout]   = note: rust-lld: error: undefined symbol: mach_task_self
[INFO] [stdout]           >>> referenced by exc_handler.58fbd00a257596c3-cgu.01
[INFO] [stdout]           >>>               /opt/rustwide/target/release/deps/exc_handler-16e9d75ee7966045.exc_handler.58fbd00a257596c3-cgu.01.rcgu.o:(exc_handler::main)
[INFO] [stdout]           >>> referenced by exc_handler.58fbd00a257596c3-cgu.01
[INFO] [stdout]           >>>               /opt/rustwide/target/release/deps/exc_handler-16e9d75ee7966045.exc_handler.58fbd00a257596c3-cgu.01.rcgu.o:(exc_handler::main)
[INFO] [stdout]           >>> referenced by exc_handler.58fbd00a257596c3-cgu.01
[INFO] [stdout]           >>>               /opt/rustwide/target/release/deps/exc_handler-16e9d75ee7966045.exc_handler.58fbd00a257596c3-cgu.01.rcgu.o:(exc_handler::main)
[INFO] [stdout]           >>> referenced 14 more times
[INFO] [stdout]           
[INFO] [stdout]           rust-lld: error: undefined symbol: mach_port_allocate
[INFO] [stdout]           >>> referenced by exc_handler.58fbd00a257596c3-cgu.01
[INFO] [stdout]           >>>               /opt/rustwide/target/release/deps/exc_handler-16e9d75ee7966045.exc_handler.58fbd00a257596c3-cgu.01.rcgu.o:(exc_handler::main)
[INFO] [stdout]           >>> referenced by exc_handler.58fbd00a257596c3-cgu.01
[INFO] [stdout]           >>>               /opt/rustwide/target/release/deps/exc_handler-16e9d75ee7966045.exc_handler.58fbd00a257596c3-cgu.01.rcgu.o:(exc_handler::main)
[INFO] [stdout]           >>> referenced by exc_handler.58fbd00a257596c3-cgu.01
[INFO] [stdout]           >>>               /opt/rustwide/target/release/deps/exc_handler-16e9d75ee7966045.exc_handler.58fbd00a257596c3-cgu.01.rcgu.o:(exc_handler::main)
[INFO] [stdout]           >>> referenced 1 more times
[INFO] [stdout]           
[INFO] [stdout]           rust-lld: error: undefined symbol: mach_port_insert_right
[INFO] [stdout]           >>> referenced by exc_handler.58fbd00a257596c3-cgu.01
[INFO] [stdout]           >>>               /opt/rustwide/target/release/deps/exc_handler-16e9d75ee7966045.exc_handler.58fbd00a257596c3-cgu.01.rcgu.o:(exc_handler::main)
[INFO] [stdout]           >>> referenced by exc_handler.58fbd00a257596c3-cgu.01
[INFO] [stdout]           >>>               /opt/rustwide/target/release/deps/exc_handler-16e9d75ee7966045.exc_handler.58fbd00a257596c3-cgu.01.rcgu.o:(exc_handler::main)
[INFO] [stdout]           >>> referenced by exc_handler.58fbd00a257596c3-cgu.01
[INFO] [stdout]           >>>               /opt/rustwide/target/release/deps/exc_handler-16e9d75ee7966045.exc_handler.58fbd00a257596c3-cgu.01.rcgu.o:(exc_handler::main)
[INFO] [stdout]           >>> referenced 1 more times
[INFO] [stdout]           
[INFO] [stdout]           rust-lld: error: undefined symbol: task_set_exception_ports
[INFO] [stdout]           >>> referenced by exc_handler.58fbd00a257596c3-cgu.01
[INFO] [stdout]           >>>               /opt/rustwide/target/release/deps/exc_handler-16e9d75ee7966045.exc_handler.58fbd00a257596c3-cgu.01.rcgu.o:(exc_handler::main)
[INFO] [stdout]           >>> referenced by exc_handler.58fbd00a257596c3-cgu.01
[INFO] [stdout]           >>>               /opt/rustwide/target/release/deps/exc_handler-16e9d75ee7966045.exc_handler.58fbd00a257596c3-cgu.01.rcgu.o:(exc_handler::run_child)
[INFO] [stdout]           
[INFO] [stdout]           rust-lld: error: undefined symbol: task_get_special_port
[INFO] [stdout]           >>> referenced by exc_handler.58fbd00a257596c3-cgu.01
[INFO] [stdout]           >>>               /opt/rustwide/target/release/deps/exc_handler-16e9d75ee7966045.exc_handler.58fbd00a257596c3-cgu.01.rcgu.o:(exc_handler::main)
[INFO] [stdout]           >>> referenced by exc_handler.58fbd00a257596c3-cgu.01
[INFO] [stdout]           >>>               /opt/rustwide/target/release/deps/exc_handler-16e9d75ee7966045.exc_handler.58fbd00a257596c3-cgu.01.rcgu.o:(exc_handler::run_child)
[INFO] [stdout]           >>> referenced by exc_handler.58fbd00a257596c3-cgu.03
[INFO] [stdout]           >>>               /opt/rustwide/target/release/deps/exc_handler-16e9d75ee7966045.exc_handler.58fbd00a257596c3-cgu.03.rcgu.o:(exc_handler::ffi::bootstrap_register_service)
[INFO] [stdout]           
[INFO] [stdout]           rust-lld: error: undefined symbol: task_set_special_port
[INFO] [stdout]           >>> referenced by exc_handler.58fbd00a257596c3-cgu.01
[INFO] [stdout]           >>>               /opt/rustwide/target/release/deps/exc_handler-16e9d75ee7966045.exc_handler.58fbd00a257596c3-cgu.01.rcgu.o:(exc_handler::main)
[INFO] [stdout]           >>> referenced by exc_handler.58fbd00a257596c3-cgu.01
[INFO] [stdout]           >>>               /opt/rustwide/target/release/deps/exc_handler-16e9d75ee7966045.exc_handler.58fbd00a257596c3-cgu.01.rcgu.o:(exc_handler::main)
[INFO] [stdout]           >>> referenced by exc_handler.58fbd00a257596c3-cgu.01
[INFO] [stdout]           >>>               /opt/rustwide/target/release/deps/exc_handler-16e9d75ee7966045.exc_handler.58fbd00a257596c3-cgu.01.rcgu.o:(exc_handler::main)
[INFO] [stdout]           >>> referenced 1 more times
[INFO] [stdout]           
[INFO] [stdout]           rust-lld: error: undefined symbol: mach_port_destroy
[INFO] [stdout]           >>> referenced by exc_handler.58fbd00a257596c3-cgu.01
[INFO] [stdout]           >>>               /opt/rustwide/target/release/deps/exc_handler-16e9d75ee7966045.exc_handler.58fbd00a257596c3-cgu.01.rcgu.o:(exc_handler::main)
[INFO] [stdout]           >>> referenced by exc_handler.58fbd00a257596c3-cgu.01
[INFO] [stdout]           >>>               /opt/rustwide/target/release/deps/exc_handler-16e9d75ee7966045.exc_handler.58fbd00a257596c3-cgu.01.rcgu.o:(exc_handler::main)
[INFO] [stdout]           
[INFO] [stdout]           rust-lld: error: undefined symbol: mach_msg
[INFO] [stdout]           >>> referenced by exc_handler.58fbd00a257596c3-cgu.01
[INFO] [stdout]           >>>               /opt/rustwide/target/release/deps/exc_handler-16e9d75ee7966045.exc_handler.58fbd00a257596c3-cgu.01.rcgu.o:(exc_handler::run_child)
[INFO] [stdout]           >>> referenced by exc_handler.58fbd00a257596c3-cgu.01
[INFO] [stdout]           >>>               /opt/rustwide/target/release/deps/exc_handler-16e9d75ee7966045.exc_handler.58fbd00a257596c3-cgu.01.rcgu.o:(exc_handler::run_child)
[INFO] [stdout]           >>> referenced by exc_handler.58fbd00a257596c3-cgu.10
[INFO] [stdout]           >>>               /opt/rustwide/target/release/deps/exc_handler-16e9d75ee7966045.exc_handler.58fbd00a257596c3-cgu.10.rcgu.o:(exc_handler::mach_msg::serve_one_message)
[INFO] [stdout]           >>> referenced 2 more times
[INFO] [stdout]           
[INFO] [stdout]           rust-lld: error: undefined symbol: task_for_pid
[INFO] [stdout]           >>> referenced by exc_handler.58fbd00a257596c3-cgu.03
[INFO] [stdout]           >>>               /opt/rustwide/target/release/deps/exc_handler-16e9d75ee7966045.exc_handler.58fbd00a257596c3-cgu.03.rcgu.o:(exc_handler::ffi::task_from_pid)
[INFO] [stdout]           
[INFO] [stdout]           rust-lld: error: undefined symbol: thread_get_state
[INFO] [stdout]           >>> referenced by exc_handler.58fbd00a257596c3-cgu.03
[INFO] [stdout]           >>>               /opt/rustwide/target/release/deps/exc_handler-16e9d75ee7966045.exc_handler.58fbd00a257596c3-cgu.03.rcgu.o:(exc_handler::ffi::get_exception_state)
[INFO] [stdout]           >>> referenced by exc_handler.58fbd00a257596c3-cgu.08
[INFO] [stdout]           >>>               /opt/rustwide/target/release/deps/exc_handler-16e9d75ee7966045.exc_handler.58fbd00a257596c3-cgu.08.rcgu.o:(exc_handler::thread_enum::enumerate_threads)
[INFO] [stdout]           
[INFO] [stdout]           rust-lld: error: undefined symbol: vm_page_size
[INFO] [stdout]           >>> referenced by exc_handler.58fbd00a257596c3-cgu.03
[INFO] [stdout]           >>>               /opt/rustwide/target/release/deps/exc_handler-16e9d75ee7966045.exc_handler.58fbd00a257596c3-cgu.03.rcgu.o:(exc_handler::ffi::read_process_memory)
[INFO] [stdout]           
[INFO] [stdout]           rust-lld: error: undefined symbol: mach_vm_read
[INFO] [stdout]           >>> referenced by exc_handler.58fbd00a257596c3-cgu.03
[INFO] [stdout]           >>>               /opt/rustwide/target/release/deps/exc_handler-16e9d75ee7966045.exc_handler.58fbd00a257596c3-cgu.03.rcgu.o:(exc_handler::ffi::read_process_memory)
[INFO] [stdout]           
[INFO] [stdout]           rust-lld: error: undefined symbol: vm_deallocate
[INFO] [stdout]           >>> referenced by exc_handler.58fbd00a257596c3-cgu.03
[INFO] [stdout]           >>>               /opt/rustwide/target/release/deps/exc_handler-16e9d75ee7966045.exc_handler.58fbd00a257596c3-cgu.03.rcgu.o:(exc_handler::ffi::read_process_memory)
[INFO] [stdout]           >>> referenced by exc_handler.58fbd00a257596c3-cgu.08
[INFO] [stdout]           >>>               /opt/rustwide/target/release/deps/exc_handler-16e9d75ee7966045.exc_handler.58fbd00a257596c3-cgu.08.rcgu.o:(exc_handler::thread_enum::enumerate_threads)
[INFO] [stdout]           
[INFO] [stdout]           rust-lld: error: undefined symbol: sysctl
[INFO] [stdout]           >>> referenced by exc_handler.58fbd00a257596c3-cgu.03
[INFO] [stdout]           >>>               /opt/rustwide/target/release/deps/exc_handler-16e9d75ee7966045.exc_handler.58fbd00a257596c3-cgu.03.rcgu.o:(exc_handler::ffi::resolve_command_line)
[INFO] [stdout]           >>> referenced by exc_handler.58fbd00a257596c3-cgu.03
[INFO] [stdout]           >>>               /opt/rustwide/target/release/deps/exc_handler-16e9d75ee7966045.exc_handler.58fbd00a257596c3-cgu.03.rcgu.o:(exc_handler::ffi::resolve_command_line)
[INFO] [stdout]           
[INFO] [stdout]           rust-lld: error: undefined symbol: pid_for_task
[INFO] [stdout]           >>> referenced by exc_handler.58fbd00a257596c3-cgu.02
[INFO] [stdout]           >>>               /opt/rustwide/target/release/deps/exc_handler-16e9d75ee7966045.exc_handler.58fbd00a257596c3-cgu.02.rcgu.o:(exc_handler::handler::handle_exception)
[INFO] [stdout]           
[INFO] [stdout]           rust-lld: error: undefined symbol: proc_pidinfo
[INFO] [stdout]           >>> referenced by exc_handler.58fbd00a257596c3-cgu.02
[INFO] [stdout]           >>>               /opt/rustwide/target/release/deps/exc_handler-16e9d75ee7966045.exc_handler.58fbd00a257596c3-cgu.02.rcgu.o:(exc_handler::handler::handle_exception)
[INFO] [stdout]           
[INFO] [stdout]           rust-lld: error: undefined symbol: responsibility_get_pid_responsible_for_pid
[INFO] [stdout]           >>> referenced by exc_handler.58fbd00a257596c3-cgu.02
[INFO] [stdout]           >>>               /opt/rustwide/target/release/deps/exc_handler-16e9d75ee7966045.exc_handler.58fbd00a257596c3-cgu.02.rcgu.o:(exc_handler::handler::handle_exception)
[INFO] [stdout]           
[INFO] [stdout]           rust-lld: error: undefined symbol: mach_absolute_time
[INFO] [stdout]           >>> referenced by exc_handler.58fbd00a257596c3-cgu.02
[INFO] [stdout]           >>>               /opt/rustwide/target/release/deps/exc_handler-16e9d75ee7966045.exc_handler.58fbd00a257596c3-cgu.02.rcgu.o:(exc_handler::handler::handle_exception)
[INFO] [stdout]           
[INFO] [stdout]           rust-lld: error: undefined symbol: mach_timebase_info
[INFO] [stdout]           >>> referenced by exc_handler.58fbd00a257596c3-cgu.02
[INFO] [stdout]           >>>               /opt/rustwide/target/release/deps/exc_handler-16e9d75ee7966045.exc_handler.58fbd00a257596c3-cgu.02.rcgu.o:(exc_handler::handler::handle_exception)
[INFO] [stdout]           
[INFO] [stdout]           rust-lld: error: undefined symbol: thread_info
[INFO] [stdout]           >>> referenced by exc_handler.58fbd00a257596c3-cgu.02
[INFO] [stdout]           >>>               /opt/rustwide/target/release/deps/exc_handler-16e9d75ee7966045.exc_handler.58fbd00a257596c3-cgu.02.rcgu.o:(exc_handler::handler::handle_exception)
[INFO] [stdout]           
[INFO] [stdout]           rust-lld: error: too many errors emitted, stopping now (use --error-limit=0 to see all errors)
[INFO] [stdout]           collect2: error: ld returned 1 exit status
[INFO] [stdout]           
[INFO] [stdout] 
[INFO] [stdout] 
[INFO] [stderr] error: could not compile `crashrustler` (bin "exc_handler") due to 1 previous error
[INFO] running `Command { std: "docker" "inspect" "008ac801617196edfe072993428e9a3e851ccb119925ca35a6296447e7ba26f1", kill_on_drop: false }`
[INFO] running `Command { std: "docker" "rm" "-f" "008ac801617196edfe072993428e9a3e851ccb119925ca35a6296447e7ba26f1", kill_on_drop: false }`
[INFO] [stdout] 008ac801617196edfe072993428e9a3e851ccb119925ca35a6296447e7ba26f1
