[INFO] fetching crate crashpad 0.1.2...
[INFO] testing crashpad-0.1.2 against 1.99.0-beta.8+cargoflags=--release for beta-release-1.100-2
[INFO] extracting crate crashpad 0.1.2 into /workspace/builds/worker-5-tc1/source
[INFO] started tweaking crates.io crate crashpad 0.1.2
[INFO] finished tweaking crates.io crate crashpad 0.1.2
[INFO] tweaked toml for crates.io crate crashpad 0.1.2 written to /workspace/builds/worker-5-tc1/source/Cargo.toml
[INFO] validating manifest of crates.io crate crashpad 0.1.2 on toolchain 1.99.0-beta.8
[INFO] running `Command { std: CARGO_HOME="/workspace/cargo-home" RUSTUP_HOME="/workspace/rustup-home" "/workspace/cargo-home/bin/cargo" "+1.99.0-beta.8" "metadata" "--manifest-path" "Cargo.toml" "--no-deps", kill_on_drop: false }`
[INFO] running `Command { std: CARGO_HOME="/workspace/cargo-home" RUSTUP_HOME="/workspace/rustup-home" "/workspace/cargo-home/bin/cargo" "+1.99.0-beta.8" "generate-lockfile" "--manifest-path" "Cargo.toml", kill_on_drop: false }`
[INFO] [stderr]     Updating crates.io index
[INFO] [stderr]      Locking 73 packages to highest compatible versions
[INFO] [stderr]       Adding env_logger v0.9.3 (available: v0.11.11)
[INFO] [stderr]       Adding thiserror v1.0.69 (available: v2.0.21)
[INFO] [stderr]       Adding which v4.4.2 (available: v8.0.6)
[INFO] running `Command { std: CARGO_HOME="/workspace/cargo-home" RUSTUP_HOME="/workspace/rustup-home" "/workspace/cargo-home/bin/cargo" "+1.99.0-beta.8" "fetch" "--manifest-path" "Cargo.toml", kill_on_drop: false }`
[INFO] [stderr]  Downloading crates ...
[INFO] [stderr]   Downloaded crashpad-sys v0.1.2
[INFO] running `Command { std: "docker" "create" "-v" "/var/lib/crater-agent-workspace/builds/worker-5-tc1/source:/opt/rustwide/workdir:ro,Z" "-v" "/var/lib/crater-agent-workspace/builds/worker-5-tc1/target:/opt/rustwide/target:rw,Z" "-v" "/var/lib/crater-agent-workspace/cargo-home:/opt/rustwide/cargo-home:ro,Z" "-v" "/var/lib/crater-agent-workspace/rustup-home:/opt/rustwide/rustup-home:ro,Z" "-m" "1610612736" "--network" "none" "ghcr.io/rust-lang/crates-build-env/linux@sha256:77db811e55d90add9212f6832c23229e3de5f1c1f9905e8cb07319ea15df73ac" "sleep" "infinity", kill_on_drop: false }`
[INFO] [stdout] 0bb0523145c60c419cd0c340bfc54b4711a0ed772157397ae22d6e7e8327c8cf
[INFO] running `Command { std: "docker" "start" "0bb0523145c60c419cd0c340bfc54b4711a0ed772157397ae22d6e7e8327c8cf", kill_on_drop: false }`
[INFO] running `Command { std: "docker" "inspect" "0bb0523145c60c419cd0c340bfc54b4711a0ed772157397ae22d6e7e8327c8cf", kill_on_drop: false }`
[INFO] running `Command { std: "docker" "exec" "-e" "SOURCE_DIR=/opt/rustwide/workdir" "-e" "CARGO_HOME=/opt/rustwide/cargo-home" "-e" "RUSTUP_HOME=/opt/rustwide/rustup-home" "-e" "CARGO_TARGET_DIR=/opt/rustwide/target" "-w" "/opt/rustwide/workdir" "--user" "0:0" "0bb0523145c60c419cd0c340bfc54b4711a0ed772157397ae22d6e7e8327c8cf" "/opt/rustwide/cargo-home/bin/cargo" "+1.99.0-beta.8" "metadata" "--no-deps" "--format-version=1", kill_on_drop: false }`
[INFO] running `Command { std: "docker" "inspect" "0bb0523145c60c419cd0c340bfc54b4711a0ed772157397ae22d6e7e8327c8cf", kill_on_drop: false }`
[INFO] running `Command { std: "docker" "exec" "-e" "SOURCE_DIR=/opt/rustwide/workdir" "-e" "CARGO_HOME=/opt/rustwide/cargo-home" "-e" "RUSTUP_HOME=/opt/rustwide/rustup-home" "-e" "CARGO_TARGET_DIR=/opt/rustwide/target" "-e" "CARGO_INCREMENTAL=0" "-e" "RUST_BACKTRACE=full" "-e" "RUSTFLAGS=--cap-lints=warn" "-e" "RUSTDOCFLAGS=--cap-lints=warn" "-w" "/opt/rustwide/workdir" "--user" "0:0" "0bb0523145c60c419cd0c340bfc54b4711a0ed772157397ae22d6e7e8327c8cf" "/opt/rustwide/cargo-home/bin/cargo" "+1.99.0-beta.8" "build" "--frozen" "--message-format=json" "--release", kill_on_drop: false }`
[INFO] [stderr]    Compiling libc v0.2.191
[INFO] [stderr]    Compiling memchr v2.8.3
[INFO] [stderr]    Compiling rustix v0.38.44
[INFO] [stderr]    Compiling unicode-ident v1.0.27
[INFO] [stderr]    Compiling glob v0.3.4
[INFO] [stderr]    Compiling regex-syntax v0.8.11
[INFO] [stderr]    Compiling unicode-width v0.1.14
[INFO] [stderr]    Compiling cfg-if v1.0.5
[INFO] [stderr]    Compiling linux-raw-sys v0.4.15
[INFO] [stderr]    Compiling bitflags v2.13.2
[INFO] [stderr]    Compiling humantime v2.4.0
[INFO] [stderr]    Compiling home v0.5.12
[INFO] [stderr]    Compiling vec_map v0.8.2
[INFO] [stderr]    Compiling either v1.19.0
[INFO] [stderr]    Compiling find-msvc-tools v0.1.14
[INFO] [stderr]    Compiling bindgen v0.59.2
[INFO] [stderr]    Compiling libloading v0.8.9
[INFO] [stderr]    Compiling proc-macro2 v1.0.107
[INFO] [stderr]    Compiling strsim v0.8.0
[INFO] [stderr]    Compiling ansi_term v0.12.1
[INFO] [stderr]    Compiling termcolor v1.4.1
[INFO] [stderr]    Compiling log v0.4.34
[INFO] [stderr]    Compiling lazy_static v1.5.1
[INFO] [stderr]    Compiling rustc-hash v1.1.0
[INFO] [stderr]    Compiling peeking_take_while v0.1.2
[INFO] [stderr]    Compiling lazycell v1.3.0
[INFO] [stderr]    Compiling quote v1.0.47
[INFO] [stderr]    Compiling clang-sys v1.9.1
[INFO] [stderr]    Compiling cc v1.8.0
[INFO] [stderr]    Compiling textwrap v0.11.0
[INFO] [stderr]    Compiling syn v2.0.119
[INFO] [stderr]    Compiling aho-corasick v1.1.5
[INFO] [stderr]    Compiling nom v7.1.3
[INFO] [stderr]    Compiling cmake v0.1.58
[INFO] [stderr]    Compiling atty v0.2.14
[INFO] [stderr]    Compiling clap v2.34.0
[INFO] [stderr]    Compiling getrandom v0.4.3
[INFO] [stderr]    Compiling regex-automata v0.4.18
[INFO] [stderr]    Compiling tempfile v3.27.0
[INFO] [stderr]    Compiling thiserror-impl v1.0.69
[INFO] [stderr]    Compiling which v4.4.2
[INFO] [stderr]    Compiling cexpr v0.6.0
[INFO] [stderr]    Compiling thiserror v1.0.69
[INFO] [stderr]    Compiling regex v1.13.1
[INFO] [stderr]    Compiling env_logger v0.9.3
[INFO] [stderr]    Compiling crashpad-sys v0.1.2
[INFO] [stderr] error: failed to run custom build command for `crashpad-sys v0.1.2`
[INFO] [stderr] note: To improve backtraces for build dependencies, set the CARGO_PROFILE_RELEASE_BUILD_OVERRIDE_DEBUG=true environment variable to enable debug information generation.
[INFO] [stderr] 
[INFO] [stderr] Caused by:
[INFO] [stderr]   process didn't exit successfully: `/opt/rustwide/target/release/build/crashpad-sys-3771b29ebd305d1c/build-script-build` (exit status: 101)
[INFO] [stderr]   --- stdout
[INFO] [stderr]   cargo:rerun-if-changed=build.rs
[INFO] [stderr]   cargo:rerun-if-changed=wrapper/
[INFO] [stderr]   cargo:rerun-if-env-changed=CC_FORCE_DISABLE
[INFO] [stderr]   CC_FORCE_DISABLE = None
[INFO] [stderr]   cargo:rerun-if-env-changed=CXX_x86_64-unknown-linux-gnu
[INFO] [stderr]   CXX_x86_64-unknown-linux-gnu = None
[INFO] [stderr]   cargo:rerun-if-env-changed=CXX_x86_64_unknown_linux_gnu
[INFO] [stderr]   CXX_x86_64_unknown_linux_gnu = None
[INFO] [stderr]   cargo:rerun-if-env-changed=HOST_CXX
[INFO] [stderr]   HOST_CXX = None
[INFO] [stderr]   cargo:rerun-if-env-changed=CXX
[INFO] [stderr]   CXX = None
[INFO] [stderr]   cargo:rerun-if-env-changed=CC_ENABLE_DEBUG_OUTPUT
[INFO] [stderr]   cargo:rerun-if-env-changed=CRATE_CC_NO_DEFAULTS
[INFO] [stderr]   CRATE_CC_NO_DEFAULTS = None
[INFO] [stderr]   cargo:rerun-if-env-changed=CXXFLAGS
[INFO] [stderr]   CXXFLAGS = None
[INFO] [stderr]   cargo:rerun-if-env-changed=HOST_CXXFLAGS
[INFO] [stderr]   HOST_CXXFLAGS = None
[INFO] [stderr]   cargo:rerun-if-env-changed=CXXFLAGS_x86_64_unknown_linux_gnu
[INFO] [stderr]   CXXFLAGS_x86_64_unknown_linux_gnu = None
[INFO] [stderr]   cargo:rerun-if-env-changed=CXXFLAGS_x86_64-unknown-linux-gnu
[INFO] [stderr]   CXXFLAGS_x86_64-unknown-linux-gnu = None
[INFO] [stderr]   cargo:rerun-if-env-changed=CRATE_CC_NO_DEFAULTS
[INFO] [stderr]   CRATE_CC_NO_DEFAULTS = None
[INFO] [stderr]   cargo:rerun-if-env-changed=CXXFLAGS
[INFO] [stderr]   CXXFLAGS = None
[INFO] [stderr]   cargo:rerun-if-env-changed=HOST_CXXFLAGS
[INFO] [stderr]   HOST_CXXFLAGS = None
[INFO] [stderr]   cargo:rerun-if-env-changed=CXXFLAGS_x86_64_unknown_linux_gnu
[INFO] [stderr]   CXXFLAGS_x86_64_unknown_linux_gnu = None
[INFO] [stderr]   cargo:rerun-if-env-changed=CXXFLAGS_x86_64-unknown-linux-gnu
[INFO] [stderr]   CXXFLAGS_x86_64-unknown-linux-gnu = None
[INFO] [stderr]   cargo:rerun-if-env-changed=CRATE_CC_NO_DEFAULTS
[INFO] [stderr]   CRATE_CC_NO_DEFAULTS = None
[INFO] [stderr]   cargo:rerun-if-env-changed=CXXFLAGS
[INFO] [stderr]   CXXFLAGS = None
[INFO] [stderr]   cargo:rerun-if-env-changed=HOST_CXXFLAGS
[INFO] [stderr]   HOST_CXXFLAGS = None
[INFO] [stderr]   cargo:rerun-if-env-changed=CXXFLAGS_x86_64_unknown_linux_gnu
[INFO] [stderr]   CXXFLAGS_x86_64_unknown_linux_gnu = None
[INFO] [stderr]   cargo:rerun-if-env-changed=CXXFLAGS_x86_64-unknown-linux-gnu
[INFO] [stderr]   CXXFLAGS_x86_64-unknown-linux-gnu = None
[INFO] [stderr]   cargo:rerun-if-env-changed=CRATE_CC_NO_DEFAULTS
[INFO] [stderr]   CRATE_CC_NO_DEFAULTS = None
[INFO] [stderr]   cargo:rerun-if-env-changed=CXXFLAGS
[INFO] [stderr]   CXXFLAGS = None
[INFO] [stderr]   cargo:rerun-if-env-changed=HOST_CXXFLAGS
[INFO] [stderr]   HOST_CXXFLAGS = None
[INFO] [stderr]   cargo:rerun-if-env-changed=CXXFLAGS_x86_64_unknown_linux_gnu
[INFO] [stderr]   CXXFLAGS_x86_64_unknown_linux_gnu = None
[INFO] [stderr]   cargo:rerun-if-env-changed=CXXFLAGS_x86_64-unknown-linux-gnu
[INFO] [stderr]   CXXFLAGS_x86_64-unknown-linux-gnu = None
[INFO] [stderr]   cargo:rerun-if-env-changed=CRATE_CC_NO_DEFAULTS
[INFO] [stderr]   CRATE_CC_NO_DEFAULTS = None
[INFO] [stderr]   cargo:rerun-if-env-changed=CXXFLAGS
[INFO] [stderr]   CXXFLAGS = None
[INFO] [stderr]   cargo:rerun-if-env-changed=HOST_CXXFLAGS
[INFO] [stderr]   HOST_CXXFLAGS = None
[INFO] [stderr]   cargo:rerun-if-env-changed=CXXFLAGS_x86_64_unknown_linux_gnu
[INFO] [stderr]   CXXFLAGS_x86_64_unknown_linux_gnu = None
[INFO] [stderr]   cargo:rerun-if-env-changed=CXXFLAGS_x86_64-unknown-linux-gnu
[INFO] [stderr]   CXXFLAGS_x86_64-unknown-linux-gnu = None
[INFO] [stderr]   cargo:rerun-if-env-changed=CC_FORCE_DISABLE
[INFO] [stderr]   CC_FORCE_DISABLE = None
[INFO] [stderr]   cargo:rerun-if-env-changed=AR_x86_64-unknown-linux-gnu
[INFO] [stderr]   AR_x86_64-unknown-linux-gnu = None
[INFO] [stderr]   cargo:rerun-if-env-changed=AR_x86_64_unknown_linux_gnu
[INFO] [stderr]   AR_x86_64_unknown_linux_gnu = None
[INFO] [stderr]   cargo:rerun-if-env-changed=HOST_AR
[INFO] [stderr]   HOST_AR = None
[INFO] [stderr]   cargo:rerun-if-env-changed=AR
[INFO] [stderr]   AR = None
[INFO] [stderr]   cargo:rerun-if-env-changed=ARFLAGS
[INFO] [stderr]   ARFLAGS = None
[INFO] [stderr]   cargo:rerun-if-env-changed=HOST_ARFLAGS
[INFO] [stderr]   HOST_ARFLAGS = None
[INFO] [stderr]   cargo:rerun-if-env-changed=ARFLAGS_x86_64_unknown_linux_gnu
[INFO] [stderr]   ARFLAGS_x86_64_unknown_linux_gnu = None
[INFO] [stderr]   cargo:rerun-if-env-changed=ARFLAGS_x86_64-unknown-linux-gnu
[INFO] [stderr]   ARFLAGS_x86_64-unknown-linux-gnu = None
[INFO] [stderr]   cargo:rerun-if-env-changed=AR_x86_64-unknown-linux-gnu
[INFO] [stderr]   AR_x86_64-unknown-linux-gnu = None
[INFO] [stderr]   cargo:rerun-if-env-changed=AR_x86_64_unknown_linux_gnu
[INFO] [stderr]   AR_x86_64_unknown_linux_gnu = None
[INFO] [stderr]   cargo:rerun-if-env-changed=HOST_AR
[INFO] [stderr]   HOST_AR = None
[INFO] [stderr]   cargo:rerun-if-env-changed=AR
[INFO] [stderr]   AR = None
[INFO] [stderr]   cargo:rerun-if-env-changed=ARFLAGS
[INFO] [stderr]   ARFLAGS = None
[INFO] [stderr]   cargo:rerun-if-env-changed=HOST_ARFLAGS
[INFO] [stderr]   HOST_ARFLAGS = None
[INFO] [stderr]   cargo:rerun-if-env-changed=ARFLAGS_x86_64_unknown_linux_gnu
[INFO] [stderr]   ARFLAGS_x86_64_unknown_linux_gnu = None
[INFO] [stderr]   cargo:rerun-if-env-changed=ARFLAGS_x86_64-unknown-linux-gnu
[INFO] [stderr]   ARFLAGS_x86_64-unknown-linux-gnu = None
[INFO] [stderr]   cargo:rustc-link-lib=static=crashpad_wrapper
[INFO] [stderr]   cargo:rustc-link-search=native=/opt/rustwide/target/release/build/crashpad-sys-f7ce0d5d521de2d4/out
[INFO] [stderr]   cargo:rerun-if-env-changed=CXXSTDLIB_x86_64-unknown-linux-gnu
[INFO] [stderr]   CXXSTDLIB_x86_64-unknown-linux-gnu = None
[INFO] [stderr]   cargo:rerun-if-env-changed=CXXSTDLIB_x86_64_unknown_linux_gnu
[INFO] [stderr]   CXXSTDLIB_x86_64_unknown_linux_gnu = None
[INFO] [stderr]   cargo:rerun-if-env-changed=HOST_CXXSTDLIB
[INFO] [stderr]   HOST_CXXSTDLIB = None
[INFO] [stderr]   cargo:rerun-if-env-changed=CXXSTDLIB
[INFO] [stderr]   CXXSTDLIB = None
[INFO] [stderr]   cargo:rerun-if-env-changed=CXXSTDLIB_STATIC_x86_64-unknown-linux-gnu
[INFO] [stderr]   CXXSTDLIB_STATIC_x86_64-unknown-linux-gnu = None
[INFO] [stderr]   cargo:rerun-if-env-changed=CXXSTDLIB_STATIC_x86_64_unknown_linux_gnu
[INFO] [stderr]   CXXSTDLIB_STATIC_x86_64_unknown_linux_gnu = None
[INFO] [stderr]   cargo:rerun-if-env-changed=HOST_CXXSTDLIB_STATIC
[INFO] [stderr]   HOST_CXXSTDLIB_STATIC = None
[INFO] [stderr]   cargo:rerun-if-env-changed=CXXSTDLIB_STATIC
[INFO] [stderr]   CXXSTDLIB_STATIC = None
[INFO] [stderr]   cargo:rustc-link-lib=stdc++
[INFO] [stderr]   cargo:rerun-if-changed=crashpad/
[INFO] [stderr]   CMAKE_TOOLCHAIN_FILE_x86_64-unknown-linux-gnu = None
[INFO] [stderr]   CMAKE_TOOLCHAIN_FILE_x86_64_unknown_linux_gnu = None
[INFO] [stderr]   HOST_CMAKE_TOOLCHAIN_FILE = None
[INFO] [stderr]   CMAKE_TOOLCHAIN_FILE = None
[INFO] [stderr]   CMAKE_GENERATOR_x86_64-unknown-linux-gnu = None
[INFO] [stderr]   CMAKE_GENERATOR_x86_64_unknown_linux_gnu = None
[INFO] [stderr]   HOST_CMAKE_GENERATOR = None
[INFO] [stderr]   CMAKE_GENERATOR = None
[INFO] [stderr]   CMAKE_PREFIX_PATH_x86_64-unknown-linux-gnu = None
[INFO] [stderr]   CMAKE_PREFIX_PATH_x86_64_unknown_linux_gnu = None
[INFO] [stderr]   HOST_CMAKE_PREFIX_PATH = None
[INFO] [stderr]   CMAKE_PREFIX_PATH = None
[INFO] [stderr]   CMAKE_x86_64-unknown-linux-gnu = None
[INFO] [stderr]   CMAKE_x86_64_unknown_linux_gnu = None
[INFO] [stderr]   HOST_CMAKE = None
[INFO] [stderr]   CMAKE = None
[INFO] [stderr]   -- The C compiler identification is GNU 15.2.0
[INFO] [stderr]   -- The CXX compiler identification is GNU 15.2.0
[INFO] [stderr]   -- Detecting C compiler ABI info
[INFO] [stderr]   -- Detecting C compiler ABI info - done
[INFO] [stderr]   -- Check for working C compiler: /usr/bin/cc - skipped
[INFO] [stderr]   -- Detecting C compile features
[INFO] [stderr]   -- Detecting C compile features - done
[INFO] [stderr]   -- Detecting CXX compiler ABI info
[INFO] [stderr]   -- Detecting CXX compiler ABI info - done
[INFO] [stderr]   -- Check for working CXX compiler: /usr/bin/c++ - skipped
[INFO] [stderr]   -- Detecting CXX compile features
[INFO] [stderr]   -- Detecting CXX compile features - done
[INFO] [stderr]   -- Found ZLIB: /usr/lib/x86_64-linux-gnu/libz.so (found version "1.3.1")
[INFO] [stderr]   -- Found OpenSSL: /usr/lib/x86_64-linux-gnu/libcrypto.so (found version "3.5.5")
[INFO] [stderr]   -- The ASM compiler identification is GNU
[INFO] [stderr]   -- Found assembler: /usr/bin/cc
[INFO] [stderr]   -- Configuring done (1.3s)
[INFO] [stderr]   -- Generating done (0.1s)
[INFO] [stderr]   -- Build files have been written to: /opt/rustwide/target/release/build/crashpad-sys-f7ce0d5d521de2d4/out/build
[INFO] [stderr]   [  1%] Building CXX object third_party/mini_chromium/CMakeFiles/mini_chromium.dir/mini_chromium/base/debug/alias.cc.o
[INFO] [stderr]   [  2%] Building CXX object third_party/mini_chromium/CMakeFiles/mini_chromium.dir/mini_chromium/base/files/scoped_file.cc.o
[INFO] [stderr]   [  2%] Building CXX object third_party/mini_chromium/CMakeFiles/mini_chromium.dir/mini_chromium/base/logging.cc.o
[INFO] [stderr]   [  2%] Building CXX object third_party/mini_chromium/CMakeFiles/mini_chromium.dir/mini_chromium/base/strings/utf_string_conversions.cc.o
[INFO] [stderr]   [  3%] Building CXX object third_party/mini_chromium/CMakeFiles/mini_chromium.dir/mini_chromium/base/process/memory.cc.o
[INFO] [stderr]   [  3%] Building CXX object third_party/mini_chromium/CMakeFiles/mini_chromium.dir/mini_chromium/base/rand_util.cc.o
[INFO] [stderr]   [  3%] Building CXX object third_party/mini_chromium/CMakeFiles/mini_chromium.dir/mini_chromium/base/files/file_path.cc.o
[INFO] [stderr]   [  3%] Building CXX object third_party/mini_chromium/CMakeFiles/mini_chromium.dir/mini_chromium/base/third_party/icu/icu_utf.cc.o
[INFO] [stderr]   [  3%] Building CXX object third_party/mini_chromium/CMakeFiles/mini_chromium.dir/mini_chromium/base/files/file_util_posix.cc.o
[INFO] [stderr]   [  4%] Building CXX object third_party/mini_chromium/CMakeFiles/mini_chromium.dir/mini_chromium/base/strings/string_number_conversions.cc.o
[INFO] [stderr]   [  5%] Building CXX object third_party/mini_chromium/CMakeFiles/mini_chromium.dir/mini_chromium/base/strings/utf_string_conversion_utils.cc.o
[INFO] [stderr]   [  6%] Building CXX object third_party/mini_chromium/CMakeFiles/mini_chromium.dir/mini_chromium/base/threading/thread_local_storage.cc.o
[INFO] [stderr]   [  7%] Building CXX object third_party/mini_chromium/CMakeFiles/mini_chromium.dir/mini_chromium/base/synchronization/lock.cc.o
[INFO] [stderr]   [  8%] Building CXX object tools/CMakeFiles/crashpad_tools.dir/tool_support.cc.o
[INFO] [stderr]   [  8%] Building CXX object third_party/mini_chromium/CMakeFiles/mini_chromium.dir/mini_chromium/base/strings/stringprintf.cc.o
[INFO] [stderr]   [ 10%] Building CXX object compat/CMakeFiles/crashpad_compat.dir/linux/sys/mman_memfd_create.cc.o
[INFO] [stderr]   [ 10%] Building CXX object third_party/mini_chromium/CMakeFiles/mini_chromium.dir/mini_chromium/base/memory/page_size_posix.cc.o
[INFO] [stderr]   [ 10%] Building CXX object third_party/mini_chromium/CMakeFiles/mini_chromium.dir/mini_chromium/base/posix/safe_strerror.cc.o
[INFO] [stderr]   [ 11%] Building CXX object third_party/mini_chromium/CMakeFiles/mini_chromium.dir/mini_chromium/base/synchronization/condition_variable_posix.cc.o
[INFO] [stderr]   [ 11%] Building CXX object third_party/mini_chromium/CMakeFiles/mini_chromium.dir/mini_chromium/base/synchronization/lock_impl_posix.cc.o
[INFO] [stderr]   [ 12%] Building CXX object third_party/mini_chromium/CMakeFiles/mini_chromium.dir/mini_chromium/base/threading/thread_local_storage_posix.cc.o
[INFO] [stderr]   [ 12%] Linking CXX static library libcrashpad_compat.a
[INFO] [stderr]   [ 12%] Built target crashpad_compat
[INFO] [stderr]   [ 12%] Linking CXX static library libcrashpad_tools.a
[INFO] [stderr]   [ 12%] Built target crashpad_tools
[INFO] [stderr] 
[INFO] [stderr]   --- stderr
[INFO] [stderr]   error: 'rustfmt' is not installed for the toolchain '1.99.0-beta.8-x86_64-unknown-linux-gnu'.
[INFO] [stderr]   help: run `rustup component add --toolchain 1.99.0-beta.8-x86_64-unknown-linux-gnu rustfmt` to install it
[INFO] [stderr]   Failed to run rustfmt: Internal rustfmt error (non-fatal, continuing)
[INFO] [stderr]   running: cd "/opt/rustwide/target/release/build/crashpad-sys-f7ce0d5d521de2d4/out/build" && CMAKE_PREFIX_PATH="" LC_ALL="C" "cmake" "/opt/rustwide/cargo-home/registry/src/index.crates.io-1949cf8c6b5b557f/crashpad-sys-0.1.2/crashpad" "-B" "/opt/rustwide/target/release/build/crashpad-sys-f7ce0d5d521de2d4/out/build" "-DCMAKE_INSTALL_PREFIX=/opt/rustwide/target/release/build/crashpad-sys-f7ce0d5d521de2d4/out" "-DCMAKE_C_FLAGS= -ffunction-sections -fdata-sections -fPIC -m64 -w" "-DCMAKE_C_COMPILER=/usr/bin/cc" "-DCMAKE_CXX_FLAGS= -ffunction-sections -fdata-sections -fPIC -m64 -w" "-DCMAKE_CXX_COMPILER=/usr/bin/c++" "-DCMAKE_ASM_FLAGS= -ffunction-sections -fdata-sections -fPIC -m64 -w" "-DCMAKE_ASM_COMPILER=/usr/bin/cc" "-DCMAKE_BUILD_TYPE=Release"
[INFO] [stderr]   running: cd "/opt/rustwide/target/release/build/crashpad-sys-f7ce0d5d521de2d4/out/build" && LC_ALL="C" MAKEFLAGS="-j --jobserver-fds=4,5 --jobserver-auth=4,5" "cmake" "--build" "/opt/rustwide/target/release/build/crashpad-sys-f7ce0d5d521de2d4/out/build" "--target" "install" "--config" "Release"
[INFO] [stderr]   In file included from /opt/rustwide/cargo-home/registry/src/index.crates.io-1949cf8c6b5b557f/crashpad-sys-0.1.2/crashpad/third_party/mini_chromium/mini_chromium/base/synchronization/lock.cc:11:
[INFO] [stderr]   /opt/rustwide/cargo-home/registry/src/index.crates.io-1949cf8c6b5b557f/crashpad-sys-0.1.2/crashpad/third_party/mini_chromium/mini_chromium/base/logging.h:24:28: error: 'uint32_t' does not name a type
[INFO] [stderr]      24 | using LoggingDestination = uint32_t;
[INFO] [stderr]         |                            ^~~~~~~~
[INFO] [stderr]   /opt/rustwide/cargo-home/registry/src/index.crates.io-1949cf8c6b5b557f/crashpad-sys-0.1.2/crashpad/third_party/mini_chromium/mini_chromium/base/logging.h:19:1: note: 'uint32_t' is defined in header '<cstdint>'; this is probably fixable by adding '#include <cstdint>'
[INFO] [stderr]      18 | #include "base/notreached.h"
[INFO] [stderr]     +++ |+#include <cstdint>
[INFO] [stderr]      19 | #include "build/build_config.h"
[INFO] [stderr]   /opt/rustwide/cargo-home/registry/src/index.crates.io-1949cf8c6b5b557f/crashpad-sys-0.1.2/crashpad/third_party/mini_chromium/mini_chromium/base/logging.h:30:6: error: expected identifier before ':' token
[INFO] [stderr]      30 | enum : LoggingDestination {
[INFO] [stderr]         |      ^
[INFO] [stderr]   /opt/rustwide/cargo-home/registry/src/index.crates.io-1949cf8c6b5b557f/crashpad-sys-0.1.2/crashpad/third_party/mini_chromium/mini_chromium/base/logging.h:30:6: error: expected unqualified-id before ':' token
[INFO] [stderr]   /opt/rustwide/cargo-home/registry/src/index.crates.io-1949cf8c6b5b557f/crashpad-sys-0.1.2/crashpad/third_party/mini_chromium/mini_chromium/base/logging.h:48:3: error: 'LoggingDestination' does not name a type
[INFO] [stderr]      48 |   LoggingDestination logging_dest = LOG_DEFAULT;
[INFO] [stderr]         |   ^~~~~~~~~~~~~~~~~~
[INFO] [stderr]   gmake[2]: *** [third_party/mini_chromium/CMakeFiles/mini_chromium.dir/build.make:219: third_party/mini_chromium/CMakeFiles/mini_chromium.dir/mini_chromium/base/synchronization/lock.cc.o] Error 1
[INFO] [stderr]   gmake[2]: *** Waiting for unfinished jobs....
[INFO] [stderr]   In file included from /opt/rustwide/cargo-home/registry/src/index.crates.io-1949cf8c6b5b557f/crashpad-sys-0.1.2/crashpad/third_party/mini_chromium/mini_chromium/base/strings/utf_string_conversion_utils.cc:5:
[INFO] [stderr]   /opt/rustwide/cargo-home/registry/src/index.crates.io-1949cf8c6b5b557f/crashpad-sys-0.1.2/crashpad/third_party/mini_chromium/mini_chromium/base/strings/utf_string_conversion_utils.h:12:30: error: 'uint32_t' was not declared in this scope
[INFO] [stderr]      12 | inline bool IsValidCodepoint(uint32_t code_point) {
[INFO] [stderr]         |                              ^~~~~~~~
[INFO] [stderr]   /opt/rustwide/cargo-home/registry/src/index.crates.io-1949cf8c6b5b557f/crashpad-sys-0.1.2/crashpad/third_party/mini_chromium/mini_chromium/base/strings/utf_string_conversion_utils.h:9:1: note: 'uint32_t' is defined in header '<cstdint>'; this is probably fixable by adding '#include <cstdint>'
[INFO] [stderr]       8 | #include <string>
[INFO] [stderr]     +++ |+#include <cstdint>
[INFO] [stderr]       9 | 
[INFO] [stderr]   /opt/rustwide/cargo-home/registry/src/index.crates.io-1949cf8c6b5b557f/crashpad-sys-0.1.2/crashpad/third_party/mini_chromium/mini_chromium/base/strings/utf_string_conversion_utils.h:20:27: error: 'uint32_t' has not been declared
[INFO] [stderr]      20 |                           uint32_t* code_point_out);
[INFO] [stderr]         |                           ^~~~~~~~
[INFO] [stderr]   /opt/rustwide/cargo-home/registry/src/index.crates.io-1949cf8c6b5b557f/crashpad-sys-0.1.2/crashpad/third_party/mini_chromium/mini_chromium/base/strings/utf_string_conversion_utils.h:20:27: note: 'uint32_t' is defined in header '<cstdint>'; this is probably fixable by adding '#include <cstdint>'
[INFO] [stderr]   /opt/rustwide/cargo-home/registry/src/index.crates.io-1949cf8c6b5b557f/crashpad-sys-0.1.2/crashpad/third_party/mini_chromium/mini_chromium/base/strings/utf_string_conversion_utils.h:25:27: error: 'uint32_t' has not been declared
[INFO] [stderr]      25 |                           uint32_t* code_point);
[INFO] [stderr]         |                           ^~~~~~~~
[INFO] [stderr]   /opt/rustwide/cargo-home/registry/src/index.crates.io-1949cf8c6b5b557f/crashpad-sys-0.1.2/crashpad/third_party/mini_chromium/mini_chromium/base/strings/utf_string_conversion_utils.h:25:27: note: 'uint32_t' is defined in header '<cstdint>'; this is probably fixable by adding '#include <cstdint>'
[INFO] [stderr]   /opt/rustwide/cargo-home/registry/src/index.crates.io-1949cf8c6b5b557f/crashpad-sys-0.1.2/crashpad/third_party/mini_chromium/mini_chromium/base/strings/utf_string_conversion_utils.h:27:30: error: 'uint32_t' was not declared in this scope
[INFO] [stderr]      27 | size_t WriteUnicodeCharacter(uint32_t code_point, std::string* output);
[INFO] [stderr]         |                              ^~~~~~~~
[INFO] [stderr]   /opt/rustwide/cargo-home/registry/src/index.crates.io-1949cf8c6b5b557f/crashpad-sys-0.1.2/crashpad/third_party/mini_chromium/mini_chromium/base/strings/utf_string_conversion_utils.h:27:30: note: 'uint32_t' is defined in header '<cstdint>'; this is probably fixable by adding '#include <cstdint>'
[INFO] [stderr]   /opt/rustwide/cargo-home/registry/src/index.crates.io-1949cf8c6b5b557f/crashpad-sys-0.1.2/crashpad/third_party/mini_chromium/mini_chromium/base/strings/utf_string_conversion_utils.h:27:62: error: expected primary-expression before '*' token
[INFO] [stderr]      27 | size_t WriteUnicodeCharacter(uint32_t code_point, std::string* output);
[INFO] [stderr]         |                                                              ^
[INFO] [stderr]   /opt/rustwide/cargo-home/registry/src/index.crates.io-1949cf8c6b5b557f/crashpad-sys-0.1.2/crashpad/third_party/mini_chromium/mini_chromium/base/strings/utf_string_conversion_utils.h:27:64: error: 'output' was not declared in this scope
[INFO] [stderr]      27 | size_t WriteUnicodeCharacter(uint32_t code_point, std::string* output);
[INFO] [stderr]         |                                                                ^~~~~~
[INFO] [stderr]   /opt/rustwide/cargo-home/registry/src/index.crates.io-1949cf8c6b5b557f/crashpad-sys-0.1.2/crashpad/third_party/mini_chromium/mini_chromium/base/strings/utf_string_conversion_utils.h:27:70: error: expression list treated as compound expression in initializer [-fpermissive]
[INFO] [stderr]      27 | size_t WriteUnicodeCharacter(uint32_t code_point, std::string* output);
[INFO] [stderr]         |                                                                      ^
[INFO] [stderr]   /opt/rustwide/cargo-home/registry/src/index.crates.io-1949cf8c6b5b557f/crashpad-sys-0.1.2/crashpad/third_party/mini_chromium/mini_chromium/base/strings/utf_string_conversion_utils.h:29:8: error: redefinition of 'size_t base::WriteUnicodeCharacter'
[INFO] [stderr]      29 | size_t WriteUnicodeCharacter(uint32_t code_point, std::u16string* output);
[INFO] [stderr]         |        ^~~~~~~~~~~~~~~~~~~~~
[INFO] [stderr]   /opt/rustwide/cargo-home/registry/src/index.crates.io-1949cf8c6b5b557f/crashpad-sys-0.1.2/crashpad/third_party/mini_chromium/mini_chromium/base/strings/utf_string_conversion_utils.h:27:8: note: 'size_t base::WriteUnicodeCharacter' previously defined here
[INFO] [stderr]      27 | size_t WriteUnicodeCharacter(uint32_t code_point, std::string* output);
[INFO] [stderr]         |        ^~~~~~~~~~~~~~~~~~~~~
[INFO] [stderr]   /opt/rustwide/cargo-home/registry/src/index.crates.io-1949cf8c6b5b557f/crashpad-sys-0.1.2/crashpad/third_party/mini_chromium/mini_chromium/base/strings/utf_string_conversion_utils.h:29:30: error: 'uint32_t' was not declared in this scope
[INFO] [stderr]      29 | size_t WriteUnicodeCharacter(uint32_t code_point, std::u16string* output);
[INFO] [stderr]         |                              ^~~~~~~~
[INFO] [stderr]   /opt/rustwide/cargo-home/registry/src/index.crates.io-1949cf8c6b5b557f/crashpad-sys-0.1.2/crashpad/third_party/mini_chromium/mini_chromium/base/strings/utf_string_conversion_utils.h:29:30: note: 'uint32_t' is defined in header '<cstdint>'; this is probably fixable by adding '#include <cstdint>'
[INFO] [stderr]   /opt/rustwide/cargo-home/registry/src/index.crates.io-1949cf8c6b5b557f/crashpad-sys-0.1.2/crashpad/third_party/mini_chromium/mini_chromium/base/strings/utf_string_conversion_utils.h:29:65: error: expected primary-expression before '*' token
[INFO] [stderr]      29 | size_t WriteUnicodeCharacter(uint32_t code_point, std::u16string* output);
[INFO] [stderr]         |                                                                 ^
[INFO] [stderr]   /opt/rustwide/cargo-home/registry/src/index.crates.io-1949cf8c6b5b557f/crashpad-sys-0.1.2/crashpad/third_party/mini_chromium/mini_chromium/base/strings/utf_string_conversion_utils.h:29:67: error: 'output' was not declared in this scope
[INFO] [stderr]      29 | size_t WriteUnicodeCharacter(uint32_t code_point, std::u16string* output);
[INFO] [stderr]         |                                                                   ^~~~~~
[INFO] [stderr]   /opt/rustwide/cargo-home/registry/src/index.crates.io-1949cf8c6b5b557f/crashpad-sys-0.1.2/crashpad/third_party/mini_chromium/mini_chromium/base/strings/utf_string_conversion_utils.cc: In function 'bool base::ReadUnicodeCharacter(const char*, int32_t, int32_t*, uint32_t*)':
[INFO] [stderr]   /opt/rustwide/cargo-home/registry/src/index.crates.io-1949cf8c6b5b557f/crashpad-sys-0.1.2/crashpad/third_party/mini_chromium/mini_chromium/base/strings/utf_string_conversion_utils.cc:41:26: error: 'base::IsValidCodepoint' cannot be used as a function
[INFO] [stderr]      41 |   return IsValidCodepoint(code_point);
[INFO] [stderr]         |          ~~~~~~~~~~~~~~~~^~~~~~~~~~~~
[INFO] [stderr]   /opt/rustwide/cargo-home/registry/src/index.crates.io-1949cf8c6b5b557f/crashpad-sys-0.1.2/crashpad/third_party/mini_chromium/mini_chromium/base/strings/utf_string_conversion_utils.cc: In function 'bool base::ReadUnicodeCharacter(const char16_t*, int32_t, int32_t*, uint32_t*)':
[INFO] [stderr]   /opt/rustwide/cargo-home/registry/src/index.crates.io-1949cf8c6b5b557f/crashpad-sys-0.1.2/crashpad/third_party/mini_chromium/mini_chromium/base/strings/utf_string_conversion_utils.cc:62:26: error: 'base::IsValidCodepoint' cannot be used as a function
[INFO] [stderr]      62 |   return IsValidCodepoint(*code_point);
[INFO] [stderr]         |          ~~~~~~~~~~~~~~~~^~~~~~~~~~~~~
[INFO] [stderr]   /opt/rustwide/cargo-home/registry/src/index.crates.io-1949cf8c6b5b557f/crashpad-sys-0.1.2/crashpad/third_party/mini_chromium/mini_chromium/base/strings/utf_string_conversion_utils.cc: At global scope:
[INFO] [stderr]   /opt/rustwide/cargo-home/registry/src/index.crates.io-1949cf8c6b5b557f/crashpad-sys-0.1.2/crashpad/third_party/mini_chromium/mini_chromium/base/strings/utf_string_conversion_utils.cc:65:70: error: 'size_t base::WriteUnicodeCharacter(uint32_t, std::string*)' redeclared as different kind of entity
[INFO] [stderr]      65 | size_t WriteUnicodeCharacter(uint32_t code_point, std::string* output) {
[INFO] [stderr]         |                                                                      ^
[INFO] [stderr]   /opt/rustwide/cargo-home/registry/src/index.crates.io-1949cf8c6b5b557f/crashpad-sys-0.1.2/crashpad/third_party/mini_chromium/mini_chromium/base/strings/utf_string_conversion_utils.h:27:8: note: previous declaration 'size_t base::WriteUnicodeCharacter'
[INFO] [stderr]      27 | size_t WriteUnicodeCharacter(uint32_t code_point, std::string* output);
[INFO] [stderr]         |        ^~~~~~~~~~~~~~~~~~~~~
[INFO] [stderr]   /opt/rustwide/cargo-home/registry/src/index.crates.io-1949cf8c6b5b557f/crashpad-sys-0.1.2/crashpad/third_party/mini_chromium/mini_chromium/base/strings/utf_string_conversion_utils.cc:81:73: error: 'size_t base::WriteUnicodeCharacter(uint32_t, std::u16string*)' redeclared as different kind of entity
[INFO] [stderr]      81 | size_t WriteUnicodeCharacter(uint32_t code_point, std::u16string* output) {
[INFO] [stderr]         |                                                                         ^
[INFO] [stderr]   /opt/rustwide/cargo-home/registry/src/index.crates.io-1949cf8c6b5b557f/crashpad-sys-0.1.2/crashpad/third_party/mini_chromium/mini_chromium/base/strings/utf_string_conversion_utils.h:27:8: note: previous declaration 'size_t base::WriteUnicodeCharacter'
[INFO] [stderr]      27 | size_t WriteUnicodeCharacter(uint32_t code_point, std::string* output);
[INFO] [stderr]         |        ^~~~~~~~~~~~~~~~~~~~~
[INFO] [stderr]   In file included from /opt/rustwide/cargo-home/registry/src/index.crates.io-1949cf8c6b5b557f/crashpad-sys-0.1.2/crashpad/third_party/mini_chromium/mini_chromium/base/threading/thread_local_storage_posix.cc:7:
[INFO] [stderr]   /opt/rustwide/cargo-home/registry/src/index.crates.io-1949cf8c6b5b557f/crashpad-sys-0.1.2/crashpad/third_party/mini_chromium/mini_chromium/base/logging.h:24:28: error: 'uint32_t' does not name a type
[INFO] [stderr]      24 | using LoggingDestination = uint32_t;
[INFO] [stderr]         |                            ^~~~~~~~
[INFO] [stderr]   /opt/rustwide/cargo-home/registry/src/index.crates.io-1949cf8c6b5b557f/crashpad-sys-0.1.2/crashpad/third_party/mini_chromium/mini_chromium/base/logging.h:19:1: note: 'uint32_t' is defined in header '<cstdint>'; this is probably fixable by adding '#include <cstdint>'
[INFO] [stderr]      18 | #include "base/notreached.h"
[INFO] [stderr]     +++ |+#include <cstdint>
[INFO] [stderr]      19 | #include "build/build_config.h"
[INFO] [stderr]   /opt/rustwide/cargo-home/registry/src/index.crates.io-1949cf8c6b5b557f/crashpad-sys-0.1.2/crashpad/third_party/mini_chromium/mini_chromium/base/logging.h:30:6: error: expected identifier before ':' token
[INFO] [stderr]      30 | enum : LoggingDestination {
[INFO] [stderr]         |      ^
[INFO] [stderr]   /opt/rustwide/cargo-home/registry/src/index.crates.io-1949cf8c6b5b557f/crashpad-sys-0.1.2/crashpad/third_party/mini_chromium/mini_chromium/base/logging.h:30:6: error: expected unqualified-id before ':' token
[INFO] [stderr]   /opt/rustwide/cargo-home/registry/src/index.crates.io-1949cf8c6b5b557f/crashpad-sys-0.1.2/crashpad/third_party/mini_chromium/mini_chromium/base/logging.h:48:3: error: 'LoggingDestination' does not name a type
[INFO] [stderr]      48 |   LoggingDestination logging_dest = LOG_DEFAULT;
[INFO] [stderr]         |   ^~~~~~~~~~~~~~~~~~
[INFO] [stderr]   gmake[2]: *** [third_party/mini_chromium/CMakeFiles/mini_chromium.dir/build.make:331: third_party/mini_chromium/CMakeFiles/mini_chromium.dir/mini_chromium/base/threading/thread_local_storage_posix.cc.o] Error 1
[INFO] [stderr]   gmake[2]: *** [third_party/mini_chromium/CMakeFiles/mini_chromium.dir/build.make:191: third_party/mini_chromium/CMakeFiles/mini_chromium.dir/mini_chromium/base/strings/utf_string_conversion_utils.cc.o] Error 1
[INFO] [stderr]   In file included from /opt/rustwide/cargo-home/registry/src/index.crates.io-1949cf8c6b5b557f/crashpad-sys-0.1.2/crashpad/third_party/mini_chromium/mini_chromium/base/logging.cc:5:
[INFO] [stderr]   /opt/rustwide/cargo-home/registry/src/index.crates.io-1949cf8c6b5b557f/crashpad-sys-0.1.2/crashpad/third_party/mini_chromium/mini_chromium/base/logging.h:24:28: error: 'uint32_t' does not name a type
[INFO] [stderr]      24 | using LoggingDestination = uint32_t;
[INFO] [stderr]         |                            ^~~~~~~~
[INFO] [stderr]   /opt/rustwide/cargo-home/registry/src/index.crates.io-1949cf8c6b5b557f/crashpad-sys-0.1.2/crashpad/third_party/mini_chromium/mini_chromium/base/logging.h:19:1: note: 'uint32_t' is defined in header '<cstdint>'; this is probably fixable by adding '#include <cstdint>'
[INFO] [stderr]      18 | #include "base/notreached.h"
[INFO] [stderr]     +++ |+#include <cstdint>
[INFO] [stderr]      19 | #include "build/build_config.h"
[INFO] [stderr]   /opt/rustwide/cargo-home/registry/src/index.crates.io-1949cf8c6b5b557f/crashpad-sys-0.1.2/crashpad/third_party/mini_chromium/mini_chromium/base/logging.h:30:6: error: expected identifier before ':' token
[INFO] [stderr]      30 | enum : LoggingDestination {
[INFO] [stderr]         |      ^
[INFO] [stderr]   /opt/rustwide/cargo-home/registry/src/index.crates.io-1949cf8c6b5b557f/crashpad-sys-0.1.2/crashpad/third_party/mini_chromium/mini_chromium/base/logging.h:30:6: error: expected unqualified-id before ':' token
[INFO] [stderr]   /opt/rustwide/cargo-home/registry/src/index.crates.io-1949cf8c6b5b557f/crashpad-sys-0.1.2/crashpad/third_party/mini_chromium/mini_chromium/base/logging.h:48:3: error: 'LoggingDestination' does not name a type
[INFO] [stderr]      48 |   LoggingDestination logging_dest = LOG_DEFAULT;
[INFO] [stderr]         |   ^~~~~~~~~~~~~~~~~~
[INFO] [stderr]   In file included from /opt/rustwide/cargo-home/registry/src/index.crates.io-1949cf8c6b5b557f/crashpad-sys-0.1.2/crashpad/third_party/mini_chromium/mini_chromium/base/files/file_path.cc:10:
[INFO] [stderr]   /opt/rustwide/cargo-home/registry/src/index.crates.io-1949cf8c6b5b557f/crashpad-sys-0.1.2/crashpad/third_party/mini_chromium/mini_chromium/base/logging.h:24:28: error: 'uint32_t' does not name a type
[INFO] [stderr]      24 | using LoggingDestination = uint32_t;
[INFO] [stderr]         |                            ^~~~~~~~
[INFO] [stderr]   /opt/rustwide/cargo-home/registry/src/index.crates.io-1949cf8c6b5b557f/crashpad-sys-0.1.2/crashpad/third_party/mini_chromium/mini_chromium/base/logging.h:19:1: note: 'uint32_t' is defined in header '<cstdint>'; this is probably fixable by adding '#include <cstdint>'
[INFO] [stderr]      18 | #include "base/notreached.h"
[INFO] [stderr]     +++ |+#include <cstdint>
[INFO] [stderr]      19 | #include "build/build_config.h"
[INFO] [stderr]   /opt/rustwide/cargo-home/registry/src/index.crates.io-1949cf8c6b5b557f/crashpad-sys-0.1.2/crashpad/third_party/mini_chromium/mini_chromium/base/logging.h:30:6: error: expected identifier before ':' token
[INFO] [stderr]      30 | enum : LoggingDestination {
[INFO] [stderr]         |      ^
[INFO] [stderr]   /opt/rustwide/cargo-home/registry/src/index.crates.io-1949cf8c6b5b557f/crashpad-sys-0.1.2/crashpad/third_party/mini_chromium/mini_chromium/base/logging.h:30:6: error: expected unqualified-id before ':' token
[INFO] [stderr]   /opt/rustwide/cargo-home/registry/src/index.crates.io-1949cf8c6b5b557f/crashpad-sys-0.1.2/crashpad/third_party/mini_chromium/mini_chromium/base/logging.h:48:3: error: 'LoggingDestination' does not name a type
[INFO] [stderr]      48 |   LoggingDestination logging_dest = LOG_DEFAULT;
[INFO] [stderr]         |   ^~~~~~~~~~~~~~~~~~
[INFO] [stderr]   /opt/rustwide/cargo-home/registry/src/index.crates.io-1949cf8c6b5b557f/crashpad-sys-0.1.2/crashpad/third_party/mini_chromium/mini_chromium/base/logging.cc:76:1: error: 'LoggingDestination' does not name a type
[INFO] [stderr]      76 | LoggingDestination g_logging_destination = LOG_DEFAULT;
[INFO] [stderr]         | ^~~~~~~~~~~~~~~~~~
[INFO] [stderr]   In file included from /opt/rustwide/cargo-home/registry/src/index.crates.io-1949cf8c6b5b557f/crashpad-sys-0.1.2/crashpad/third_party/mini_chromium/mini_chromium/base/logging.h:16:
[INFO] [stderr]   /opt/rustwide/cargo-home/registry/src/index.crates.io-1949cf8c6b5b557f/crashpad-sys-0.1.2/crashpad/third_party/mini_chromium/mini_chromium/base/logging.cc: In function 'bool logging::InitLogging(const LoggingSettings&)':
[INFO] [stderr]   /opt/rustwide/cargo-home/registry/src/index.crates.io-1949cf8c6b5b557f/crashpad-sys-0.1.2/crashpad/third_party/mini_chromium/mini_chromium/base/logging.cc:81:22: error: 'const struct logging::LoggingSettings' has no member named 'logging_dest'
[INFO] [stderr]      81 |   DCHECK_EQ(settings.logging_dest & LOG_TO_FILE, 0u);
[INFO] [stderr]         |                      ^~~~~~~~~~~~
[INFO] [stderr]   /opt/rustwide/cargo-home/registry/src/index.crates.io-1949cf8c6b5b557f/crashpad-sys-0.1.2/crashpad/third_party/mini_chromium/mini_chromium/base/check_op.h:68:43: note: in definition of macro 'DCHECK_OP'
[INFO] [stderr]      68 |           logging::Check ## name ## Impl((val1), (val2), \
[INFO] [stderr]         |                                           ^~~~
[INFO] [stderr]   /opt/rustwide/cargo-home/registry/src/index.crates.io-1949cf8c6b5b557f/crashpad-sys-0.1.2/crashpad/third_party/mini_chromium/mini_chromium/base/logging.cc:81:3: note: in expansion of macro 'DCHECK_EQ'
[INFO] [stderr]      81 |   DCHECK_EQ(settings.logging_dest & LOG_TO_FILE, 0u);
[INFO] [stderr]         |   ^~~~~~~~~
[INFO] [stderr]   /opt/rustwide/cargo-home/registry/src/index.crates.io-1949cf8c6b5b557f/crashpad-sys-0.1.2/crashpad/third_party/mini_chromium/mini_chromium/base/logging.cc:81:37: error: 'LOG_TO_FILE' was not declared in this scope
[INFO] [stderr]      81 |   DCHECK_EQ(settings.logging_dest & LOG_TO_FILE, 0u);
[INFO] [stderr]         |                                     ^~~~~~~~~~~
[INFO] [stderr]   /opt/rustwide/cargo-home/registry/src/index.crates.io-1949cf8c6b5b557f/crashpad-sys-0.1.2/crashpad/third_party/mini_chromium/mini_chromium/base/check_op.h:68:43: note: in definition of macro 'DCHECK_OP'
[INFO] [stderr]      68 |           logging::Check ## name ## Impl((val1), (val2), \
[INFO] [stderr]         |                                           ^~~~
[INFO] [stderr]   /opt/rustwide/cargo-home/registry/src/index.crates.io-1949cf8c6b5b557f/crashpad-sys-0.1.2/crashpad/third_party/mini_chromium/mini_chromium/base/logging.cc:81:3: note: in expansion of macro 'DCHECK_EQ'
[INFO] [stderr]      81 |   DCHECK_EQ(settings.logging_dest & LOG_TO_FILE, 0u);
[INFO] [stderr]         |   ^~~~~~~~~
[INFO] [stderr]   In file included from /opt/rustwide/cargo-home/registry/src/index.crates.io-1949cf8c6b5b557f/crashpad-sys-0.1.2/crashpad/third_party/mini_chromium/mini_chromium/base/synchronization/condition_variable_posix.cc:7:
[INFO] [stderr]   /opt/rustwide/cargo-home/registry/src/index.crates.io-1949cf8c6b5b557f/crashpad-sys-0.1.2/crashpad/third_party/mini_chromium/mini_chromium/base/logging.h:24:28: error: 'uint32_t' does not name a type
[INFO] [stderr]      24 | using LoggingDestination = uint32_t;
[INFO] [stderr]         |                            ^~~~~~~~
[INFO] [stderr]   /opt/rustwide/cargo-home/registry/src/index.crates.io-1949cf8c6b5b557f/crashpad-sys-0.1.2/crashpad/third_party/mini_chromium/mini_chromium/base/logging.h:19:1: note: 'uint32_t' is defined in header '<cstdint>'; this is probably fixable by adding '#include <cstdint>'
[INFO] [stderr]      18 | #include "base/notreached.h"
[INFO] [stderr]     +++ |+#include <cstdint>
[INFO] [stderr]      19 | #include "build/build_config.h"
[INFO] [stderr]   /opt/rustwide/cargo-home/registry/src/index.crates.io-1949cf8c6b5b557f/crashpad-sys-0.1.2/crashpad/third_party/mini_chromium/mini_chromium/base/logging.h:30:6: error: expected identifier before ':' token
[INFO] [stderr]      30 | enum : LoggingDestination {
[INFO] [stderr]         |      ^
[INFO] [stderr]   /opt/rustwide/cargo-home/registry/src/index.crates.io-1949cf8c6b5b557f/crashpad-sys-0.1.2/crashpad/third_party/mini_chromium/mini_chromium/base/logging.h:30:6: error: expected unqualified-id before ':' token
[INFO] [stderr]   /opt/rustwide/cargo-home/registry/src/index.crates.io-1949cf8c6b5b557f/crashpad-sys-0.1.2/crashpad/third_party/mini_chromium/mini_chromium/base/logging.h:48:3: error: 'LoggingDestination' does not name a type
[INFO] [stderr]      48 |   LoggingDestination logging_dest = LOG_DEFAULT;
[INFO] [stderr]         |   ^~~~~~~~~~~~~~~~~~
[INFO] [stderr]   /opt/rustwide/cargo-home/registry/src/index.crates.io-1949cf8c6b5b557f/crashpad-sys-0.1.2/crashpad/third_party/mini_chromium/mini_chromium/base/logging.cc:83:3: error: 'g_logging_destination' was not declared in this scope
[INFO] [stderr]      83 |   g_logging_destination = settings.logging_dest;
[INFO] [stderr]         |   ^~~~~~~~~~~~~~~~~~~~~
[INFO] [stderr]   /opt/rustwide/cargo-home/registry/src/index.crates.io-1949cf8c6b5b557f/crashpad-sys-0.1.2/crashpad/third_party/mini_chromium/mini_chromium/base/logging.cc:83:36: error: 'const struct logging::LoggingSettings' has no member named 'logging_dest'
[INFO] [stderr]      83 |   g_logging_destination = settings.logging_dest;
[INFO] [stderr]         |                                    ^~~~~~~~~~~~
[INFO] [stderr]   /opt/rustwide/cargo-home/registry/src/index.crates.io-1949cf8c6b5b557f/crashpad-sys-0.1.2/crashpad/third_party/mini_chromium/mini_chromium/base/logging.cc: In destructor 'logging::LogMessage::~LogMessage()':
[INFO] [stderr]   /opt/rustwide/cargo-home/registry/src/index.crates.io-1949cf8c6b5b557f/crashpad-sys-0.1.2/crashpad/third_party/mini_chromium/mini_chromium/base/logging.cc:158:8: error: 'g_logging_destination' was not declared in this scope
[INFO] [stderr]     158 |   if ((g_logging_destination & LOG_TO_STDERR)) {
[INFO] [stderr]         |        ^~~~~~~~~~~~~~~~~~~~~
[INFO] [stderr]   /opt/rustwide/cargo-home/registry/src/index.crates.io-1949cf8c6b5b557f/crashpad-sys-0.1.2/crashpad/third_party/mini_chromium/mini_chromium/base/logging.cc:158:32: error: 'LOG_TO_STDERR' was not declared in this scope
[INFO] [stderr]     158 |   if ((g_logging_destination & LOG_TO_STDERR)) {
[INFO] [stderr]         |                                ^~~~~~~~~~~~~
[INFO] [stderr]   In file included from /opt/rustwide/cargo-home/registry/src/index.crates.io-1949cf8c6b5b557f/crashpad-sys-0.1.2/crashpad/third_party/mini_chromium/mini_chromium/base/strings/stringprintf.cc:12:
[INFO] [stderr]   /opt/rustwide/cargo-home/registry/src/index.crates.io-1949cf8c6b5b557f/crashpad-sys-0.1.2/crashpad/third_party/mini_chromium/mini_chromium/base/logging.h:24:28: error: 'uint32_t' does not name a type
[INFO] [stderr]      24 | using LoggingDestination = uint32_t;
[INFO] [stderr]         |                            ^~~~~~~~
[INFO] [stderr]   In file included from /opt/rustwide/cargo-home/registry/src/index.crates.io-1949cf8c6b5b557f/crashpad-sys-0.1.2/crashpad/third_party/mini_chromium/mini_chromium/base/files/scoped_file.cc:9:
[INFO] [stderr]   /opt/rustwide/cargo-home/registry/src/index.crates.io-1949cf8c6b5b557f/crashpad-sys-0.1.2/crashpad/third_party/mini_chromium/mini_chromium/base/logging.h:24:28: error: 'uint32_t' does not name a type
[INFO] [stderr]      24 | using LoggingDestination = uint32_t;
[INFO] [stderr]         |                            ^~~~~~~~
[INFO] [stderr]   /opt/rustwide/cargo-home/registry/src/index.crates.io-1949cf8c6b5b557f/crashpad-sys-0.1.2/crashpad/third_party/mini_chromium/mini_chromium/base/logging.h:19:1: note: 'uint32_t' is defined in header '<cstdint>'; this is probably fixable by adding '#include <cstdint>'
[INFO] [stderr]      18 | #include "base/notreached.h"
[INFO] [stderr]     +++ |+#include <cstdint>
[INFO] [stderr]      19 | #include "build/build_config.h"
[INFO] [stderr]   /opt/rustwide/cargo-home/registry/src/index.crates.io-1949cf8c6b5b557f/crashpad-sys-0.1.2/crashpad/third_party/mini_chromium/mini_chromium/base/logging.h:30:6: error: expected identifier before ':' token
[INFO] [stderr]      30 | enum : LoggingDestination {
[INFO] [stderr]         |      ^
[INFO] [stderr]   /opt/rustwide/cargo-home/registry/src/index.crates.io-1949cf8c6b5b557f/crashpad-sys-0.1.2/crashpad/third_party/mini_chromium/mini_chromium/base/logging.h:30:6: error: expected unqualified-id before ':' token
[INFO] [stderr]   /opt/rustwide/cargo-home/registry/src/index.crates.io-1949cf8c6b5b557f/crashpad-sys-0.1.2/crashpad/third_party/mini_chromium/mini_chromium/base/logging.h:19:1: note: 'uint32_t' is defined in header '<cstdint>'; this is probably fixable by adding '#include <cstdint>'
[INFO] [stderr]      18 | #include "base/notreached.h"
[INFO] [stderr]     +++ |+#include <cstdint>
[INFO] [stderr]      19 | #include "build/build_config.h"
[INFO] [stderr]   /opt/rustwide/cargo-home/registry/src/index.crates.io-1949cf8c6b5b557f/crashpad-sys-0.1.2/crashpad/third_party/mini_chromium/mini_chromium/base/logging.h:30:6: error: expected identifier before ':' token
[INFO] [stderr]      30 | enum : LoggingDestination {
[INFO] [stderr]         |      ^
[INFO] [stderr]   /opt/rustwide/cargo-home/registry/src/index.crates.io-1949cf8c6b5b557f/crashpad-sys-0.1.2/crashpad/third_party/mini_chromium/mini_chromium/base/logging.h:30:6: error: expected unqualified-id before ':' token
[INFO] [stderr]   /opt/rustwide/cargo-home/registry/src/index.crates.io-1949cf8c6b5b557f/crashpad-sys-0.1.2/crashpad/third_party/mini_chromium/mini_chromium/base/logging.h:48:3: error: 'LoggingDestination' does not name a type
[INFO] [stderr]      48 |   LoggingDestination logging_dest = LOG_DEFAULT;
[INFO] [stderr]         |   ^~~~~~~~~~~~~~~~~~
[INFO] [stderr]   /opt/rustwide/cargo-home/registry/src/index.crates.io-1949cf8c6b5b557f/crashpad-sys-0.1.2/crashpad/third_party/mini_chromium/mini_chromium/base/logging.h:48:3: error: 'LoggingDestination' does not name a type
[INFO] [stderr]      48 |   LoggingDestination logging_dest = LOG_DEFAULT;
[INFO] [stderr]         |   ^~~~~~~~~~~~~~~~~~
[INFO] [stderr]   /opt/rustwide/cargo-home/registry/src/index.crates.io-1949cf8c6b5b557f/crashpad-sys-0.1.2/crashpad/third_party/mini_chromium/mini_chromium/base/logging.cc:163:8: error: 'g_logging_destination' was not declared in this scope
[INFO] [stderr]     163 |   if ((g_logging_destination & LOG_TO_SYSTEM_DEBUG_LOG) != 0) {
[INFO] [stderr]         |        ^~~~~~~~~~~~~~~~~~~~~
[INFO] [stderr]   /opt/rustwide/cargo-home/registry/src/index.crates.io-1949cf8c6b5b557f/crashpad-sys-0.1.2/crashpad/third_party/mini_chromium/mini_chromium/base/logging.cc:163:32: error: 'LOG_TO_SYSTEM_DEBUG_LOG' was not declared in this scope
[INFO] [stderr]     163 |   if ((g_logging_destination & LOG_TO_SYSTEM_DEBUG_LOG) != 0) {
[INFO] [stderr]         |                                ^~~~~~~~~~~~~~~~~~~~~~~
[INFO] [stderr]   gmake[2]: *** [third_party/mini_chromium/CMakeFiles/mini_chromium.dir/build.make:93: third_party/mini_chromium/CMakeFiles/mini_chromium.dir/mini_chromium/base/files/file_path.cc.o] Error 1
[INFO] [stderr]   gmake[2]: *** [third_party/mini_chromium/CMakeFiles/mini_chromium.dir/build.make:303: third_party/mini_chromium/CMakeFiles/mini_chromium.dir/mini_chromium/base/synchronization/condition_variable_posix.cc.o] Error 1
[INFO] [stderr]   gmake[2]: *** [third_party/mini_chromium/CMakeFiles/mini_chromium.dir/build.make:177: third_party/mini_chromium/CMakeFiles/mini_chromium.dir/mini_chromium/base/strings/stringprintf.cc.o] Error 1
[INFO] [stderr]   In file included from /opt/rustwide/cargo-home/registry/src/index.crates.io-1949cf8c6b5b557f/crashpad-sys-0.1.2/crashpad/third_party/mini_chromium/mini_chromium/base/synchronization/lock_impl_posix.cc:9:
[INFO] [stderr]   /opt/rustwide/cargo-home/registry/src/index.crates.io-1949cf8c6b5b557f/crashpad-sys-0.1.2/crashpad/third_party/mini_chromium/mini_chromium/base/logging.h:24:28: error: 'uint32_t' does not name a type
[INFO] [stderr]      24 | using LoggingDestination = uint32_t;
[INFO] [stderr]         |                            ^~~~~~~~
[INFO] [stderr]   /opt/rustwide/cargo-home/registry/src/index.crates.io-1949cf8c6b5b557f/crashpad-sys-0.1.2/crashpad/third_party/mini_chromium/mini_chromium/base/logging.h:19:1: note: 'uint32_t' is defined in header '<cstdint>'; this is probably fixable by adding '#include <cstdint>'
[INFO] [stderr]      18 | #include "base/notreached.h"
[INFO] [stderr]     +++ |+#include <cstdint>
[INFO] [stderr]      19 | #include "build/build_config.h"
[INFO] [stderr]   /opt/rustwide/cargo-home/registry/src/index.crates.io-1949cf8c6b5b557f/crashpad-sys-0.1.2/crashpad/third_party/mini_chromium/mini_chromium/base/logging.h:30:6: error: expected identifier before ':' token
[INFO] [stderr]      30 | enum : LoggingDestination {
[INFO] [stderr]         |      ^
[INFO] [stderr]   /opt/rustwide/cargo-home/registry/src/index.crates.io-1949cf8c6b5b557f/crashpad-sys-0.1.2/crashpad/third_party/mini_chromium/mini_chromium/base/logging.h:30:6: error: expected unqualified-id before ':' token
[INFO] [stderr]   /opt/rustwide/cargo-home/registry/src/index.crates.io-1949cf8c6b5b557f/crashpad-sys-0.1.2/crashpad/third_party/mini_chromium/mini_chromium/base/logging.h:48:3: error: 'LoggingDestination' does not name a type
[INFO] [stderr]      48 |   LoggingDestination logging_dest = LOG_DEFAULT;
[INFO] [stderr]         |   ^~~~~~~~~~~~~~~~~~
[INFO] [stderr]   gmake[2]: *** [third_party/mini_chromium/CMakeFiles/mini_chromium.dir/build.make:107: third_party/mini_chromium/CMakeFiles/mini_chromium.dir/mini_chromium/base/files/scoped_file.cc.o] Error 1
[INFO] [stderr]   gmake[2]: *** [third_party/mini_chromium/CMakeFiles/mini_chromium.dir/build.make:121: third_party/mini_chromium/CMakeFiles/mini_chromium.dir/mini_chromium/base/logging.cc.o] Error 1
[INFO] [stderr]   gmake[2]: *** [third_party/mini_chromium/CMakeFiles/mini_chromium.dir/build.make:317: third_party/mini_chromium/CMakeFiles/mini_chromium.dir/mini_chromium/base/synchronization/lock_impl_posix.cc.o] Error 1
[INFO] [stderr]   gmake[1]: *** [CMakeFiles/Makefile2:452: third_party/mini_chromium/CMakeFiles/mini_chromium.dir/all] Error 2
[INFO] [stderr]   gmake[1]: *** Waiting for unfinished jobs....
[INFO] [stderr]   gmake: *** [Makefile:136: all] Error 2
[INFO] [stderr] 
[INFO] [stderr]   thread 'main' (755) panicked at /opt/rustwide/cargo-home/registry/src/index.crates.io-1949cf8c6b5b557f/cmake-0.1.58/src/lib.rs:1132:5:
[INFO] [stderr] 
[INFO] [stderr]   command did not execute successfully, got: exit status: 2
[INFO] [stderr] 
[INFO] [stderr]   build script failed, must exit now
[INFO] [stderr]   stack backtrace:
[INFO] [stderr]      0:     0x5b40643e5ec1 - <<std[70759c8f55707aa4]::sys::backtrace::BacktraceLock>::print::DisplayBacktrace as core[df12db4294e9bfd3]::fmt::Display>::fmt
[INFO] [stderr]      1:     0x5b40643fed5a - core[df12db4294e9bfd3]::fmt::write
[INFO] [stderr]      2:     0x5b40643ec4fc - <std[70759c8f55707aa4]::sys::stdio::unix::Stderr as core[df12db4294e9bfd3]::io::write::Write>::write_fmt
[INFO] [stderr]      3:     0x5b40643be396 - std[70759c8f55707aa4]::panicking::default_hook::{closure#0}
[INFO] [stderr]      4:     0x5b40643dcc01 - std[70759c8f55707aa4]::panicking::default_hook
[INFO] [stderr]      5:     0x5b40643dcf2b - std[70759c8f55707aa4]::panicking::panic_with_hook
[INFO] [stderr]      6:     0x5b40643be442 - std[70759c8f55707aa4]::panicking::panic_handler::{closure#0}
[INFO] [stderr]      7:     0x5b40643b6f69 - std[70759c8f55707aa4]::sys::backtrace::__rust_end_short_backtrace::<std[70759c8f55707aa4]::panicking::panic_handler::{closure#0}, !>
[INFO] [stderr]      8:     0x5b40643bf11d - __rustc[8fa7c3cbc660c2b3]::rust_begin_unwind
[INFO] [stderr]      9:     0x5b40643ff57c - core[df12db4294e9bfd3]::panicking::panic_fmt
[INFO] [stderr]     10:     0x5b40643160b7 - cmake[7e771a39bb3c34a8]::fail
[INFO] [stderr]     11:     0x5b4064315d43 - cmake[7e771a39bb3c34a8]::run
[INFO] [stderr]     12:     0x5b406431bd15 - <cmake[7e771a39bb3c34a8]::Config>::build
[INFO] [stderr]     13:     0x5b4063ecd8a5 - cmake[7e771a39bb3c34a8]::build::<&str>
[INFO] [stderr]     14:     0x5b4063ecf180 - build_script_build[ccc5b04cc23dbc35]::build_crashpad
[INFO] [stderr]     15:     0x5b4063ecf9fd - build_script_build[ccc5b04cc23dbc35]::main
[INFO] [stderr]     16:     0x5b4063ed0713 - <fn() as core[df12db4294e9bfd3]::ops::function::FnOnce<()>>::call_once
[INFO] [stderr]     17:     0x5b4063ecf106 - std[70759c8f55707aa4]::sys::backtrace::__rust_begin_short_backtrace::<fn(), ()>
[INFO] [stderr]     18:     0x5b4063ecf119 - std[70759c8f55707aa4]::rt::lang_start::<()>::{closure#0}
[INFO] [stderr]     19:     0x5b40643db8e9 - std[70759c8f55707aa4]::rt::lang_start_internal
[INFO] [stderr]     20:     0x5b4063ecec31 - std[70759c8f55707aa4]::rt::lang_start::<()>
[INFO] [stderr]     21:     0x5b4063ed08a5 - main
[INFO] [stderr]     22:     0x77f7bc6bf601 - <unknown>
[INFO] [stderr]     23:     0x77f7bc6bf718 - __libc_start_main
[INFO] [stderr]     24:     0x5b4063ecd785 - _start
[INFO] [stderr]     25:                0x0 - <unknown>
[INFO] running `Command { std: "docker" "inspect" "0bb0523145c60c419cd0c340bfc54b4711a0ed772157397ae22d6e7e8327c8cf", kill_on_drop: false }`
[INFO] running `Command { std: "docker" "rm" "-f" "0bb0523145c60c419cd0c340bfc54b4711a0ed772157397ae22d6e7e8327c8cf", kill_on_drop: false }`
[INFO] [stdout] 0bb0523145c60c419cd0c340bfc54b4711a0ed772157397ae22d6e7e8327c8cf
