[INFO] fetching crate cranpose-testing 0.12.0...
[INFO] testing cranpose-testing-0.12.0 against 1.99.0-beta.8+cargoflags=--release for beta-release-1.100-2
[INFO] extracting crate cranpose-testing 0.12.0 into /workspace/builds/worker-2-tc1/source
[INFO] started tweaking crates.io crate cranpose-testing 0.12.0
[INFO] removed 0 missing tests
[INFO] finished tweaking crates.io crate cranpose-testing 0.12.0
[INFO] tweaked toml for crates.io crate cranpose-testing 0.12.0 written to /workspace/builds/worker-2-tc1/source/Cargo.toml
[INFO] validating manifest of crates.io crate cranpose-testing 0.12.0 on toolchain 1.99.0-beta.8
[INFO] running `Command { std: CARGO_HOME="/workspace/cargo-home" RUSTUP_HOME="/workspace/rustup-home" "/workspace/cargo-home/bin/cargo" "+1.99.0-beta.8" "metadata" "--manifest-path" "Cargo.toml" "--no-deps", kill_on_drop: false }`
[INFO] crate crates.io crate cranpose-testing 0.12.0 already has a lockfile, it will not be regenerated
[INFO] running `Command { std: CARGO_HOME="/workspace/cargo-home" RUSTUP_HOME="/workspace/rustup-home" "/workspace/cargo-home/bin/cargo" "+1.99.0-beta.8" "fetch" "--manifest-path" "Cargo.toml", kill_on_drop: false }`
[INFO] [stderr]     Updating crates.io index
[INFO] [stderr]  Downloading crates ...
[INFO] [stderr]   Downloaded cranpose-runtime-std v0.12.0
[INFO] [stderr]   Downloaded cranpose-macros v0.12.0
[INFO] [stderr]   Downloaded cranpose-ui-layout v0.12.0
[INFO] [stderr]   Downloaded redox_event v0.4.8
[INFO] [stderr]   Downloaded cranpose-animation v0.12.0
[INFO] [stderr]   Downloaded winit-common v0.31.0-beta.3
[INFO] [stderr]   Downloaded winit-uikit v0.31.0-beta.3
[INFO] [stderr]   Downloaded winit-orbital v0.31.0-beta.3
[INFO] [stderr]   Downloaded winit-web v0.31.0-beta.3
[INFO] [stderr]   Downloaded winit-android v0.31.0-beta.3
[INFO] [stderr]   Downloaded cranpose-ui-graphics v0.12.0
[INFO] [stderr]   Downloaded winit-core v0.31.0-beta.3
[INFO] [stderr]   Downloaded winit-win32 v0.31.0-beta.3
[INFO] [stderr]   Downloaded winit-appkit v0.31.0-beta.3
[INFO] [stderr]   Downloaded cranpose-foundation v0.12.0
[INFO] [stderr]   Downloaded cranpose-app-shell v0.12.0
[INFO] [stderr]   Downloaded winit v0.31.0-beta.3
[INFO] [stderr]   Downloaded cranpose v0.12.0
[INFO] [stderr]   Downloaded cranpose-ui v0.12.0
[INFO] [stderr]   Downloaded orbclient v0.4.6
[INFO] [stderr]   Downloaded cranpose-render-common v0.12.0
[INFO] [stderr]   Downloaded mach-dxcompiler-rs v0.1.6+2026.09.16-48d5a66.1
[INFO] [stderr]   Downloaded lhash v1.1.0
[INFO] [stderr]   Downloaded wgpu-core-deps-apple v30.0.1
[INFO] [stderr]   Downloaded cranpose-wgpu-hal v30.0.16
[INFO] [stderr]   Downloaded cranpose-wgpu v30.0.20
[INFO] [stderr]   Downloaded cranpose-wgpu-core-deps-windows-linux-android v30.0.1
[INFO] [stderr]   Downloaded cranpose-wgpu-core-deps-emscripten v30.0.1
[INFO] [stderr]   Downloaded glow v0.18.0
[INFO] [stderr]   Downloaded cranpose-wgpu-core-deps-wasm v30.0.1
[INFO] [stderr]   Downloaded cranpose-wgpu-core-deps-apple v30.0.1
[INFO] [stderr]   Downloaded cranpose-services v0.12.0
[INFO] [stderr]   Downloaded cranpose-wgpu-core v30.0.17
[INFO] [stderr]   Downloaded cranpose-capabilities v0.12.0
[INFO] [stderr]   Downloaded cranpose-platform-desktop-winit v0.12.0
[INFO] [stderr]   Downloaded accesskit_windows v0.35.1
[INFO] [stderr]   Downloaded accesskit v0.25.1
[INFO] [stderr]   Downloaded accesskit_consumer v0.39.1
[INFO] [stderr]   Downloaded cranpose-liquid v0.12.0
[INFO] [stderr]   Downloaded accesskit_unix v0.24.0
[INFO] [stderr]   Downloaded cranpose-render-wgpu v0.12.0
[INFO] [stderr]   Downloaded accesskit_atspi_common v0.21.0
[INFO] [stderr]   Downloaded accesskit_macos v0.27.1
[INFO] [stderr]   Downloaded phf_macros v0.14.0
[INFO] running `Command { std: "docker" "create" "-v" "/var/lib/crater-agent-workspace/builds/worker-2-tc1/source:/opt/rustwide/workdir:ro,Z" "-v" "/var/lib/crater-agent-workspace/builds/worker-2-tc1/target:/opt/rustwide/target:rw,Z" "-v" "/var/lib/crater-agent-workspace/cargo-home:/opt/rustwide/cargo-home:ro,Z" "-v" "/var/lib/crater-agent-workspace/rustup-home:/opt/rustwide/rustup-home:ro,Z" "-m" "1610612736" "--network" "none" "ghcr.io/rust-lang/crates-build-env/linux@sha256:77db811e55d90add9212f6832c23229e3de5f1c1f9905e8cb07319ea15df73ac" "sleep" "infinity", kill_on_drop: false }`
[INFO] [stdout] 3a943d24a6634ec0688938e6ded3f289b5d1269e6d12597eae44f6f55c21a8e9
[INFO] running `Command { std: "docker" "start" "3a943d24a6634ec0688938e6ded3f289b5d1269e6d12597eae44f6f55c21a8e9", kill_on_drop: false }`
[INFO] running `Command { std: "docker" "inspect" "3a943d24a6634ec0688938e6ded3f289b5d1269e6d12597eae44f6f55c21a8e9", kill_on_drop: false }`
[INFO] running `Command { std: "docker" "exec" "-e" "SOURCE_DIR=/opt/rustwide/workdir" "-e" "CARGO_HOME=/opt/rustwide/cargo-home" "-e" "RUSTUP_HOME=/opt/rustwide/rustup-home" "-e" "CARGO_TARGET_DIR=/opt/rustwide/target" "-w" "/opt/rustwide/workdir" "--user" "0:0" "3a943d24a6634ec0688938e6ded3f289b5d1269e6d12597eae44f6f55c21a8e9" "/opt/rustwide/cargo-home/bin/cargo" "+1.99.0-beta.8" "metadata" "--no-deps" "--format-version=1", kill_on_drop: false }`
[INFO] running `Command { std: "docker" "inspect" "3a943d24a6634ec0688938e6ded3f289b5d1269e6d12597eae44f6f55c21a8e9", kill_on_drop: false }`
[INFO] running `Command { std: "docker" "exec" "-e" "SOURCE_DIR=/opt/rustwide/workdir" "-e" "CARGO_HOME=/opt/rustwide/cargo-home" "-e" "RUSTUP_HOME=/opt/rustwide/rustup-home" "-e" "CARGO_TARGET_DIR=/opt/rustwide/target" "-e" "CARGO_INCREMENTAL=0" "-e" "RUST_BACKTRACE=full" "-e" "RUSTFLAGS=--cap-lints=warn" "-e" "RUSTDOCFLAGS=--cap-lints=warn" "-w" "/opt/rustwide/workdir" "--user" "0:0" "3a943d24a6634ec0688938e6ded3f289b5d1269e6d12597eae44f6f55c21a8e9" "/opt/rustwide/cargo-home/bin/cargo" "+1.99.0-beta.8" "build" "--frozen" "--message-format=json" "--release", kill_on_drop: false }`
[INFO] [stderr]    Compiling syn v3.0.6
[INFO] [stderr]    Compiling syn v2.0.119
[INFO] [stderr]    Compiling libc v0.2.190
[INFO] [stderr]    Compiling foldhash v0.2.0
[INFO] [stderr]    Compiling rustix v1.1.5
[INFO] [stderr]    Compiling unicode-ident v1.0.26
[INFO] [stderr]    Compiling toml_edit v0.25.15+spec-1.1.0
[INFO] [stderr]    Compiling linux-raw-sys v0.12.1
[INFO] [stderr]    Compiling portable-atomic v1.15.0
[INFO] [stderr]    Compiling smallvec v1.16.2
[INFO] [stderr]    Compiling futures-task v0.3.34
[INFO] [stderr]    Compiling winnow v1.0.4
[INFO] [stderr]    Compiling pollster v0.4.0
[INFO] [stderr]    Compiling arrayvec v0.7.8
[INFO] [stderr]    Compiling cranpose-ui-graphics v0.12.0
[INFO] [stderr]    Compiling async-channel v2.5.0
[INFO] [stderr]    Compiling uuid v1.27.0
[INFO] [stderr]    Compiling proc-macro2 v1.0.107
[INFO] [stderr]    Compiling piper v0.2.5
[INFO] [stderr]    Compiling async-lock v3.4.2
[INFO] [stderr]    Compiling hashbrown v0.17.1
[INFO] [stderr]    Compiling hybrid-array v0.4.15
[INFO] [stderr]    Compiling async-executor v1.14.0
[INFO] [stderr]    Compiling async-broadcast v0.7.2
[INFO] [stderr]    Compiling ordered-stream v0.2.0
[INFO] [stderr]    Compiling blocking v1.7.0
[INFO] [stderr]    Compiling siphasher v1.0.4
[INFO] [stderr]    Compiling ttf-parser v0.25.1
[INFO] [stderr]    Compiling block-buffer v0.12.1
[INFO] [stderr]    Compiling crypto-common v0.2.2
[INFO] [stderr]    Compiling quote v1.0.47
[INFO] [stderr]    Compiling proc-macro-crate v3.5.0
[INFO] [stderr]    Compiling phf_shared v0.14.0
[INFO] [stderr]    Compiling const-oid v0.10.2
[INFO] [stderr]    Compiling serde_json v1.0.151
[INFO] [stderr]    Compiling phf_generator v0.14.0
[INFO] [stderr]    Compiling accesskit v0.25.1
[INFO] [stderr]    Compiling cranpose v0.12.0
[INFO] [stderr]    Compiling cranpose-capabilities v0.12.0
[INFO] [stderr]    Compiling raw-window-handle v0.6.2
[INFO] [stderr]    Compiling errno v0.3.14
[INFO] [stderr]    Compiling dirs-sys v0.5.0
[INFO] [stderr]    Compiling digest v0.11.3
[INFO] [stderr]    Compiling parking_lot_core v0.9.12
[INFO] [stderr]    Compiling signal-hook-registry v1.4.8
[INFO] [stderr]    Compiling getrandom v0.4.3
[INFO] [stderr]    Compiling sha2 v0.11.0
[INFO] [stderr]    Compiling parking_lot v0.12.5
[INFO] [stderr]    Compiling directories v6.0.0
[INFO] [stderr]    Compiling accesskit_consumer v0.39.1
[INFO] [stderr]    Compiling owned_ttf_parser v0.25.1
[INFO] [stderr]    Compiling ab_glyph v0.2.32
[INFO] [stderr]    Compiling enumflags2_derive v0.7.12
[INFO] [stderr]    Compiling tracing-attributes v0.1.31
[INFO] [stderr]    Compiling phf_macros v0.14.0
[INFO] [stderr]    Compiling synstructure v0.14.0
[INFO] [stderr]    Compiling phf v0.14.0
[INFO] [stderr]    Compiling tracing v0.1.44
[INFO] [stderr]    Compiling serde_derive v1.0.229
[INFO] [stderr]    Compiling zerofrom-derive v0.1.8
[INFO] [stderr]    Compiling yoke-derive v0.8.4
[INFO] [stderr]    Compiling thiserror-impl v2.0.21
[INFO] [stderr]    Compiling bytemuck_derive v1.12.1
[INFO] [stderr]    Compiling zerovec-derive v0.11.6
[INFO] [stderr]    Compiling displaydoc v0.2.7
[INFO] [stderr]    Compiling async-trait v0.1.92
[INFO] [stderr]    Compiling async-recursion v1.2.0
[INFO] [stderr]    Compiling serde_repr v0.1.21
[INFO] [stderr]    Compiling cranpose-macros v0.12.0
[INFO] [stderr]    Compiling futures-macro v0.3.34
[INFO] [stderr]    Compiling zerofrom v0.1.8
[INFO] [stderr]    Compiling yoke v0.8.3
[INFO] [stderr]    Compiling futures-util v0.3.34
[INFO] [stderr]    Compiling bytemuck v1.25.2
[INFO] [stderr]    Compiling zerovec v0.11.8
[INFO] [stderr]    Compiling zerotrie v0.2.5
[INFO] [stderr]    Compiling polling v3.11.0
[INFO] [stderr]    Compiling tempfile v3.27.0
[INFO] [stderr]    Compiling thiserror v2.0.21
[INFO] [stderr]    Compiling cranpose-core v0.12.0
[INFO] [stderr]    Compiling async-io v2.6.0
[INFO] [stderr]    Compiling tiny-skia-path v0.12.0
[INFO] [stderr]    Compiling tinystr v0.8.4
[INFO] [stderr]    Compiling async-signal v0.2.14
[INFO] [stderr]    Compiling icu_locale_core v2.3.0
[INFO] [stderr]    Compiling async-process v2.5.0
[INFO] [stderr]    Compiling potential_utf v0.1.6
[INFO] [stderr]    Compiling icu_collections v2.3.0
[INFO] [stderr]    Compiling tiny-skia v0.12.0
[INFO] [stderr]    Compiling icu_provider v2.3.1
[INFO] [stderr]    Compiling serde v1.0.229
[INFO] [stderr]    Compiling zvariant_utils v4.2.0
[INFO] [stderr]    Compiling zcheapstr v1.1.0
[INFO] [stderr]    Compiling enumflags2 v0.7.12
[INFO] [stderr]    Compiling icu_properties v2.3.0
[INFO] [stderr]    Compiling zvariant_derive v5.15.0
[INFO] [stderr]    Compiling zvariant v5.15.0
[INFO] [stderr]    Compiling cranpose-ui-layout v0.12.0
[INFO] [stderr]    Compiling cranpose-animation v0.12.0
[INFO] [stderr]    Compiling cranpose-runtime-std v0.12.0
[INFO] [stderr]    Compiling cranpose-services v0.12.0
[INFO] [stderr]    Compiling cranpose-foundation v0.12.0
[INFO] [stderr]    Compiling zbus_names v4.3.4
[INFO] [stderr]    Compiling zbus_xml v5.2.1
[INFO] [stderr]    Compiling zbus-lockstep v0.5.2
[INFO] [stderr]    Compiling zbus_macros v5.19.0
[INFO] [stderr]    Compiling zbus-lockstep-macros v0.5.2
[INFO] [stderr]    Compiling cranpose-ui v0.12.0
[INFO] [stderr]    Compiling zbus v5.19.0
[INFO] [stderr]    Compiling atspi-common v0.13.0
[INFO] [stderr]    Compiling atspi-proxies v0.13.0
[INFO] [stderr]    Compiling accesskit_atspi_common v0.21.0
[INFO] [stderr]    Compiling atspi v0.29.0
[INFO] [stderr]    Compiling accesskit_unix v0.24.0
[INFO] [stderr]    Compiling cranpose-render-common v0.12.0
[INFO] [stderr]    Compiling cranpose-liquid v0.12.0
[INFO] [stderr]    Compiling cranpose-app-shell v0.12.0
[INFO] [stderr]    Compiling cranpose-testing v0.12.0 (/opt/rustwide/workdir)
[INFO] [stderr]     Finished `release` profile [optimized] target(s) in 3m 49s
[INFO] running `Command { std: "docker" "inspect" "3a943d24a6634ec0688938e6ded3f289b5d1269e6d12597eae44f6f55c21a8e9", kill_on_drop: false }`
[INFO] running `Command { std: "docker" "exec" "-e" "SOURCE_DIR=/opt/rustwide/workdir" "-e" "CARGO_HOME=/opt/rustwide/cargo-home" "-e" "RUSTUP_HOME=/opt/rustwide/rustup-home" "-e" "CARGO_TARGET_DIR=/opt/rustwide/target" "-e" "CARGO_INCREMENTAL=0" "-e" "RUST_BACKTRACE=full" "-e" "RUSTFLAGS=--cap-lints=warn" "-e" "RUSTDOCFLAGS=--cap-lints=warn" "-w" "/opt/rustwide/workdir" "--user" "0:0" "3a943d24a6634ec0688938e6ded3f289b5d1269e6d12597eae44f6f55c21a8e9" "/opt/rustwide/cargo-home/bin/cargo" "+1.99.0-beta.8" "test" "--frozen" "--no-run" "--message-format=json" "--release", kill_on_drop: false }`
[INFO] [stderr]    Compiling bytemuck v1.25.2
[INFO] [stderr]    Compiling simd-adler32 v0.3.10
[INFO] [stderr]    Compiling crc32fast v1.5.2
[INFO] [stderr]    Compiling pxfm v0.1.30
[INFO] [stderr]    Compiling miniz_oxide v0.9.1
[INFO] [stderr]    Compiling fdeflate v0.3.7
[INFO] [stderr]    Compiling miniz_oxide v0.8.9
[INFO] [stderr]    Compiling cranpose-ui-graphics v0.12.0
[INFO] [stderr]    Compiling tiny-skia-path v0.12.0
[INFO] [stderr]    Compiling flate2 v1.1.10
[INFO] [stderr]    Compiling png v0.18.1
[INFO] [stderr]    Compiling tiny-skia v0.12.0
[INFO] [stderr]    Compiling cranpose-ui-layout v0.12.0
[INFO] [stderr]    Compiling cranpose-animation v0.12.0
[INFO] [stderr]    Compiling cranpose-services v0.12.0
[INFO] [stderr]    Compiling cranpose-foundation v0.12.0
[INFO] [stderr]    Compiling moxcms v0.8.1
[INFO] [stderr]    Compiling cranpose-ui v0.12.0
[INFO] [stderr]    Compiling image v0.25.10
[INFO] [stderr]    Compiling cranpose-render-common v0.12.0
[INFO] [stderr]    Compiling cranpose-liquid v0.12.0
[INFO] [stderr]    Compiling cranpose-app-shell v0.12.0
[INFO] [stderr]    Compiling cranpose v0.12.0
[INFO] [stderr]    Compiling cranpose-testing v0.12.0 (/opt/rustwide/workdir)
[INFO] [stdout] error[E0432]: unresolved import `cranpose_macros`
[INFO] [stdout]  --> src/tests/recomposition_tests.rs:1:5
[INFO] [stdout]   |
[INFO] [stdout] 1 | use cranpose_macros::composable;
[INFO] [stdout]   |     ^^^^^^^^^^^^^^^ use of unresolved module or unlinked crate `cranpose_macros`
[INFO] [stdout]   |
[INFO] [stdout] help: there is a crate or module with a similar name
[INFO] [stdout]   |
[INFO] [stdout] 1 - use cranpose_macros::composable;
[INFO] [stdout] 1 + use cranpose_core::composable;
[INFO] [stdout]   |
[INFO] [stdout] 
[INFO] [stdout] 
[INFO] [stdout] For more information about this error, try `rustc --explain E0432`.
[INFO] [stdout] 
[INFO] [stderr] error: could not compile `cranpose-testing` (lib test) due to 1 previous error
[INFO] [stderr] warning: build failed, waiting for other jobs to finish...
[INFO] [stdout] error[E0432]: unresolved import `cranpose_ui_layout`
[INFO] [stdout]   --> tests/integration_modifier_tests.rs:10:5
[INFO] [stdout]    |
[INFO] [stdout] 10 | use cranpose_ui_layout::{Constraints, Measurable, Placeable};
[INFO] [stdout]    |     ^^^^^^^^^^^^^^^^^^ use of unresolved module or unlinked crate `cranpose_ui_layout`
[INFO] [stdout]    |
[INFO] [stdout]    = help: if you wanted to use a crate named `cranpose_ui_layout`, use `cargo add cranpose_ui_layout` to add it to your `Cargo.toml`
[INFO] [stdout] 
[INFO] [stdout] 
[INFO] [stdout] error[E0432]: unresolved import `cranpose_ui_layout`
[INFO] [stdout]   --> tests/intrinsics_test.rs:12:5
[INFO] [stdout]    |
[INFO] [stdout] 12 | use cranpose_ui_layout::{Measurable, MeasurePolicy, MeasureScope, VerticalAlignment};
[INFO] [stdout]    |     ^^^^^^^^^^^^^^^^^^ use of unresolved module or unlinked crate `cranpose_ui_layout`
[INFO] [stdout]    |
[INFO] [stdout]    = help: if you wanted to use a crate named `cranpose_ui_layout`, use `cargo add cranpose_ui_layout` to add it to your `Cargo.toml`
[INFO] [stdout] 
[INFO] [stdout] 
[INFO] [stdout] error[E0432]: unresolved import `cranpose_macros`
[INFO] [stdout]  --> tests/button_clickable_test.rs:2:5
[INFO] [stdout]   |
[INFO] [stdout] 2 | use cranpose_macros::composable;
[INFO] [stdout]   |     ^^^^^^^^^^^^^^^ use of unresolved module or unlinked crate `cranpose_macros`
[INFO] [stdout]   |
[INFO] [stdout] help: there is a crate or module with a similar name
[INFO] [stdout]   |
[INFO] [stdout] 2 - use cranpose_macros::composable;
[INFO] [stdout] 2 + use cranpose_core::composable;
[INFO] [stdout]   |
[INFO] [stdout] 
[INFO] [stdout] 
[INFO] [stdout] error[E0432]: unresolved import `cranpose_macros`
[INFO] [stdout]  --> tests/composition_switching_test.rs:2:5
[INFO] [stdout]   |
[INFO] [stdout] 2 | use cranpose_macros::composable;
[INFO] [stdout]   |     ^^^^^^^^^^^^^^^ use of unresolved module or unlinked crate `cranpose_macros`
[INFO] [stdout]   |
[INFO] [stdout] help: there is a crate or module with a similar name
[INFO] [stdout]   |
[INFO] [stdout] 2 - use cranpose_macros::composable;
[INFO] [stdout] 2 + use cranpose_core::composable;
[INFO] [stdout]   |
[INFO] [stdout] 
[INFO] [stdout] 
[INFO] [stdout] error[E0432]: unresolved import `cranpose_macros`
[INFO] [stdout]  --> tests/conditional_rendering_test.rs:2:5
[INFO] [stdout]   |
[INFO] [stdout] 2 | use cranpose_macros::composable;
[INFO] [stdout]   |     ^^^^^^^^^^^^^^^ use of unresolved module or unlinked crate `cranpose_macros`
[INFO] [stdout]   |
[INFO] [stdout] help: there is a crate or module with a similar name
[INFO] [stdout]   |
[INFO] [stdout] 2 - use cranpose_macros::composable;
[INFO] [stdout] 2 + use cranpose_core::composable;
[INFO] [stdout]   |
[INFO] [stdout] 
[INFO] [stdout] 
[INFO] [stdout] error[E0432]: unresolved import `cranpose_macros`
[INFO] [stdout]  --> tests/pointer_hover_gradient_test.rs:3:5
[INFO] [stdout]   |
[INFO] [stdout] 3 | use cranpose_macros::composable;
[INFO] [stdout]   |     ^^^^^^^^^^^^^^^ use of unresolved module or unlinked crate `cranpose_macros`
[INFO] [stdout]   |
[INFO] [stdout] help: there is a crate or module with a similar name
[INFO] [stdout]   |
[INFO] [stdout] 3 - use cranpose_macros::composable;
[INFO] [stdout] 3 + use cranpose_core::composable;
[INFO] [stdout]   |
[INFO] [stdout] 
[INFO] [stdout] 
[INFO] [stdout] error[E0432]: unresolved import `cranpose_macros`
[INFO] [stdout]  --> tests/pointer_icon_end_to_end_test.rs:5:5
[INFO] [stdout]   |
[INFO] [stdout] 5 | use cranpose_macros::composable;
[INFO] [stdout]   |     ^^^^^^^^^^^^^^^ use of unresolved module or unlinked crate `cranpose_macros`
[INFO] [stdout]   |
[INFO] [stdout] help: there is a crate or module with a similar name
[INFO] [stdout]   |
[INFO] [stdout] 5 - use cranpose_macros::composable;
[INFO] [stdout] 5 + use cranpose_core::composable;
[INFO] [stdout]   |
[INFO] [stdout] 
[INFO] [stdout] 
[INFO] [stdout] error[E0432]: unresolved import `cranpose_macros`
[INFO] [stdout]  --> tests/pointer_input_end_to_end_test.rs:3:5
[INFO] [stdout]   |
[INFO] [stdout] 3 | use cranpose_macros::composable;
[INFO] [stdout]   |     ^^^^^^^^^^^^^^^ use of unresolved module or unlinked crate `cranpose_macros`
[INFO] [stdout]   |
[INFO] [stdout] help: there is a crate or module with a similar name
[INFO] [stdout]   |
[INFO] [stdout] 3 - use cranpose_macros::composable;
[INFO] [stdout] 3 + use cranpose_core::composable;
[INFO] [stdout]   |
[INFO] [stdout] 
[INFO] [stdout] 
[INFO] [stdout] error[E0432]: unresolved import `cranpose_macros`
[INFO] [stdout]  --> tests/pointer_input_integration_test.rs:3:5
[INFO] [stdout]   |
[INFO] [stdout] 3 | use cranpose_macros::composable;
[INFO] [stdout]   |     ^^^^^^^^^^^^^^^ use of unresolved module or unlinked crate `cranpose_macros`
[INFO] [stdout]   |
[INFO] [stdout] help: there is a crate or module with a similar name
[INFO] [stdout]   |
[INFO] [stdout] 3 - use cranpose_macros::composable;
[INFO] [stdout] 3 + use cranpose_core::composable;
[INFO] [stdout]   |
[INFO] [stdout] 
[INFO] [stdout] 
[INFO] [stdout] error[E0432]: unresolved import `cranpose_macros`
[INFO] [stdout]  --> tests/remember_keyed_test.rs:4:5
[INFO] [stdout]   |
[INFO] [stdout] 4 | use cranpose_macros::composable;
[INFO] [stdout]   |     ^^^^^^^^^^^^^^^ use of unresolved module or unlinked crate `cranpose_macros`
[INFO] [stdout]   |
[INFO] [stdout] help: there is a crate or module with a similar name
[INFO] [stdout]   |
[INFO] [stdout] 4 - use cranpose_macros::composable;
[INFO] [stdout] 4 + use cranpose_core::composable;
[INFO] [stdout]   |
[INFO] [stdout] 
[INFO] [stdout] 
[INFO] [stdout] error[E0432]: unresolved import `cranpose_macros`
[INFO] [stdout]  --> tests/render_invalidation_test.rs:2:5
[INFO] [stdout]   |
[INFO] [stdout] 2 | use cranpose_macros::composable;
[INFO] [stdout]   |     ^^^^^^^^^^^^^^^ use of unresolved module or unlinked crate `cranpose_macros`
[INFO] [stdout]   |
[INFO] [stdout] help: there is a crate or module with a similar name
[INFO] [stdout]   |
[INFO] [stdout] 2 - use cranpose_macros::composable;
[INFO] [stdout] 2 + use cranpose_core::composable;
[INFO] [stdout]   |
[INFO] [stdout] 
[INFO] [stdout] 
[INFO] [stdout] For more information about this error, try `rustc --explain E0432`.
[INFO] [stdout] 
[INFO] [stderr] error: could not compile `cranpose-testing` (test "integration") due to 11 previous errors
[INFO] running `Command { std: "docker" "inspect" "3a943d24a6634ec0688938e6ded3f289b5d1269e6d12597eae44f6f55c21a8e9", kill_on_drop: false }`
[INFO] running `Command { std: "docker" "rm" "-f" "3a943d24a6634ec0688938e6ded3f289b5d1269e6d12597eae44f6f55c21a8e9", kill_on_drop: false }`
[INFO] [stdout] 3a943d24a6634ec0688938e6ded3f289b5d1269e6d12597eae44f6f55c21a8e9
