[INFO] fetching crate cranpose-services 0.12.0...
[INFO] testing cranpose-services-0.12.0 against 1.100.0-beta.1+cargoflags=--release for beta-release-1.100-2
[INFO] extracting crate cranpose-services 0.12.0 into /workspace/builds/worker-7-tc2/source
[INFO] started tweaking crates.io crate cranpose-services 0.12.0
[INFO] removed 0 missing tests
[INFO] finished tweaking crates.io crate cranpose-services 0.12.0
[INFO] tweaked toml for crates.io crate cranpose-services 0.12.0 written to /workspace/builds/worker-7-tc2/source/Cargo.toml
[INFO] validating manifest of crates.io crate cranpose-services 0.12.0 on toolchain 1.100.0-beta.1
[INFO] running `Command { std: CARGO_HOME="/workspace/cargo-home" RUSTUP_HOME="/workspace/rustup-home" "/workspace/cargo-home/bin/cargo" "+1.100.0-beta.1" "metadata" "--manifest-path" "Cargo.toml" "--no-deps", kill_on_drop: false }`
[INFO] crate crates.io crate cranpose-services 0.12.0 already has a lockfile, it will not be regenerated
[INFO] running `Command { std: CARGO_HOME="/workspace/cargo-home" RUSTUP_HOME="/workspace/rustup-home" "/workspace/cargo-home/bin/cargo" "+1.100.0-beta.1" "fetch" "--manifest-path" "Cargo.toml", kill_on_drop: false }`
[INFO] running `Command { std: "docker" "create" "-v" "/var/lib/crater-agent-workspace/builds/worker-7-tc2/source:/opt/rustwide/workdir:ro,Z" "-v" "/var/lib/crater-agent-workspace/builds/worker-7-tc2/target:/opt/rustwide/target:rw,Z" "-v" "/var/lib/crater-agent-workspace/cargo-home:/opt/rustwide/cargo-home:ro,Z" "-v" "/var/lib/crater-agent-workspace/rustup-home:/opt/rustwide/rustup-home:ro,Z" "-m" "1610612736" "--network" "none" "ghcr.io/rust-lang/crates-build-env/linux@sha256:77db811e55d90add9212f6832c23229e3de5f1c1f9905e8cb07319ea15df73ac" "sleep" "infinity", kill_on_drop: false }`
[INFO] [stdout] 5fa02c77da60f67ce900d697f847aa7440a7c5399e29786ded5a83c2dc155ca2
[INFO] running `Command { std: "docker" "start" "5fa02c77da60f67ce900d697f847aa7440a7c5399e29786ded5a83c2dc155ca2", kill_on_drop: false }`
[INFO] running `Command { std: "docker" "inspect" "5fa02c77da60f67ce900d697f847aa7440a7c5399e29786ded5a83c2dc155ca2", kill_on_drop: false }`
[INFO] running `Command { std: "docker" "exec" "-e" "SOURCE_DIR=/opt/rustwide/workdir" "-e" "CARGO_HOME=/opt/rustwide/cargo-home" "-e" "RUSTUP_HOME=/opt/rustwide/rustup-home" "-e" "CARGO_TARGET_DIR=/opt/rustwide/target" "-w" "/opt/rustwide/workdir" "--user" "0:0" "5fa02c77da60f67ce900d697f847aa7440a7c5399e29786ded5a83c2dc155ca2" "/opt/rustwide/cargo-home/bin/cargo" "+1.100.0-beta.1" "metadata" "--no-deps" "--format-version=1", kill_on_drop: false }`
[INFO] running `Command { std: "docker" "inspect" "5fa02c77da60f67ce900d697f847aa7440a7c5399e29786ded5a83c2dc155ca2", kill_on_drop: false }`
[INFO] running `Command { std: "docker" "exec" "-e" "SOURCE_DIR=/opt/rustwide/workdir" "-e" "CARGO_HOME=/opt/rustwide/cargo-home" "-e" "RUSTUP_HOME=/opt/rustwide/rustup-home" "-e" "CARGO_TARGET_DIR=/opt/rustwide/target" "-e" "CARGO_INCREMENTAL=0" "-e" "RUST_BACKTRACE=full" "-e" "RUSTFLAGS=--cap-lints=warn" "-e" "RUSTDOCFLAGS=--cap-lints=warn" "-w" "/opt/rustwide/workdir" "--user" "0:0" "5fa02c77da60f67ce900d697f847aa7440a7c5399e29786ded5a83c2dc155ca2" "/opt/rustwide/cargo-home/bin/cargo" "+1.100.0-beta.1" "build" "--frozen" "--message-format=json" "--release", kill_on_drop: false }`
[INFO] [stderr]    Compiling winnow v1.0.4
[INFO] [stderr]    Compiling portable-atomic v1.15.0
[INFO] [stderr]    Compiling smallvec v1.16.2
[INFO] [stderr]    Compiling rustix v1.1.5
[INFO] [stderr]    Compiling serde_core v1.0.229
[INFO] [stderr]    Compiling cranpose-ui-graphics v0.12.0
[INFO] [stderr]    Compiling syn v3.0.6
[INFO] [stderr]    Compiling foldhash v0.2.0
[INFO] [stderr]    Compiling getrandom v0.4.3
[INFO] [stderr]    Compiling dirs-sys v0.5.0
[INFO] [stderr]    Compiling futures-task v0.3.34
[INFO] [stderr]    Compiling hashbrown v0.17.1
[INFO] [stderr]    Compiling pollster v0.4.0
[INFO] [stderr]    Compiling arrayvec v0.7.8
[INFO] [stderr]    Compiling sha2 v0.11.0
[INFO] [stderr]    Compiling directories v6.0.0
[INFO] [stderr]    Compiling parking_lot_core v0.9.12
[INFO] [stderr]    Compiling parking_lot v0.12.5
[INFO] [stderr]    Compiling toml_parser v1.1.3+spec-1.1.0
[INFO] [stderr]    Compiling toml_edit v0.25.15+spec-1.1.0
[INFO] [stderr]    Compiling tempfile v3.27.0
[INFO] [stderr]    Compiling proc-macro-crate v3.5.0
[INFO] [stderr]    Compiling thiserror-impl v2.0.21
[INFO] [stderr]    Compiling bytemuck_derive v1.12.1
[INFO] [stderr]    Compiling cranpose-macros v0.12.0
[INFO] [stderr]    Compiling serde_json v1.0.151
[INFO] [stderr]    Compiling thiserror v2.0.21
[INFO] [stderr]    Compiling cranpose-core v0.12.0
[INFO] [stderr]    Compiling bytemuck v1.25.2
[INFO] [stderr]    Compiling cranpose-services v0.12.0 (/opt/rustwide/workdir)
[INFO] [stderr]     Finished `release` profile [optimized] target(s) in 1m 19s
[INFO] running `Command { std: "docker" "inspect" "5fa02c77da60f67ce900d697f847aa7440a7c5399e29786ded5a83c2dc155ca2", kill_on_drop: false }`
[INFO] running `Command { std: "docker" "exec" "-e" "SOURCE_DIR=/opt/rustwide/workdir" "-e" "CARGO_HOME=/opt/rustwide/cargo-home" "-e" "RUSTUP_HOME=/opt/rustwide/rustup-home" "-e" "CARGO_TARGET_DIR=/opt/rustwide/target" "-e" "CARGO_INCREMENTAL=0" "-e" "RUST_BACKTRACE=full" "-e" "RUSTFLAGS=--cap-lints=warn" "-e" "RUSTDOCFLAGS=--cap-lints=warn" "-w" "/opt/rustwide/workdir" "--user" "0:0" "5fa02c77da60f67ce900d697f847aa7440a7c5399e29786ded5a83c2dc155ca2" "/opt/rustwide/cargo-home/bin/cargo" "+1.100.0-beta.1" "test" "--frozen" "--no-run" "--message-format=json" "--release", kill_on_drop: false }`
[INFO] [stderr]    Compiling rustls-pki-types v1.15.1
[INFO] [stderr]    Compiling webpki-root-certs v1.0.9
[INFO] [stderr]    Compiling cranpose-services v0.12.0 (/opt/rustwide/workdir)
[INFO] [stdout] error[E0425]: cannot find function `test_scratch_dir` in crate `cranpose_core`
[INFO] [stdout]     --> tests/file_preferences_regressions.rs:16:31
[INFO] [stdout]      |
[INFO] [stdout]   16 |     let root = cranpose_core::test_scratch_dir(env!("CARGO_MANIFEST_DIR"), "preferences-alias");
[INFO] [stdout]      |                               ^^^^^^^^^^^^^^^^ not found in `cranpose_core`
[INFO] [stdout]      |
[INFO] [stdout] note: found an item that was configured out
[INFO] [stdout]     --> /opt/rustwide/cargo-home/registry/src/index.crates.io-1949cf8c6b5b557f/cranpose-core-0.12.0/src/lib.rs:5315:23
[INFO] [stdout]      |
[INFO] [stdout] 5314 | #[cfg(any(test, feature = "test-helpers"))]
[INFO] [stdout]      |          -------------------------------- the item is gated here
[INFO] [stdout] 5315 | pub use test_scratch::test_scratch_dir;
[INFO] [stdout]      |                       ^^^^^^^^^^^^^^^^
[INFO] [stdout] 
[INFO] [stdout] 
[INFO] [stdout] error[E0425]: cannot find function `test_scratch_dir` in crate `cranpose_core`
[INFO] [stdout]     --> tests/file_preferences_regressions.rs:32:31
[INFO] [stdout]      |
[INFO] [stdout]   32 |     let root = cranpose_core::test_scratch_dir(env!("CARGO_MANIFEST_DIR"), "preferences-retry");
[INFO] [stdout]      |                               ^^^^^^^^^^^^^^^^ not found in `cranpose_core`
[INFO] [stdout]      |
[INFO] [stdout] note: found an item that was configured out
[INFO] [stdout]     --> /opt/rustwide/cargo-home/registry/src/index.crates.io-1949cf8c6b5b557f/cranpose-core-0.12.0/src/lib.rs:5315:23
[INFO] [stdout]      |
[INFO] [stdout] 5314 | #[cfg(any(test, feature = "test-helpers"))]
[INFO] [stdout]      |          -------------------------------- the item is gated here
[INFO] [stdout] 5315 | pub use test_scratch::test_scratch_dir;
[INFO] [stdout]      |                       ^^^^^^^^^^^^^^^^
[INFO] [stdout] 
[INFO] [stdout] 
[INFO] [stdout] error[E0425]: cannot find function `test_scratch_dir` in crate `cranpose_core`
[INFO] [stdout]     --> tests/file_preferences_regressions.rs:50:31
[INFO] [stdout]      |
[INFO] [stdout]   50 |     let root = cranpose_core::test_scratch_dir(env!("CARGO_MANIFEST_DIR"), "preferences-batch");
[INFO] [stdout]      |                               ^^^^^^^^^^^^^^^^ not found in `cranpose_core`
[INFO] [stdout]      |
[INFO] [stdout] note: found an item that was configured out
[INFO] [stdout]     --> /opt/rustwide/cargo-home/registry/src/index.crates.io-1949cf8c6b5b557f/cranpose-core-0.12.0/src/lib.rs:5315:23
[INFO] [stdout]      |
[INFO] [stdout] 5314 | #[cfg(any(test, feature = "test-helpers"))]
[INFO] [stdout]      |          -------------------------------- the item is gated here
[INFO] [stdout] 5315 | pub use test_scratch::test_scratch_dir;
[INFO] [stdout]      |                       ^^^^^^^^^^^^^^^^
[INFO] [stdout] 
[INFO] [stdout] 
[INFO] [stdout] error[E0425]: cannot find function `test_scratch_dir` in crate `cranpose_core`
[INFO] [stdout]     --> tests/file_preferences_regressions.rs:88:31
[INFO] [stdout]      |
[INFO] [stdout]   88 |     let root = cranpose_core::test_scratch_dir(env!("CARGO_MANIFEST_DIR"), "preferences-writers");
[INFO] [stdout]      |                               ^^^^^^^^^^^^^^^^ not found in `cranpose_core`
[INFO] [stdout]      |
[INFO] [stdout] note: found an item that was configured out
[INFO] [stdout]     --> /opt/rustwide/cargo-home/registry/src/index.crates.io-1949cf8c6b5b557f/cranpose-core-0.12.0/src/lib.rs:5315:23
[INFO] [stdout]      |
[INFO] [stdout] 5314 | #[cfg(any(test, feature = "test-helpers"))]
[INFO] [stdout]      |          -------------------------------- the item is gated here
[INFO] [stdout] 5315 | pub use test_scratch::test_scratch_dir;
[INFO] [stdout]      |                       ^^^^^^^^^^^^^^^^
[INFO] [stdout] 
[INFO] [stdout] 
[INFO] [stdout] error[E0425]: cannot find function `test_scratch_dir` in crate `cranpose_core`
[INFO] [stdout]     --> src/lib.rs:310:20
[INFO] [stdout]      |
[INFO] [stdout]  310 |     cranpose_core::test_scratch_dir(env!("CARGO_MANIFEST_DIR"), tag)
[INFO] [stdout]      |                    ^^^^^^^^^^^^^^^^ not found in `cranpose_core`
[INFO] [stdout]      |
[INFO] [stdout] note: found an item that was configured out
[INFO] [stdout]     --> /opt/rustwide/cargo-home/registry/src/index.crates.io-1949cf8c6b5b557f/cranpose-core-0.12.0/src/lib.rs:5315:23
[INFO] [stdout]      |
[INFO] [stdout] 5314 | #[cfg(any(test, feature = "test-helpers"))]
[INFO] [stdout]      |          -------------------------------- the item is gated here
[INFO] [stdout] 5315 | pub use test_scratch::test_scratch_dir;
[INFO] [stdout]      |                       ^^^^^^^^^^^^^^^^
[INFO] [stdout] 
[INFO] [stdout] 
[INFO] [stdout] For more information about this error, try `rustc --explain E0425`.
[INFO] [stdout] 
[INFO] [stderr] error: could not compile `cranpose-services` (test "integration") due to 4 previous errors
[INFO] [stderr] warning: build failed, waiting for other jobs to finish...
[INFO] [stdout] For more information about this error, try `rustc --explain E0425`.
[INFO] [stdout] 
[INFO] [stderr] error: could not compile `cranpose-services` (lib test) due to 1 previous error
[INFO] running `Command { std: "docker" "inspect" "5fa02c77da60f67ce900d697f847aa7440a7c5399e29786ded5a83c2dc155ca2", kill_on_drop: false }`
[INFO] running `Command { std: "docker" "rm" "-f" "5fa02c77da60f67ce900d697f847aa7440a7c5399e29786ded5a83c2dc155ca2", kill_on_drop: false }`
[INFO] [stdout] 5fa02c77da60f67ce900d697f847aa7440a7c5399e29786ded5a83c2dc155ca2
