[INFO] fetching crate cranpose-render-pixels 0.12.0...
[INFO] testing cranpose-render-pixels-0.12.0 against 1.100.0-beta.1+cargoflags=--release for beta-release-1.100-2
[INFO] extracting crate cranpose-render-pixels 0.12.0 into /workspace/builds/worker-4-tc2/source
[INFO] started tweaking crates.io crate cranpose-render-pixels 0.12.0
[INFO] removed 0 missing tests
[INFO] finished tweaking crates.io crate cranpose-render-pixels 0.12.0
[INFO] tweaked toml for crates.io crate cranpose-render-pixels 0.12.0 written to /workspace/builds/worker-4-tc2/source/Cargo.toml
[INFO] validating manifest of crates.io crate cranpose-render-pixels 0.12.0 on toolchain 1.100.0-beta.1
[INFO] running `Command { std: CARGO_HOME="/workspace/cargo-home" RUSTUP_HOME="/workspace/rustup-home" "/workspace/cargo-home/bin/cargo" "+1.100.0-beta.1" "metadata" "--manifest-path" "Cargo.toml" "--no-deps", kill_on_drop: false }`
[INFO] crate crates.io crate cranpose-render-pixels 0.12.0 already has a lockfile, it will not be regenerated
[INFO] running `Command { std: CARGO_HOME="/workspace/cargo-home" RUSTUP_HOME="/workspace/rustup-home" "/workspace/cargo-home/bin/cargo" "+1.100.0-beta.1" "fetch" "--manifest-path" "Cargo.toml", kill_on_drop: false }`
[INFO] running `Command { std: "docker" "create" "-v" "/var/lib/crater-agent-workspace/builds/worker-4-tc2/source:/opt/rustwide/workdir:ro,Z" "-v" "/var/lib/crater-agent-workspace/builds/worker-4-tc2/target:/opt/rustwide/target:rw,Z" "-v" "/var/lib/crater-agent-workspace/cargo-home:/opt/rustwide/cargo-home:ro,Z" "-v" "/var/lib/crater-agent-workspace/rustup-home:/opt/rustwide/rustup-home:ro,Z" "-m" "1610612736" "--network" "none" "ghcr.io/rust-lang/crates-build-env/linux@sha256:77db811e55d90add9212f6832c23229e3de5f1c1f9905e8cb07319ea15df73ac" "sleep" "infinity", kill_on_drop: false }`
[INFO] [stdout] 743d4b972719127d4cb1e53157fa8761dc487d3fa520ec8c79891c523e5c0ee0
[INFO] running `Command { std: "docker" "start" "743d4b972719127d4cb1e53157fa8761dc487d3fa520ec8c79891c523e5c0ee0", kill_on_drop: false }`
[INFO] running `Command { std: "docker" "inspect" "743d4b972719127d4cb1e53157fa8761dc487d3fa520ec8c79891c523e5c0ee0", kill_on_drop: false }`
[INFO] running `Command { std: "docker" "exec" "-e" "SOURCE_DIR=/opt/rustwide/workdir" "-e" "CARGO_HOME=/opt/rustwide/cargo-home" "-e" "RUSTUP_HOME=/opt/rustwide/rustup-home" "-e" "CARGO_TARGET_DIR=/opt/rustwide/target" "-w" "/opt/rustwide/workdir" "--user" "0:0" "743d4b972719127d4cb1e53157fa8761dc487d3fa520ec8c79891c523e5c0ee0" "/opt/rustwide/cargo-home/bin/cargo" "+1.100.0-beta.1" "metadata" "--no-deps" "--format-version=1", kill_on_drop: false }`
[INFO] running `Command { std: "docker" "inspect" "743d4b972719127d4cb1e53157fa8761dc487d3fa520ec8c79891c523e5c0ee0", kill_on_drop: false }`
[INFO] running `Command { std: "docker" "exec" "-e" "SOURCE_DIR=/opt/rustwide/workdir" "-e" "CARGO_HOME=/opt/rustwide/cargo-home" "-e" "RUSTUP_HOME=/opt/rustwide/rustup-home" "-e" "CARGO_TARGET_DIR=/opt/rustwide/target" "-e" "CARGO_INCREMENTAL=0" "-e" "RUST_BACKTRACE=full" "-e" "RUSTFLAGS=--cap-lints=warn" "-e" "RUSTDOCFLAGS=--cap-lints=warn" "-w" "/opt/rustwide/workdir" "--user" "0:0" "743d4b972719127d4cb1e53157fa8761dc487d3fa520ec8c79891c523e5c0ee0" "/opt/rustwide/cargo-home/bin/cargo" "+1.100.0-beta.1" "build" "--frozen" "--message-format=json" "--release", kill_on_drop: false }`
[INFO] [stderr]    Compiling thiserror v2.0.21
[INFO] [stderr]    Compiling portable-atomic v1.15.0
[INFO] [stderr]    Compiling foldhash v0.2.0
[INFO] [stderr]    Compiling cranpose-ui-graphics v0.12.0
[INFO] [stderr]    Compiling arrayvec v0.7.8
[INFO] [stderr]    Compiling cursor-icon v1.2.0
[INFO] [stderr]    Compiling smallvec v1.16.2
[INFO] [stderr]    Compiling indexmap v2.14.2
[INFO] [stderr]    Compiling futures-task v0.3.34
[INFO] [stderr]    Compiling hashbrown v0.17.1
[INFO] [stderr]    Compiling pollster v0.4.0
[INFO] [stderr]    Compiling web-time v1.1.0
[INFO] [stderr]    Compiling syn v3.0.6
[INFO] [stderr]    Compiling unicode-segmentation v1.13.3
[INFO] [stderr]    Compiling ttf-parser v0.25.1
[INFO] [stderr]    Compiling ab_glyph_rasterizer v0.1.10
[INFO] [stderr]    Compiling toml_edit v0.25.15+spec-1.1.0
[INFO] [stderr]    Compiling proc-macro-crate v3.5.0
[INFO] [stderr]    Compiling owned_ttf_parser v0.25.1
[INFO] [stderr]    Compiling synstructure v0.14.0
[INFO] [stderr]    Compiling ab_glyph v0.2.32
[INFO] [stderr]    Compiling zerovec-derive v0.11.6
[INFO] [stderr]    Compiling bytemuck_derive v1.12.1
[INFO] [stderr]    Compiling displaydoc v0.2.7
[INFO] [stderr]    Compiling thiserror-impl v2.0.21
[INFO] [stderr]    Compiling cranpose-macros v0.12.0
[INFO] [stderr]    Compiling zerofrom-derive v0.1.8
[INFO] [stderr]    Compiling yoke-derive v0.8.4
[INFO] [stderr]    Compiling bytemuck v1.25.2
[INFO] [stderr]    Compiling zerofrom v0.1.8
[INFO] [stderr]    Compiling cranpose-core v0.12.0
[INFO] [stderr]    Compiling tiny-skia-path v0.12.0
[INFO] [stderr]    Compiling yoke v0.8.3
[INFO] [stderr]    Compiling zerovec v0.11.8
[INFO] [stderr]    Compiling zerotrie v0.2.5
[INFO] [stderr]    Compiling tiny-skia v0.12.0
[INFO] [stderr]    Compiling tinystr v0.8.4
[INFO] [stderr]    Compiling potential_utf v0.1.6
[INFO] [stderr]    Compiling icu_locale_core v2.3.0
[INFO] [stderr]    Compiling icu_collections v2.3.0
[INFO] [stderr]    Compiling icu_provider v2.3.1
[INFO] [stderr]    Compiling icu_properties v2.3.0
[INFO] [stderr]    Compiling cranpose-ui-layout v0.12.0
[INFO] [stderr]    Compiling cranpose-animation v0.12.0
[INFO] [stderr]    Compiling cranpose-foundation v0.12.0
[INFO] [stderr]    Compiling cranpose-ui v0.12.0
[INFO] [stderr]    Compiling cranpose-render-common v0.12.0
[INFO] [stderr]    Compiling cranpose-render-pixels v0.12.0 (/opt/rustwide/workdir)
[INFO] [stderr] warning: unused dependency `once_cell`
[INFO] [stderr]   --> Cargo.toml:20:15
[INFO] [stderr]    |
[INFO] [stderr] 20 | [dependencies.once_cell]
[INFO] [stderr]    |               ^^^^^^^^^^
[INFO] [stderr]    |
[INFO] [stderr]    = note: `cargo::unused_dependencies` is set to `warn` by default
[INFO] [stderr] help: consider removing the dependency on `once_cell`
[INFO] [stderr] warning: `cranpose-render-pixels` (manifest) generated 1 warning
[INFO] [stderr]     Finished `release` profile [optimized] target(s) in 1m 24s
[INFO] running `Command { std: "docker" "inspect" "743d4b972719127d4cb1e53157fa8761dc487d3fa520ec8c79891c523e5c0ee0", kill_on_drop: false }`
[INFO] running `Command { std: "docker" "exec" "-e" "SOURCE_DIR=/opt/rustwide/workdir" "-e" "CARGO_HOME=/opt/rustwide/cargo-home" "-e" "RUSTUP_HOME=/opt/rustwide/rustup-home" "-e" "CARGO_TARGET_DIR=/opt/rustwide/target" "-e" "CARGO_INCREMENTAL=0" "-e" "RUST_BACKTRACE=full" "-e" "RUSTFLAGS=--cap-lints=warn" "-e" "RUSTDOCFLAGS=--cap-lints=warn" "-w" "/opt/rustwide/workdir" "--user" "0:0" "743d4b972719127d4cb1e53157fa8761dc487d3fa520ec8c79891c523e5c0ee0" "/opt/rustwide/cargo-home/bin/cargo" "+1.100.0-beta.1" "test" "--frozen" "--no-run" "--message-format=json" "--release", kill_on_drop: false }`
[INFO] [stderr] warning: invalid feature `cranpose-app-shell/installed-fonts` in required-features of target `installed_fonts`: dependency `cranpose-app-shell` does not exist
[INFO] [stderr]    Compiling cranpose-render-common v0.12.0
[INFO] [stderr]    Compiling cranpose-render-pixels v0.12.0 (/opt/rustwide/workdir)
[INFO] [stdout] error: couldn't find file `tests/../../common/tests/support/annotated_text.rs`
[INFO] [stdout]  --> tests/annotated_text_baselines.rs:2:1
[INFO] [stdout]   |
[INFO] [stdout] 2 | mod annotated_fixture;
[INFO] [stdout]   | ^^^^^^^^^^^^^^^^^^^^^^
[INFO] [stdout] 
[INFO] [stdout] 
[INFO] [stderr] error: could not compile `cranpose-render-pixels` (test "annotated_text_baselines") due to 1 previous error
[INFO] [stderr] warning: build failed, waiting for other jobs to finish...
[INFO] [stdout] error: couldn't read `tests/../../common/assets/NotoSansBold.ttf`: No such file or directory (os error 2)
[INFO] [stdout]   --> tests/app_fonts.rs:13:22
[INFO] [stdout]    |
[INFO] [stdout] 13 | static BOLD: &[u8] = include_bytes!("../../common/assets/NotoSansBold.ttf");
[INFO] [stdout]    |                      ^^^^^^^^^^^^^^^^^^^^^^^^^^^^^^^^^^^^^^^^^^^^^^^^^^^^^^
[INFO] [stdout] 
[INFO] [stdout] 
[INFO] [stdout] error[E0432]: unresolved import `cranpose_app_shell`
[INFO] [stdout]  --> tests/app_fonts.rs:6:5
[INFO] [stdout]   |
[INFO] [stdout] 6 | use cranpose_app_shell::AppShell;
[INFO] [stdout]   |     ^^^^^^^^^^^^^^^^^^ use of unresolved module or unlinked crate `cranpose_app_shell`
[INFO] [stdout]   |
[INFO] [stdout]   = help: if you wanted to use a crate named `cranpose_app_shell`, use `cargo add cranpose_app_shell` to add it to your `Cargo.toml`
[INFO] [stdout] 
[INFO] [stdout] 
[INFO] [stdout] error[E0432]: unresolved import `cranpose_macros`
[INFO] [stdout]  --> tests/app_fonts.rs:8:5
[INFO] [stdout]   |
[INFO] [stdout] 8 | use cranpose_macros::composable;
[INFO] [stdout]   |     ^^^^^^^^^^^^^^^ use of unresolved module or unlinked crate `cranpose_macros`
[INFO] [stdout]   |
[INFO] [stdout] help: there is a crate or module with a similar name
[INFO] [stdout]   |
[INFO] [stdout] 8 - use cranpose_macros::composable;
[INFO] [stdout] 8 + use cranpose_core::composable;
[INFO] [stdout]   |
[INFO] [stdout] 
[INFO] [stdout] 
[INFO] [stdout] error[E0432]: unresolved import `cranpose_app_shell`
[INFO] [stdout]  --> tests/changed_areas.rs:9:5
[INFO] [stdout]   |
[INFO] [stdout] 9 | use cranpose_app_shell::AppShell;
[INFO] [stdout]   |     ^^^^^^^^^^^^^^^^^^ use of unresolved module or unlinked crate `cranpose_app_shell`
[INFO] [stdout]   |
[INFO] [stdout]   = help: if you wanted to use a crate named `cranpose_app_shell`, use `cargo add cranpose_app_shell` to add it to your `Cargo.toml`
[INFO] [stdout] 
[INFO] [stdout] 
[INFO] [stdout] error[E0432]: unresolved import `cranpose_macros`
[INFO] [stdout]   --> tests/changed_areas.rs:11:5
[INFO] [stdout]    |
[INFO] [stdout] 11 | use cranpose_macros::composable;
[INFO] [stdout]    |     ^^^^^^^^^^^^^^^ use of unresolved module or unlinked crate `cranpose_macros`
[INFO] [stdout]    |
[INFO] [stdout] help: there is a crate or module with a similar name
[INFO] [stdout]    |
[INFO] [stdout] 11 - use cranpose_macros::composable;
[INFO] [stdout] 11 + use cranpose_core::composable;
[INFO] [stdout]    |
[INFO] [stdout] 
[INFO] [stdout] 
[INFO] [stdout] For more information about this error, try `rustc --explain E0432`.
[INFO] [stdout] 
[INFO] [stderr] error: could not compile `cranpose-render-pixels` (test "app_fonts") due to 3 previous errors
[INFO] [stdout] For more information about this error, try `rustc --explain E0432`.
[INFO] [stdout] 
[INFO] [stderr] error: could not compile `cranpose-render-pixels` (test "changed_areas") due to 2 previous errors
[INFO] [stderr] warning: unused dependency `once_cell`
[INFO] [stderr]   --> Cargo.toml:20:15
[INFO] [stderr]    |
[INFO] [stderr] 20 | [dependencies.once_cell]
[INFO] [stderr]    |               ^^^^^^^^^^
[INFO] [stderr]    |
[INFO] [stderr]    = note: `cargo::unused_dependencies` is set to `warn` by default
[INFO] [stderr] help: consider removing the dependency on `once_cell`
[INFO] [stderr] warning: `cranpose-render-pixels` (manifest) generated 1 warning
[INFO] running `Command { std: "docker" "inspect" "743d4b972719127d4cb1e53157fa8761dc487d3fa520ec8c79891c523e5c0ee0", kill_on_drop: false }`
[INFO] running `Command { std: "docker" "rm" "-f" "743d4b972719127d4cb1e53157fa8761dc487d3fa520ec8c79891c523e5c0ee0", kill_on_drop: false }`
[INFO] [stdout] 743d4b972719127d4cb1e53157fa8761dc487d3fa520ec8c79891c523e5c0ee0
