[INFO] fetching crate cranpose-navigation 0.12.0...
[INFO] testing cranpose-navigation-0.12.0 against 1.100.0-beta.1+cargoflags=--release for beta-release-1.100-2
[INFO] extracting crate cranpose-navigation 0.12.0 into /workspace/builds/worker-5-tc2/source
[INFO] started tweaking crates.io crate cranpose-navigation 0.12.0
[INFO] removed 0 missing tests
[INFO] finished tweaking crates.io crate cranpose-navigation 0.12.0
[INFO] tweaked toml for crates.io crate cranpose-navigation 0.12.0 written to /workspace/builds/worker-5-tc2/source/Cargo.toml
[INFO] validating manifest of crates.io crate cranpose-navigation 0.12.0 on toolchain 1.100.0-beta.1
[INFO] running `Command { std: CARGO_HOME="/workspace/cargo-home" RUSTUP_HOME="/workspace/rustup-home" "/workspace/cargo-home/bin/cargo" "+1.100.0-beta.1" "metadata" "--manifest-path" "Cargo.toml" "--no-deps", kill_on_drop: false }`
[INFO] crate crates.io crate cranpose-navigation 0.12.0 already has a lockfile, it will not be regenerated
[INFO] running `Command { std: CARGO_HOME="/workspace/cargo-home" RUSTUP_HOME="/workspace/rustup-home" "/workspace/cargo-home/bin/cargo" "+1.100.0-beta.1" "fetch" "--manifest-path" "Cargo.toml", kill_on_drop: false }`
[INFO] running `Command { std: "docker" "create" "-v" "/var/lib/crater-agent-workspace/builds/worker-5-tc2/source:/opt/rustwide/workdir:ro,Z" "-v" "/var/lib/crater-agent-workspace/builds/worker-5-tc2/target:/opt/rustwide/target:rw,Z" "-v" "/var/lib/crater-agent-workspace/cargo-home:/opt/rustwide/cargo-home:ro,Z" "-v" "/var/lib/crater-agent-workspace/rustup-home:/opt/rustwide/rustup-home:ro,Z" "-m" "1610612736" "--network" "none" "ghcr.io/rust-lang/crates-build-env/linux@sha256:77db811e55d90add9212f6832c23229e3de5f1c1f9905e8cb07319ea15df73ac" "sleep" "infinity", kill_on_drop: false }`
[INFO] [stdout] 0839f6b3905edcd805a77b83f12867ce0e61b7e673e16aee1617408e3866f1ad
[INFO] running `Command { std: "docker" "start" "0839f6b3905edcd805a77b83f12867ce0e61b7e673e16aee1617408e3866f1ad", kill_on_drop: false }`
[INFO] running `Command { std: "docker" "inspect" "0839f6b3905edcd805a77b83f12867ce0e61b7e673e16aee1617408e3866f1ad", kill_on_drop: false }`
[INFO] running `Command { std: "docker" "exec" "-e" "SOURCE_DIR=/opt/rustwide/workdir" "-e" "CARGO_HOME=/opt/rustwide/cargo-home" "-e" "RUSTUP_HOME=/opt/rustwide/rustup-home" "-e" "CARGO_TARGET_DIR=/opt/rustwide/target" "-w" "/opt/rustwide/workdir" "--user" "0:0" "0839f6b3905edcd805a77b83f12867ce0e61b7e673e16aee1617408e3866f1ad" "/opt/rustwide/cargo-home/bin/cargo" "+1.100.0-beta.1" "metadata" "--no-deps" "--format-version=1", kill_on_drop: false }`
[INFO] running `Command { std: "docker" "inspect" "0839f6b3905edcd805a77b83f12867ce0e61b7e673e16aee1617408e3866f1ad", kill_on_drop: false }`
[INFO] running `Command { std: "docker" "exec" "-e" "SOURCE_DIR=/opt/rustwide/workdir" "-e" "CARGO_HOME=/opt/rustwide/cargo-home" "-e" "RUSTUP_HOME=/opt/rustwide/rustup-home" "-e" "CARGO_TARGET_DIR=/opt/rustwide/target" "-e" "CARGO_INCREMENTAL=0" "-e" "RUST_BACKTRACE=full" "-e" "RUSTFLAGS=--cap-lints=warn" "-e" "RUSTDOCFLAGS=--cap-lints=warn" "-w" "/opt/rustwide/workdir" "--user" "0:0" "0839f6b3905edcd805a77b83f12867ce0e61b7e673e16aee1617408e3866f1ad" "/opt/rustwide/cargo-home/bin/cargo" "+1.100.0-beta.1" "build" "--frozen" "--message-format=json" "--release", kill_on_drop: false }`
[INFO] [stderr]    Compiling proc-macro2 v1.0.107
[INFO] [stderr]    Compiling unicode-ident v1.0.26
[INFO] [stderr]    Compiling quote v1.0.47
[INFO] [stderr]    Compiling thiserror v2.0.21
[INFO] [stderr]    Compiling libc v0.2.190
[INFO] [stderr]    Compiling stable_deref_trait v1.2.1
[INFO] [stderr]    Compiling portable-atomic v1.15.0
[INFO] [stderr]    Compiling smallvec v1.16.2
[INFO] [stderr]    Compiling log v0.4.34
[INFO] [stderr]    Compiling hashbrown v0.17.1
[INFO] [stderr]    Compiling pin-project-lite v0.2.17
[INFO] [stderr]    Compiling parking v2.2.1
[INFO] [stderr]    Compiling cranpose-ui-graphics v0.12.0
[INFO] [stderr]    Compiling web-time v1.1.0
[INFO] [stderr]    Compiling equivalent v1.0.2
[INFO] [stderr]    Compiling foldhash v0.2.0
[INFO] [stderr]    Compiling winnow v1.0.4
[INFO] [stderr]    Compiling pollster v0.4.0
[INFO] [stderr]    Compiling typenum v1.20.1
[INFO] [stderr]    Compiling event-listener v5.4.2
[INFO] [stderr]    Compiling arrayvec v0.7.8
[INFO] [stderr]    Compiling cursor-icon v1.2.0
[INFO] [stderr]    Compiling cfg-if v1.0.5
[INFO] [stderr]    Compiling toml_datetime v1.1.1+spec-1.1.0
[INFO] [stderr]    Compiling futures-task v0.3.34
[INFO] [stderr]    Compiling rustix v1.1.5
[INFO] [stderr]    Compiling zmij v1.0.23
[INFO] [stderr]    Compiling serde_core v1.0.229
[INFO] [stderr]    Compiling getrandom v0.4.3
[INFO] [stderr]    Compiling parking_lot_core v0.9.12
[INFO] [stderr]    Compiling writeable v0.6.4
[INFO] [stderr]    Compiling linux-raw-sys v0.12.1
[INFO] [stderr]    Compiling icu_properties_data v2.3.0
[INFO] [stderr]    Compiling bitflags v2.13.2
[INFO] [stderr]    Compiling const-oid v0.10.2
[INFO] [stderr]    Compiling option-ext v0.2.0
[INFO] [stderr]    Compiling serde_json v1.0.151
[INFO] [stderr]    Compiling scopeguard v1.2.0
[INFO] [stderr]    Compiling litemap v0.8.3
[INFO] [stderr]    Compiling lock_api v0.4.14
[INFO] [stderr]    Compiling cpufeatures v0.3.1
[INFO] [stderr]    Compiling utf8_iter v1.0.4
[INFO] [stderr]    Compiling itoa v1.0.18
[INFO] [stderr]    Compiling fastrand v2.5.0
[INFO] [stderr]    Compiling once_cell v1.21.4
[INFO] [stderr]    Compiling memchr v2.8.3
[INFO] [stderr]    Compiling indexmap v2.14.2
[INFO] [stderr]    Compiling futures-core v0.3.34
[INFO] [stderr]    Compiling unicode-segmentation v1.13.3
[INFO] [stderr]    Compiling syn v3.0.6
[INFO] [stderr]    Compiling toml_parser v1.1.3+spec-1.1.0
[INFO] [stderr]    Compiling hybrid-array v0.4.15
[INFO] [stderr]    Compiling toml_edit v0.25.15+spec-1.1.0
[INFO] [stderr]    Compiling dirs-sys v0.5.0
[INFO] [stderr]    Compiling directories v6.0.0
[INFO] [stderr]    Compiling block-buffer v0.12.1
[INFO] [stderr]    Compiling crypto-common v0.2.2
[INFO] [stderr]    Compiling parking_lot v0.12.5
[INFO] [stderr]    Compiling proc-macro-crate v3.5.0
[INFO] [stderr]    Compiling tempfile v3.27.0
[INFO] [stderr]    Compiling digest v0.11.3
[INFO] [stderr]    Compiling sha2 v0.11.0
[INFO] [stderr]    Compiling synstructure v0.14.0
[INFO] [stderr]    Compiling zerofrom-derive v0.1.8
[INFO] [stderr]    Compiling yoke-derive v0.8.4
[INFO] [stderr]    Compiling thiserror-impl v2.0.21
[INFO] [stderr]    Compiling zerovec-derive v0.11.6
[INFO] [stderr]    Compiling bytemuck_derive v1.12.1
[INFO] [stderr]    Compiling displaydoc v0.2.7
[INFO] [stderr]    Compiling cranpose-macros v0.12.0
[INFO] [stderr]    Compiling zerofrom v0.1.8
[INFO] [stderr]    Compiling yoke v0.8.3
[INFO] [stderr]    Compiling bytemuck v1.25.2
[INFO] [stderr]    Compiling zerotrie v0.2.5
[INFO] [stderr]    Compiling zerovec v0.11.8
[INFO] [stderr]    Compiling cranpose-core v0.12.0
[INFO] [stderr]    Compiling coroflow v0.12.0
[INFO] [stderr]    Compiling tinystr v0.8.4
[INFO] [stderr]    Compiling potential_utf v0.1.6
[INFO] [stderr]    Compiling icu_collections v2.3.0
[INFO] [stderr]    Compiling icu_locale_core v2.3.0
[INFO] [stderr]    Compiling icu_provider v2.3.1
[INFO] [stderr]    Compiling icu_properties v2.3.0
[INFO] [stderr]    Compiling cranpose-ui-layout v0.12.0
[INFO] [stderr]    Compiling cranpose-services v0.12.0
[INFO] [stderr]    Compiling cranpose-animation v0.12.0
[INFO] [stderr]    Compiling cranpose-foundation v0.12.0
[INFO] [stderr]    Compiling cranpose-ui v0.12.0
[INFO] [stderr]    Compiling cranpose-coroflow v0.12.0
[INFO] [stderr]    Compiling cranpose-navigation v0.12.0 (/opt/rustwide/workdir)
[INFO] [stderr]     Finished `release` profile [optimized] target(s) in 2m 19s
[INFO] running `Command { std: "docker" "inspect" "0839f6b3905edcd805a77b83f12867ce0e61b7e673e16aee1617408e3866f1ad", kill_on_drop: false }`
[INFO] running `Command { std: "docker" "exec" "-e" "SOURCE_DIR=/opt/rustwide/workdir" "-e" "CARGO_HOME=/opt/rustwide/cargo-home" "-e" "RUSTUP_HOME=/opt/rustwide/rustup-home" "-e" "CARGO_TARGET_DIR=/opt/rustwide/target" "-e" "CARGO_INCREMENTAL=0" "-e" "RUST_BACKTRACE=full" "-e" "RUSTFLAGS=--cap-lints=warn" "-e" "RUSTDOCFLAGS=--cap-lints=warn" "-w" "/opt/rustwide/workdir" "--user" "0:0" "0839f6b3905edcd805a77b83f12867ce0e61b7e673e16aee1617408e3866f1ad" "/opt/rustwide/cargo-home/bin/cargo" "+1.100.0-beta.1" "test" "--frozen" "--no-run" "--message-format=json" "--release", kill_on_drop: false }`
[INFO] [stderr]    Compiling cranpose-navigation v0.12.0 (/opt/rustwide/workdir)
[INFO] [stdout] error[E0432]: unresolved import `cranpose_testing`
[INFO] [stdout]   --> tests/support/mod.rs:44:5
[INFO] [stdout]    |
[INFO] [stdout] 44 | use cranpose_testing::ComposeTestRule;
[INFO] [stdout]    |     ^^^^^^^^^^^^^^^^ use of unresolved module or unlinked crate `cranpose_testing`
[INFO] [stdout]    |
[INFO] [stdout]    = help: if you wanted to use a crate named `cranpose_testing`, use `cargo add cranpose_testing` to add it to your `Cargo.toml`
[INFO] [stdout] 
[INFO] [stdout] 
[INFO] [stdout] error[E0432]: unresolved import `cranpose_testing`
[INFO] [stdout]   --> tests/saved_scroll.rs:20:5
[INFO] [stdout]    |
[INFO] [stdout] 20 | use cranpose_testing::create_headless_robot_test;
[INFO] [stdout]    |     ^^^^^^^^^^^^^^^^ use of unresolved module or unlinked crate `cranpose_testing`
[INFO] [stdout]    |
[INFO] [stdout]    = help: if you wanted to use a crate named `cranpose_testing`, use `cargo add cranpose_testing` to add it to your `Cargo.toml`
[INFO] [stdout] 
[INFO] [stdout] 
[INFO] [stdout] error[E0432]: unresolved import `cranpose_testing`
[INFO] [stdout]   --> tests/support/mod.rs:44:5
[INFO] [stdout]    |
[INFO] [stdout] 44 | use cranpose_testing::ComposeTestRule;
[INFO] [stdout]    |     ^^^^^^^^^^^^^^^^ use of unresolved module or unlinked crate `cranpose_testing`
[INFO] [stdout]    |
[INFO] [stdout]    = help: if you wanted to use a crate named `cranpose_testing`, use `cargo add cranpose_testing` to add it to your `Cargo.toml`
[INFO] [stdout] 
[INFO] [stdout] 
[INFO] [stdout] error[E0432]: unresolved import `cranpose_testing`
[INFO] [stdout]   --> tests/support/mod.rs:44:5
[INFO] [stdout]    |
[INFO] [stdout] 44 | use cranpose_testing::ComposeTestRule;
[INFO] [stdout]    |     ^^^^^^^^^^^^^^^^ use of unresolved module or unlinked crate `cranpose_testing`
[INFO] [stdout]    |
[INFO] [stdout]    = help: if you wanted to use a crate named `cranpose_testing`, use `cargo add cranpose_testing` to add it to your `Cargo.toml`
[INFO] [stdout] 
[INFO] [stdout] 
[INFO] [stdout] error[E0432]: unresolved import `cranpose_testing`
[INFO] [stdout]   --> tests/support/mod.rs:44:5
[INFO] [stdout]    |
[INFO] [stdout] 44 | use cranpose_testing::ComposeTestRule;
[INFO] [stdout]    |     ^^^^^^^^^^^^^^^^ use of unresolved module or unlinked crate `cranpose_testing`
[INFO] [stdout]    |
[INFO] [stdout]    = help: if you wanted to use a crate named `cranpose_testing`, use `cargo add cranpose_testing` to add it to your `Cargo.toml`
[INFO] [stdout] 
[INFO] [stdout] 
[INFO] [stdout] error[E0432]: unresolved import `cranpose_testing`
[INFO] [stdout]   --> tests/support/mod.rs:44:5
[INFO] [stdout]    |
[INFO] [stdout] 44 | use cranpose_testing::ComposeTestRule;
[INFO] [stdout]    |     ^^^^^^^^^^^^^^^^ use of unresolved module or unlinked crate `cranpose_testing`
[INFO] [stdout]    |
[INFO] [stdout]    = help: if you wanted to use a crate named `cranpose_testing`, use `cargo add cranpose_testing` to add it to your `Cargo.toml`
[INFO] [stdout] 
[INFO] [stdout] 
[INFO] [stdout] For more information about this error, try `rustc --explain E0432`.
[INFO] [stdout] 
[INFO] [stderr] error: could not compile `cranpose-navigation` (test "saved_scroll") due to 2 previous errors
[INFO] [stdout] For more information about this error, try `rustc --explain E0432`.
[INFO] [stdout] 
[INFO] [stderr] warning: build failed, waiting for other jobs to finish...
[INFO] [stderr] error: could not compile `cranpose-navigation` (test "predictive_back") due to 1 previous error
[INFO] [stdout] error[E0432]: unresolved import `cranpose_testing`
[INFO] [stdout]   --> tests/support/mod.rs:44:5
[INFO] [stdout]    |
[INFO] [stdout] 44 | use cranpose_testing::ComposeTestRule;
[INFO] [stdout]    |     ^^^^^^^^^^^^^^^^ use of unresolved module or unlinked crate `cranpose_testing`
[INFO] [stdout]    |
[INFO] [stdout]    = help: if you wanted to use a crate named `cranpose_testing`, use `cargo add cranpose_testing` to add it to your `Cargo.toml`
[INFO] [stdout] 
[INFO] [stdout] 
[INFO] [stdout] For more information about this error, try `rustc --explain E0432`.
[INFO] [stdout] 
[INFO] [stdout] error[E0432]: unresolved import `cranpose_testing`
[INFO] [stdout]   --> tests/support/mod.rs:44:5
[INFO] [stdout]    |
[INFO] [stdout] 44 | use cranpose_testing::ComposeTestRule;
[INFO] [stdout]    |     ^^^^^^^^^^^^^^^^ use of unresolved module or unlinked crate `cranpose_testing`
[INFO] [stdout]    |
[INFO] [stdout]    = help: if you wanted to use a crate named `cranpose_testing`, use `cargo add cranpose_testing` to add it to your `Cargo.toml`
[INFO] [stdout] 
[INFO] [stdout] 
[INFO] [stdout] For more information about this error, try `rustc --explain E0432`.
[INFO] [stdout] 
[INFO] [stderr] error: could not compile `cranpose-navigation` (test "browser_history") due to 1 previous error
[INFO] [stderr] error: could not compile `cranpose-navigation` (test "navigation") due to 1 previous error
[INFO] [stdout] For more information about this error, try `rustc --explain E0432`.
[INFO] [stdout] 
[INFO] [stderr] error: could not compile `cranpose-navigation` (test "back_gesture") due to 1 previous error
[INFO] [stdout] For more information about this error, try `rustc --explain E0432`.
[INFO] [stdout] 
[INFO] [stderr] error: could not compile `cranpose-navigation` (test "saved_state") due to 1 previous error
[INFO] [stdout] For more information about this error, try `rustc --explain E0432`.
[INFO] [stdout] 
[INFO] [stderr] error: could not compile `cranpose-navigation` (test "restoration") due to 1 previous error
[INFO] running `Command { std: "docker" "inspect" "0839f6b3905edcd805a77b83f12867ce0e61b7e673e16aee1617408e3866f1ad", kill_on_drop: false }`
[INFO] running `Command { std: "docker" "rm" "-f" "0839f6b3905edcd805a77b83f12867ce0e61b7e673e16aee1617408e3866f1ad", kill_on_drop: false }`
[INFO] [stdout] 0839f6b3905edcd805a77b83f12867ce0e61b7e673e16aee1617408e3866f1ad
