[INFO] fetching crate cranpose-liquid 0.12.0...
[INFO] testing cranpose-liquid-0.12.0 against 1.99.0-beta.8+cargoflags=--release for beta-release-1.100-2
[INFO] extracting crate cranpose-liquid 0.12.0 into /workspace/builds/worker-7-tc1/source
[INFO] started tweaking crates.io crate cranpose-liquid 0.12.0
[INFO] removed 0 missing tests
[INFO] finished tweaking crates.io crate cranpose-liquid 0.12.0
[INFO] tweaked toml for crates.io crate cranpose-liquid 0.12.0 written to /workspace/builds/worker-7-tc1/source/Cargo.toml
[INFO] validating manifest of crates.io crate cranpose-liquid 0.12.0 on toolchain 1.99.0-beta.8
[INFO] running `Command { std: CARGO_HOME="/workspace/cargo-home" RUSTUP_HOME="/workspace/rustup-home" "/workspace/cargo-home/bin/cargo" "+1.99.0-beta.8" "metadata" "--manifest-path" "Cargo.toml" "--no-deps", kill_on_drop: false }`
[INFO] crate crates.io crate cranpose-liquid 0.12.0 already has a lockfile, it will not be regenerated
[INFO] running `Command { std: CARGO_HOME="/workspace/cargo-home" RUSTUP_HOME="/workspace/rustup-home" "/workspace/cargo-home/bin/cargo" "+1.99.0-beta.8" "fetch" "--manifest-path" "Cargo.toml", kill_on_drop: false }`
[INFO] [stderr]     Blocking waiting for file lock on package cache
[INFO] [stderr]     Updating crates.io index
[INFO] [stderr]     Blocking waiting for file lock on package cache
[INFO] [stderr]  Downloading crates ...
[INFO] [stderr]   Downloaded cranpose-macros v0.12.0
[INFO] [stderr]   Downloaded cranpose-ui-layout v0.12.0
[INFO] [stderr]   Downloaded cranpose-localization v0.12.0
[INFO] [stderr]   Downloaded cranpose-animation v0.12.0
[INFO] [stderr]   Downloaded cranpose-ui-graphics v0.12.0
[INFO] [stderr]   Downloaded cranpose-foundation v0.12.0
[INFO] [stderr]   Downloaded cranpose-services v0.12.0
[INFO] [stderr]   Downloaded cranpose-core v0.12.0
[INFO] [stderr]   Downloaded cranpose-ui v0.12.0
[INFO] running `Command { std: "docker" "create" "-v" "/var/lib/crater-agent-workspace/builds/worker-7-tc1/source:/opt/rustwide/workdir:ro,Z" "-v" "/var/lib/crater-agent-workspace/builds/worker-7-tc1/target:/opt/rustwide/target:rw,Z" "-v" "/var/lib/crater-agent-workspace/cargo-home:/opt/rustwide/cargo-home:ro,Z" "-v" "/var/lib/crater-agent-workspace/rustup-home:/opt/rustwide/rustup-home:ro,Z" "-m" "1610612736" "--network" "none" "ghcr.io/rust-lang/crates-build-env/linux@sha256:77db811e55d90add9212f6832c23229e3de5f1c1f9905e8cb07319ea15df73ac" "sleep" "infinity", kill_on_drop: false }`
[INFO] [stdout] e17f0f444f062372d61a1a2ac6a926025d68e61260672a239e262f8428947353
[INFO] running `Command { std: "docker" "start" "e17f0f444f062372d61a1a2ac6a926025d68e61260672a239e262f8428947353", kill_on_drop: false }`
[INFO] running `Command { std: "docker" "inspect" "e17f0f444f062372d61a1a2ac6a926025d68e61260672a239e262f8428947353", kill_on_drop: false }`
[INFO] running `Command { std: "docker" "exec" "-e" "SOURCE_DIR=/opt/rustwide/workdir" "-e" "CARGO_HOME=/opt/rustwide/cargo-home" "-e" "RUSTUP_HOME=/opt/rustwide/rustup-home" "-e" "CARGO_TARGET_DIR=/opt/rustwide/target" "-w" "/opt/rustwide/workdir" "--user" "0:0" "e17f0f444f062372d61a1a2ac6a926025d68e61260672a239e262f8428947353" "/opt/rustwide/cargo-home/bin/cargo" "+1.99.0-beta.8" "metadata" "--no-deps" "--format-version=1", kill_on_drop: false }`
[INFO] running `Command { std: "docker" "inspect" "e17f0f444f062372d61a1a2ac6a926025d68e61260672a239e262f8428947353", kill_on_drop: false }`
[INFO] running `Command { std: "docker" "exec" "-e" "SOURCE_DIR=/opt/rustwide/workdir" "-e" "CARGO_HOME=/opt/rustwide/cargo-home" "-e" "RUSTUP_HOME=/opt/rustwide/rustup-home" "-e" "CARGO_TARGET_DIR=/opt/rustwide/target" "-e" "CARGO_INCREMENTAL=0" "-e" "RUST_BACKTRACE=full" "-e" "RUSTFLAGS=--cap-lints=warn" "-e" "RUSTDOCFLAGS=--cap-lints=warn" "-w" "/opt/rustwide/workdir" "--user" "0:0" "e17f0f444f062372d61a1a2ac6a926025d68e61260672a239e262f8428947353" "/opt/rustwide/cargo-home/bin/cargo" "+1.99.0-beta.8" "build" "--frozen" "--message-format=json" "--release", kill_on_drop: false }`
[INFO] [stderr]    Compiling thiserror v2.0.21
[INFO] [stderr]    Compiling portable-atomic v1.15.0
[INFO] [stderr]    Compiling libc v0.2.190
[INFO] [stderr]    Compiling smallvec v1.16.2
[INFO] [stderr]    Compiling winnow v1.0.4
[INFO] [stderr]    Compiling foldhash v0.2.0
[INFO] [stderr]    Compiling cranpose-ui-graphics v0.12.0
[INFO] [stderr]    Compiling cursor-icon v1.2.0
[INFO] [stderr]    Compiling event-listener v5.4.2
[INFO] [stderr]    Compiling indexmap v2.14.2
[INFO] [stderr]    Compiling futures-task v0.3.34
[INFO] [stderr]    Compiling toml_datetime v1.1.1+spec-1.1.0
[INFO] [stderr]    Compiling arrayvec v0.7.8
[INFO] [stderr]    Compiling pollster v0.4.0
[INFO] [stderr]    Compiling hashbrown v0.17.1
[INFO] [stderr]    Compiling syn v3.0.6
[INFO] [stderr]    Compiling web-time v1.1.0
[INFO] [stderr]    Compiling serde_core v1.0.229
[INFO] [stderr]    Compiling getrandom v0.4.3
[INFO] [stderr]    Compiling rustix v1.1.5
[INFO] [stderr]    Compiling bitflags v2.13.2
[INFO] [stderr]    Compiling linux-raw-sys v0.12.1
[INFO] [stderr]    Compiling digest v0.11.3
[INFO] [stderr]    Compiling serde_json v1.0.151
[INFO] [stderr]    Compiling once_cell v1.21.4
[INFO] [stderr]    Compiling unicode-segmentation v1.13.3
[INFO] [stderr]    Compiling fastrand v2.5.0
[INFO] [stderr]    Compiling sha2 v0.11.0
[INFO] [stderr]    Compiling toml_parser v1.1.3+spec-1.1.0
[INFO] [stderr]    Compiling dirs-sys v0.5.0
[INFO] [stderr]    Compiling parking_lot_core v0.9.12
[INFO] [stderr]    Compiling directories v6.0.0
[INFO] [stderr]    Compiling parking_lot v0.12.5
[INFO] [stderr]    Compiling toml_edit v0.25.15+spec-1.1.0
[INFO] [stderr]    Compiling tempfile v3.27.0
[INFO] [stderr]    Compiling synstructure v0.14.0
[INFO] [stderr]    Compiling proc-macro-crate v3.5.0
[INFO] [stderr]    Compiling zerofrom-derive v0.1.8
[INFO] [stderr]    Compiling yoke-derive v0.8.4
[INFO] [stderr]    Compiling zerovec-derive v0.11.6
[INFO] [stderr]    Compiling thiserror-impl v2.0.21
[INFO] [stderr]    Compiling displaydoc v0.2.7
[INFO] [stderr]    Compiling bytemuck_derive v1.12.1
[INFO] [stderr]    Compiling cranpose-macros v0.12.0
[INFO] [stderr]    Compiling zerofrom v0.1.8
[INFO] [stderr]    Compiling yoke v0.8.3
[INFO] [stderr]    Compiling cranpose-core v0.12.0
[INFO] [stderr]    Compiling zerovec v0.11.8
[INFO] [stderr]    Compiling zerotrie v0.2.5
[INFO] [stderr]    Compiling bytemuck v1.25.2
[INFO] [stderr]    Compiling tinystr v0.8.4
[INFO] [stderr]    Compiling potential_utf v0.1.6
[INFO] [stderr]    Compiling icu_collections v2.3.0
[INFO] [stderr]    Compiling icu_locale_core v2.3.0
[INFO] [stderr]    Compiling icu_provider v2.3.1
[INFO] [stderr]    Compiling icu_properties v2.3.0
[INFO] [stderr]    Compiling cranpose-ui-layout v0.12.0
[INFO] [stderr]    Compiling cranpose-animation v0.12.0
[INFO] [stderr]    Compiling cranpose-services v0.12.0
[INFO] [stderr]    Compiling cranpose-foundation v0.12.0
[INFO] [stderr]    Compiling cranpose-ui v0.12.0
[INFO] [stderr]    Compiling cranpose-liquid v0.12.0 (/opt/rustwide/workdir)
[INFO] [stderr]     Finished `release` profile [optimized] target(s) in 1m 53s
[INFO] running `Command { std: "docker" "inspect" "e17f0f444f062372d61a1a2ac6a926025d68e61260672a239e262f8428947353", kill_on_drop: false }`
[INFO] running `Command { std: "docker" "exec" "-e" "SOURCE_DIR=/opt/rustwide/workdir" "-e" "CARGO_HOME=/opt/rustwide/cargo-home" "-e" "RUSTUP_HOME=/opt/rustwide/rustup-home" "-e" "CARGO_TARGET_DIR=/opt/rustwide/target" "-e" "CARGO_INCREMENTAL=0" "-e" "RUST_BACKTRACE=full" "-e" "RUSTFLAGS=--cap-lints=warn" "-e" "RUSTDOCFLAGS=--cap-lints=warn" "-w" "/opt/rustwide/workdir" "--user" "0:0" "e17f0f444f062372d61a1a2ac6a926025d68e61260672a239e262f8428947353" "/opt/rustwide/cargo-home/bin/cargo" "+1.99.0-beta.8" "test" "--frozen" "--no-run" "--message-format=json" "--release", kill_on_drop: false }`
[INFO] [stderr]    Compiling cranpose-liquid v0.12.0 (/opt/rustwide/workdir)
[INFO] [stdout] error: couldn't read `tests/../../cranpose-render/common/assets/NotoSansMerged.ttf`: No such file or directory (os error 2)
[INFO] [stdout]   --> tests/segmented_style.rs:35:62
[INFO] [stdout]    |
[INFO] [stdout] 35 |       let fonts = SoftwareTextFontSet::from_fonts_or_default(&[include_bytes!(
[INFO] [stdout]    |  ______________________________________________________________^
[INFO] [stdout] 36 | |         "../../cranpose-render/common/assets/NotoSansMerged.ttf"
[INFO] [stdout] 37 | |     )]);
[INFO] [stdout]    | |_____^
[INFO] [stdout] 
[INFO] [stdout] 
[INFO] [stdout] error: couldn't read `tests/../../cranpose-render/common/assets/NotoSansMerged.ttf`: No such file or directory (os error 2)
[INFO] [stdout]   --> tests/tab_label_extents.rs:25:9
[INFO] [stdout]    |
[INFO] [stdout] 25 |         include_bytes!("../../cranpose-render/common/assets/NotoSansMerged.ttf"),
[INFO] [stdout]    |         ^^^^^^^^^^^^^^^^^^^^^^^^^^^^^^^^^^^^^^^^^^^^^^^^^^^^^^^^^^^^^^^^^^^^^^^^
[INFO] [stdout] 
[INFO] [stdout] 
[INFO] [stdout] error: couldn't read `tests/../../cranpose-render/common/tests/fixtures/localization/Arabic.ttf`: No such file or directory (os error 2)
[INFO] [stdout]   --> tests/tab_label_extents.rs:26:9
[INFO] [stdout]    |
[INFO] [stdout] 26 |         include_bytes!("../../cranpose-render/common/tests/fixtures/localization/Arabic.ttf"),
[INFO] [stdout]    |         ^^^^^^^^^^^^^^^^^^^^^^^^^^^^^^^^^^^^^^^^^^^^^^^^^^^^^^^^^^^^^^^^^^^^^^^^^^^^^^^^^^^^^
[INFO] [stdout] 
[INFO] [stdout] 
[INFO] [stdout] error: couldn't read `tests/../../cranpose-render/common/tests/fixtures/localization/Devanagari.ttf`: No such file or directory (os error 2)
[INFO] [stdout]   --> tests/tab_label_extents.rs:27:9
[INFO] [stdout]    |
[INFO] [stdout] 27 |         include_bytes!("../../cranpose-render/common/tests/fixtures/localization/Devanagari.ttf"),
[INFO] [stdout]    |         ^^^^^^^^^^^^^^^^^^^^^^^^^^^^^^^^^^^^^^^^^^^^^^^^^^^^^^^^^^^^^^^^^^^^^^^^^^^^^^^^^^^^^^^^^
[INFO] [stdout] 
[INFO] [stdout] 
[INFO] [stdout] error[E0432]: unresolved import `cranpose_testing`
[INFO] [stdout]  --> tests/accessibility_actions.rs:3:5
[INFO] [stdout]   |
[INFO] [stdout] 3 | use cranpose_testing::{
[INFO] [stdout]   |     ^^^^^^^^^^^^^^^^ use of unresolved module or unlinked crate `cranpose_testing`
[INFO] [stdout]   |
[INFO] [stdout]   = help: if you wanted to use a crate named `cranpose_testing`, use `cargo add cranpose_testing` to add it to your `Cargo.toml`
[INFO] [stdout] 
[INFO] [stdout] 
[INFO] [stdout] error[E0433]: cannot find module or crate `cranpose_testing` in this scope
[INFO] [stdout]   --> tests/bottom_sheet.rs:14:5
[INFO] [stdout]    |
[INFO] [stdout] 14 | use cranpose_testing::{
[INFO] [stdout]    |     ^^^^^^^^^^^^^^^^ use of unresolved module or unlinked crate `cranpose_testing`
[INFO] [stdout]    |
[INFO] [stdout]    = help: if you wanted to use a crate named `cranpose_testing`, use `cargo add cranpose_testing` to add it to your `Cargo.toml`
[INFO] [stdout] 
[INFO] [stdout] 
[INFO] [stdout] error[E0432]: unresolved import `cranpose_testing`
[INFO] [stdout]   --> tests/bottom_sheet.rs:14:5
[INFO] [stdout]    |
[INFO] [stdout] 14 | use cranpose_testing::{
[INFO] [stdout]    |     ^^^^^^^^^^^^^^^^ use of unresolved module or unlinked crate `cranpose_testing`
[INFO] [stdout]    |
[INFO] [stdout]    = help: if you wanted to use a crate named `cranpose_testing`, use `cargo add cranpose_testing` to add it to your `Cargo.toml`
[INFO] [stdout] 
[INFO] [stdout] 
[INFO] [stdout] error[E0432]: unresolved import `cranpose_testing`
[INFO] [stdout]  --> tests/date_picker.rs:7:5
[INFO] [stdout]   |
[INFO] [stdout] 7 | use cranpose_testing::{
[INFO] [stdout]   |     ^^^^^^^^^^^^^^^^ use of unresolved module or unlinked crate `cranpose_testing`
[INFO] [stdout]   |
[INFO] [stdout]   = help: if you wanted to use a crate named `cranpose_testing`, use `cargo add cranpose_testing` to add it to your `Cargo.toml`
[INFO] [stdout] 
[INFO] [stdout] 
[INFO] [stdout] error[E0432]: unresolved import `cranpose_testing`
[INFO] [stdout]  --> tests/floating_button_interaction.rs:4:5
[INFO] [stdout]   |
[INFO] [stdout] 4 | use cranpose_testing::{
[INFO] [stdout]   |     ^^^^^^^^^^^^^^^^ use of unresolved module or unlinked crate `cranpose_testing`
[INFO] [stdout]   |
[INFO] [stdout]   = help: if you wanted to use a crate named `cranpose_testing`, use `cargo add cranpose_testing` to add it to your `Cargo.toml`
[INFO] [stdout] 
[INFO] [stdout] 
[INFO] [stdout] error[E0433]: cannot find module or crate `cranpose_testing` in this scope
[INFO] [stdout]  --> tests/pull_to_refresh.rs:8:5
[INFO] [stdout]   |
[INFO] [stdout] 8 | use cranpose_testing::{
[INFO] [stdout]   |     ^^^^^^^^^^^^^^^^ use of unresolved module or unlinked crate `cranpose_testing`
[INFO] [stdout]   |
[INFO] [stdout]   = help: if you wanted to use a crate named `cranpose_testing`, use `cargo add cranpose_testing` to add it to your `Cargo.toml`
[INFO] [stdout] 
[INFO] [stdout] 
[INFO] [stdout] error[E0433]: cannot find module or crate `cranpose_render_common` in this scope
[INFO] [stdout]  --> tests/segmented_style.rs:4:5
[INFO] [stdout]   |
[INFO] [stdout] 4 | use cranpose_render_common::{
[INFO] [stdout]   |     ^^^^^^^^^^^^^^^^^^^^^^ use of unresolved module or unlinked crate `cranpose_render_common`
[INFO] [stdout]   |
[INFO] [stdout]   = help: if you wanted to use a crate named `cranpose_render_common`, use `cargo add cranpose_render_common` to add it to your `Cargo.toml`
[INFO] [stdout] 
[INFO] [stdout] 
[INFO] [stdout] error[E0432]: unresolved import `cranpose_testing`
[INFO] [stdout]  --> tests/pull_to_refresh.rs:8:5
[INFO] [stdout]   |
[INFO] [stdout] 8 | use cranpose_testing::{
[INFO] [stdout]   |     ^^^^^^^^^^^^^^^^ use of unresolved module or unlinked crate `cranpose_testing`
[INFO] [stdout]   |
[INFO] [stdout]   = help: if you wanted to use a crate named `cranpose_testing`, use `cargo add cranpose_testing` to add it to your `Cargo.toml`
[INFO] [stdout] 
[INFO] [stdout] 
[INFO] [stdout] error[E0432]: unresolved import `cranpose_testing`
[INFO] [stdout]  --> tests/segmented_style.rs:8:5
[INFO] [stdout]   |
[INFO] [stdout] 8 | use cranpose_testing::create_headless_robot_test_with_text_measurer;
[INFO] [stdout]   |     ^^^^^^^^^^^^^^^^ use of unresolved module or unlinked crate `cranpose_testing`
[INFO] [stdout]   |
[INFO] [stdout]   = help: if you wanted to use a crate named `cranpose_testing`, use `cargo add cranpose_testing` to add it to your `Cargo.toml`
[INFO] [stdout] 
[INFO] [stdout] 
[INFO] [stdout] error[E0432]: unresolved import `cranpose_testing`
[INFO] [stdout]  --> tests/selection_controls.rs:7:5
[INFO] [stdout]   |
[INFO] [stdout] 7 | use cranpose_testing::{
[INFO] [stdout]   |     ^^^^^^^^^^^^^^^^ use of unresolved module or unlinked crate `cranpose_testing`
[INFO] [stdout]   |
[INFO] [stdout]   = help: if you wanted to use a crate named `cranpose_testing`, use `cargo add cranpose_testing` to add it to your `Cargo.toml`
[INFO] [stdout] 
[INFO] [stdout] 
[INFO] [stdout] error[E0433]: cannot find module or crate `cranpose_render_common` in this scope
[INFO] [stdout]  --> tests/tab_label_extents.rs:4:5
[INFO] [stdout]   |
[INFO] [stdout] 4 | use cranpose_render_common::{
[INFO] [stdout]   |     ^^^^^^^^^^^^^^^^^^^^^^ use of unresolved module or unlinked crate `cranpose_render_common`
[INFO] [stdout]   |
[INFO] [stdout]   = help: if you wanted to use a crate named `cranpose_render_common`, use `cargo add cranpose_render_common` to add it to your `Cargo.toml`
[INFO] [stdout] 
[INFO] [stdout] 
[INFO] [stdout] error[E0432]: unresolved import `cranpose_testing`
[INFO] [stdout]   --> tests/snackbar_host.rs:14:5
[INFO] [stdout]    |
[INFO] [stdout] 14 | use cranpose_testing::{RobotTestRule, TestRenderer, create_headless_robot_test};
[INFO] [stdout]    |     ^^^^^^^^^^^^^^^^ use of unresolved module or unlinked crate `cranpose_testing`
[INFO] [stdout]    |
[INFO] [stdout]    = help: if you wanted to use a crate named `cranpose_testing`, use `cargo add cranpose_testing` to add it to your `Cargo.toml`
[INFO] [stdout] 
[INFO] [stdout] 
[INFO] [stdout] error[E0432]: unresolved import `cranpose_testing`
[INFO] [stdout]  --> tests/tab_label_extents.rs:8:5
[INFO] [stdout]   |
[INFO] [stdout] 8 | use cranpose_testing::create_headless_robot_test_with_text_measurer;
[INFO] [stdout]   |     ^^^^^^^^^^^^^^^^ use of unresolved module or unlinked crate `cranpose_testing`
[INFO] [stdout]   |
[INFO] [stdout]   = help: if you wanted to use a crate named `cranpose_testing`, use `cargo add cranpose_testing` to add it to your `Cargo.toml`
[INFO] [stdout] 
[INFO] [stdout] 
[INFO] [stdout] error[E0432]: unresolved import `cranpose_testing`
[INFO] [stdout]  --> tests/time_picker.rs:9:5
[INFO] [stdout]   |
[INFO] [stdout] 9 | use cranpose_testing::{
[INFO] [stdout]   |     ^^^^^^^^^^^^^^^^ use of unresolved module or unlinked crate `cranpose_testing`
[INFO] [stdout]   |
[INFO] [stdout]   = help: if you wanted to use a crate named `cranpose_testing`, use `cargo add cranpose_testing` to add it to your `Cargo.toml`
[INFO] [stdout] 
[INFO] [stdout] 
[INFO] [stdout] error[E0433]: cannot find module or crate `cranpose_testing` in this scope
[INFO] [stdout]   --> tests/tooltip.rs:10:5
[INFO] [stdout]    |
[INFO] [stdout] 10 | use cranpose_testing::{
[INFO] [stdout]    |     ^^^^^^^^^^^^^^^^ use of unresolved module or unlinked crate `cranpose_testing`
[INFO] [stdout]    |
[INFO] [stdout]    = help: if you wanted to use a crate named `cranpose_testing`, use `cargo add cranpose_testing` to add it to your `Cargo.toml`
[INFO] [stdout] 
[INFO] [stdout] 
[INFO] [stdout] error[E0432]: unresolved import `cranpose_testing`
[INFO] [stdout]   --> tests/tooltip.rs:10:5
[INFO] [stdout]    |
[INFO] [stdout] 10 | use cranpose_testing::{
[INFO] [stdout]    |     ^^^^^^^^^^^^^^^^ use of unresolved module or unlinked crate `cranpose_testing`
[INFO] [stdout]    |
[INFO] [stdout]    = help: if you wanted to use a crate named `cranpose_testing`, use `cargo add cranpose_testing` to add it to your `Cargo.toml`
[INFO] [stdout] 
[INFO] [stdout] 
[INFO] [stdout] error[E0433]: cannot find module or crate `cranpose_testing` in this scope
[INFO] [stdout]    --> tests/accessibility_actions.rs:437:40
[INFO] [stdout]     |
[INFO] [stdout] 437 |             .any(|issue| issue.kind == cranpose_testing::AccessibilityIssueKind::NoPaneTitle),
[INFO] [stdout]     |                                        ^^^^^^^^^^^^^^^^ use of unresolved module or unlinked crate `cranpose_testing`
[INFO] [stdout]     |
[INFO] [stdout]     = help: if you wanted to use a crate named `cranpose_testing`, use `cargo add cranpose_testing` to add it to your `Cargo.toml`
[INFO] [stdout] 
[INFO] [stdout] 
[INFO] [stdout] error[E0433]: cannot find module or crate `cranpose_testing` in this scope
[INFO] [stdout]   --> tests/time_picker.rs:66:19
[INFO] [stdout]    |
[INFO] [stdout] 66 |         let set = cranpose_testing::robot_assertions::find_semantics_node(tree.root(), &|found| {
[INFO] [stdout]    |                   ^^^^^^^^^^^^^^^^ use of unresolved module or unlinked crate `cranpose_testing`
[INFO] [stdout]    |
[INFO] [stdout]    = help: if you wanted to use a crate named `cranpose_testing`, use `cargo add cranpose_testing` to add it to your `Cargo.toml`
[INFO] [stdout] 
[INFO] [stdout] 
[INFO] [stdout] error[E0433]: cannot find module or crate `cranpose_testing` in this scope
[INFO] [stdout]    --> tests/widget_composition.rs:483:20
[INFO] [stdout]     |
[INFO] [stdout] 483 |     let mut rule = cranpose_testing::ComposeTestRule::new();
[INFO] [stdout]     |                    ^^^^^^^^^^^^^^^^ use of unresolved module or unlinked crate `cranpose_testing`
[INFO] [stdout]     |
[INFO] [stdout]     = help: if you wanted to use a crate named `cranpose_testing`, use `cargo add cranpose_testing` to add it to your `Cargo.toml`
[INFO] [stdout] 
[INFO] [stdout] 
[INFO] [stdout] error[E0433]: cannot find module or crate `cranpose_testing` in this scope
[INFO] [stdout]    --> tests/accessibility_actions.rs:433:18
[INFO] [stdout]     |
[INFO] [stdout] 433 |     let issues = cranpose_testing::audit_accessibility(&tree);
[INFO] [stdout]     |                  ^^^^^^^^^^^^^^^^ use of unresolved module or unlinked crate `cranpose_testing`
[INFO] [stdout]     |
[INFO] [stdout]     = help: if you wanted to use a crate named `cranpose_testing`, use `cargo add cranpose_testing` to add it to your `Cargo.toml`
[INFO] [stdout] 
[INFO] [stdout] 
[INFO] [stdout] error[E0433]: cannot find module or crate `cranpose_testing` in this scope
[INFO] [stdout]   --> tests/segmented_style.rs:86:49
[INFO] [stdout]    |
[INFO] [stdout] 86 |     robot: &mut cranpose_testing::RobotTestRule<cranpose_testing::TestRenderer>,
[INFO] [stdout]    |                                                 ^^^^^^^^^^^^^^^^ use of unresolved module or unlinked crate `cranpose_testing`
[INFO] [stdout]    |
[INFO] [stdout]    = help: if you wanted to use a crate named `cranpose_testing`, use `cargo add cranpose_testing` to add it to your `Cargo.toml`
[INFO] [stdout] 
[INFO] [stdout] 
[INFO] [stdout] error[E0433]: cannot find module or crate `cranpose_testing` in this scope
[INFO] [stdout]   --> tests/segmented_style.rs:34:6
[INFO] [stdout]    |
[INFO] [stdout] 34 | ) -> cranpose_testing::RobotTestRule<cranpose_testing::TestRenderer> {
[INFO] [stdout]    |      ^^^^^^^^^^^^^^^^ use of unresolved module or unlinked crate `cranpose_testing`
[INFO] [stdout]    |
[INFO] [stdout]    = help: if you wanted to use a crate named `cranpose_testing`, use `cargo add cranpose_testing` to add it to your `Cargo.toml`
[INFO] [stdout] 
[INFO] [stdout] 
[INFO] [stdout] error[E0433]: cannot find module or crate `cranpose_testing` in this scope
[INFO] [stdout]   --> tests/segmented_style.rs:34:38
[INFO] [stdout]    |
[INFO] [stdout] 34 | ) -> cranpose_testing::RobotTestRule<cranpose_testing::TestRenderer> {
[INFO] [stdout]    |                                      ^^^^^^^^^^^^^^^^ use of unresolved module or unlinked crate `cranpose_testing`
[INFO] [stdout]    |
[INFO] [stdout]    = help: if you wanted to use a crate named `cranpose_testing`, use `cargo add cranpose_testing` to add it to your `Cargo.toml`
[INFO] [stdout] 
[INFO] [stdout] 
[INFO] [stdout] error[E0433]: cannot find module or crate `cranpose_testing` in this scope
[INFO] [stdout]   --> tests/segmented_style.rs:76:17
[INFO] [stdout]    |
[INFO] [stdout] 76 |     robot: &mut cranpose_testing::RobotTestRule<cranpose_testing::TestRenderer>,
[INFO] [stdout]    |                 ^^^^^^^^^^^^^^^^ use of unresolved module or unlinked crate `cranpose_testing`
[INFO] [stdout]    |
[INFO] [stdout]    = help: if you wanted to use a crate named `cranpose_testing`, use `cargo add cranpose_testing` to add it to your `Cargo.toml`
[INFO] [stdout] 
[INFO] [stdout] 
[INFO] [stdout] error[E0433]: cannot find module or crate `cranpose_testing` in this scope
[INFO] [stdout]   --> tests/segmented_style.rs:76:49
[INFO] [stdout]    |
[INFO] [stdout] 76 |     robot: &mut cranpose_testing::RobotTestRule<cranpose_testing::TestRenderer>,
[INFO] [stdout]    |                                                 ^^^^^^^^^^^^^^^^ use of unresolved module or unlinked crate `cranpose_testing`
[INFO] [stdout]    |
[INFO] [stdout]    = help: if you wanted to use a crate named `cranpose_testing`, use `cargo add cranpose_testing` to add it to your `Cargo.toml`
[INFO] [stdout] 
[INFO] [stdout] 
[INFO] [stdout] error[E0433]: cannot find module or crate `cranpose_testing` in this scope
[INFO] [stdout]   --> tests/segmented_style.rs:86:17
[INFO] [stdout]    |
[INFO] [stdout] 86 |     robot: &mut cranpose_testing::RobotTestRule<cranpose_testing::TestRenderer>,
[INFO] [stdout]    |                 ^^^^^^^^^^^^^^^^ use of unresolved module or unlinked crate `cranpose_testing`
[INFO] [stdout]    |
[INFO] [stdout]    = help: if you wanted to use a crate named `cranpose_testing`, use `cargo add cranpose_testing` to add it to your `Cargo.toml`
[INFO] [stdout] 
[INFO] [stdout] 
[INFO] [stdout] Some errors have detailed explanations: E0432, E0433.
[INFO] [stdout] 
[INFO] [stdout] For more information about an error, try `rustc --explain E0432`.
[INFO] [stdout] 
[INFO] [stderr] error: could not compile `cranpose-liquid` (test "integration") due to 30 previous errors
[INFO] [stderr] warning: build failed, waiting for other jobs to finish...
[INFO] [stdout] error[E0433]: cannot find module or crate `cranpose_testing` in this scope
[INFO] [stdout]  --> src/widgets/tests/widgets_warm_up_tests.rs:9:20
[INFO] [stdout]   |
[INFO] [stdout] 9 |     let mut rule = cranpose_testing::ComposeTestRule::new();
[INFO] [stdout]   |                    ^^^^^^^^^^^^^^^^ use of unresolved module or unlinked crate `cranpose_testing`
[INFO] [stdout]   |
[INFO] [stdout]   = help: if you wanted to use a crate named `cranpose_testing`, use `cargo add cranpose_testing` to add it to your `Cargo.toml`
[INFO] [stdout] 
[INFO] [stdout] 
[INFO] [stdout] For more information about this error, try `rustc --explain E0433`.
[INFO] [stdout] 
[INFO] [stderr] error: could not compile `cranpose-liquid` (lib test) due to 1 previous error
[INFO] running `Command { std: "docker" "inspect" "e17f0f444f062372d61a1a2ac6a926025d68e61260672a239e262f8428947353", kill_on_drop: false }`
[INFO] running `Command { std: "docker" "rm" "-f" "e17f0f444f062372d61a1a2ac6a926025d68e61260672a239e262f8428947353", kill_on_drop: false }`
[INFO] [stdout] e17f0f444f062372d61a1a2ac6a926025d68e61260672a239e262f8428947353
