[INFO] fetching crate cranpose-core 0.12.0...
[INFO] testing cranpose-core-0.12.0 against 1.99.0-beta.8+cargoflags=--release for beta-release-1.100-2
[INFO] extracting crate cranpose-core 0.12.0 into /workspace/builds/worker-6-tc1/source
[INFO] started tweaking crates.io crate cranpose-core 0.12.0
[INFO] removed 0 missing tests
[INFO] finished tweaking crates.io crate cranpose-core 0.12.0
[INFO] tweaked toml for crates.io crate cranpose-core 0.12.0 written to /workspace/builds/worker-6-tc1/source/Cargo.toml
[INFO] validating manifest of crates.io crate cranpose-core 0.12.0 on toolchain 1.99.0-beta.8
[INFO] running `Command { std: CARGO_HOME="/workspace/cargo-home" RUSTUP_HOME="/workspace/rustup-home" "/workspace/cargo-home/bin/cargo" "+1.99.0-beta.8" "metadata" "--manifest-path" "Cargo.toml" "--no-deps", kill_on_drop: false }`
[INFO] crate crates.io crate cranpose-core 0.12.0 already has a lockfile, it will not be regenerated
[INFO] running `Command { std: CARGO_HOME="/workspace/cargo-home" RUSTUP_HOME="/workspace/rustup-home" "/workspace/cargo-home/bin/cargo" "+1.99.0-beta.8" "fetch" "--manifest-path" "Cargo.toml", kill_on_drop: false }`
[INFO] [stderr]     Updating crates.io index
[INFO] [stderr]  Downloading crates ...
[INFO] [stderr]   Downloaded stats_alloc v0.1.10
[INFO] running `Command { std: "docker" "create" "-v" "/var/lib/crater-agent-workspace/builds/worker-6-tc1/source:/opt/rustwide/workdir:ro,Z" "-v" "/var/lib/crater-agent-workspace/builds/worker-6-tc1/target:/opt/rustwide/target:rw,Z" "-v" "/var/lib/crater-agent-workspace/cargo-home:/opt/rustwide/cargo-home:ro,Z" "-v" "/var/lib/crater-agent-workspace/rustup-home:/opt/rustwide/rustup-home:ro,Z" "-m" "1610612736" "--network" "none" "ghcr.io/rust-lang/crates-build-env/linux@sha256:77db811e55d90add9212f6832c23229e3de5f1c1f9905e8cb07319ea15df73ac" "sleep" "infinity", kill_on_drop: false }`
[INFO] [stdout] 4ef80994313e8cbd138ff3bb1cf92c5f084a74f6f2c1aec7ec7f2d0942483830
[INFO] running `Command { std: "docker" "start" "4ef80994313e8cbd138ff3bb1cf92c5f084a74f6f2c1aec7ec7f2d0942483830", kill_on_drop: false }`
[INFO] running `Command { std: "docker" "inspect" "4ef80994313e8cbd138ff3bb1cf92c5f084a74f6f2c1aec7ec7f2d0942483830", kill_on_drop: false }`
[INFO] running `Command { std: "docker" "exec" "-e" "SOURCE_DIR=/opt/rustwide/workdir" "-e" "CARGO_HOME=/opt/rustwide/cargo-home" "-e" "RUSTUP_HOME=/opt/rustwide/rustup-home" "-e" "CARGO_TARGET_DIR=/opt/rustwide/target" "-w" "/opt/rustwide/workdir" "--user" "0:0" "4ef80994313e8cbd138ff3bb1cf92c5f084a74f6f2c1aec7ec7f2d0942483830" "/opt/rustwide/cargo-home/bin/cargo" "+1.99.0-beta.8" "metadata" "--no-deps" "--format-version=1", kill_on_drop: false }`
[INFO] running `Command { std: "docker" "inspect" "4ef80994313e8cbd138ff3bb1cf92c5f084a74f6f2c1aec7ec7f2d0942483830", kill_on_drop: false }`
[INFO] running `Command { std: "docker" "exec" "-e" "SOURCE_DIR=/opt/rustwide/workdir" "-e" "CARGO_HOME=/opt/rustwide/cargo-home" "-e" "RUSTUP_HOME=/opt/rustwide/rustup-home" "-e" "CARGO_TARGET_DIR=/opt/rustwide/target" "-e" "CARGO_INCREMENTAL=0" "-e" "RUST_BACKTRACE=full" "-e" "RUSTFLAGS=--cap-lints=warn" "-e" "RUSTDOCFLAGS=--cap-lints=warn" "-w" "/opt/rustwide/workdir" "--user" "0:0" "4ef80994313e8cbd138ff3bb1cf92c5f084a74f6f2c1aec7ec7f2d0942483830" "/opt/rustwide/cargo-home/bin/cargo" "+1.99.0-beta.8" "build" "--frozen" "--message-format=json" "--release", kill_on_drop: false }`
[INFO] [stderr]    Compiling syn v3.0.6
[INFO] [stderr]    Compiling thiserror v2.0.21
[INFO] [stderr]    Compiling portable-atomic v1.15.0
[INFO] [stderr]    Compiling pollster v0.4.0
[INFO] [stderr]    Compiling hashbrown v0.17.1
[INFO] [stderr]    Compiling futures-task v0.3.34
[INFO] [stderr]    Compiling foldhash v0.2.0
[INFO] [stderr]    Compiling smallvec v1.16.2
[INFO] [stderr]    Compiling event-listener v5.4.2
[INFO] [stderr]    Compiling thiserror-impl v2.0.21
[INFO] [stderr]    Compiling cranpose-core v0.12.0 (/opt/rustwide/workdir)
[INFO] [stderr]     Finished `release` profile [optimized] target(s) in 15.61s
[INFO] running `Command { std: "docker" "inspect" "4ef80994313e8cbd138ff3bb1cf92c5f084a74f6f2c1aec7ec7f2d0942483830", kill_on_drop: false }`
[INFO] running `Command { std: "docker" "exec" "-e" "SOURCE_DIR=/opt/rustwide/workdir" "-e" "CARGO_HOME=/opt/rustwide/cargo-home" "-e" "RUSTUP_HOME=/opt/rustwide/rustup-home" "-e" "CARGO_TARGET_DIR=/opt/rustwide/target" "-e" "CARGO_INCREMENTAL=0" "-e" "RUST_BACKTRACE=full" "-e" "RUSTFLAGS=--cap-lints=warn" "-e" "RUSTDOCFLAGS=--cap-lints=warn" "-w" "/opt/rustwide/workdir" "--user" "0:0" "4ef80994313e8cbd138ff3bb1cf92c5f084a74f6f2c1aec7ec7f2d0942483830" "/opt/rustwide/cargo-home/bin/cargo" "+1.99.0-beta.8" "test" "--frozen" "--no-run" "--message-format=json" "--release", kill_on_drop: false }`
[INFO] [stderr]    Compiling stats_alloc v0.1.10
[INFO] [stderr]    Compiling cranpose-core v0.12.0 (/opt/rustwide/workdir)
[INFO] [stdout] error[E0433]: cannot find module or crate `cranpose_macros` in this scope
[INFO] [stdout]   --> tests/recompose_child_order.rs:15:3
[INFO] [stdout]    |
[INFO] [stdout] 15 | #[cranpose_macros::composable]
[INFO] [stdout]    |   ^^^^^^^^^^^^^^^ use of unresolved module or unlinked crate `cranpose_macros`
[INFO] [stdout] 
[INFO] [stdout] 
[INFO] [stdout] error[E0433]: cannot find module or crate `cranpose_macros` in this scope
[INFO] [stdout]   --> tests/recompose_child_order.rs:29:3
[INFO] [stdout]    |
[INFO] [stdout] 29 | #[cranpose_macros::composable]
[INFO] [stdout]    |   ^^^^^^^^^^^^^^^ use of unresolved module or unlinked crate `cranpose_macros`
[INFO] [stdout] 
[INFO] [stdout] 
[INFO] [stdout] error[E0433]: cannot find module or crate `cranpose_macros` in this scope
[INFO] [stdout]   --> tests/recompose_child_order.rs:37:3
[INFO] [stdout]    |
[INFO] [stdout] 37 | #[cranpose_macros::composable]
[INFO] [stdout]    |   ^^^^^^^^^^^^^^^ use of unresolved module or unlinked crate `cranpose_macros`
[INFO] [stdout] 
[INFO] [stdout] 
[INFO] [stdout] error[E0433]: cannot find module or crate `cranpose_macros` in this scope
[INFO] [stdout]   --> tests/recompose_child_order.rs:45:3
[INFO] [stdout]    |
[INFO] [stdout] 45 | #[cranpose_macros::composable]
[INFO] [stdout]    |   ^^^^^^^^^^^^^^^ use of unresolved module or unlinked crate `cranpose_macros`
[INFO] [stdout] 
[INFO] [stdout] 
[INFO] [stdout] error[E0433]: cannot find module or crate `cranpose_macros` in this scope
[INFO] [stdout]   --> tests/returned_values.rs:12:3
[INFO] [stdout]    |
[INFO] [stdout] 12 | #[cranpose_macros::composable]
[INFO] [stdout]    |   ^^^^^^^^^^^^^^^ use of unresolved module or unlinked crate `cranpose_macros`
[INFO] [stdout] 
[INFO] [stdout] 
[INFO] [stdout] error[E0433]: cannot find module or crate `cranpose_macros` in this scope
[INFO] [stdout]   --> tests/returned_values.rs:18:3
[INFO] [stdout]    |
[INFO] [stdout] 18 | #[cranpose_macros::composable]
[INFO] [stdout]    |   ^^^^^^^^^^^^^^^ use of unresolved module or unlinked crate `cranpose_macros`
[INFO] [stdout] 
[INFO] [stdout] 
[INFO] [stdout] error[E0433]: cannot find module or crate `cranpose_macros` in this scope
[INFO] [stdout]   --> tests/returned_values.rs:24:3
[INFO] [stdout]    |
[INFO] [stdout] 24 | #[cranpose_macros::composable]
[INFO] [stdout]    |   ^^^^^^^^^^^^^^^ use of unresolved module or unlinked crate `cranpose_macros`
[INFO] [stdout] 
[INFO] [stdout] 
[INFO] [stdout] error[E0433]: cannot find module or crate `cranpose_macros` in this scope
[INFO] [stdout]   --> tests/static_locals.rs:25:3
[INFO] [stdout]    |
[INFO] [stdout] 25 | #[cranpose_macros::composable]
[INFO] [stdout]    |   ^^^^^^^^^^^^^^^ use of unresolved module or unlinked crate `cranpose_macros`
[INFO] [stdout] 
[INFO] [stdout] 
[INFO] [stdout] error[E0433]: cannot find module or crate `cranpose_macros` in this scope
[INFO] [stdout]   --> tests/static_locals.rs:31:3
[INFO] [stdout]    |
[INFO] [stdout] 31 | #[cranpose_macros::composable]
[INFO] [stdout]    |   ^^^^^^^^^^^^^^^ use of unresolved module or unlinked crate `cranpose_macros`
[INFO] [stdout] 
[INFO] [stdout] 
[INFO] [stdout] error[E0433]: cannot find module or crate `cranpose_macros` in this scope
[INFO] [stdout]   --> tests/static_locals.rs:37:3
[INFO] [stdout]    |
[INFO] [stdout] 37 | #[cranpose_macros::composable]
[INFO] [stdout]    |   ^^^^^^^^^^^^^^^ use of unresolved module or unlinked crate `cranpose_macros`
[INFO] [stdout] 
[INFO] [stdout] 
[INFO] [stdout] For more information about this error, try `rustc --explain E0433`.
[INFO] [stdout] 
[INFO] [stderr] error: could not compile `cranpose-core` (test "integration") due to 10 previous errors
[INFO] [stderr] warning: build failed, waiting for other jobs to finish...
[INFO] [stdout] error[E0432]: unresolved import `cranpose_macros`
[INFO] [stdout]   --> src/tests/mod.rs:11:5
[INFO] [stdout]    |
[INFO] [stdout] 11 | use cranpose_macros::composable;
[INFO] [stdout]    |     ^^^^^^^^^^^^^^^ use of unresolved module or unlinked crate `cranpose_macros`
[INFO] [stdout]    |
[INFO] [stdout] help: there is a crate or module with a similar name
[INFO] [stdout]    |
[INFO] [stdout] 11 - use cranpose_macros::composable;
[INFO] [stdout] 11 + use cranpose_core::composable;
[INFO] [stdout]    |
[INFO] [stdout] 
[INFO] [stdout] 
[INFO] [stdout] error[E0432]: unresolved import `cranpose_macros`
[INFO] [stdout]  --> src/tests/recursive_decrease_increase_test.rs:1:5
[INFO] [stdout]   |
[INFO] [stdout] 1 | use cranpose_macros::composable;
[INFO] [stdout]   |     ^^^^^^^^^^^^^^^ use of unresolved module or unlinked crate `cranpose_macros`
[INFO] [stdout]   |
[INFO] [stdout] help: there is a crate or module with a similar name
[INFO] [stdout]   |
[INFO] [stdout] 1 - use cranpose_macros::composable;
[INFO] [stdout] 1 + use cranpose_core::composable;
[INFO] [stdout]   |
[INFO] [stdout] 
[INFO] [stdout] 
[INFO] [stdout] error[E0596]: cannot borrow `content` as mutable, as it is not declared as mutable
[INFO] [stdout]    --> src/tests/branch_group_tests.rs:530:5
[INFO] [stdout]     |
[INFO] [stdout] 530 |     content();
[INFO] [stdout]     |     ^^^^^^^ cannot borrow as mutable
[INFO] [stdout]     |
[INFO] [stdout] help: consider changing this to be mutable
[INFO] [stdout]     |
[INFO] [stdout] 529 | fn content_host<F: FnMut() + 'static>(mut content: F) {
[INFO] [stdout]     |                                       +++
[INFO] [stdout] 
[INFO] [stdout] 
[INFO] [stdout] Some errors have detailed explanations: E0432, E0596.
[INFO] [stdout] 
[INFO] [stdout] For more information about an error, try `rustc --explain E0432`.
[INFO] [stdout] 
[INFO] [stderr] error: could not compile `cranpose-core` (lib test) due to 3 previous errors
[INFO] running `Command { std: "docker" "inspect" "4ef80994313e8cbd138ff3bb1cf92c5f084a74f6f2c1aec7ec7f2d0942483830", kill_on_drop: false }`
[INFO] running `Command { std: "docker" "rm" "-f" "4ef80994313e8cbd138ff3bb1cf92c5f084a74f6f2c1aec7ec7f2d0942483830", kill_on_drop: false }`
[INFO] [stdout] 4ef80994313e8cbd138ff3bb1cf92c5f084a74f6f2c1aec7ec7f2d0942483830
